82.239.206.220 - - [20/Apr/2011:16:06:24 +0200] "GET /templates/rmstyle/images/lang_french/icon_mini_groups.png HTTP/1.1" 200 3010 "http://forum.rally-infernal.info/" "Opera/9.80 (Windows NT 6.1; U; fr) Presto/2.6.30 Version/10.63"
82.239.206.220 - - [20/Apr/2011:16:06:24 +0200] "GET /templates/rmstyle/images/lang_french/icon_mini_profile.png HTTP/1.1" 200 2386 "http://forum.rally-infernal.info/" "Opera/9.80 (Windows NT 6.1; U; fr) Presto/2.6.30 Version/10.63"
82.239.206.220 - - [20/Apr/2011:16:06:24 +0200] "GET /templates/rmstyle/images/lang_french/icon_mini_message.png HTTP/1.1" 200 2464 "http://forum.rally-infernal.info/" "Opera/9.80 (Windows NT 6.1; U; fr) Presto/2.6.30 Version/10.63"
82.239.206.220 - - [20/Apr/2011:16:06:24 +0200] "GET /templates/rmstyle/images/lang_french/icon_mini_site.png HTTP/1.1" 200 2634 "http://forum.rally-infernal.info/" "Opera/9.80 (Windows NT 6.1; U; fr) Presto/2.6.30 Version/10.63"
82.239.206.220 - - [20/Apr/2011:16:06:24 +0200] "GET /templates/rmstyle/images/lang_french/icon_mini_login.png HTTP/1.1" 200 2281 "http://forum.rally-infernal.info/" "Opera/9.80 (Windows NT 6.1; U; fr) Presto/2.6.30 Version/10.63"
82.239.206.220 - - [20/Apr/2011:16:06:24 +0200] "GET /templates/rmstyle/images/lang_french/icon_mini_register.png HTTP/1.1" 200 2755 "http://forum.rally-infernal.info/" "Opera/9.80 (Windows NT 6.1; U; fr) Presto/2.6.30 Version/10.63"
82.239.206.220 - - [20/Apr/2011:16:06:24 +0200] "GET /templates/rmstyle/images/bg_body.jpg HTTP/1.1" 200 103373 "http://forum.rally-infernal.info/" "Opera/9.80 (Windows NT 6.1; U; fr) Presto/2.6.30 Version/10.63"
82.239.206.220 - - [20/Apr/2011:16:06:24 +0200] "GET /templates/rmstyle/images/lang_french/icon_mini_login.png HTTP/1.1" 200 2281 "http://forum.rally-infernal.info/" "Opera/9.80 (Windows NT 6.1; U; fr) Presto/2.6.30 Version/10.63"
82.239.206.220 - - [20/Apr/2011:16:06:24 +0200] "GET /templates/rmstyle/images/logo_rmstyle.jpg HTTP/1.1" 200 108363 "http://forum.rally-infernal.info/" "Opera/9.80 (Windows NT 6.1; U; fr) Presto/2.6.30 Version/10.63"
82.239.206.220 - - [20/Apr/2011:16:06:24 +0200] "GET /templates/rmstyle/images/lang_french/icon_mini_register.png HTTP/1.1" 200 2755 "http://forum.rally-infernal.info/" "Opera/9.80 (Windows NT 6.1; U; fr) Presto/2.6.30 Version/10.63"
82.239.206.220 - - [20/Apr/2011:16:06:27 +0200] "GET /index.php?sid=eaff5c4ecc0709de16ec4b4276fddedd HTTP/1.1" 200 1949 "http://forum.rally-infernal.info/" "Opera/9.80 (Windows NT 6.1; U; fr) Presto/2.6.30 Version/10.63"
82.239.206.220 - - [20/Apr/2011:16:06:29 +0200] "GET /groupcp.php HTTP/1.1" 200 1949 "http://forum.rally-infernal.info/index.php?sid=eaff5c4ecc0709de16ec4b4276fddedd" "Opera/9.80 (Windows NT 6.1; U; fr) Presto/2.6.30 Version/10.63"
82.239.206.220 - - [20/Apr/2011:16:06:30 +0200] "GET /privmsg.php?folder=inbox HTTP/1.1" 200 1949 "http://forum.rally-infernal.info/groupcp.php" "Opera/9.80 (Windows NT 6.1; U; fr) Presto/2.6.30 Version/10.63"
82.239.206.220 - - [20/Apr/2011:16:06:31 +0200] "GET /login.php HTTP/1.1" 200 2340 "http://forum.rally-infernal.info/privmsg.php?folder=inbox" "Opera/9.80 (Windows NT 6.1; U; fr) Presto/2.6.30 Version/10.63"
82.239.206.220 - - [20/Apr/2011:16:06:31 +0200] "GET /images/abq_mod/admin/abq-button.gif HTTP/1.1" 200 225 "http://forum.rally-infernal.info/login.php" "Opera/9.80 (Windows NT 6.1; U; fr) Presto/2.6.30 Version/10.63"
82.239.206.220 - - [20/Apr/2011:16:06:31 +0200] "GET /profile.php?mode=register HTTP/1.1" 200 1949 "http://forum.rally-infernal.info/login.php" "Opera/9.80 (Windows NT 6.1; U; fr) Presto/2.6.30 Version/10.63"
220.181.108.154 - - [20/Apr/2011:16:06:32 +0200] "GET /robots.txt HTTP/1.1" 404 182 "-" "Baiduspider+(+http://www.baidu.com/search/spider.htm)"
66.249.66.146 - - [20/Apr/2011:16:06:45 +0200] "GET /viewtopic.php?p=112563&sid=6615751ee25c27821145cebcaa25b7ab HTTP/1.1" 200 2002 "-" "Mozilla/5.0 (compatible; Googlebot/2.1; +http://www.google.com/bot.html)"
82.127.200.127 - - [20/Apr/2011:16:08:10 +0200] "GET / HTTP/1.1" 200 1949 "-" "Mozilla/5.0 (Windows NT 6.1; WOW64; rv:2.0) Gecko/20100101 Firefox/4.0"
160.92.7.69 - - [20/Apr/2011:16:09:08 +0200] "GET / HTTP/1.0" 200 1993 "-" "Mozilla/5.0 (Windows; U; Windows NT 5.1; fr; rv:1.9.2.16) Gecko/20110319 Firefox/3.6.16"
82.127.200.127 - - [20/Apr/2011:16:09:17 +0200] "GET / HTTP/1.1" 200 1949 "-" "Mozilla/5.0 (Windows NT 6.1; WOW64; rv:2.0) Gecko/20100101 Firefox/4.0"
66.249.72.242 - - [20/Apr/2011:16:09:36 +0200] "GET /viewtopic.php?p=107555&sid=3ee714af8914e7458df3d9e145b0040a HTTP/1.1" 200 2001 "-" "Mozilla/5.0 (compatible; Googlebot/2.1; +http://www.google.com/bot.html)"
90.30.80.138 - - [20/Apr/2011:16:09:38 +0200] "GET /AvatarsManager/kev717.jpg HTTP/1.1" 302 20 "http://www.trackmania.com/fr/forum/viewtopic.php?t=35752&postdays=0&postorder=asc&start=75" "Mozilla/5.0 (Windows NT 6.1; WOW64; rv:2.0) Gecko/20100101 Firefox/4.0"
82.127.200.127 - - [20/Apr/2011:16:10:58 +0200] "GET / HTTP/1.1" 200 1949 "-" "Mozilla/5.0 (Windows NT 6.1; WOW64; rv:2.0) Gecko/20100101 Firefox/4.0"
66.249.72.242 - - [20/Apr/2011:16:11:17 +0200] "GET /viewtopic.php?p=110504&sid=db6efd6a95f5339583f7bdecbd71f308 HTTP/1.1" 200 2000 "-" "Mozilla/5.0 (compatible; Googlebot/2.1; +http://www.google.com/bot.html)"
82.127.200.127 - - [20/Apr/2011:16:11:39 +0200] "GET / HTTP/1.1" 200 1949 "-" "Mozilla/5.0 (Windows NT 6.1; WOW64; rv:2.0) Gecko/20100101 Firefox/4.0"
66.249.66.146 - - [20/Apr/2011:16:12:28 +0200] "GET /viewtopic.php?p=111181&sid=b8bbec32dee7aceb9b86dedd92926773 HTTP/1.1" 200 2002 "-" "Mozilla/5.0 (compatible; Googlebot/2.1; +http://www.google.com/bot.html)"
90.9.120.127 - - [20/Apr/2011:16:13:22 +0200] "GET /AvatarsManager/lakse.jpg HTTP/1.1" 302 20 "http://ragemachines.simplygaming.org/t339-en-courskaora" "Mozilla/5.0 (Windows; U; Windows NT 6.1; fr; rv:1.9.2.16) Gecko/20110319 Firefox/3.6.16"
90.9.120.127 - - [20/Apr/2011:16:13:23 +0200] "GET /AvatarsManager/joueurs/lakse/3.png HTTP/1.1" 200 71244 "http://ragemachines.simplygaming.org/t339-en-courskaora" "Mozilla/5.0 (Windows; U; Windows NT 6.1; fr; rv:1.9.2.16) Gecko/20110319 Firefox/3.6.16"
90.9.120.127 - - [20/Apr/2011:16:13:34 +0200] "GET /AvatarsManager/lakse.jpg HTTP/1.1" 302 20 "http://ragemachines.simplygaming.org/t339p15-en-courskaora" "Mozilla/5.0 (Windows; U; Windows NT 6.1; fr; rv:1.9.2.16) Gecko/20110319 Firefox/3.6.16"
90.9.120.127 - - [20/Apr/2011:16:13:34 +0200] "GET /AvatarsManager/lakse.jpg HTTP/1.1" 302 20 "http://ragemachines.simplygaming.org/t339p15-en-courskaora" "Mozilla/5.0 (Windows; U; Windows NT 6.1; fr; rv:1.9.2.16) Gecko/20110319 Firefox/3.6.16"
90.9.120.127 - - [20/Apr/2011:16:13:34 +0200] "GET /AvatarsManager/joueurs/lakse/5.png HTTP/1.1" 200 76045 "http://ragemachines.simplygaming.org/t339p15-en-courskaora" "Mozilla/5.0 (Windows; U; Windows NT 6.1; fr; rv:1.9.2.16) Gecko/20110319 Firefox/3.6.16"
66.249.72.242 - - [20/Apr/2011:16:14:47 +0200] "GET /viewtopic.php?p=95664&highlight=&sid=d765023b1a2d1a0b6f92cd4d20bc8634 HTTP/1.1" 200 1999 "-" "Mozilla/5.0 (compatible; Googlebot/2.1; +http://www.google.com/bot.html)"
90.9.120.127 - - [20/Apr/2011:16:15:06 +0200] "GET /AvatarsManager/lakse.jpg HTTP/1.1" 302 20 "http://ragemachines.simplygaming.org/t339p15-en-courskaora" "Mozilla/5.0 (Windows; U; Windows NT 6.1; fr; rv:1.9.2.16) Gecko/20110319 Firefox/3.6.16"
90.9.120.127 - - [20/Apr/2011:16:15:06 +0200] "GET /AvatarsManager/lakse.jpg HTTP/1.1" 302 20 "http://ragemachines.simplygaming.org/t339p15-en-courskaora" "Mozilla/5.0 (Windows; U; Windows NT 6.1; fr; rv:1.9.2.16) Gecko/20110319 Firefox/3.6.16"
90.9.120.127 - - [20/Apr/2011:16:15:06 +0200] "GET /AvatarsManager/joueurs/lakse/1.png HTTP/1.1" 200 69328 "http://ragemachines.simplygaming.org/t339p15-en-courskaora" "Mozilla/5.0 (Windows; U; Windows NT 6.1; fr; rv:1.9.2.16) Gecko/20110319 Firefox/3.6.16"
66.249.66.146 - - [20/Apr/2011:16:15:19 +0200] "GET /viewtopic.php?p=103060&sid=c741280a209be84b4e113cd6f66380d4 HTTP/1.1" 200 2001 "-" "Mozilla/5.0 (compatible; Googlebot/2.1; +http://www.google.com/bot.html)"
90.30.80.138 - - [20/Apr/2011:16:17:13 +0200] "GET /AvatarsManager/kev717.jpg HTTP/1.1" 302 20 "http://www.trackmania.com/fr/forum/viewtopic.php?t=35752&postdays=0&postorder=asc&start=90" "Mozilla/5.0 (Windows NT 6.1; WOW64; rv:2.0) Gecko/20100101 Firefox/4.0"
66.249.66.146 - - [20/Apr/2011:16:17:24 +0200] "GET /groupcp.php?g=1069&sid=634b7ac65b36ab263a237e7358afa72b HTTP/1.1" 200 2001 "-" "Mozilla/5.0 (compatible; Googlebot/2.1; +http://www.google.com/bot.html)"
90.30.80.138 - - [20/Apr/2011:16:18:05 +0200] "GET /AvatarsManager/kev717.jpg HTTP/1.1" 302 20 "http://www.trackmania.com/fr/forum/viewtopic.php?t=35752&postdays=0&postorder=asc&start=105" "Mozilla/5.0 (Windows NT 6.1; WOW64; rv:2.0) Gecko/20100101 Firefox/4.0"
66.249.66.146 - - [20/Apr/2011:16:18:11 +0200] "GET /viewtopic.php?p=117071&sid=993b2f5a1b0539f0c4a506bb97ef3176 HTTP/1.1" 200 2000 "-" "Mozilla/5.0 (compatible; Googlebot/2.1; +http://www.google.com/bot.html)"
66.249.66.146 - - [20/Apr/2011:16:18:58 +0200] "GET /viewtopic.php?p=13396&sid=a9651a8bfd6861ecfd02978744610a7e HTTP/1.1" 200 2003 "-" "Mozilla/5.0 (compatible; Googlebot/2.1; +http://www.google.com/bot.html)"
90.30.80.138 - - [20/Apr/2011:16:19:49 +0200] "GET /AvatarsManager/kev717.jpg HTTP/1.1" 302 20 "http://www.trackmania.com/fr/forum/viewtopic.php?t=35752&postdays=0&postorder=asc&start=120" "Mozilla/5.0 (Windows NT 6.1; WOW64; rv:2.0) Gecko/20100101 Firefox/4.0"
86.65.52.205 - - [20/Apr/2011:16:19:51 +0200] "GET /AvatarsManager/lakse.jpg HTTP/1.1" 302 20 "http://ragemachines.simplygaming.org/t339p15-en-courskaora" "Mozilla/5.0 (Windows; U; Windows NT 5.1; fr; rv:1.9.2) Gecko/20100115 Firefox/3.6"
86.65.52.205 - - [20/Apr/2011:16:19:51 +0200] "GET /AvatarsManager/joueurs/lakse/1.png HTTP/1.1" 200 69328 "http://ragemachines.simplygaming.org/t339p15-en-courskaora" "Mozilla/5.0 (Windows; U; Windows NT 5.1; fr; rv:1.9.2) Gecko/20100115 Firefox/3.6"
66.249.66.146 - - [20/Apr/2011:16:21:03 +0200] "GET /viewtopic.php?p=116320&sid=5067de21e8a833802695140b83312983 HTTP/1.1" 200 2001 "-" "Mozilla/5.0 (compatible; Googlebot/2.1; +http://www.google.com/bot.html)"
160.92.7.69 - - [20/Apr/2011:16:23:20 +0200] "GET / HTTP/1.0" 200 1993 "-" "Mozilla/5.0 (Windows; U; Windows NT 5.1; fr; rv:1.9.2.16) Gecko/20110319 Firefox/3.6.16"
66.249.66.146 - - [20/Apr/2011:16:23:31 +0200] "GET /viewtopic.php?p=119318&sid=97021dc8a11a027b613063f668c6c636 HTTP/1.1" 200 1999 "-" "Mozilla/5.0 (compatible; Googlebot/2.1; +http://www.google.com/bot.html)"
194.3.84.252 - - [20/Apr/2011:16:23:39 +0200] "GET /AvatarsManager/lakse.jpg HTTP/1.1" 302 20 "http://ragemachines.simplygaming.org/t331-un-guide-brillant-lux-dame-de-lumiere" "Mozilla/5.0 (Windows; U; Windows NT 6.1; en-US) AppleWebKit/534.16 (KHTML, like Gecko) Chrome/10.0.648.204 Safari/534.16"
194.3.84.252 - - [20/Apr/2011:16:23:39 +0200] "GET /AvatarsManager/joueurs/lakse/4.png HTTP/1.1" 200 63894 "http://ragemachines.simplygaming.org/t331-un-guide-brillant-lux-dame-de-lumiere" "Mozilla/5.0 (Windows; U; Windows NT 6.1; en-US) AppleWebKit/534.16 (KHTML, like Gecko) Chrome/10.0.648.204 Safari/534.16"
66.249.66.146 - - [20/Apr/2011:16:23:54 +0200] "GET /viewtopic.php?p=116164&sid=01bd297d1b617e545495f2bc2a67e1fd HTTP/1.1" 200 2001 "-" "Mozilla/5.0 (compatible; Googlebot/2.1; +http://www.google.com/bot.html)"
109.230.223.95 - - [20/Apr/2011:16:24:38 +0200] "GET /profile.php?mode=register&sid=352d719470cc4639a1dda3348e16c936 HTTP/1.0" 200 6354 "http://forum.rally-infernal.info/profile.php?mode=register&sid=352d719470cc4639a1dda3348e16c936" "Mozilla/4.0 (compatible; MSIE 6.0; Windows NT 5.1)"
109.230.223.95 - - [20/Apr/2011:16:24:38 +0200] "GET /profile.php?mode=register&ab_var=agreed59c8c246501170d9483993afcab39dd1 HTTP/1.0" 200 5861 "http://forum.rally-infernal.info/profile.php?mode=register&ab_var=agreed59c8c246501170d9483993afcab39dd1" "Mozilla/4.0 (compatible; MSIE 6.0; Windows NT 5.1)"
66.249.66.146 - - [20/Apr/2011:16:26:45 +0200] "GET /viewtopic.php?p=117414&sid=c69f72d4071f5f4c6c8fef8dc0d28b2d HTTP/1.1" 200 2000 "-" "Mozilla/5.0 (compatible; Googlebot/2.1; +http://www.google.com/bot.html)"
109.230.216.112 - - [20/Apr/2011:16:27:13 +0200] "GET /index.php HTTP/1.0" 200 6354 "http://forum.rally-infernal.info/index.php" "Mozilla/4.0 (compatible; MSIE 5.5; Windows NT 5.0; .NET CLR 1.1.4322)"
109.230.216.112 - - [20/Apr/2011:16:27:13 +0200] "GET /profile.php?mode=register&sid=7b3b9a33180fdef56a12d52708e4d823 HTTP/1.0" 200 5861 "http://forum.rally-infernal.info/profile.php?mode=register&sid=7b3b9a33180fdef56a12d52708e4d823" "Mozilla/4.0 (compatible; MSIE 5.5; Windows NT 5.0; .NET CLR 1.1.4322)"
90.30.80.138 - - [20/Apr/2011:16:27:17 +0200] "GET /AvatarsManager/kev717.jpg HTTP/1.1" 302 20 "http://www.trackmania.com/fr/forum/viewtopic.php?t=35752&postdays=0&postorder=asc&start=135" "Mozilla/5.0 (Windows NT 6.1; WOW64; rv:2.0) Gecko/20100101 Firefox/4.0"
90.30.80.138 - - [20/Apr/2011:16:27:20 +0200] "GET /AvatarsManager/kev717.jpg HTTP/1.1" 302 20 "http://www.trackmania.com/fr/forum/viewtopic.php?t=37480" "Mozilla/5.0 (Windows NT 6.1; WOW64; rv:2.0) Gecko/20100101 Firefox/4.0"
90.30.80.138 - - [20/Apr/2011:16:27:20 +0200] "GET /AvatarsManager/kev717.jpg HTTP/1.1" 302 20 "http://www.trackmania.com/fr/forum/viewtopic.php?t=37480" "Mozilla/5.0 (Windows NT 6.1; WOW64; rv:2.0) Gecko/20100101 Firefox/4.0"
90.23.175.7 - - [20/Apr/2011:16:28:03 +0200] "GET /images/smiles/icon_hap.gif HTTP/1.1" 200 178 "http://www.trackmania.com/fr/forum/viewtopic.php?t=34755&postdays=0&postorder=asc&start=1050&sid=7ea2882cfb713faaf66ce740f8369605" "Mozilla/4.0 (compatible; MSIE 8.0; Windows NT 6.1; WOW64; Trident/4.0; SLCC2; .NET CLR 2.0.50727; .NET CLR 3.5.30729; .NET CLR 3.0.30729; Media Center PC 6.0; HPNTDF; .NET4.0C; InfoPath.2)"
94.228.34.233 - - [20/Apr/2011:16:28:14 +0200] "GET /viewforum.php?f=16 HTTP/1.1" 200 2000 "-" "magpie-crawler/1.1 (U; Linux amd64; en-GB; +http://www.brandwatch.net)"
94.228.34.233 - - [20/Apr/2011:16:28:14 +0200] "GET /viewforum.php?f=17 HTTP/1.1" 200 2001 "-" "magpie-crawler/1.1 (U; Linux amd64; en-GB; +http://www.brandwatch.net)"
66.249.66.146 - - [20/Apr/2011:16:29:37 +0200] "GET /viewtopic.php?p=77615&sid=25b12a8826715997a26b73703ba6231a HTTP/1.1" 200 2001 "-" "Mozilla/5.0 (compatible; Googlebot/2.1; +http://www.google.com/bot.html)"
66.249.66.146 - - [20/Apr/2011:16:29:37 +0200] "GET /viewtopic.php?p=111571&sid=4bc330cb59ad2bf0aeffe2f9cef1213d HTTP/1.1" 200 2001 "-" "Mozilla/5.0 (compatible; Googlebot/2.1; +http://www.google.com/bot.html)"
66.249.66.146 - - [20/Apr/2011:16:29:50 +0200] "GET /viewtopic.php?p=33631&highlight=&sid=a72441ced225c43129cf98a9ea768edc HTTP/1.1" 200 2004 "-" "Mozilla/5.0 (compatible; Googlebot/2.1; +http://www.google.com/bot.html)"
66.249.82.2 - - [20/Apr/2011:16:29:51 +0200] "GET /viewtopic.php?p=43002&sid=35236298902b10e5deaaea5d9d26c951 HTTP/1.1" 200 2003 "-" "Mozilla/5.0 (en-us) AppleWebKit/525.13 (KHTML, like Gecko; Google Web Preview) Version/3.1 Safari/525.13"
66.249.82.2 - - [20/Apr/2011:16:29:52 +0200] "GET /templates/rmstyle/images/lang_french/icon_mini_faq.png HTTP/1.1" 200 2638 "http://forum.rally-infernal.info/viewtopic.php?p=43002&sid=35236298902b10e5deaaea5d9d26c951" "Mozilla/5.0 (en-us) AppleWebKit/525.13 (KHTML, like Gecko; Google Web Preview) Version/3.1 Safari/525.13"
66.249.82.2 - - [20/Apr/2011:16:29:52 +0200] "GET /templates/rmstyle/rmstyle.css HTTP/1.1" 200 3183 "http://forum.rally-infernal.info/viewtopic.php?p=43002&sid=35236298902b10e5deaaea5d9d26c951" "Mozilla/5.0 (en-us) AppleWebKit/525.13 (KHTML, like Gecko; Google Web Preview) Version/3.1 Safari/525.13"
74.125.16.65 - - [20/Apr/2011:16:29:54 +0200] "GET /viewtopic.php?t=2790&postdays=0&postorder=asc&start=45&sid=4b41cfd26608351b23e8d3cf3c07c6f4 HTTP/1.1" 200 2001 "-" "Mozilla/5.0 (en-us) AppleWebKit/525.13 (KHTML, like Gecko; Google Web Preview) Version/3.1 Safari/525.13"
74.125.16.65 - - [20/Apr/2011:16:29:55 +0200] "GET /templates/rmstyle/images/lang_french/icon_mini_faq.png HTTP/1.1" 200 2638 "http://forum.rally-infernal.info/viewtopic.php?t=2790&postdays=0&postorder=asc&start=45&sid=4b41cfd26608351b23e8d3cf3c07c6f4" "Mozilla/5.0 (en-us) AppleWebKit/525.13 (KHTML, like Gecko; Google Web Preview) Version/3.1 Safari/525.13"
74.125.16.65 - - [20/Apr/2011:16:29:55 +0200] "GET /templates/rmstyle/images/lang_french/icon_mini_search.png HTTP/1.1" 200 2772 "http://forum.rally-infernal.info/viewtopic.php?t=2790&postdays=0&postorder=asc&start=45&sid=4b41cfd26608351b23e8d3cf3c07c6f4" "Mozilla/5.0 (en-us) AppleWebKit/525.13 (KHTML, like Gecko; Google Web Preview) Version/3.1 Safari/525.13"
74.125.16.65 - - [20/Apr/2011:16:29:55 +0200] "GET /templates/rmstyle/images/lang_french/icon_mini_login.png HTTP/1.1" 200 2281 "http://forum.rally-infernal.info/viewtopic.php?t=2790&postdays=0&postorder=asc&start=45&sid=4b41cfd26608351b23e8d3cf3c07c6f4" "Mozilla/5.0 (en-us) AppleWebKit/525.13 (KHTML, like Gecko; Google Web Preview) Version/3.1 Safari/525.13"
74.125.16.65 - - [20/Apr/2011:16:29:55 +0200] "GET /templates/rmstyle/images/lang_french/icon_mini_members.png HTTP/1.1" 200 3256 "http://forum.rally-infernal.info/viewtopic.php?t=2790&postdays=0&postorder=asc&start=45&sid=4b41cfd26608351b23e8d3cf3c07c6f4" "Mozilla/5.0 (en-us) AppleWebKit/525.13 (KHTML, like Gecko; Google Web Preview) Version/3.1 Safari/525.13"
74.125.16.65 - - [20/Apr/2011:16:29:55 +0200] "GET /templates/rmstyle/images/lang_french/icon_mini_register.png HTTP/1.1" 200 2755 "http://forum.rally-infernal.info/viewtopic.php?t=2790&postdays=0&postorder=asc&start=45&sid=4b41cfd26608351b23e8d3cf3c07c6f4" "Mozilla/5.0 (en-us) AppleWebKit/525.13 (KHTML, like Gecko; Google Web Preview) Version/3.1 Safari/525.13"
74.125.16.65 - - [20/Apr/2011:16:29:55 +0200] "GET /templates/rmstyle/images/lang_french/icon_mini_groups.png HTTP/1.1" 200 3010 "http://forum.rally-infernal.info/viewtopic.php?t=2790&postdays=0&postorder=asc&start=45&sid=4b41cfd26608351b23e8d3cf3c07c6f4" "Mozilla/5.0 (en-us) AppleWebKit/525.13 (KHTML, like Gecko; Google Web Preview) Version/3.1 Safari/525.13"
74.125.16.65 - - [20/Apr/2011:16:29:55 +0200] "GET /templates/rmstyle/rmstyle.css HTTP/1.1" 200 3183 "http://forum.rally-infernal.info/viewtopic.php?t=2790&postdays=0&postorder=asc&start=45&sid=4b41cfd26608351b23e8d3cf3c07c6f4" "Mozilla/5.0 (en-us) AppleWebKit/525.13 (KHTML, like Gecko; Google Web Preview) Version/3.1 Safari/525.13"
74.125.16.65 - - [20/Apr/2011:16:29:55 +0200] "GET /templates/rmstyle/images/bg_body.jpg HTTP/1.1" 200 103373 "http://forum.rally-infernal.info/viewtopic.php?t=2790&postdays=0&postorder=asc&start=45&sid=4b41cfd26608351b23e8d3cf3c07c6f4" "Mozilla/5.0 (en-us) AppleWebKit/525.13 (KHTML, like Gecko; Google Web Preview) Version/3.1 Safari/525.13"
123.125.71.114 - - [20/Apr/2011:16:30:18 +0200] "GET / HTTP/1.1" 403 202 "-" "Baiduspider+(+http://www.baidu.com/search/spider.htm)"
220.181.108.172 - - [20/Apr/2011:16:30:39 +0200] "GET / HTTP/1.1" 403 202 "-" "Baiduspider+(+http://www.baidu.com/search/spider.htm)"
66.249.66.146 - - [20/Apr/2011:16:32:29 +0200] "GET /viewtopic.php?t=2311 HTTP/1.1" 200 2002 "-" "Mozilla/5.0 (compatible; Googlebot/2.1; +http://www.google.com/bot.html)"
90.30.80.138 - - [20/Apr/2011:16:33:20 +0200] "GET /AvatarsManager/kev717.jpg HTTP/1.1" 302 20 "http://www.trackmania.com/fr/forum/viewtopic.php?t=35752&postdays=0&postorder=asc&start=45" "Mozilla/5.0 (Windows NT 6.1; WOW64; rv:2.0) Gecko/20100101 Firefox/4.0"
92.152.226.253 - - [20/Apr/2011:16:34:06 +0200] "GET /AvatarsManager/kev717.jpg HTTP/1.1" 302 20 "http://www.trackmania.com/fr/forum/viewtopic.php?t=25877" "Mozilla/5.0 (compatible; MSIE 9.0; Windows NT 6.1; WOW64; Trident/5.0)"
92.152.226.253 - - [20/Apr/2011:16:34:07 +0200] "GET /AvatarsManager/joueurs/kev717/1.png HTTP/1.1" 200 32187 "http://www.trackmania.com/fr/forum/viewtopic.php?t=25877" "Mozilla/5.0 (compatible; MSIE 9.0; Windows NT 6.1; WOW64; Trident/5.0)"
66.249.72.242 - - [20/Apr/2011:16:34:47 +0200] "GET /viewtopic.php?p=15419&sid=a9651a8bfd6861ecfd02978744610a7e HTTP/1.1" 200 2002 "-" "Mozilla/5.0 (compatible; Googlebot/2.1; +http://www.google.com/bot.html)"
90.11.160.168 - - [20/Apr/2011:16:34:50 +0200] "GET /AvatarsManager/lakse.jpg HTTP/1.1" 302 20 "http://ragemachines.simplygaming.org/t339p15-en-courskaora" "Opera/9.80 (Windows NT 6.1; U; fr) Presto/2.8.131 Version/11.10"
90.11.160.168 - - [20/Apr/2011:16:34:51 +0200] "GET /AvatarsManager/joueurs/lakse/4.png HTTP/1.1" 200 63894 "http://ragemachines.simplygaming.org/t339p15-en-courskaora" "Opera/9.80 (Windows NT 6.1; U; fr) Presto/2.8.131 Version/11.10"
66.249.66.146 - - [20/Apr/2011:16:35:20 +0200] "GET /viewtopic.php?p=24648&sid=ac5e28d7f290cf801a2312d5e97c9dda HTTP/1.1" 200 2002 "-" "Mozilla/5.0 (compatible; Googlebot/2.1; +http://www.google.com/bot.html)"
66.249.66.146 - - [20/Apr/2011:16:35:44 +0200] "GET /viewtopic.php?p=20892&sid=c1a53850938a668801d447707be87554 HTTP/1.1" 200 2001 "-" "Mozilla/5.0 (compatible; Googlebot/2.1; +http://www.google.com/bot.html)"
78.242.14.86 - - [20/Apr/2011:16:35:46 +0200] "GET / HTTP/1.1" 200 2011 "-" "Mozilla/5.0 (Windows; U; Windows NT 6.1; fr; rv:1.9.2.16) Gecko/20110319 Firefox/3.6.16"
78.242.14.86 - - [20/Apr/2011:16:35:46 +0200] "GET /templates/rmstyle/rmstyle.css HTTP/1.1" 200 3183 "http://forum.rally-infernal.info/" "Mozilla/5.0 (Windows; U; Windows NT 6.1; fr; rv:1.9.2.16) Gecko/20110319 Firefox/3.6.16"
78.242.14.86 - - [20/Apr/2011:16:35:46 +0200] "GET /templates/rmstyle/images/favicon.png HTTP/1.1" 200 974 "-" "Mozilla/5.0 (Windows; U; Windows NT 6.1; fr; rv:1.9.2.16) Gecko/20110319 Firefox/3.6.16"
78.242.14.86 - - [20/Apr/2011:16:35:46 +0200] "GET /templates/rmstyle/images/lang_french/icon_mini_groups.png HTTP/1.1" 200 3010 "http://forum.rally-infernal.info/" "Mozilla/5.0 (Windows; U; Windows NT 6.1; fr; rv:1.9.2.16) Gecko/20110319 Firefox/3.6.16"
78.242.14.86 - - [20/Apr/2011:16:35:46 +0200] "GET /templates/rmstyle/images/lang_french/icon_mini_faq.png HTTP/1.1" 200 2638 "http://forum.rally-infernal.info/" "Mozilla/5.0 (Windows; U; Windows NT 6.1; fr; rv:1.9.2.16) Gecko/20110319 Firefox/3.6.16"
78.242.14.86 - - [20/Apr/2011:16:35:46 +0200] "GET /templates/rmstyle/images/lang_french/icon_mini_search.png HTTP/1.1" 200 2772 "http://forum.rally-infernal.info/" "Mozilla/5.0 (Windows; U; Windows NT 6.1; fr; rv:1.9.2.16) Gecko/20110319 Firefox/3.6.16"
78.242.14.86 - - [20/Apr/2011:16:35:46 +0200] "GET /templates/rmstyle/images/lang_french/icon_mini_members.png HTTP/1.1" 200 3256 "http://forum.rally-infernal.info/" "Mozilla/5.0 (Windows; U; Windows NT 6.1; fr; rv:1.9.2.16) Gecko/20110319 Firefox/3.6.16"
78.242.14.86 - - [20/Apr/2011:16:35:46 +0200] "GET /templates/rmstyle/images/lang_french/icon_mini_profile.png HTTP/1.1" 200 2386 "http://forum.rally-infernal.info/" "Mozilla/5.0 (Windows; U; Windows NT 6.1; fr; rv:1.9.2.16) Gecko/20110319 Firefox/3.6.16"
78.242.14.86 - - [20/Apr/2011:16:35:46 +0200] "GET /templates/rmstyle/images/lang_french/icon_mini_message.png HTTP/1.1" 200 2464 "http://forum.rally-infernal.info/" "Mozilla/5.0 (Windows; U; Windows NT 6.1; fr; rv:1.9.2.16) Gecko/20110319 Firefox/3.6.16"
78.242.14.86 - - [20/Apr/2011:16:35:46 +0200] "GET /templates/rmstyle/images/lang_french/icon_mini_logout.png HTTP/1.1" 200 2566 "http://forum.rally-infernal.info/" "Mozilla/5.0 (Windows; U; Windows NT 6.1; fr; rv:1.9.2.16) Gecko/20110319 Firefox/3.6.16"
78.242.14.86 - - [20/Apr/2011:16:35:46 +0200] "GET /templates/rmstyle/images/lang_french/icon_mini_site.png HTTP/1.1" 200 2634 "http://forum.rally-infernal.info/" "Mozilla/5.0 (Windows; U; Windows NT 6.1; fr; rv:1.9.2.16) Gecko/20110319 Firefox/3.6.16"
78.242.14.86 - - [20/Apr/2011:16:35:46 +0200] "GET /templates/rmstyle/images/logo_rmstyle.jpg HTTP/1.1" 200 108363 "http://forum.rally-infernal.info/" "Mozilla/5.0 (Windows; U; Windows NT 6.1; fr; rv:1.9.2.16) Gecko/20110319 Firefox/3.6.16"
78.242.14.86 - - [20/Apr/2011:16:35:46 +0200] "GET /templates/rmstyle/images/bg_body.jpg HTTP/1.1" 200 103373 "http://forum.rally-infernal.info/templates/rmstyle/rmstyle.css" "Mozilla/5.0 (Windows; U; Windows NT 6.1; fr; rv:1.9.2.16) Gecko/20110319 Firefox/3.6.16"
78.242.14.86 - - [20/Apr/2011:16:35:51 +0200] "GET /favicon.ico HTTP/1.1" 404 183 "-" "Mozilla/5.0 (Windows; U; Windows NT 6.1; fr; rv:1.9.2.16) Gecko/20110319 Firefox/3.6.16"
78.242.14.86 - - [20/Apr/2011:16:35:51 +0200] "GET /favicon.ico HTTP/1.1" 404 183 "-" "Mozilla/5.0 (Windows; U; Windows NT 6.1; fr; rv:1.9.2.16) Gecko/20110319 Firefox/3.6.16"
78.242.14.86 - - [20/Apr/2011:16:35:53 +0200] "GET /favicon.ico HTTP/1.1" 404 183 "-" "Mozilla/5.0 (Windows; U; Windows NT 6.1; fr; rv:1.9.2.16) Gecko/20110319 Firefox/3.6.16"
86.203.172.116 - - [20/Apr/2011:16:36:01 +0200] "GET /AvatarsManager/lakse.jpg HTTP/1.1" 302 20 "http://ragemachines.simplygaming.org/t339p15-en-courskaora" "Mozilla/5.0 (Windows; U; Windows NT 6.1; en-US) AppleWebKit/534.16 (KHTML, like Gecko) Chrome/10.0.648.204 Safari/534.16"
95.182.199.123 - - [20/Apr/2011:16:36:32 +0200] "GET /AvatarsManager/lakse.jpg HTTP/1.1" 302 20 "http://ragemachines.simplygaming.org/t339-en-courskaora" "Mozilla/5.0 (Windows; U; Windows NT 6.0; fr; rv:1.9.2.16) Gecko/20110319 Firefox/3.6.16 (.NET CLR 3.5.30729)"
95.182.199.123 - - [20/Apr/2011:16:36:32 +0200] "GET /AvatarsManager/joueurs/lakse/4.png HTTP/1.1" 200 63894 "http://ragemachines.simplygaming.org/t339-en-courskaora" "Mozilla/5.0 (Windows; U; Windows NT 6.0; fr; rv:1.9.2.16) Gecko/20110319 Firefox/3.6.16 (.NET CLR 3.5.30729)"
95.182.199.123 - - [20/Apr/2011:16:36:36 +0200] "GET /AvatarsManager/lakse.jpg HTTP/1.1" 302 20 "http://ragemachines.simplygaming.org/t339-en-courskaora" "Mozilla/5.0 (Windows; U; Windows NT 6.0; fr; rv:1.9.2.16) Gecko/20110319 Firefox/3.6.16 (.NET CLR 3.5.30729)"
95.182.199.123 - - [20/Apr/2011:16:36:36 +0200] "GET /AvatarsManager/joueurs/lakse/2.png HTTP/1.1" 200 72970 "http://ragemachines.simplygaming.org/t339-en-courskaora" "Mozilla/5.0 (Windows; U; Windows NT 6.0; fr; rv:1.9.2.16) Gecko/20110319 Firefox/3.6.16 (.NET CLR 3.5.30729)"
66.249.72.242 - - [20/Apr/2011:16:36:53 +0200] "GET /viewtopic.php?p=84918&highlight=&sid=18f952e0ad1d9bc897e27491691f3c3e HTTP/1.1" 200 2002 "-" "Mozilla/5.0 (compatible; Googlebot/2.1; +http://www.google.com/bot.html)"
78.242.14.86 - - [20/Apr/2011:16:36:54 +0200] "GET / HTTP/1.1" 200 1995 "-" "Mozilla/5.0 (Windows; U; Windows NT 6.1; fr; rv:1.9.2.16) Gecko/20110319 Firefox/3.6.16"
95.182.199.123 - - [20/Apr/2011:16:36:57 +0200] "GET /AvatarsManager/lakse.jpg HTTP/1.1" 302 20 "http://ragemachines.simplygaming.org/t339p15-en-courskaora" "Mozilla/5.0 (Windows; U; Windows NT 6.0; fr; rv:1.9.2.16) Gecko/20110319 Firefox/3.6.16 (.NET CLR 3.5.30729)"
95.182.199.123 - - [20/Apr/2011:16:37:00 +0200] "GET /AvatarsManager/lakse.jpg HTTP/1.1" 302 20 "http://ragemachines.simplygaming.org/t339p15-en-courskaora" "Mozilla/5.0 (Windows; U; Windows NT 6.0; fr; rv:1.9.2.16) Gecko/20110319 Firefox/3.6.16 (.NET CLR 3.5.30729)"
95.182.199.123 - - [20/Apr/2011:16:37:00 +0200] "GET /AvatarsManager/joueurs/lakse/3.png HTTP/1.1" 200 71244 "http://ragemachines.simplygaming.org/t339p15-en-courskaora" "Mozilla/5.0 (Windows; U; Windows NT 6.0; fr; rv:1.9.2.16) Gecko/20110319 Firefox/3.6.16 (.NET CLR 3.5.30729)"
66.249.66.146 - - [20/Apr/2011:16:38:12 +0200] "GET /viewtopic.php?t=2803&start=0&sid=3a68778bee93dbf625dde4434de49927 HTTP/1.1" 200 2003 "-" "Mozilla/5.0 (compatible; Googlebot/2.1; +http://www.google.com/bot.html)"
90.30.80.138 - - [20/Apr/2011:16:39:42 +0200] "GET /AvatarsManager/kev717.jpg HTTP/1.1" 302 20 "http://www.trackmania.com/fr/forum/viewtopic.php?t=35752&postdays=0&postorder=asc&start=60" "Mozilla/5.0 (Windows NT 6.1; WOW64; rv:2.0) Gecko/20100101 Firefox/4.0"
66.249.66.146 - - [20/Apr/2011:16:41:02 +0200] "GET /viewtopic.php?p=116572&highlight=&sid=8fe15daf00de851d3e158f2b867c4844 HTTP/1.1" 200 2002 "-" "Mozilla/5.0 (compatible; Googlebot/2.1; +http://www.google.com/bot.html)"
78.242.14.86 - - [20/Apr/2011:16:41:09 +0200] "GET / HTTP/1.1" 200 1995 "-" "Mozilla/5.0 (Windows; U; Windows NT 6.1; fr; rv:1.9.2.16) Gecko/20110319 Firefox/3.6.16"
113.138.131.41 - - [20/Apr/2011:16:41:13 +0200] "GET /index.php HTTP/1.0" 200 6354 "http://forum.rally-infernal.info/index.php" "Mozilla/4.0 (compatible; MSIE 6.0; Windows NT 5.1)"
113.138.131.41 - - [20/Apr/2011:16:41:15 +0200] "GET /profile.php?mode=register&sid=8d068052dc5c3d85189eb1f6e5c5346c HTTP/1.0" 200 5861 "http://forum.rally-infernal.info/profile.php?mode=register&sid=8d068052dc5c3d85189eb1f6e5c5346c" "Mozilla/4.0 (compatible; MSIE 6.0; Windows NT 5.1)"
66.249.66.146 - - [20/Apr/2011:16:41:51 +0200] "GET /viewtopic.php?p=108855&sid=e7b1296acd2f965e8616737b26dfe998 HTTP/1.1" 200 1998 "-" "Mozilla/5.0 (compatible; Googlebot/2.1; +http://www.google.com/bot.html)"
66.249.66.146 - - [20/Apr/2011:16:43:02 +0200] "GET /viewtopic.php?p=34762&highlight=&sid=abaf7950f5b8b42a7b327e845b6f19d8 HTTP/1.1" 200 2002 "-" "Mozilla/5.0 (compatible; Googlebot/2.1; +http://www.google.com/bot.html)"
66.249.72.242 - - [20/Apr/2011:16:43:54 +0200] "GET /viewtopic.php?p=96968&sid=775d8c24ef4fd6141f96fa19efb17dab HTTP/1.1" 200 2002 "-" "Mozilla/5.0 (compatible; Googlebot/2.1; +http://www.google.com/bot.html)"
90.23.175.7 - - [20/Apr/2011:16:43:55 +0200] "GET /images/smiles/icon_hap.gif HTTP/1.1" 304 - "http://www.trackmania.com/fr/forum/viewtopic.php?t=34755&postdays=0&postorder=asc&start=1050&sid=7ea2882cfb713faaf66ce740f8369605" "Mozilla/4.0 (compatible; MSIE 8.0; Windows NT 6.1; WOW64; Trident/4.0; SLCC2; .NET CLR 2.0.50727; .NET CLR 3.5.30729; .NET CLR 3.0.30729; Media Center PC 6.0; HPNTDF; .NET4.0C; InfoPath.2)"
2.1.78.179 - - [20/Apr/2011:16:45:10 +0200] "GET /AvatarsManager/kev717.jpg HTTP/1.1" 302 20 "http://www.trackmania.com/fr/forum/viewtopic.php?t=25877" "Mozilla/5.0 (Windows; U; Windows NT 6.1; en-US) AppleWebKit/534.16 (KHTML, like Gecko) Chrome/10.0.648.151 Safari/534.16"
2.1.78.179 - - [20/Apr/2011:16:45:10 +0200] "GET /AvatarsManager/joueurs/kev717/1.png HTTP/1.1" 200 32187 "http://www.trackmania.com/fr/forum/viewtopic.php?t=25877" "Mozilla/5.0 (Windows; U; Windows NT 6.1; en-US) AppleWebKit/534.16 (KHTML, like Gecko) Chrome/10.0.648.151 Safari/534.16"
66.249.72.242 - - [20/Apr/2011:16:46:45 +0200] "GET /viewtopic.php?t=1573&postdays=0&postorder=asc&start=90&sid=5a09fc191c867a8074023105a67824c3 HTTP/1.1" 200 2001 "-" "Mozilla/5.0 (compatible; Googlebot/2.1; +http://www.google.com/bot.html)"
188.81.64.116 - - [20/Apr/2011:16:46:58 +0200] "GET /AvatarsManager/deug21.jpg HTTP/1.1" 302 20 "http://www.trackmania.com/fr/forum/viewtopic.php?t=34717" "Mozilla/5.0 (Windows; U; Windows NT 5.1; en-US) AppleWebKit/534.16 (KHTML, like Gecko) Chrome/10.0.648.205 Safari/534.16"
188.81.64.116 - - [20/Apr/2011:16:46:59 +0200] "GET /AvatarsManager/joueurs/deug21/1.png HTTP/1.1" 200 48858 "http://www.trackmania.com/fr/forum/viewtopic.php?t=34717" "Mozilla/5.0 (Windows; U; Windows NT 5.1; en-US) AppleWebKit/534.16 (KHTML, like Gecko) Chrome/10.0.648.205 Safari/534.16"
62.34.150.46 - - [20/Apr/2011:16:47:49 +0200] "GET /viewtopic.php?t=2515 HTTP/1.1" 200 2003 "http://www.google.fr/imgres?imgurl=http://supapeper.free.fr/Perso/Rally-infernal/Tutorial/Carbon-1024x768.png&imgrefurl=http://forum.rally-infernal.info/viewtopic.php%3Ft%3D2515&usg=__tzh2bAwBJK4EU9RxUKZHiGng47M=&h=768&w=1024&sz=153&hl=fr&start=0&zoom=1&tbnid=Xla3p4h_jwvvhM:&tbnh=156&tbnw=218&ei=A_KuTeejBsnNswbj-YXYDA&prev=/search%3Fq%3Dtexture%2Bcarbonne%26hl%3Dfr%26safe%3Doff%26biw%3D1704%26bih%3D856%26tbm%3Disch&itbs=1&iact=hc&vpx=148&vpy=157&dur=145&hovh=194&hovw=259&tx=130&ty=134&oei=A_KuTeejBsnNswbj-YXYDA&page=1&ndsp=28&ved=1t:429,r:0,s:0" "Mozilla/5.0 (Windows; U; Windows NT 6.0; fr; rv:1.9.2.16) Gecko/20110319 Firefox/3.6.16"
62.34.150.46 - - [20/Apr/2011:16:47:50 +0200] "GET /templates/rmstyle/rmstyle.css HTTP/1.1" 200 3183 "http://forum.rally-infernal.info/viewtopic.php?t=2515" "Mozilla/5.0 (Windows; U; Windows NT 6.0; fr; rv:1.9.2.16) Gecko/20110319 Firefox/3.6.16"
62.34.150.46 - - [20/Apr/2011:16:47:50 +0200] "GET /templates/rmstyle/images/lang_french/icon_mini_profile.png HTTP/1.1" 200 2386 "http://forum.rally-infernal.info/viewtopic.php?t=2515" "Mozilla/5.0 (Windows; U; Windows NT 6.0; fr; rv:1.9.2.16) Gecko/20110319 Firefox/3.6.16"
62.34.150.46 - - [20/Apr/2011:16:47:50 +0200] "GET /templates/rmstyle/images/lang_french/icon_mini_faq.png HTTP/1.1" 200 2638 "http://forum.rally-infernal.info/viewtopic.php?t=2515" "Mozilla/5.0 (Windows; U; Windows NT 6.0; fr; rv:1.9.2.16) Gecko/20110319 Firefox/3.6.16"
62.34.150.46 - - [20/Apr/2011:16:47:50 +0200] "GET /templates/rmstyle/images/lang_french/icon_mini_search.png HTTP/1.1" 200 2772 "http://forum.rally-infernal.info/viewtopic.php?t=2515" "Mozilla/5.0 (Windows; U; Windows NT 6.0; fr; rv:1.9.2.16) Gecko/20110319 Firefox/3.6.16"
62.34.150.46 - - [20/Apr/2011:16:47:50 +0200] "GET /templates/rmstyle/images/lang_french/icon_mini_members.png HTTP/1.1" 200 3256 "http://forum.rally-infernal.info/viewtopic.php?t=2515" "Mozilla/5.0 (Windows; U; Windows NT 6.0; fr; rv:1.9.2.16) Gecko/20110319 Firefox/3.6.16"
62.34.150.46 - - [20/Apr/2011:16:47:50 +0200] "GET /templates/rmstyle/images/lang_french/icon_mini_groups.png HTTP/1.1" 200 3010 "http://forum.rally-infernal.info/viewtopic.php?t=2515" "Mozilla/5.0 (Windows; U; Windows NT 6.0; fr; rv:1.9.2.16) Gecko/20110319 Firefox/3.6.16"
62.34.150.46 - - [20/Apr/2011:16:47:50 +0200] "GET /templates/rmstyle/images/lang_french/icon_mini_message.png HTTP/1.1" 200 2464 "http://forum.rally-infernal.info/viewtopic.php?t=2515" "Mozilla/5.0 (Windows; U; Windows NT 6.0; fr; rv:1.9.2.16) Gecko/20110319 Firefox/3.6.16"
62.34.150.46 - - [20/Apr/2011:16:47:50 +0200] "GET /templates/rmstyle/images/lang_french/icon_mini_register.png HTTP/1.1" 200 2755 "http://forum.rally-infernal.info/viewtopic.php?t=2515" "Mozilla/5.0 (Windows; U; Windows NT 6.0; fr; rv:1.9.2.16) Gecko/20110319 Firefox/3.6.16"
62.34.150.46 - - [20/Apr/2011:16:47:50 +0200] "GET /templates/rmstyle/images/lang_french/icon_mini_site.png HTTP/1.1" 200 2634 "http://forum.rally-infernal.info/viewtopic.php?t=2515" "Mozilla/5.0 (Windows; U; Windows NT 6.0; fr; rv:1.9.2.16) Gecko/20110319 Firefox/3.6.16"
62.34.150.46 - - [20/Apr/2011:16:47:50 +0200] "GET /templates/rmstyle/images/lang_french/icon_mini_login.png HTTP/1.1" 200 2281 "http://forum.rally-infernal.info/viewtopic.php?t=2515" "Mozilla/5.0 (Windows; U; Windows NT 6.0; fr; rv:1.9.2.16) Gecko/20110319 Firefox/3.6.16"
62.34.150.46 - - [20/Apr/2011:16:47:50 +0200] "GET /templates/rmstyle/images/logo_rmstyle.jpg HTTP/1.1" 200 108363 "http://forum.rally-infernal.info/viewtopic.php?t=2515" "Mozilla/5.0 (Windows; U; Windows NT 6.0; fr; rv:1.9.2.16) Gecko/20110319 Firefox/3.6.16"
62.34.150.46 - - [20/Apr/2011:16:47:50 +0200] "GET /templates/rmstyle/images/bg_body.jpg HTTP/1.1" 200 103373 "http://forum.rally-infernal.info/templates/rmstyle/rmstyle.css" "Mozilla/5.0 (Windows; U; Windows NT 6.0; fr; rv:1.9.2.16) Gecko/20110319 Firefox/3.6.16"
66.249.66.146 - - [20/Apr/2011:16:47:58 +0200] "GET /viewtopic.php?p=113640&sid=35d57cd35f1a0a98d1a7566cc6e92cf1 HTTP/1.1" 200 2000 "-" "Mozilla/5.0 (compatible; Googlebot/2.1; +http://www.google.com/bot.html)"
62.34.150.46 - - [20/Apr/2011:16:48:03 +0200] "GET /viewtopic.php?t=2515 HTTP/1.1" 200 1949 "http://www.google.fr/imgres?imgurl=http://supapeper.free.fr/Perso/Rally-infernal/Tutorial/Carbon-1024x768.png&imgrefurl=http://forum.rally-infernal.info/viewtopic.php%3Ft%3D2515&usg=__tzh2bAwBJK4EU9RxUKZHiGng47M=&h=768&w=1024&sz=153&hl=fr&start=0&zoom=1&tbnid=Xla3p4h_jwvvhM:&tbnh=156&tbnw=218&ei=A_KuTeejBsnNswbj-YXYDA&prev=/search%3Fq%3Dtexture%2Bcarbonne%26hl%3Dfr%26safe%3Doff%26biw%3D1704%26bih%3D856%26tbm%3Disch&itbs=1&iact=hc&vpx=148&vpy=157&dur=145&hovh=194&hovw=259&tx=130&ty=134&oei=A_KuTeejBsnNswbj-YXYDA&page=1&ndsp=28&ved=1t:429,r:0,s:0" "Mozilla/5.0 (Windows; U; Windows NT 6.0; fr; rv:1.9.2.16) Gecko/20110319 Firefox/3.6.16"
62.34.150.46 - - [20/Apr/2011:16:48:03 +0200] "GET /templates/rmstyle/images/favicon.png HTTP/1.1" 200 974 "-" "Mozilla/5.0 (Windows; U; Windows NT 6.0; fr; rv:1.9.2.16) Gecko/20110319 Firefox/3.6.16"
66.249.66.146 - - [20/Apr/2011:16:49:37 +0200] "GET /viewtopic.php?p=106656&sid=7d041e22cb1019a994177cb305284bd8 HTTP/1.1" 200 2002 "-" "Mozilla/5.0 (compatible; Googlebot/2.1; +http://www.google.com/bot.html)"
82.245.23.161 - - [20/Apr/2011:16:49:39 +0200] "GET / HTTP/1.1" 200 1949 "-" "Mozilla/5.0 (Windows NT 6.1; WOW64; rv:2.0) Gecko/20100101 Firefox/4.0"
66.249.66.146 - - [20/Apr/2011:16:50:36 +0200] "GET /viewtopic.php?p=16600&sid=f31a9e7198cf99cf6bb1086df4cfa968 HTTP/1.1" 200 2002 "-" "Mozilla/5.0 (compatible; Googlebot/2.1; +http://www.google.com/bot.html)"
86.76.192.16 - - [20/Apr/2011:16:50:40 +0200] "GET /AvatarsManager/lakse.jpg HTTP/1.1" 302 20 "http://ragemachines.simplygaming.org/t339p15-en-courskaora" "Mozilla/5.0 (Windows; U; Windows NT 6.1; fr; rv:1.9.1.18) Gecko/20110319 Firefox/3.5.18"
86.76.192.16 - - [20/Apr/2011:16:50:40 +0200] "GET /AvatarsManager/joueurs/lakse/4.png HTTP/1.1" 200 63894 "http://ragemachines.simplygaming.org/t339p15-en-courskaora" "Mozilla/5.0 (Windows; U; Windows NT 6.1; fr; rv:1.9.1.18) Gecko/20110319 Firefox/3.5.18"
86.76.192.16 - - [20/Apr/2011:16:50:46 +0200] "GET /AvatarsManager/lakse.jpg HTTP/1.1" 302 20 "http://ragemachines.simplygaming.org/t339p15-en-courskaora" "Mozilla/5.0 (Windows; U; Windows NT 6.1; fr; rv:1.9.1.18) Gecko/20110319 Firefox/3.5.18"
66.249.66.146 - - [20/Apr/2011:16:52:29 +0200] "GET /viewtopic.php?p=98445&sid=4720c767461a5132c2048017b2a78d11 HTTP/1.1" 200 1999 "-" "Mozilla/5.0 (compatible; Googlebot/2.1; +http://www.google.com/bot.html)"
85.28.91.217 - - [20/Apr/2011:16:53:21 +0200] "GET /viewtopic.php?p=95955&sid=2c3d37aa4dc80425c122a4bfcbb7101b HTTP/1.1" 200 2001 "http://www.google.be/search?q=trackmania+2+rally&ie=utf-8&oe=utf-8&aq=t&rls=org.mozilla:fr:official&client=firefox-a" "Mozilla/5.0 (Windows; U; Windows NT 6.1; fr; rv:1.9.2.13) Gecko/20101203 Firefox/3.6.13"
85.28.91.217 - - [20/Apr/2011:16:53:21 +0200] "GET /templates/rmstyle/rmstyle.css HTTP/1.1" 200 3183 "http://forum.rally-infernal.info/viewtopic.php?p=95955&sid=2c3d37aa4dc80425c122a4bfcbb7101b" "Mozilla/5.0 (Windows; U; Windows NT 6.1; fr; rv:1.9.2.13) Gecko/20101203 Firefox/3.6.13"
85.28.91.217 - - [20/Apr/2011:16:53:21 +0200] "GET /templates/rmstyle/images/favicon.png HTTP/1.1" 200 974 "-" "Mozilla/5.0 (Windows; U; Windows NT 6.1; fr; rv:1.9.2.13) Gecko/20101203 Firefox/3.6.13"
85.28.91.217 - - [20/Apr/2011:16:53:21 +0200] "GET /templates/rmstyle/images/lang_french/icon_mini_profile.png HTTP/1.1" 200 2386 "http://forum.rally-infernal.info/viewtopic.php?p=95955&sid=2c3d37aa4dc80425c122a4bfcbb7101b" "Mozilla/5.0 (Windows; U; Windows NT 6.1; fr; rv:1.9.2.13) Gecko/20101203 Firefox/3.6.13"
85.28.91.217 - - [20/Apr/2011:16:53:21 +0200] "GET /templates/rmstyle/images/lang_french/icon_mini_faq.png HTTP/1.1" 200 2638 "http://forum.rally-infernal.info/viewtopic.php?p=95955&sid=2c3d37aa4dc80425c122a4bfcbb7101b" "Mozilla/5.0 (Windows; U; Windows NT 6.1; fr; rv:1.9.2.13) Gecko/20101203 Firefox/3.6.13"
85.28.91.217 - - [20/Apr/2011:16:53:21 +0200] "GET /templates/rmstyle/images/lang_french/icon_mini_search.png HTTP/1.1" 200 2772 "http://forum.rally-infernal.info/viewtopic.php?p=95955&sid=2c3d37aa4dc80425c122a4bfcbb7101b" "Mozilla/5.0 (Windows; U; Windows NT 6.1; fr; rv:1.9.2.13) Gecko/20101203 Firefox/3.6.13"
85.28.91.217 - - [20/Apr/2011:16:53:21 +0200] "GET /templates/rmstyle/images/lang_french/icon_mini_members.png HTTP/1.1" 200 3256 "http://forum.rally-infernal.info/viewtopic.php?p=95955&sid=2c3d37aa4dc80425c122a4bfcbb7101b" "Mozilla/5.0 (Windows; U; Windows NT 6.1; fr; rv:1.9.2.13) Gecko/20101203 Firefox/3.6.13"
85.28.91.217 - - [20/Apr/2011:16:53:21 +0200] "GET /templates/rmstyle/images/lang_french/icon_mini_groups.png HTTP/1.1" 200 3010 "http://forum.rally-infernal.info/viewtopic.php?p=95955&sid=2c3d37aa4dc80425c122a4bfcbb7101b" "Mozilla/5.0 (Windows; U; Windows NT 6.1; fr; rv:1.9.2.13) Gecko/20101203 Firefox/3.6.13"
85.28.91.217 - - [20/Apr/2011:16:53:22 +0200] "GET /templates/rmstyle/images/lang_french/icon_mini_message.png HTTP/1.1" 200 2464 "http://forum.rally-infernal.info/viewtopic.php?p=95955&sid=2c3d37aa4dc80425c122a4bfcbb7101b" "Mozilla/5.0 (Windows; U; Windows NT 6.1; fr; rv:1.9.2.13) Gecko/20101203 Firefox/3.6.13"
85.28.91.217 - - [20/Apr/2011:16:53:22 +0200] "GET /templates/rmstyle/images/lang_french/icon_mini_login.png HTTP/1.1" 200 2281 "http://forum.rally-infernal.info/viewtopic.php?p=95955&sid=2c3d37aa4dc80425c122a4bfcbb7101b" "Mozilla/5.0 (Windows; U; Windows NT 6.1; fr; rv:1.9.2.13) Gecko/20101203 Firefox/3.6.13"
85.28.91.217 - - [20/Apr/2011:16:53:22 +0200] "GET /templates/rmstyle/images/lang_french/icon_mini_register.png HTTP/1.1" 200 2755 "http://forum.rally-infernal.info/viewtopic.php?p=95955&sid=2c3d37aa4dc80425c122a4bfcbb7101b" "Mozilla/5.0 (Windows; U; Windows NT 6.1; fr; rv:1.9.2.13) Gecko/20101203 Firefox/3.6.13"
85.28.91.217 - - [20/Apr/2011:16:53:22 +0200] "GET /templates/rmstyle/images/lang_french/icon_mini_site.png HTTP/1.1" 200 2634 "http://forum.rally-infernal.info/viewtopic.php?p=95955&sid=2c3d37aa4dc80425c122a4bfcbb7101b" "Mozilla/5.0 (Windows; U; Windows NT 6.1; fr; rv:1.9.2.13) Gecko/20101203 Firefox/3.6.13"
85.28.91.217 - - [20/Apr/2011:16:53:21 +0200] "GET /templates/rmstyle/images/logo_rmstyle.jpg HTTP/1.1" 200 108363 "http://forum.rally-infernal.info/viewtopic.php?p=95955&sid=2c3d37aa4dc80425c122a4bfcbb7101b" "Mozilla/5.0 (Windows; U; Windows NT 6.1; fr; rv:1.9.2.13) Gecko/20101203 Firefox/3.6.13"
85.28.91.217 - - [20/Apr/2011:16:53:22 +0200] "GET /templates/rmstyle/images/bg_body.jpg HTTP/1.1" 200 103373 "http://forum.rally-infernal.info/templates/rmstyle/rmstyle.css" "Mozilla/5.0 (Windows; U; Windows NT 6.1; fr; rv:1.9.2.13) Gecko/20101203 Firefox/3.6.13"
90.20.160.135 - - [20/Apr/2011:16:53:57 +0200] "GET /index.php?sid=490dcdcb33525574a819731fbdceb0b0 HTTP/1.1" 200 2009 "-" "Opera/9.80 (Windows NT 6.0; U; fr) Presto/2.6.30 Version/10.63"
90.20.160.135 - - [20/Apr/2011:16:53:57 +0200] "GET /templates/rmstyle/images/favicon.png HTTP/1.1" 200 974 "http://forum.rally-infernal.info/index.php?sid=490dcdcb33525574a819731fbdceb0b0" "Opera/9.80 (Windows NT 6.0; U; fr) Presto/2.6.30 Version/10.63"
66.249.66.146 - - [20/Apr/2011:16:54:05 +0200] "GET /viewtopic.php?t=1053&view=previous&sid=68e91b3c32f60c7a6670e170c3bba91a HTTP/1.1" 200 2000 "-" "Mozilla/5.0 (compatible; Googlebot/2.1; +http://www.google.com/bot.html)"
66.249.66.146 - - [20/Apr/2011:16:55:20 +0200] "GET /viewtopic.php?p=101600&sid=cd0701dffaed998dce8baf0987a05941 HTTP/1.1" 200 2002 "-" "Mozilla/5.0 (compatible; Googlebot/2.1; +http://www.google.com/bot.html)"
82.232.196.142 - - [20/Apr/2011:16:55:55 +0200] "GET /AvatarsManager/deug21.jpg HTTP/1.1" 302 20 "http://www.trackmania.com/fr/forum/viewtopic.php?t=34995&postdays=0&postorder=asc&start=30&sid=8b4082a1c83b529419ff0bf4e573331a" "Mozilla/5.0 (Windows; U; Windows NT 5.1; fr; rv:1.9.2.16) Gecko/20110319 Firefox/3.6.16 GTB7.1"
82.232.196.142 - - [20/Apr/2011:16:55:55 +0200] "GET /AvatarsManager/joueurs/deug21/1.png HTTP/1.1" 200 48858 "http://www.trackmania.com/fr/forum/viewtopic.php?t=34995&postdays=0&postorder=asc&start=30&sid=8b4082a1c83b529419ff0bf4e573331a" "Mozilla/5.0 (Windows; U; Windows NT 5.1; fr; rv:1.9.2.16) Gecko/20110319 Firefox/3.6.16 GTB7.1"
92.130.126.194 - - [20/Apr/2011:16:58:08 +0200] "GET /AvatarsManager/deug21.jpg HTTP/1.1" 302 20 "http://www.trackmania.com/fr/forum/viewtopic.php?t=34755&highlight=video" "Mozilla/5.0 (Windows; U; Windows NT 6.0; fr; rv:1.9.2.16) Gecko/20110319 Firefox/3.6.16 ( .NET CLR 3.5.30729; .NET4.0C)"
92.130.126.194 - - [20/Apr/2011:16:58:08 +0200] "GET /AvatarsManager/joueurs/deug21/1.png HTTP/1.1" 200 48858 "http://www.trackmania.com/fr/forum/viewtopic.php?t=34755&highlight=video" "Mozilla/5.0 (Windows; U; Windows NT 6.0; fr; rv:1.9.2.16) Gecko/20110319 Firefox/3.6.16 ( .NET CLR 3.5.30729; .NET4.0C)"
66.249.66.146 - - [20/Apr/2011:16:58:11 +0200] "GET /viewtopic.php?p=55628&sid=0935234d7a51c2c23a0db4ade2b4698e HTTP/1.1" 200 2000 "-" "Mozilla/5.0 (compatible; Googlebot/2.1; +http://www.google.com/bot.html)"
90.30.80.138 - - [20/Apr/2011:17:00:09 +0200] "GET / HTTP/1.1" 200 2002 "http://www.rally-infernal.info/" "Mozilla/5.0 (Windows NT 6.1; WOW64; rv:2.0) Gecko/20100101 Firefox/4.0"
66.249.66.146 - - [20/Apr/2011:17:00:12 +0200] "GET /viewtopic.php?p=108321&sid=acc2e74b4225cf442a9bcd6162d14ac2 HTTP/1.1" 200 2001 "-" "Mozilla/5.0 (compatible; Googlebot/2.1; +http://www.google.com/bot.html)"
90.30.80.138 - - [20/Apr/2011:17:00:17 +0200] "GET /faq.php?sid=58bf1e07def6995545621abc8df58150 HTTP/1.1" 200 1949 "http://forum.rally-infernal.info/" "Mozilla/5.0 (Windows NT 6.1; WOW64; rv:2.0) Gecko/20100101 Firefox/4.0"
90.30.80.138 - - [20/Apr/2011:17:00:19 +0200] "GET /faq.php HTTP/1.1" 200 1949 "http://forum.rally-infernal.info/faq.php?sid=58bf1e07def6995545621abc8df58150" "Mozilla/5.0 (Windows NT 6.1; WOW64; rv:2.0) Gecko/20100101 Firefox/4.0"
90.30.80.138 - - [20/Apr/2011:17:00:20 +0200] "GET /faq.php HTTP/1.1" 200 1949 "http://forum.rally-infernal.info/faq.php" "Mozilla/5.0 (Windows NT 6.1; WOW64; rv:2.0) Gecko/20100101 Firefox/4.0"
90.30.80.138 - - [20/Apr/2011:17:00:21 +0200] "GET /faq.php HTTP/1.1" 200 1949 "http://forum.rally-infernal.info/faq.php" "Mozilla/5.0 (Windows NT 6.1; WOW64; rv:2.0) Gecko/20100101 Firefox/4.0"
90.30.80.138 - - [20/Apr/2011:17:00:21 +0200] "GET /faq.php HTTP/1.1" 200 1949 "http://forum.rally-infernal.info/faq.php" "Mozilla/5.0 (Windows NT 6.1; WOW64; rv:2.0) Gecko/20100101 Firefox/4.0"
90.30.80.138 - - [20/Apr/2011:17:00:21 +0200] "GET /faq.php HTTP/1.1" 200 1949 "http://forum.rally-infernal.info/faq.php" "Mozilla/5.0 (Windows NT 6.1; WOW64; rv:2.0) Gecko/20100101 Firefox/4.0"
90.30.80.138 - - [20/Apr/2011:17:00:22 +0200] "GET /search.php HTTP/1.1" 200 1949 "http://forum.rally-infernal.info/faq.php" "Mozilla/5.0 (Windows NT 6.1; WOW64; rv:2.0) Gecko/20100101 Firefox/4.0"
90.30.80.138 - - [20/Apr/2011:17:00:23 +0200] "GET /memberlist.php HTTP/1.1" 200 1949 "http://forum.rally-infernal.info/search.php" "Mozilla/5.0 (Windows NT 6.1; WOW64; rv:2.0) Gecko/20100101 Firefox/4.0"
90.30.80.138 - - [20/Apr/2011:17:00:23 +0200] "GET /groupcp.php HTTP/1.1" 200 1949 "http://forum.rally-infernal.info/memberlist.php" "Mozilla/5.0 (Windows NT 6.1; WOW64; rv:2.0) Gecko/20100101 Firefox/4.0"
90.30.80.138 - - [20/Apr/2011:17:00:24 +0200] "GET /profile.php?mode=editprofile HTTP/1.1" 200 1949 "http://forum.rally-infernal.info/groupcp.php" "Mozilla/5.0 (Windows NT 6.1; WOW64; rv:2.0) Gecko/20100101 Firefox/4.0"
90.30.80.138 - - [20/Apr/2011:17:00:24 +0200] "GET /privmsg.php?folder=inbox HTTP/1.1" 200 1949 "http://forum.rally-infernal.info/profile.php?mode=editprofile" "Mozilla/5.0 (Windows NT 6.1; WOW64; rv:2.0) Gecko/20100101 Firefox/4.0"
90.30.80.138 - - [20/Apr/2011:17:00:25 +0200] "GET /profile.php?mode=register HTTP/1.1" 200 1949 "http://forum.rally-infernal.info/privmsg.php?folder=inbox" "Mozilla/5.0 (Windows NT 6.1; WOW64; rv:2.0) Gecko/20100101 Firefox/4.0"
90.30.80.138 - - [20/Apr/2011:17:00:25 +0200] "GET /profile.php?mode=register HTTP/1.1" 200 1949 "http://forum.rally-infernal.info/profile.php?mode=register" "Mozilla/5.0 (Windows NT 6.1; WOW64; rv:2.0) Gecko/20100101 Firefox/4.0"
90.30.80.138 - - [20/Apr/2011:17:00:26 +0200] "GET /profile.php?mode=register HTTP/1.1" 200 1949 "http://forum.rally-infernal.info/profile.php?mode=register" "Mozilla/5.0 (Windows NT 6.1; WOW64; rv:2.0) Gecko/20100101 Firefox/4.0"
90.30.80.138 - - [20/Apr/2011:17:00:27 +0200] "GET /login.php HTTP/1.1" 200 2340 "http://forum.rally-infernal.info/profile.php?mode=register" "Mozilla/5.0 (Windows NT 6.1; WOW64; rv:2.0) Gecko/20100101 Firefox/4.0"
90.30.80.138 - - [20/Apr/2011:17:00:28 +0200] "GET /login.php HTTP/1.1" 200 2340 "http://forum.rally-infernal.info/login.php" "Mozilla/5.0 (Windows NT 6.1; WOW64; rv:2.0) Gecko/20100101 Firefox/4.0"
90.30.80.138 - - [20/Apr/2011:17:00:29 +0200] "GET /login.php HTTP/1.1" 200 2340 "http://forum.rally-infernal.info/login.php" "Mozilla/5.0 (Windows NT 6.1; WOW64; rv:2.0) Gecko/20100101 Firefox/4.0"
90.30.80.138 - - [20/Apr/2011:17:00:30 +0200] "POST /login.php HTTP/1.1" 200 2015 "http://forum.rally-infernal.info/login.php" "Mozilla/5.0 (Windows NT 6.1; WOW64; rv:2.0) Gecko/20100101 Firefox/4.0"
90.30.80.138 - - [20/Apr/2011:17:00:31 +0200] "GET /login.php?redirect= HTTP/1.1" 200 2340 "http://forum.rally-infernal.info/login.php" "Mozilla/5.0 (Windows NT 6.1; WOW64; rv:2.0) Gecko/20100101 Firefox/4.0"
90.30.80.138 - - [20/Apr/2011:17:00:32 +0200] "POST /login.php HTTP/1.1" 200 2015 "http://forum.rally-infernal.info/login.php?redirect=" "Mozilla/5.0 (Windows NT 6.1; WOW64; rv:2.0) Gecko/20100101 Firefox/4.0"
90.30.80.138 - - [20/Apr/2011:17:00:33 +0200] "GET /login.php?redirect= HTTP/1.1" 200 2340 "http://forum.rally-infernal.info/login.php" "Mozilla/5.0 (Windows NT 6.1; WOW64; rv:2.0) Gecko/20100101 Firefox/4.0"
90.30.80.138 - - [20/Apr/2011:17:00:34 +0200] "POST /login.php HTTP/1.1" 200 2015 "http://forum.rally-infernal.info/login.php?redirect=" "Mozilla/5.0 (Windows NT 6.1; WOW64; rv:2.0) Gecko/20100101 Firefox/4.0"
90.30.80.138 - - [20/Apr/2011:17:00:36 +0200] "GET /login.php?redirect= HTTP/1.1" 200 2340 "http://forum.rally-infernal.info/login.php" "Mozilla/5.0 (Windows NT 6.1; WOW64; rv:2.0) Gecko/20100101 Firefox/4.0"
90.30.80.138 - - [20/Apr/2011:17:00:37 +0200] "GET /profile.php?mode=sendpassword HTTP/1.1" 200 1949 "http://forum.rally-infernal.info/login.php?redirect=" "Mozilla/5.0 (Windows NT 6.1; WOW64; rv:2.0) Gecko/20100101 Firefox/4.0"
66.249.66.146 - - [20/Apr/2011:17:01:03 +0200] "GET /viewtopic.php?p=52116&sid=cd89dc969f7a3ae24e06da0bc3eccbaa HTTP/1.1" 200 2003 "-" "Mozilla/5.0 (compatible; Googlebot/2.1; +http://www.google.com/bot.html)"
