157.55.116.13 - - [19/Apr/2011:22:21:00 +0200] "GET /viewtopic.php?p=59393 HTTP/1.1" 200 1921 "-" "msnbot/2.0b (+http://search.msn.com/msnbot.htm)._"
157.55.116.13 - - [19/Apr/2011:22:21:02 +0200] "GET /viewtopic.php?p=39959 HTTP/1.1" 200 1921 "-" "msnbot/2.0b (+http://search.msn.com/msnbot.htm)._"
157.55.116.13 - - [19/Apr/2011:22:21:04 +0200] "GET /viewtopic.php?p=62020 HTTP/1.1" 200 1921 "-" "msnbot/2.0b (+http://search.msn.com/msnbot.htm)._"
82.235.55.17 - - [19/Apr/2011:22:21:06 +0200] "GET /AvatarsManager/deug21.jpg HTTP/1.1" 302 20 "http://www.trackmania.com/fr/forum/viewtopic.php?t=27077&postdays=0&postorder=asc&start=105" "Mozilla/5.0 (Windows NT 6.0; rv:2.0) Gecko/20100101 Firefox/4.0"
82.235.55.17 - - [19/Apr/2011:22:21:06 +0200] "GET /AvatarsManager/joueurs/deug21/1.png HTTP/1.1" 200 48858 "http://www.trackmania.com/fr/forum/viewtopic.php?t=27077&postdays=0&postorder=asc&start=105" "Mozilla/5.0 (Windows NT 6.0; rv:2.0) Gecko/20100101 Firefox/4.0"
157.55.116.13 - - [19/Apr/2011:22:21:07 +0200] "GET /viewtopic.php?p=47563 HTTP/1.1" 200 1921 "-" "msnbot/2.0b (+http://search.msn.com/msnbot.htm)._"
157.55.116.13 - - [19/Apr/2011:22:21:09 +0200] "GET /viewtopic.php?p=6233 HTTP/1.1" 200 1921 "-" "msnbot/2.0b (+http://search.msn.com/msnbot.htm)._"
157.55.116.13 - - [19/Apr/2011:22:21:11 +0200] "GET /viewtopic.php?p=52948 HTTP/1.1" 200 1921 "-" "msnbot/2.0b (+http://search.msn.com/msnbot.htm)._"
124.115.1.66 - - [19/Apr/2011:22:21:13 +0200] "GET /viewtopic.php?p=32372&sid=7d54becac85e668a727458741a6e8ae7 HTTP/1.1" 200 9179 "-" "Mozilla/4.0 (compatible; MSIE 6.0; Windows NT 5.1)"
157.55.116.13 - - [19/Apr/2011:22:21:13 +0200] "GET /viewtopic.php?p=95931 HTTP/1.1" 200 1921 "-" "msnbot/2.0b (+http://search.msn.com/msnbot.htm)._"
157.55.116.13 - - [19/Apr/2011:22:21:18 +0200] "GET /viewtopic.php?p=42447 HTTP/1.1" 200 1921 "-" "msnbot/2.0b (+http://search.msn.com/msnbot.htm)._"
157.55.116.13 - - [19/Apr/2011:22:21:20 +0200] "GET /viewtopic.php?p=53582 HTTP/1.1" 200 1921 "-" "msnbot/2.0b (+http://search.msn.com/msnbot.htm)._"
157.55.116.13 - - [19/Apr/2011:22:21:23 +0200] "GET /viewtopic.php?p=62364 HTTP/1.1" 200 1921 "-" "msnbot/2.0b (+http://search.msn.com/msnbot.htm)._"
157.55.116.13 - - [19/Apr/2011:22:21:26 +0200] "GET /viewtopic.php?p=35799 HTTP/1.1" 200 1921 "-" "msnbot/2.0b (+http://search.msn.com/msnbot.htm)._"
157.55.116.13 - - [19/Apr/2011:22:21:28 +0200] "GET /viewtopic.php?p=5377 HTTP/1.1" 200 1921 "-" "msnbot/2.0b (+http://search.msn.com/msnbot.htm)._"
157.55.116.13 - - [19/Apr/2011:22:21:30 +0200] "GET /viewtopic.php?p=94582 HTTP/1.1" 200 1921 "-" "msnbot/2.0b (+http://search.msn.com/msnbot.htm)._"
157.55.116.13 - - [19/Apr/2011:22:21:32 +0200] "GET /viewtopic.php?p=43448 HTTP/1.1" 200 1921 "-" "msnbot/2.0b (+http://search.msn.com/msnbot.htm)._"
79.95.133.150 - - [19/Apr/2011:22:21:32 +0200] "GET /shoutbox_view.php?0?auto_refresh=1 HTTP/1.1" 200 1148 "http://forum.rally-infernal.info/shoutbox_view.php?0?auto_refresh=1" "Mozilla/5.0 (Windows; U; Windows NT 5.1; en-US) AppleWebKit/534.16 (KHTML, like Gecko) Chrome/10.0.648.205 Safari/534.16"
157.55.116.13 - - [19/Apr/2011:22:21:34 +0200] "GET /viewtopic.php?p=47712 HTTP/1.1" 200 1921 "-" "msnbot/2.0b (+http://search.msn.com/msnbot.htm)._"
157.55.116.13 - - [19/Apr/2011:22:21:37 +0200] "GET /viewtopic.php?p=4564 HTTP/1.1" 200 1921 "-" "msnbot/2.0b (+http://search.msn.com/msnbot.htm)._"
92.147.73.62 - - [19/Apr/2011:22:21:37 +0200] "GET / HTTP/1.1" 200 6203 "-" "Mozilla/5.0 (Windows NT 6.1; WOW64; rv:2.0) Gecko/20100101 Firefox/4.0"
92.147.73.62 - - [19/Apr/2011:22:21:37 +0200] "GET /shoutbox.php HTTP/1.1" 200 736 "http://forum.rally-infernal.info/" "Mozilla/5.0 (Windows NT 6.1; WOW64; rv:2.0) Gecko/20100101 Firefox/4.0"
92.147.73.62 - - [19/Apr/2011:22:21:38 +0200] "GET /shoutbox_view.php?start=0 HTTP/1.1" 200 1148 "http://forum.rally-infernal.info/shoutbox.php" "Mozilla/5.0 (Windows NT 6.1; WOW64; rv:2.0) Gecko/20100101 Firefox/4.0"
157.55.116.13 - - [19/Apr/2011:22:21:40 +0200] "GET /posting.php?mode=quote&p=61274 HTTP/1.1" 200 1921 "-" "msnbot/2.0b (+http://search.msn.com/msnbot.htm)._"
157.55.116.13 - - [19/Apr/2011:22:21:42 +0200] "GET /viewtopic.php?p=63438 HTTP/1.1" 200 1921 "-" "msnbot/2.0b (+http://search.msn.com/msnbot.htm)._"
157.55.116.13 - - [19/Apr/2011:22:21:45 +0200] "GET /viewtopic.php?p=54907 HTTP/1.1" 200 1921 "-" "msnbot/2.0b (+http://search.msn.com/msnbot.htm)._"
157.55.116.13 - - [19/Apr/2011:22:21:48 +0200] "GET /viewtopic.php?p=32731 HTTP/1.1" 200 1921 "-" "msnbot/2.0b (+http://search.msn.com/msnbot.htm)._"
157.55.116.13 - - [19/Apr/2011:22:21:51 +0200] "GET /viewtopic.php?p=112912 HTTP/1.1" 200 1921 "-" "msnbot/2.0b (+http://search.msn.com/msnbot.htm)._"
157.55.116.13 - - [19/Apr/2011:22:21:52 +0200] "GET /viewtopic.php?p=42893 HTTP/1.1" 200 1921 "-" "msnbot/2.0b (+http://search.msn.com/msnbot.htm)._"
157.55.116.13 - - [19/Apr/2011:22:21:55 +0200] "GET /viewtopic.php?p=105214 HTTP/1.1" 200 1921 "-" "msnbot/2.0b (+http://search.msn.com/msnbot.htm)._"
157.55.116.13 - - [19/Apr/2011:22:21:57 +0200] "GET /viewtopic.php?p=39953 HTTP/1.1" 200 1921 "-" "msnbot/2.0b (+http://search.msn.com/msnbot.htm)._"
157.55.116.13 - - [19/Apr/2011:22:21:59 +0200] "GET /viewtopic.php?p=11162 HTTP/1.1" 200 1921 "-" "msnbot/2.0b (+http://search.msn.com/msnbot.htm)._"
157.55.116.13 - - [19/Apr/2011:22:22:02 +0200] "GET /viewtopic.php?p=18631 HTTP/1.1" 200 1921 "-" "msnbot/2.0b (+http://search.msn.com/msnbot.htm)._"
157.55.116.13 - - [19/Apr/2011:22:22:05 +0200] "GET /viewtopic.php?p=73444 HTTP/1.1" 200 1921 "-" "msnbot/2.0b (+http://search.msn.com/msnbot.htm)._"
157.55.116.13 - - [19/Apr/2011:22:22:09 +0200] "GET /viewtopic.php?p=30293 HTTP/1.1" 200 1921 "-" "msnbot/2.0b (+http://search.msn.com/msnbot.htm)._"
157.55.116.13 - - [19/Apr/2011:22:22:12 +0200] "GET /viewtopic.php?p=82508 HTTP/1.1" 200 1921 "-" "msnbot/2.0b (+http://search.msn.com/msnbot.htm)._"
157.55.116.13 - - [19/Apr/2011:22:22:15 +0200] "GET /viewtopic.php?p=28735 HTTP/1.1" 200 1921 "-" "msnbot/2.0b (+http://search.msn.com/msnbot.htm)._"
157.55.116.13 - - [19/Apr/2011:22:22:16 +0200] "GET /viewtopic.php?p=62021 HTTP/1.1" 200 1921 "-" "msnbot/2.0b (+http://search.msn.com/msnbot.htm)._"
157.55.116.13 - - [19/Apr/2011:22:22:19 +0200] "GET /viewtopic.php?p=72593 HTTP/1.1" 200 1921 "-" "msnbot/2.0b (+http://search.msn.com/msnbot.htm)._"
157.55.116.13 - - [19/Apr/2011:22:22:22 +0200] "GET /viewtopic.php?p=98700 HTTP/1.1" 200 1921 "-" "msnbot/2.0b (+http://search.msn.com/msnbot.htm)._"
157.55.116.13 - - [19/Apr/2011:22:22:24 +0200] "GET /viewtopic.php?p=93792 HTTP/1.1" 200 1921 "-" "msnbot/2.0b (+http://search.msn.com/msnbot.htm)._"
157.55.116.13 - - [19/Apr/2011:22:22:27 +0200] "GET /viewtopic.php?p=107511 HTTP/1.1" 200 1921 "-" "msnbot/2.0b (+http://search.msn.com/msnbot.htm)._"
157.55.116.13 - - [19/Apr/2011:22:22:29 +0200] "GET /viewtopic.php?p=72575 HTTP/1.1" 200 1921 "-" "msnbot/2.0b (+http://search.msn.com/msnbot.htm)._"
89.170.22.112 - - [19/Apr/2011:22:22:32 +0200] "GET /shoutbox_view.php?0?auto_refresh=1 HTTP/1.1" 200 1147 "-" "Mozilla/5.0 (Windows NT 6.1; WOW64; rv:2.0) Gecko/20100101 Firefox/4.0"
157.55.116.13 - - [19/Apr/2011:22:22:32 +0200] "GET /viewtopic.php?p=75982 HTTP/1.1" 200 1921 "-" "msnbot/2.0b (+http://search.msn.com/msnbot.htm)._"
89.170.22.112 - - [19/Apr/2011:22:22:32 +0200] "GET /templates/rmstyle/rmstyle.css HTTP/1.1" 304 - "http://forum.rally-infernal.info/shoutbox_view.php?0?auto_refresh=1" "Mozilla/5.0 (Windows NT 6.1; WOW64; rv:2.0) Gecko/20100101 Firefox/4.0"
89.170.22.112 - - [19/Apr/2011:22:22:33 +0200] "GET /images/smiles/icon_hap.gif HTTP/1.1" 304 - "http://forum.rally-infernal.info/shoutbox_view.php?0?auto_refresh=1" "Mozilla/5.0 (Windows NT 6.1; WOW64; rv:2.0) Gecko/20100101 Firefox/4.0"
89.170.22.112 - - [19/Apr/2011:22:22:33 +0200] "GET /images/smiles/icon_rire.gif HTTP/1.1" 304 - "http://forum.rally-infernal.info/shoutbox_view.php?0?auto_refresh=1" "Mozilla/5.0 (Windows NT 6.1; WOW64; rv:2.0) Gecko/20100101 Firefox/4.0"
89.170.22.112 - - [19/Apr/2011:22:22:33 +0200] "GET /templates/rmstyle/images/bg_body.jpg HTTP/1.1" 304 - "http://forum.rally-infernal.info/templates/rmstyle/rmstyle.css" "Mozilla/5.0 (Windows NT 6.1; WOW64; rv:2.0) Gecko/20100101 Firefox/4.0"
46.109.202.3 - - [19/Apr/2011:22:22:34 +0200] "GET /index.php HTTP/1.0" 200 46755 "http://forum.rally-infernal.info/index.php" "Opera/9.01 (Windows NT 5.1; U; en)"
46.109.202.3 - - [19/Apr/2011:22:22:34 +0200] "GET /viewforum.php?f=31&sid=7cd279def404e280c925be6d02bc6841 HTTP/1.0" 302 - "http://forum.rally-infernal.info/viewforum.php?f=31&sid=7cd279def404e280c925be6d02bc6841" "Opera/9.01 (Windows NT 5.1; U; en)"
46.109.202.3 - - [19/Apr/2011:22:22:34 +0200] "GET /login.php?redirect=viewforum.php&f=31&start=0 HTTP/1.0" 200 7208 "http://forum.rally-infernal.info/login.php?redirect=viewforum.php&f=31&start=0" "Opera/9.01 (Windows NT 5.1; U; en)"
46.109.202.3 - - [19/Apr/2011:22:22:35 +0200] "GET /profile.php?mode=register&sid=7cd279def404e280c925be6d02bc6841 HTTP/1.0" 200 8984 "http://forum.rally-infernal.info/profile.php?mode=register&sid=7cd279def404e280c925be6d02bc6841" "Opera/9.01 (Windows NT 5.1; U; en)"
46.109.202.3 - - [19/Apr/2011:22:22:35 +0200] "GET /profile.php?mode=register&ab_var=agreed9107eef49ecf1457f505ac0cae1d9768 HTTP/1.0" 200 19089 "http://forum.rally-infernal.info/profile.php?mode=register&ab_var=agreed9107eef49ecf1457f505ac0cae1d9768" "Opera/9.01 (Windows NT 5.1; U; en)"
46.109.202.3 - - [19/Apr/2011:22:22:35 +0200] "GET /profile.php?mode=confirm&id=11da4bbdbea4f52372121741897cd65d HTTP/1.0" 200 15086 "http://forum.rally-infernal.info/profile.php?mode=register&ab_var=agreed9107eef49ecf1457f505ac0cae1d9768" "Opera/9.01 (Windows NT 5.1; U; en)"
157.55.116.13 - - [19/Apr/2011:22:22:36 +0200] "GET /viewtopic.php?p=7034 HTTP/1.1" 200 1921 "-" "msnbot/2.0b (+http://search.msn.com/msnbot.htm)._"
157.55.116.13 - - [19/Apr/2011:22:22:38 +0200] "GET /viewtopic.php?p=92183 HTTP/1.1" 200 1921 "-" "msnbot/2.0b (+http://search.msn.com/msnbot.htm)._"
46.109.202.3 - - [19/Apr/2011:22:22:39 +0200] "POST /profile.php HTTP/1.0" 200 19737 "http://forum.rally-infernal.info/profile.php?mode=register&ab_var=agreed9107eef49ecf1457f505ac0cae1d9768" "Opera/9.01 (Windows NT 5.1; U; en)"
46.109.202.3 - - [19/Apr/2011:22:22:39 +0200] "GET /profile.php?mode=confirm&id=f33b442d633bcf586d852d815397450d HTTP/1.0" 200 14896 "http://forum.rally-infernal.info/profile.php?mode=register&ab_var=agreed9107eef49ecf1457f505ac0cae1d9768" "Opera/9.01 (Windows NT 5.1; U; en)"
157.55.116.13 - - [19/Apr/2011:22:22:40 +0200] "GET /viewtopic.php?p=71835 HTTP/1.1" 200 1921 "-" "msnbot/2.0b (+http://search.msn.com/msnbot.htm)._"
157.55.116.13 - - [19/Apr/2011:22:22:43 +0200] "GET /viewtopic.php?p=111703 HTTP/1.1" 200 1921 "-" "msnbot/2.0b (+http://search.msn.com/msnbot.htm)._"
46.109.202.3 - - [19/Apr/2011:22:22:43 +0200] "POST /profile.php HTTP/1.0" 200 19736 "http://forum.rally-infernal.info/profile.php?mode=register&ab_var=agreed9107eef49ecf1457f505ac0cae1d9768" "Opera/9.01 (Windows NT 5.1; U; en)"
46.109.202.3 - - [19/Apr/2011:22:22:44 +0200] "GET /profile.php?mode=confirm&id=160a090aeeb09c179d5d2c4c775042fd HTTP/1.0" 200 14762 "http://forum.rally-infernal.info/profile.php?mode=register&ab_var=agreed9107eef49ecf1457f505ac0cae1d9768" "Opera/9.01 (Windows NT 5.1; U; en)"
157.55.116.13 - - [19/Apr/2011:22:22:46 +0200] "GET /viewtopic.php?p=112605 HTTP/1.1" 200 1921 "-" "msnbot/2.0b (+http://search.msn.com/msnbot.htm)._"
46.109.202.3 - - [19/Apr/2011:22:22:48 +0200] "POST /profile.php HTTP/1.0" 200 19748 "http://forum.rally-infernal.info/profile.php?mode=register&ab_var=agreed9107eef49ecf1457f505ac0cae1d9768" "Opera/9.01 (Windows NT 5.1; U; en)"
46.109.202.3 - - [19/Apr/2011:22:22:48 +0200] "GET /profile.php?mode=confirm&id=55ff584a3f7ba1076f159b2e81ff291d HTTP/1.0" 200 15043 "http://forum.rally-infernal.info/profile.php?mode=register&ab_var=agreed9107eef49ecf1457f505ac0cae1d9768" "Opera/9.01 (Windows NT 5.1; U; en)"
157.55.116.13 - - [19/Apr/2011:22:22:48 +0200] "GET /viewtopic.php?p=98891 HTTP/1.1" 200 1921 "-" "msnbot/2.0b (+http://search.msn.com/msnbot.htm)._"
157.55.116.13 - - [19/Apr/2011:22:22:51 +0200] "GET /viewtopic.php?p=84234 HTTP/1.1" 200 1921 "-" "msnbot/2.0b (+http://search.msn.com/msnbot.htm)._"
46.109.202.3 - - [19/Apr/2011:22:22:53 +0200] "POST /profile.php HTTP/1.0" 200 6087 "http://forum.rally-infernal.info/profile.php?mode=register&ab_var=agreed9107eef49ecf1457f505ac0cae1d9768" "Opera/9.01 (Windows NT 5.1; U; en)"
157.55.116.13 - - [19/Apr/2011:22:22:54 +0200] "GET /viewtopic.php?p=20140 HTTP/1.1" 200 1921 "-" "msnbot/2.0b (+http://search.msn.com/msnbot.htm)._"
157.55.116.13 - - [19/Apr/2011:22:22:56 +0200] "GET /viewtopic.php?p=82527 HTTP/1.1" 200 1921 "-" "msnbot/2.0b (+http://search.msn.com/msnbot.htm)._"
157.55.116.13 - - [19/Apr/2011:22:22:59 +0200] "GET /viewtopic.php?p=102151 HTTP/1.1" 200 1921 "-" "msnbot/2.0b (+http://search.msn.com/msnbot.htm)._"
157.55.116.13 - - [19/Apr/2011:22:23:02 +0200] "GET /viewtopic.php?p=95444 HTTP/1.1" 200 1921 "-" "msnbot/2.0b (+http://search.msn.com/msnbot.htm)._"
157.55.116.13 - - [19/Apr/2011:22:23:05 +0200] "GET /viewtopic.php?p=103109 HTTP/1.1" 200 1921 "-" "msnbot/2.0b (+http://search.msn.com/msnbot.htm)._"
157.55.116.13 - - [19/Apr/2011:22:23:09 +0200] "GET /viewtopic.php?p=2155 HTTP/1.1" 200 1921 "-" "msnbot/2.0b (+http://search.msn.com/msnbot.htm)._"
157.55.116.13 - - [19/Apr/2011:22:23:10 +0200] "GET /viewtopic.php?p=111145 HTTP/1.1" 200 1921 "-" "msnbot/2.0b (+http://search.msn.com/msnbot.htm)._"
157.55.116.13 - - [19/Apr/2011:22:23:12 +0200] "GET /viewtopic.php?t=1931 HTTP/1.1" 200 1921 "-" "msnbot/2.0b (+http://search.msn.com/msnbot.htm)._"
157.55.116.13 - - [19/Apr/2011:22:23:14 +0200] "GET /viewtopic.php?p=98565 HTTP/1.1" 200 1921 "-" "msnbot/2.0b (+http://search.msn.com/msnbot.htm)._"
157.55.116.13 - - [19/Apr/2011:22:23:17 +0200] "GET /viewtopic.php?p=66997 HTTP/1.1" 200 1921 "-" "msnbot/2.0b (+http://search.msn.com/msnbot.htm)._"
66.249.72.242 - - [19/Apr/2011:22:23:18 +0200] "GET /viewtopic.php?p=78489&sid=283daaf69d3cd5084a81fbfe5e1376cf HTTP/1.1" 200 8008 "-" "Mozilla/5.0 (compatible; Googlebot/2.1; +http://www.google.com/bot.html)"
157.55.116.13 - - [19/Apr/2011:22:23:19 +0200] "GET /viewtopic.php?p=65303 HTTP/1.1" 200 1921 "-" "msnbot/2.0b (+http://search.msn.com/msnbot.htm)._"
157.55.116.13 - - [19/Apr/2011:22:23:21 +0200] "GET /viewtopic.php?p=63049 HTTP/1.1" 200 1921 "-" "msnbot/2.0b (+http://search.msn.com/msnbot.htm)._"
157.55.116.13 - - [19/Apr/2011:22:23:23 +0200] "GET /viewtopic.php?t=2389 HTTP/1.1" 200 1921 "-" "msnbot/2.0b (+http://search.msn.com/msnbot.htm)._"
157.55.116.13 - - [19/Apr/2011:22:23:26 +0200] "GET /viewtopic.php?t=924 HTTP/1.1" 200 1921 "-" "msnbot/2.0b (+http://search.msn.com/msnbot.htm)._"
157.55.116.13 - - [19/Apr/2011:22:23:29 +0200] "GET /viewtopic.php?p=69064 HTTP/1.1" 200 1921 "-" "msnbot/2.0b (+http://search.msn.com/msnbot.htm)._"
157.55.116.13 - - [19/Apr/2011:22:23:33 +0200] "GET /viewtopic.php?p=43884 HTTP/1.1" 200 1921 "-" "msnbot/2.0b (+http://search.msn.com/msnbot.htm)._"
157.55.116.13 - - [19/Apr/2011:22:23:36 +0200] "GET /viewtopic.php?p=86434 HTTP/1.1" 200 1921 "-" "msnbot/2.0b (+http://search.msn.com/msnbot.htm)._"
157.55.116.13 - - [19/Apr/2011:22:23:40 +0200] "GET /viewtopic.php?p=76752 HTTP/1.1" 200 1921 "-" "msnbot/2.0b (+http://search.msn.com/msnbot.htm)._"
46.109.202.3 - - [19/Apr/2011:22:23:42 +0200] "GET /profile.php?mode=activate&u=835&act_key=894d4bb6af=0D HTTP/1.0" 200 6359 "http://forum.rally-infernal.info/profile.php?mode=activate&u=835&act_key=894d4bb6af=0D" "Mozilla/4.0 (compatible; MSIE 6.0; Windows NT 5.1; SV1; .NET CLR 1.1.4322) Babya Discoverer 8.0:"
46.109.202.3 - - [19/Apr/2011:22:23:42 +0200] "GET /login.php?sid=94eca21cf3cc03f95d89da92bcad32b1 HTTP/1.0" 200 7182 "http://forum.rally-infernal.info/login.php?sid=94eca21cf3cc03f95d89da92bcad32b1" "Mozilla/4.0 (compatible; MSIE 6.0; Windows NT 5.1; SV1; .NET CLR 1.1.4322) Babya Discoverer 8.0:"
46.109.202.3 - - [19/Apr/2011:22:23:42 +0200] "POST /login.php HTTP/1.0" 200 6070 "http://forum.rally-infernal.info/login.php?sid=94eca21cf3cc03f95d89da92bcad32b1" "Mozilla/4.0 (compatible; MSIE 6.0; Windows NT 5.1; SV1; .NET CLR 1.1.4322) Babya Discoverer 8.0:"
157.55.116.13 - - [19/Apr/2011:22:23:43 +0200] "GET /viewtopic.php?p=87302 HTTP/1.1" 200 1921 "-" "msnbot/2.0b (+http://search.msn.com/msnbot.htm)._"
157.55.116.13 - - [19/Apr/2011:22:23:46 +0200] "GET /viewtopic.php?p=67477 HTTP/1.1" 200 1921 "-" "msnbot/2.0b (+http://search.msn.com/msnbot.htm)._"
157.55.116.13 - - [19/Apr/2011:22:23:49 +0200] "GET /viewtopic.php?p=7421 HTTP/1.1" 200 1921 "-" "msnbot/2.0b (+http://search.msn.com/msnbot.htm)._"
84.99.244.10 - - [19/Apr/2011:22:23:50 +0200] "GET / HTTP/1.1" 200 6426 "-" "Mozilla/5.0 (Windows NT 5.1; rv:2.0) Gecko/20100101 Firefox/4.0"
84.99.244.10 - - [19/Apr/2011:22:23:50 +0200] "GET /shoutbox.php?sid=7205b2e95990c0e6be4c1bd5a9c474b4 HTTP/1.1" 200 736 "-" "Mozilla/5.0 (Windows NT 5.1; rv:2.0) Gecko/20100101 Firefox/4.0"
84.99.244.10 - - [19/Apr/2011:22:23:50 +0200] "GET /shoutbox_view.php?start=0 HTTP/1.1" 200 1148 "-" "Mozilla/5.0 (Windows NT 5.1; rv:2.0) Gecko/20100101 Firefox/4.0"
157.55.116.13 - - [19/Apr/2011:22:23:51 +0200] "GET /viewtopic.php?p=76490 HTTP/1.1" 200 1921 "-" "msnbot/2.0b (+http://search.msn.com/msnbot.htm)._"
157.55.116.13 - - [19/Apr/2011:22:23:53 +0200] "GET /viewtopic.php?p=79255 HTTP/1.1" 200 1921 "-" "msnbot/2.0b (+http://search.msn.com/msnbot.htm)._"
157.55.116.13 - - [19/Apr/2011:22:23:55 +0200] "GET /viewtopic.php?p=357 HTTP/1.1" 200 1921 "-" "msnbot/2.0b (+http://search.msn.com/msnbot.htm)._"
157.55.116.13 - - [19/Apr/2011:22:23:56 +0200] "GET /viewtopic.php?p=65288 HTTP/1.1" 200 1921 "-" "msnbot/2.0b (+http://search.msn.com/msnbot.htm)._"
82.235.55.17 - - [19/Apr/2011:22:23:57 +0200] "GET /AvatarsManager/deug21.jpg HTTP/1.1" 302 20 "http://www.trackmania.com/fr/forum/viewtopic.php?t=38387&postdays=0&postorder=asc&start=0" "Mozilla/5.0 (Windows NT 6.0; rv:2.0) Gecko/20100101 Firefox/4.0"
157.55.116.13 - - [19/Apr/2011:22:23:58 +0200] "GET /viewtopic.php?p=72437 HTTP/1.1" 200 1921 "-" "msnbot/2.0b (+http://search.msn.com/msnbot.htm)._"
92.147.73.62 - - [19/Apr/2011:22:23:59 +0200] "GET / HTTP/1.1" 200 6196 "-" "Mozilla/5.0 (Windows NT 6.1; WOW64; rv:2.0) Gecko/20100101 Firefox/4.0"
92.147.73.62 - - [19/Apr/2011:22:23:59 +0200] "GET /shoutbox.php HTTP/1.1" 200 736 "http://forum.rally-infernal.info/" "Mozilla/5.0 (Windows NT 6.1; WOW64; rv:2.0) Gecko/20100101 Firefox/4.0"
92.147.73.62 - - [19/Apr/2011:22:23:59 +0200] "GET /shoutbox_view.php?start=0 HTTP/1.1" 200 1148 "http://forum.rally-infernal.info/shoutbox.php" "Mozilla/5.0 (Windows NT 6.1; WOW64; rv:2.0) Gecko/20100101 Firefox/4.0"
157.55.116.13 - - [19/Apr/2011:22:24:00 +0200] "GET /viewtopic.php?p=24404 HTTP/1.1" 200 1921 "-" "msnbot/2.0b (+http://search.msn.com/msnbot.htm)._"
157.55.116.13 - - [19/Apr/2011:22:24:03 +0200] "GET /viewtopic.php?p=28080 HTTP/1.1" 200 1921 "-" "msnbot/2.0b (+http://search.msn.com/msnbot.htm)._"
157.55.116.13 - - [19/Apr/2011:22:24:06 +0200] "GET /viewtopic.php?p=114879 HTTP/1.1" 200 1921 "-" "msnbot/2.0b (+http://search.msn.com/msnbot.htm)._"
157.55.116.13 - - [19/Apr/2011:22:24:08 +0200] "GET /viewtopic.php?p=33477 HTTP/1.1" 200 1921 "-" "msnbot/2.0b (+http://search.msn.com/msnbot.htm)._"
157.55.116.13 - - [19/Apr/2011:22:24:10 +0200] "GET /viewtopic.php?p=98011 HTTP/1.1" 200 1921 "-" "msnbot/2.0b (+http://search.msn.com/msnbot.htm)._"
157.55.116.13 - - [19/Apr/2011:22:24:13 +0200] "GET /viewtopic.php?p=88913 HTTP/1.1" 200 1921 "-" "msnbot/2.0b (+http://search.msn.com/msnbot.htm)._"
157.55.116.13 - - [19/Apr/2011:22:24:15 +0200] "GET /viewtopic.php?p=43968 HTTP/1.1" 200 1921 "-" "msnbot/2.0b (+http://search.msn.com/msnbot.htm)._"
157.55.116.13 - - [19/Apr/2011:22:24:17 +0200] "GET /viewtopic.php?p=81733 HTTP/1.1" 200 1921 "-" "msnbot/2.0b (+http://search.msn.com/msnbot.htm)._"
157.55.116.13 - - [19/Apr/2011:22:24:20 +0200] "GET /viewtopic.php?p=11350 HTTP/1.1" 200 1921 "-" "msnbot/2.0b (+http://search.msn.com/msnbot.htm)._"
157.55.116.13 - - [19/Apr/2011:22:24:21 +0200] "GET /viewtopic.php?p=59441 HTTP/1.1" 200 1921 "-" "msnbot/2.0b (+http://search.msn.com/msnbot.htm)._"
157.55.116.13 - - [19/Apr/2011:22:24:23 +0200] "GET /viewtopic.php?p=59045 HTTP/1.1" 200 1921 "-" "msnbot/2.0b (+http://search.msn.com/msnbot.htm)._"
157.55.116.13 - - [19/Apr/2011:22:24:25 +0200] "GET /viewtopic.php?p=1389 HTTP/1.1" 200 1921 "-" "msnbot/2.0b (+http://search.msn.com/msnbot.htm)._"
157.55.116.13 - - [19/Apr/2011:22:24:27 +0200] "GET /viewtopic.php?p=21216 HTTP/1.1" 200 1921 "-" "msnbot/2.0b (+http://search.msn.com/msnbot.htm)._"
157.55.116.13 - - [19/Apr/2011:22:24:29 +0200] "GET /viewtopic.php?p=23209 HTTP/1.1" 200 1921 "-" "msnbot/2.0b (+http://search.msn.com/msnbot.htm)._"
82.235.55.17 - - [19/Apr/2011:22:24:31 +0200] "GET /AvatarsManager/deug21.jpg HTTP/1.1" 302 20 "http://www.trackmania.com/fr/forum/viewtopic.php?t=38387&postdays=0&postorder=asc&start=0" "Mozilla/5.0 (Windows NT 6.0; rv:2.0) Gecko/20100101 Firefox/4.0"
157.55.116.13 - - [19/Apr/2011:22:24:31 +0200] "GET /viewtopic.php?p=103416 HTTP/1.1" 200 1921 "-" "msnbot/2.0b (+http://search.msn.com/msnbot.htm)._"
79.95.133.150 - - [19/Apr/2011:22:24:34 +0200] "GET /shoutbox_view.php?0?auto_refresh=1 HTTP/1.1" 200 1148 "http://forum.rally-infernal.info/shoutbox_view.php?0?auto_refresh=1" "Mozilla/5.0 (Windows; U; Windows NT 5.1; en-US) AppleWebKit/534.16 (KHTML, like Gecko) Chrome/10.0.648.205 Safari/534.16"
157.55.116.13 - - [19/Apr/2011:22:24:34 +0200] "GET /viewtopic.php?p=109708 HTTP/1.1" 200 1921 "-" "msnbot/2.0b (+http://search.msn.com/msnbot.htm)._"
157.55.116.13 - - [19/Apr/2011:22:24:36 +0200] "GET /viewtopic.php?p=36351 HTTP/1.1" 200 1921 "-" "msnbot/2.0b (+http://search.msn.com/msnbot.htm)._"
157.55.116.13 - - [19/Apr/2011:22:24:39 +0200] "GET /viewtopic.php?p=57951 HTTP/1.1" 200 1921 "-" "msnbot/2.0b (+http://search.msn.com/msnbot.htm)._"
157.55.116.13 - - [19/Apr/2011:22:24:42 +0200] "GET /viewtopic.php?p=106019 HTTP/1.1" 200 1921 "-" "msnbot/2.0b (+http://search.msn.com/msnbot.htm)._"
157.55.116.13 - - [19/Apr/2011:22:24:44 +0200] "GET /viewtopic.php?p=23533 HTTP/1.1" 200 1921 "-" "msnbot/2.0b (+http://search.msn.com/msnbot.htm)._"
157.55.116.13 - - [19/Apr/2011:22:24:46 +0200] "GET /viewtopic.php?p=41933 HTTP/1.1" 200 1921 "-" "msnbot/2.0b (+http://search.msn.com/msnbot.htm)._"
157.55.116.13 - - [19/Apr/2011:22:24:48 +0200] "GET /search.php?search_author=yoyo2710 HTTP/1.1" 200 1921 "-" "msnbot/2.0b (+http://search.msn.com/msnbot.htm)._"
157.55.116.13 - - [19/Apr/2011:22:24:50 +0200] "GET /viewtopic.php?p=64930 HTTP/1.1" 200 1921 "-" "msnbot/2.0b (+http://search.msn.com/msnbot.htm)._"
157.55.116.13 - - [19/Apr/2011:22:24:53 +0200] "GET /viewtopic.php?p=30274 HTTP/1.1" 200 1921 "-" "msnbot/2.0b (+http://search.msn.com/msnbot.htm)._"
157.55.116.13 - - [19/Apr/2011:22:24:56 +0200] "GET /viewtopic.php?p=28600 HTTP/1.1" 200 1921 "-" "msnbot/2.0b (+http://search.msn.com/msnbot.htm)._"
157.55.116.13 - - [19/Apr/2011:22:24:58 +0200] "GET /viewtopic.php?p=30465 HTTP/1.1" 200 1921 "-" "msnbot/2.0b (+http://search.msn.com/msnbot.htm)._"
157.55.116.13 - - [19/Apr/2011:22:25:00 +0200] "GET /viewtopic.php?p=35333 HTTP/1.1" 200 1921 "-" "msnbot/2.0b (+http://search.msn.com/msnbot.htm)._"
157.55.116.13 - - [19/Apr/2011:22:25:02 +0200] "GET /viewtopic.php?p=49952 HTTP/1.1" 200 1921 "-" "msnbot/2.0b (+http://search.msn.com/msnbot.htm)._"
157.55.116.13 - - [19/Apr/2011:22:25:05 +0200] "GET /viewtopic.php?p=48010 HTTP/1.1" 200 1921 "-" "msnbot/2.0b (+http://search.msn.com/msnbot.htm)._"
157.55.116.13 - - [19/Apr/2011:22:25:07 +0200] "GET /viewtopic.php?p=55095 HTTP/1.1" 200 1921 "-" "msnbot/2.0b (+http://search.msn.com/msnbot.htm)._"
157.55.116.13 - - [19/Apr/2011:22:25:10 +0200] "GET /viewtopic.php?p=51311 HTTP/1.1" 200 1921 "-" "msnbot/2.0b (+http://search.msn.com/msnbot.htm)._"
157.55.116.13 - - [19/Apr/2011:22:25:13 +0200] "GET /viewtopic.php?p=50067 HTTP/1.1" 200 1921 "-" "msnbot/2.0b (+http://search.msn.com/msnbot.htm)._"
157.55.116.13 - - [19/Apr/2011:22:25:15 +0200] "GET /viewtopic.php?p=30699 HTTP/1.1" 200 1921 "-" "msnbot/2.0b (+http://search.msn.com/msnbot.htm)._"
157.55.116.13 - - [19/Apr/2011:22:25:18 +0200] "GET /viewtopic.php?p=104031 HTTP/1.1" 200 1921 "-" "msnbot/2.0b (+http://search.msn.com/msnbot.htm)._"
157.55.116.13 - - [19/Apr/2011:22:25:23 +0200] "GET /viewtopic.php?p=83048 HTTP/1.1" 200 1921 "-" "msnbot/2.0b (+http://search.msn.com/msnbot.htm)._"
157.55.116.13 - - [19/Apr/2011:22:25:25 +0200] "GET /viewtopic.php?p=47318 HTTP/1.1" 200 1921 "-" "msnbot/2.0b (+http://search.msn.com/msnbot.htm)._"
157.55.116.13 - - [19/Apr/2011:22:25:28 +0200] "GET /viewtopic.php?p=36218 HTTP/1.1" 200 1921 "-" "msnbot/2.0b (+http://search.msn.com/msnbot.htm)._"
157.55.116.13 - - [19/Apr/2011:22:25:30 +0200] "GET /viewtopic.php?p=78588 HTTP/1.1" 200 1921 "-" "msnbot/2.0b (+http://search.msn.com/msnbot.htm)._"
89.170.22.112 - - [19/Apr/2011:22:25:33 +0200] "GET /shoutbox_view.php?0?auto_refresh=1 HTTP/1.1" 200 1147 "-" "Mozilla/5.0 (Windows NT 6.1; WOW64; rv:2.0) Gecko/20100101 Firefox/4.0"
89.170.22.112 - - [19/Apr/2011:22:25:33 +0200] "GET /templates/rmstyle/rmstyle.css HTTP/1.1" 304 - "http://forum.rally-infernal.info/shoutbox_view.php?0?auto_refresh=1" "Mozilla/5.0 (Windows NT 6.1; WOW64; rv:2.0) Gecko/20100101 Firefox/4.0"
89.170.22.112 - - [19/Apr/2011:22:25:33 +0200] "GET /images/smiles/icon_hap.gif HTTP/1.1" 304 - "http://forum.rally-infernal.info/shoutbox_view.php?0?auto_refresh=1" "Mozilla/5.0 (Windows NT 6.1; WOW64; rv:2.0) Gecko/20100101 Firefox/4.0"
89.170.22.112 - - [19/Apr/2011:22:25:33 +0200] "GET /images/smiles/icon_rire.gif HTTP/1.1" 304 - "http://forum.rally-infernal.info/shoutbox_view.php?0?auto_refresh=1" "Mozilla/5.0 (Windows NT 6.1; WOW64; rv:2.0) Gecko/20100101 Firefox/4.0"
89.170.22.112 - - [19/Apr/2011:22:25:33 +0200] "GET /templates/rmstyle/images/bg_body.jpg HTTP/1.1" 304 - "http://forum.rally-infernal.info/templates/rmstyle/rmstyle.css" "Mozilla/5.0 (Windows NT 6.1; WOW64; rv:2.0) Gecko/20100101 Firefox/4.0"
82.229.120.210 - - [19/Apr/2011:22:25:34 +0200] "GET /index.php HTTP/1.1" 200 6352 "-" "Mozilla/5.0 (Windows; U; Windows NT 6.0; fr; rv:1.9.2.16) Gecko/20110319 Firefox/3.6.16 ( .NET CLR 3.5.30729; .NET4.0C)"
82.229.120.210 - - [19/Apr/2011:22:25:35 +0200] "GET /shoutbox.php?sid=5a04c2e699d8cb83672f83df348bc1d0 HTTP/1.1" 200 992 "http://forum.rally-infernal.info/index.php" "Mozilla/5.0 (Windows; U; Windows NT 6.0; fr; rv:1.9.2.16) Gecko/20110319 Firefox/3.6.16 ( .NET CLR 3.5.30729; .NET4.0C)"
82.229.120.210 - - [19/Apr/2011:22:25:35 +0200] "GET /shoutbox_view.php?start=0 HTTP/1.1" 200 1147 "http://forum.rally-infernal.info/shoutbox.php?sid=5a04c2e699d8cb83672f83df348bc1d0" "Mozilla/5.0 (Windows; U; Windows NT 6.0; fr; rv:1.9.2.16) Gecko/20110319 Firefox/3.6.16 ( .NET CLR 3.5.30729; .NET4.0C)"
157.55.116.13 - - [19/Apr/2011:22:25:35 +0200] "GET /viewtopic.php?p=75908 HTTP/1.1" 200 1921 "-" "msnbot/2.0b (+http://search.msn.com/msnbot.htm)._"
157.55.116.13 - - [19/Apr/2011:22:25:38 +0200] "GET /viewtopic.php?p=83002 HTTP/1.1" 200 1921 "-" "msnbot/2.0b (+http://search.msn.com/msnbot.htm)._"
157.55.116.13 - - [19/Apr/2011:22:25:41 +0200] "GET /viewtopic.php?p=81290 HTTP/1.1" 200 1921 "-" "msnbot/2.0b (+http://search.msn.com/msnbot.htm)._"
157.55.116.13 - - [19/Apr/2011:22:25:43 +0200] "GET /viewtopic.php?p=80711 HTTP/1.1" 200 1921 "-" "msnbot/2.0b (+http://search.msn.com/msnbot.htm)._"
157.55.116.13 - - [19/Apr/2011:22:25:46 +0200] "GET /viewtopic.php?p=61113 HTTP/1.1" 200 1921 "-" "msnbot/2.0b (+http://search.msn.com/msnbot.htm)._"
157.55.116.13 - - [19/Apr/2011:22:25:49 +0200] "GET /viewtopic.php?p=57880 HTTP/1.1" 200 1921 "-" "msnbot/2.0b (+http://search.msn.com/msnbot.htm)._"
157.55.116.13 - - [19/Apr/2011:22:25:52 +0200] "GET /viewtopic.php?p=71874 HTTP/1.1" 200 1921 "-" "msnbot/2.0b (+http://search.msn.com/msnbot.htm)._"
157.55.116.13 - - [19/Apr/2011:22:25:54 +0200] "GET /viewtopic.php?p=70627 HTTP/1.1" 200 1921 "-" "msnbot/2.0b (+http://search.msn.com/msnbot.htm)._"
92.147.73.62 - - [19/Apr/2011:22:25:57 +0200] "GET / HTTP/1.1" 200 6207 "-" "Mozilla/5.0 (Windows NT 6.1; WOW64; rv:2.0) Gecko/20100101 Firefox/4.0"
92.147.73.62 - - [19/Apr/2011:22:25:57 +0200] "GET /shoutbox.php HTTP/1.1" 200 736 "http://forum.rally-infernal.info/" "Mozilla/5.0 (Windows NT 6.1; WOW64; rv:2.0) Gecko/20100101 Firefox/4.0"
92.147.73.62 - - [19/Apr/2011:22:25:57 +0200] "GET /shoutbox_view.php?start=0 HTTP/1.1" 200 1148 "http://forum.rally-infernal.info/shoutbox.php" "Mozilla/5.0 (Windows NT 6.1; WOW64; rv:2.0) Gecko/20100101 Firefox/4.0"
157.55.116.13 - - [19/Apr/2011:22:25:57 +0200] "GET /viewtopic.php?p=6526 HTTP/1.1" 200 1921 "-" "msnbot/2.0b (+http://search.msn.com/msnbot.htm)._"
157.55.116.13 - - [19/Apr/2011:22:26:00 +0200] "GET /viewtopic.php?p=93241 HTTP/1.1" 200 1921 "-" "msnbot/2.0b (+http://search.msn.com/msnbot.htm)._"
157.55.116.13 - - [19/Apr/2011:22:26:01 +0200] "GET /viewtopic.php?p=93671 HTTP/1.1" 200 1921 "-" "msnbot/2.0b (+http://search.msn.com/msnbot.htm)._"
82.235.55.17 - - [19/Apr/2011:22:26:02 +0200] "GET /images/smiles/icon_hap.gif HTTP/1.1" 200 178 "http://www.trackmania.com/fr/forum/posting.php?mode=topicreview&t=34755" "Mozilla/5.0 (Windows NT 6.0; rv:2.0) Gecko/20100101 Firefox/4.0"
157.55.116.13 - - [19/Apr/2011:22:26:04 +0200] "GET /viewtopic.php?p=90436 HTTP/1.1" 200 1921 "-" "msnbot/2.0b (+http://search.msn.com/msnbot.htm)._"
157.55.116.13 - - [19/Apr/2011:22:26:07 +0200] "GET /viewtopic.php?p=91809 HTTP/1.1" 200 1921 "-" "msnbot/2.0b (+http://search.msn.com/msnbot.htm)._"
157.55.116.13 - - [19/Apr/2011:22:26:11 +0200] "GET /viewtopic.php?p=93987 HTTP/1.1" 200 1921 "-" "msnbot/2.0b (+http://search.msn.com/msnbot.htm)._"
157.55.116.13 - - [19/Apr/2011:22:26:13 +0200] "GET /viewtopic.php?t=795 HTTP/1.1" 200 1921 "-" "msnbot/2.0b (+http://search.msn.com/msnbot.htm)._"
157.55.116.13 - - [19/Apr/2011:22:26:15 +0200] "GET /viewtopic.php?p=9813 HTTP/1.1" 200 1921 "-" "msnbot/2.0b (+http://search.msn.com/msnbot.htm)._"
157.55.116.13 - - [19/Apr/2011:22:26:18 +0200] "GET /viewtopic.php?p=94491 HTTP/1.1" 200 1921 "-" "msnbot/2.0b (+http://search.msn.com/msnbot.htm)._"
66.249.66.146 - - [19/Apr/2011:22:26:19 +0200] "GET /viewtopic.php?p=89196&sid=2b7931b0623a3b7eacd667ae3258a829 HTTP/1.1" 200 7919 "-" "Mozilla/5.0 (compatible; Googlebot/2.1; +http://www.google.com/bot.html)"
66.249.66.146 - - [19/Apr/2011:22:26:20 +0200] "GET /viewtopic.php?p=16358&sid=9055a0fc08e873b5f7839efcf5a2513e HTTP/1.1" 200 9361 "-" "Mozilla/5.0 (compatible; Googlebot/2.1; +http://www.google.com/bot.html)"
157.55.116.13 - - [19/Apr/2011:22:26:21 +0200] "GET /viewtopic.php?p=86187 HTTP/1.1" 200 1921 "-" "msnbot/2.0b (+http://search.msn.com/msnbot.htm)._"
157.55.116.13 - - [19/Apr/2011:22:26:23 +0200] "GET /viewtopic.php?p=84225 HTTP/1.1" 200 1921 "-" "msnbot/2.0b (+http://search.msn.com/msnbot.htm)._"
157.55.116.13 - - [19/Apr/2011:22:26:26 +0200] "GET /viewtopic.php?p=60512 HTTP/1.1" 200 1921 "-" "msnbot/2.0b (+http://search.msn.com/msnbot.htm)._"
157.55.116.13 - - [19/Apr/2011:22:26:28 +0200] "GET /viewtopic.php?p=85396 HTTP/1.1" 200 1921 "-" "msnbot/2.0b (+http://search.msn.com/msnbot.htm)._"
157.55.116.13 - - [19/Apr/2011:22:26:31 +0200] "GET /viewtopic.php?p=8578 HTTP/1.1" 200 1921 "-" "msnbot/2.0b (+http://search.msn.com/msnbot.htm)._"
157.55.116.13 - - [19/Apr/2011:22:26:34 +0200] "GET /viewtopic.php?p=85464 HTTP/1.1" 200 1921 "-" "msnbot/2.0b (+http://search.msn.com/msnbot.htm)._"
157.55.116.13 - - [19/Apr/2011:22:26:36 +0200] "GET /viewtopic.php?p=114512 HTTP/1.1" 200 1921 "-" "msnbot/2.0b (+http://search.msn.com/msnbot.htm)._"
88.126.152.8 - - [19/Apr/2011:22:26:37 +0200] "GET / HTTP/1.1" 200 6149 "-" "Mozilla/5.0 (Windows NT 6.1; WOW64; rv:2.0) Gecko/20100101 Firefox/4.0"
88.126.152.8 - - [19/Apr/2011:22:26:37 +0200] "GET /shoutbox.php HTTP/1.1" 200 992 "http://forum.rally-infernal.info/" "Mozilla/5.0 (Windows NT 6.1; WOW64; rv:2.0) Gecko/20100101 Firefox/4.0"
88.126.152.8 - - [19/Apr/2011:22:26:37 +0200] "GET /shoutbox_view.php?start=0 HTTP/1.1" 200 1147 "http://forum.rally-infernal.info/shoutbox.php" "Mozilla/5.0 (Windows NT 6.1; WOW64; rv:2.0) Gecko/20100101 Firefox/4.0"
157.55.116.13 - - [19/Apr/2011:22:26:39 +0200] "GET /viewtopic.php?p=31024 HTTP/1.1" 200 1921 "-" "msnbot/2.0b (+http://search.msn.com/msnbot.htm)._"
157.55.116.13 - - [19/Apr/2011:22:26:42 +0200] "GET /viewtopic.php?p=40816 HTTP/1.1" 200 1921 "-" "msnbot/2.0b (+http://search.msn.com/msnbot.htm)._"
157.55.116.13 - - [19/Apr/2011:22:26:44 +0200] "GET /viewtopic.php?p=41629 HTTP/1.1" 200 1921 "-" "msnbot/2.0b (+http://search.msn.com/msnbot.htm)._"
157.55.116.13 - - [19/Apr/2011:22:26:47 +0200] "GET /viewtopic.php?p=40360 HTTP/1.1" 200 1921 "-" "msnbot/2.0b (+http://search.msn.com/msnbot.htm)._"
82.229.120.210 - - [19/Apr/2011:22:26:49 +0200] "GET /index.php HTTP/1.1" 200 6161 "-" "Mozilla/5.0 (Windows; U; Windows NT 6.0; fr; rv:1.9.2.16) Gecko/20110319 Firefox/3.6.16 ( .NET CLR 3.5.30729; .NET4.0C)"
82.229.120.210 - - [19/Apr/2011:22:26:49 +0200] "GET /templates/rmstyle/rmstyle.css HTTP/1.1" 304 - "http://forum.rally-infernal.info/index.php" "Mozilla/5.0 (Windows; U; Windows NT 6.0; fr; rv:1.9.2.16) Gecko/20110319 Firefox/3.6.16 ( .NET CLR 3.5.30729; .NET4.0C)"
82.229.120.210 - - [19/Apr/2011:22:26:49 +0200] "GET /templates/rmstyle/images/bg_body.jpg HTTP/1.1" 304 - "http://forum.rally-infernal.info/templates/rmstyle/rmstyle.css" "Mozilla/5.0 (Windows; U; Windows NT 6.0; fr; rv:1.9.2.16) Gecko/20110319 Firefox/3.6.16 ( .NET CLR 3.5.30729; .NET4.0C)"
82.229.120.210 - - [19/Apr/2011:22:26:49 +0200] "GET /templates/rmstyle/images/logo_rmstyle.jpg HTTP/1.1" 304 - "http://forum.rally-infernal.info/index.php" "Mozilla/5.0 (Windows; U; Windows NT 6.0; fr; rv:1.9.2.16) Gecko/20110319 Firefox/3.6.16 ( .NET CLR 3.5.30729; .NET4.0C)"
82.229.120.210 - - [19/Apr/2011:22:26:49 +0200] "GET /templates/rmstyle/images/lang_french/icon_mini_faq.png HTTP/1.1" 304 - "http://forum.rally-infernal.info/index.php" "Mozilla/5.0 (Windows; U; Windows NT 6.0; fr; rv:1.9.2.16) Gecko/20110319 Firefox/3.6.16 ( .NET CLR 3.5.30729; .NET4.0C)"
82.229.120.210 - - [19/Apr/2011:22:26:49 +0200] "GET /templates/rmstyle/images/lang_french/icon_mini_search.png HTTP/1.1" 304 - "http://forum.rally-infernal.info/index.php" "Mozilla/5.0 (Windows; U; Windows NT 6.0; fr; rv:1.9.2.16) Gecko/20110319 Firefox/3.6.16 ( .NET CLR 3.5.30729; .NET4.0C)"
82.229.120.210 - - [19/Apr/2011:22:26:49 +0200] "GET /templates/rmstyle/images/lang_french/icon_mini_members.png HTTP/1.1" 304 - "http://forum.rally-infernal.info/index.php" "Mozilla/5.0 (Windows; U; Windows NT 6.0; fr; rv:1.9.2.16) Gecko/20110319 Firefox/3.6.16 ( .NET CLR 3.5.30729; .NET4.0C)"
82.229.120.210 - - [19/Apr/2011:22:26:49 +0200] "GET /templates/rmstyle/images/lang_french/icon_mini_groups.png HTTP/1.1" 304 - "http://forum.rally-infernal.info/index.php" "Mozilla/5.0 (Windows; U; Windows NT 6.0; fr; rv:1.9.2.16) Gecko/20110319 Firefox/3.6.16 ( .NET CLR 3.5.30729; .NET4.0C)"
82.229.120.210 - - [19/Apr/2011:22:26:49 +0200] "GET /shoutbox.php HTTP/1.1" 200 992 "http://forum.rally-infernal.info/index.php" "Mozilla/5.0 (Windows; U; Windows NT 6.0; fr; rv:1.9.2.16) Gecko/20110319 Firefox/3.6.16 ( .NET CLR 3.5.30729; .NET4.0C)"
82.229.120.210 - - [19/Apr/2011:22:26:49 +0200] "GET /templates/rmstyle/images/lang_french/icon_mini_profile.png HTTP/1.1" 304 - "http://forum.rally-infernal.info/index.php" "Mozilla/5.0 (Windows; U; Windows NT 6.0; fr; rv:1.9.2.16) Gecko/20110319 Firefox/3.6.16 ( .NET CLR 3.5.30729; .NET4.0C)"
82.229.120.210 - - [19/Apr/2011:22:26:49 +0200] "GET /templates/rmstyle/images/lang_french/icon_mini_message.png HTTP/1.1" 304 - "http://forum.rally-infernal.info/index.php" "Mozilla/5.0 (Windows; U; Windows NT 6.0; fr; rv:1.9.2.16) Gecko/20110319 Firefox/3.6.16 ( .NET CLR 3.5.30729; .NET4.0C)"
82.229.120.210 - - [19/Apr/2011:22:26:49 +0200] "GET /templates/rmstyle/images/lang_french/icon_mini_logout.png HTTP/1.1" 304 - "http://forum.rally-infernal.info/index.php" "Mozilla/5.0 (Windows; U; Windows NT 6.0; fr; rv:1.9.2.16) Gecko/20110319 Firefox/3.6.16 ( .NET CLR 3.5.30729; .NET4.0C)"
82.229.120.210 - - [19/Apr/2011:22:26:49 +0200] "GET /templates/rmstyle/images/lang_french/icon_mini_site.png HTTP/1.1" 304 - "http://forum.rally-infernal.info/index.php" "Mozilla/5.0 (Windows; U; Windows NT 6.0; fr; rv:1.9.2.16) Gecko/20110319 Firefox/3.6.16 ( .NET CLR 3.5.30729; .NET4.0C)"
82.229.120.210 - - [19/Apr/2011:22:26:50 +0200] "GET /templates/rmstyle/images/ft_showhide.gif HTTP/1.1" 304 - "http://forum.rally-infernal.info/index.php" "Mozilla/5.0 (Windows; U; Windows NT 6.0; fr; rv:1.9.2.16) Gecko/20110319 Firefox/3.6.16 ( .NET CLR 3.5.30729; .NET4.0C)"
82.229.120.210 - - [19/Apr/2011:22:26:50 +0200] "GET /templates/rmstyle/images/folder_sticky.png HTTP/1.1" 304 - "http://forum.rally-infernal.info/index.php" "Mozilla/5.0 (Windows; U; Windows NT 6.0; fr; rv:1.9.2.16) Gecko/20110319 Firefox/3.6.16 ( .NET CLR 3.5.30729; .NET4.0C)"
82.229.120.210 - - [19/Apr/2011:22:26:50 +0200] "GET /templates/rmstyle/images/icon_latest_reply.gif HTTP/1.1" 304 - "http://forum.rally-infernal.info/index.php" "Mozilla/5.0 (Windows; U; Windows NT 6.0; fr; rv:1.9.2.16) Gecko/20110319 Firefox/3.6.16 ( .NET CLR 3.5.30729; .NET4.0C)"
82.229.120.210 - - [19/Apr/2011:22:26:50 +0200] "GET /templates/rmstyle/images/folder.png HTTP/1.1" 304 - "http://forum.rally-infernal.info/index.php" "Mozilla/5.0 (Windows; U; Windows NT 6.0; fr; rv:1.9.2.16) Gecko/20110319 Firefox/3.6.16 ( .NET CLR 3.5.30729; .NET4.0C)"
82.229.120.210 - - [19/Apr/2011:22:26:50 +0200] "GET /templates/rmstyle/images/folder_hot.gif HTTP/1.1" 304 - "http://forum.rally-infernal.info/index.php" "Mozilla/5.0 (Windows; U; Windows NT 6.0; fr; rv:1.9.2.16) Gecko/20110319 Firefox/3.6.16 ( .NET CLR 3.5.30729; .NET4.0C)"
82.229.120.210 - - [19/Apr/2011:22:26:50 +0200] "GET /templates/rmstyle/images/hd_rgt.jpg HTTP/1.1" 304 - "http://forum.rally-infernal.info/index.php" "Mozilla/5.0 (Windows; U; Windows NT 6.0; fr; rv:1.9.2.16) Gecko/20110319 Firefox/3.6.16 ( .NET CLR 3.5.30729; .NET4.0C)"
82.229.120.210 - - [19/Apr/2011:22:26:50 +0200] "GET /templates/rmstyle/images/folder_big.png HTTP/1.1" 304 - "http://forum.rally-infernal.info/index.php" "Mozilla/5.0 (Windows; U; Windows NT 6.0; fr; rv:1.9.2.16) Gecko/20110319 Firefox/3.6.16 ( .NET CLR 3.5.30729; .NET4.0C)"
82.229.120.210 - - [19/Apr/2011:22:26:50 +0200] "GET /templates/rmstyle/images/folders_big.png HTTP/1.1" 304 - "http://forum.rally-infernal.info/index.php" "Mozilla/5.0 (Windows; U; Windows NT 6.0; fr; rv:1.9.2.16) Gecko/20110319 Firefox/3.6.16 ( .NET CLR 3.5.30729; .NET4.0C)"
82.229.120.210 - - [19/Apr/2011:22:26:50 +0200] "GET /templates/rmstyle/images/hd_check.png HTTP/1.1" 304 - "http://forum.rally-infernal.info/index.php" "Mozilla/5.0 (Windows; U; Windows NT 6.0; fr; rv:1.9.2.16) Gecko/20110319 Firefox/3.6.16 ( .NET CLR 3.5.30729; .NET4.0C)"
82.229.120.210 - - [19/Apr/2011:22:26:50 +0200] "GET /templates/rmstyle/images/whosonline.png HTTP/1.1" 304 - "http://forum.rally-infernal.info/index.php" "Mozilla/5.0 (Windows; U; Windows NT 6.0; fr; rv:1.9.2.16) Gecko/20110319 Firefox/3.6.16 ( .NET CLR 3.5.30729; .NET4.0C)"
82.229.120.210 - - [19/Apr/2011:22:26:50 +0200] "GET /templates/rmstyle/images/folder_new_big.png HTTP/1.1" 304 - "http://forum.rally-infernal.info/index.php" "Mozilla/5.0 (Windows; U; Windows NT 6.0; fr; rv:1.9.2.16) Gecko/20110319 Firefox/3.6.16 ( .NET CLR 3.5.30729; .NET4.0C)"
82.229.120.210 - - [19/Apr/2011:22:26:50 +0200] "GET /shoutbox_view.php?start=0 HTTP/1.1" 200 1147 "http://forum.rally-infernal.info/shoutbox.php" "Mozilla/5.0 (Windows; U; Windows NT 6.0; fr; rv:1.9.2.16) Gecko/20110319 Firefox/3.6.16 ( .NET CLR 3.5.30729; .NET4.0C)"
82.229.120.210 - - [19/Apr/2011:22:26:50 +0200] "GET /templates/rmstyle/images/folder_locked_big.png HTTP/1.1" 304 - "http://forum.rally-infernal.info/index.php" "Mozilla/5.0 (Windows; U; Windows NT 6.0; fr; rv:1.9.2.16) Gecko/20110319 Firefox/3.6.16 ( .NET CLR 3.5.30729; .NET4.0C)"
82.229.120.210 - - [19/Apr/2011:22:26:50 +0200] "GET /images/abq_mod/admin/abq-button.gif HTTP/1.1" 304 - "http://forum.rally-infernal.info/index.php" "Mozilla/5.0 (Windows; U; Windows NT 6.0; fr; rv:1.9.2.16) Gecko/20110319 Firefox/3.6.16 ( .NET CLR 3.5.30729; .NET4.0C)"
82.229.120.210 - - [19/Apr/2011:22:26:50 +0200] "GET /templates/rmstyle/images/bg_index.jpg HTTP/1.1" 304 - "http://forum.rally-infernal.info/templates/rmstyle/rmstyle.css" "Mozilla/5.0 (Windows; U; Windows NT 6.0; fr; rv:1.9.2.16) Gecko/20110319 Firefox/3.6.16 ( .NET CLR 3.5.30729; .NET4.0C)"
157.55.116.13 - - [19/Apr/2011:22:26:50 +0200] "GET /viewtopic.php?p=36406 HTTP/1.1" 200 1921 "-" "msnbot/2.0b (+http://search.msn.com/msnbot.htm)._"
157.55.116.13 - - [19/Apr/2011:22:26:53 +0200] "GET /viewtopic.php?p=35172 HTTP/1.1" 200 1921 "-" "msnbot/2.0b (+http://search.msn.com/msnbot.htm)._"
157.55.116.13 - - [19/Apr/2011:22:26:56 +0200] "GET /viewtopic.php?p=111074 HTTP/1.1" 200 1921 "-" "msnbot/2.0b (+http://search.msn.com/msnbot.htm)._"
157.55.116.13 - - [19/Apr/2011:22:26:58 +0200] "GET /viewtopic.php?p=106542 HTTP/1.1" 200 1921 "-" "msnbot/2.0b (+http://search.msn.com/msnbot.htm)._"
157.55.116.13 - - [19/Apr/2011:22:27:01 +0200] "GET /viewtopic.php?p=111788 HTTP/1.1" 200 1921 "-" "msnbot/2.0b (+http://search.msn.com/msnbot.htm)._"
157.55.116.13 - - [19/Apr/2011:22:27:04 +0200] "GET /viewtopic.php?p=111399 HTTP/1.1" 200 1921 "-" "msnbot/2.0b (+http://search.msn.com/msnbot.htm)._"
157.55.116.13 - - [19/Apr/2011:22:27:07 +0200] "GET /viewtopic.php?p=67108 HTTP/1.1" 200 1921 "-" "msnbot/2.0b (+http://search.msn.com/msnbot.htm)._"
157.55.116.13 - - [19/Apr/2011:22:27:10 +0200] "GET /viewtopic.php?p=70693 HTTP/1.1" 200 1921 "-" "msnbot/2.0b (+http://search.msn.com/msnbot.htm)._"
157.55.116.13 - - [19/Apr/2011:22:27:12 +0200] "GET /viewtopic.php?p=114286 HTTP/1.1" 200 1921 "-" "msnbot/2.0b (+http://search.msn.com/msnbot.htm)._"
157.55.116.13 - - [19/Apr/2011:22:27:15 +0200] "GET /viewtopic.php?p=112716 HTTP/1.1" 200 1921 "-" "msnbot/2.0b (+http://search.msn.com/msnbot.htm)._"
80.9.188.151 - - [19/Apr/2011:22:27:15 +0200] "GET / HTTP/1.1" 200 6454 "-" "Mozilla/5.0 (Windows; U; Windows NT 6.1; fr; rv:1.9.2.16) Gecko/20110319 Firefox/3.6.16"
80.9.188.151 - - [19/Apr/2011:22:27:16 +0200] "GET /shoutbox.php?sid=5c0a03521dd4ef0744441dfe629384b4 HTTP/1.1" 200 736 "http://forum.rally-infernal.info/" "Mozilla/5.0 (Windows; U; Windows NT 6.1; fr; rv:1.9.2.16) Gecko/20110319 Firefox/3.6.16"
80.9.188.151 - - [19/Apr/2011:22:27:16 +0200] "GET /shoutbox_view.php?start=0 HTTP/1.1" 200 1148 "http://forum.rally-infernal.info/shoutbox.php?sid=5c0a03521dd4ef0744441dfe629384b4" "Mozilla/5.0 (Windows; U; Windows NT 6.1; fr; rv:1.9.2.16) Gecko/20110319 Firefox/3.6.16"
80.9.188.151 - - [19/Apr/2011:22:27:16 +0200] "GET /templates/rmstyle/images/bg_index.jpg HTTP/1.1" 206 30431 "http://forum.rally-infernal.info/templates/rmstyle/rmstyle.css" "Mozilla/5.0 (Windows; U; Windows NT 6.1; fr; rv:1.9.2.16) Gecko/20110319 Firefox/3.6.16"
80.9.188.151 - - [19/Apr/2011:22:27:16 +0200] "GET /images/smiles/icon_rire.gif HTTP/1.1" 200 284 "http://forum.rally-infernal.info/shoutbox_view.php?start=0" "Mozilla/5.0 (Windows; U; Windows NT 6.1; fr; rv:1.9.2.16) Gecko/20110319 Firefox/3.6.16"
157.55.116.13 - - [19/Apr/2011:22:27:18 +0200] "GET /viewtopic.php?p=34989 HTTP/1.1" 200 1921 "-" "msnbot/2.0b (+http://search.msn.com/msnbot.htm)._"
80.9.188.151 - - [19/Apr/2011:22:27:19 +0200] "GET /viewtopic.php?t=3386 HTTP/1.1" 200 6575 "http://forum.rally-infernal.info/" "Mozilla/5.0 (Windows; U; Windows NT 6.1; fr; rv:1.9.2.16) Gecko/20110319 Firefox/3.6.16"
80.9.188.151 - - [19/Apr/2011:22:27:20 +0200] "GET /AvatarsManager/kajin-kun.jpg HTTP/1.1" 302 20 "http://forum.rally-infernal.info/viewtopic.php?t=3386" "Mozilla/5.0 (Windows; U; Windows NT 6.1; fr; rv:1.9.2.16) Gecko/20110319 Firefox/3.6.16"
80.9.188.151 - - [19/Apr/2011:22:27:20 +0200] "GET /AvatarsManager/joueurs/kajin-kun/3.png HTTP/1.1" 200 65880 "http://forum.rally-infernal.info/viewtopic.php?t=3386" "Mozilla/5.0 (Windows; U; Windows NT 6.1; fr; rv:1.9.2.16) Gecko/20110319 Firefox/3.6.16"
157.55.116.13 - - [19/Apr/2011:22:27:20 +0200] "GET /faq.php HTTP/1.1" 200 1921 "-" "msnbot/2.0b (+http://search.msn.com/msnbot.htm)._"
157.55.116.13 - - [19/Apr/2011:22:27:23 +0200] "GET /viewtopic.php?p=44052 HTTP/1.1" 200 1921 "-" "msnbot/2.0b (+http://search.msn.com/msnbot.htm)._"
90.29.164.247 - - [19/Apr/2011:22:27:25 +0200] "GET /AvatarsManager/lakse.jpg HTTP/1.1" 302 20 "http://ragemachines.simplygaming.org/t320-les-ptites-phrase-rigolote-ig" "Mozilla/4.0 (compatible; MSIE 7.0; Windows NT 6.0; GTB6.6; Mozilla/4.0 (compatible; MSIE 6.0; Windows NT 5.1; SV1) ; SLCC1; .NET CLR 2.0.50727; .NET CLR 3.5.30729; .NET CLR 3.0.30618; OfficeLiveConnector.1.3; OfficeLivePatch.0.0; .NET4.0C)"
90.29.164.247 - - [19/Apr/2011:22:27:25 +0200] "GET /AvatarsManager/joueurs/lakse/1.png HTTP/1.1" 200 69328 "http://ragemachines.simplygaming.org/t320-les-ptites-phrase-rigolote-ig" "Mozilla/4.0 (compatible; MSIE 7.0; Windows NT 6.0; GTB6.6; Mozilla/4.0 (compatible; MSIE 6.0; Windows NT 5.1; SV1) ; SLCC1; .NET CLR 2.0.50727; .NET CLR 3.5.30729; .NET CLR 3.0.30618; OfficeLiveConnector.1.3; OfficeLivePatch.0.0; .NET4.0C)"
157.55.116.13 - - [19/Apr/2011:22:27:26 +0200] "GET /viewtopic.php?t=2486 HTTP/1.1" 200 1921 "-" "msnbot/2.0b (+http://search.msn.com/msnbot.htm)._"
157.55.116.13 - - [19/Apr/2011:22:27:29 +0200] "GET /viewtopic.php?p=28087 HTTP/1.1" 200 1921 "-" "msnbot/2.0b (+http://search.msn.com/msnbot.htm)._"
157.55.116.13 - - [19/Apr/2011:22:27:32 +0200] "GET /viewtopic.php?p=103220 HTTP/1.1" 200 1921 "-" "msnbot/2.0b (+http://search.msn.com/msnbot.htm)._"
157.55.116.13 - - [19/Apr/2011:22:27:34 +0200] "GET /viewtopic.php?p=89096 HTTP/1.1" 200 1921 "-" "msnbot/2.0b (+http://search.msn.com/msnbot.htm)._"
79.95.133.150 - - [19/Apr/2011:22:27:35 +0200] "GET /shoutbox_view.php?0?auto_refresh=1 HTTP/1.1" 200 1148 "http://forum.rally-infernal.info/shoutbox_view.php?0?auto_refresh=1" "Mozilla/5.0 (Windows; U; Windows NT 5.1; en-US) AppleWebKit/534.16 (KHTML, like Gecko) Chrome/10.0.648.205 Safari/534.16"
157.55.116.13 - - [19/Apr/2011:22:27:35 +0200] "GET /viewtopic.php?p=5731 HTTP/1.1" 200 1921 "-" "msnbot/2.0b (+http://search.msn.com/msnbot.htm)._"
157.55.116.13 - - [19/Apr/2011:22:27:38 +0200] "GET /viewtopic.php?p=57862 HTTP/1.1" 200 1921 "-" "msnbot/2.0b (+http://search.msn.com/msnbot.htm)._"
157.55.116.13 - - [19/Apr/2011:22:27:41 +0200] "GET /viewtopic.php?p=59514 HTTP/1.1" 200 1921 "-" "msnbot/2.0b (+http://search.msn.com/msnbot.htm)._"
157.55.116.13 - - [19/Apr/2011:22:27:44 +0200] "GET /viewtopic.php?p=60590 HTTP/1.1" 200 1921 "-" "msnbot/2.0b (+http://search.msn.com/msnbot.htm)._"
157.55.116.13 - - [19/Apr/2011:22:27:46 +0200] "GET /viewtopic.php?p=88745 HTTP/1.1" 200 1921 "-" "msnbot/2.0b (+http://search.msn.com/msnbot.htm)._"
157.55.116.13 - - [19/Apr/2011:22:27:48 +0200] "GET /viewtopic.php?p=113345 HTTP/1.1" 200 1921 "-" "msnbot/2.0b (+http://search.msn.com/msnbot.htm)._"
157.55.116.13 - - [19/Apr/2011:22:27:50 +0200] "GET /viewtopic.php?p=17794 HTTP/1.1" 200 1921 "-" "msnbot/2.0b (+http://search.msn.com/msnbot.htm)._"
157.55.116.13 - - [19/Apr/2011:22:27:51 +0200] "GET /viewtopic.php?p=111080 HTTP/1.1" 200 1921 "-" "msnbot/2.0b (+http://search.msn.com/msnbot.htm)._"
157.55.116.13 - - [19/Apr/2011:22:27:53 +0200] "GET /viewtopic.php?p=112911 HTTP/1.1" 200 1921 "-" "msnbot/2.0b (+http://search.msn.com/msnbot.htm)._"
157.55.116.13 - - [19/Apr/2011:22:27:55 +0200] "GET /viewtopic.php?p=62476 HTTP/1.1" 200 1921 "-" "msnbot/2.0b (+http://search.msn.com/msnbot.htm)._"
157.55.116.13 - - [19/Apr/2011:22:27:57 +0200] "GET /viewtopic.php?p=39551 HTTP/1.1" 200 1921 "-" "msnbot/2.0b (+http://search.msn.com/msnbot.htm)._"
157.55.116.13 - - [19/Apr/2011:22:28:00 +0200] "GET /viewtopic.php?p=94524 HTTP/1.1" 200 1921 "-" "msnbot/2.0b (+http://search.msn.com/msnbot.htm)._"
157.55.116.13 - - [19/Apr/2011:22:28:03 +0200] "GET /viewtopic.php?p=81691 HTTP/1.1" 200 1921 "-" "msnbot/2.0b (+http://search.msn.com/msnbot.htm)._"
82.229.120.210 - - [19/Apr/2011:22:28:04 +0200] "GET /index.php HTTP/1.1" 200 6163 "-" "Mozilla/5.0 (Windows; U; Windows NT 6.0; fr; rv:1.9.2.16) Gecko/20110319 Firefox/3.6.16 ( .NET CLR 3.5.30729; .NET4.0C)"
82.229.120.210 - - [19/Apr/2011:22:28:04 +0200] "GET /shoutbox.php HTTP/1.1" 200 992 "http://forum.rally-infernal.info/index.php" "Mozilla/5.0 (Windows; U; Windows NT 6.0; fr; rv:1.9.2.16) Gecko/20110319 Firefox/3.6.16 ( .NET CLR 3.5.30729; .NET4.0C)"
82.229.120.210 - - [19/Apr/2011:22:28:04 +0200] "GET /shoutbox_view.php?start=0 HTTP/1.1" 200 1147 "http://forum.rally-infernal.info/shoutbox.php" "Mozilla/5.0 (Windows; U; Windows NT 6.0; fr; rv:1.9.2.16) Gecko/20110319 Firefox/3.6.16 ( .NET CLR 3.5.30729; .NET4.0C)"
157.55.116.13 - - [19/Apr/2011:22:28:05 +0200] "GET /viewtopic.php?p=111179 HTTP/1.1" 200 1921 "-" "msnbot/2.0b (+http://search.msn.com/msnbot.htm)._"
157.55.116.13 - - [19/Apr/2011:22:28:07 +0200] "GET /viewtopic.php?p=13841 HTTP/1.1" 200 1921 "-" "msnbot/2.0b (+http://search.msn.com/msnbot.htm)._"
157.55.116.13 - - [19/Apr/2011:22:28:10 +0200] "GET /viewtopic.php?p=12198 HTTP/1.1" 200 1921 "-" "msnbot/2.0b (+http://search.msn.com/msnbot.htm)._"
157.55.116.13 - - [19/Apr/2011:22:28:12 +0200] "GET /viewtopic.php?p=51476 HTTP/1.1" 200 1921 "-" "msnbot/2.0b (+http://search.msn.com/msnbot.htm)._"
157.55.116.13 - - [19/Apr/2011:22:28:14 +0200] "GET /viewtopic.php?p=8705 HTTP/1.1" 200 1921 "-" "msnbot/2.0b (+http://search.msn.com/msnbot.htm)._"
