157.55.116.13 - - [20/Apr/2011:13:51:04 +0200] "GET /viewtopic.php?p=79875 HTTP/1.1" 200 105 "-" "msnbot/2.0b (+http://search.msn.com/msnbot.htm)._"
157.55.116.13 - - [20/Apr/2011:13:51:08 +0200] "GET /posting.php?mode=quote&p=37965 HTTP/1.1" 200 105 "-" "msnbot/2.0b (+http://search.msn.com/msnbot.htm)._"
157.55.116.13 - - [20/Apr/2011:13:51:09 +0200] "GET /posting.php?mode=quote&p=88767 HTTP/1.1" 200 105 "-" "msnbot/2.0b (+http://search.msn.com/msnbot.htm)._"
157.55.116.13 - - [20/Apr/2011:13:51:11 +0200] "GET /viewtopic.php?p=113941 HTTP/1.1" 200 105 "-" "msnbot/2.0b (+http://search.msn.com/msnbot.htm)._"
157.55.116.13 - - [20/Apr/2011:13:51:12 +0200] "GET /viewtopic.php?p=111001 HTTP/1.1" 200 105 "-" "msnbot/2.0b (+http://search.msn.com/msnbot.htm)._"
157.55.116.13 - - [20/Apr/2011:13:51:15 +0200] "GET /viewtopic.php?p=15352 HTTP/1.1" 200 105 "-" "msnbot/2.0b (+http://search.msn.com/msnbot.htm)._"
157.55.116.13 - - [20/Apr/2011:13:51:18 +0200] "GET /posting.php?mode=quote&p=93758 HTTP/1.1" 200 105 "-" "msnbot/2.0b (+http://search.msn.com/msnbot.htm)._"
157.55.116.13 - - [20/Apr/2011:13:51:21 +0200] "GET /viewtopic.php?p=12569 HTTP/1.1" 200 105 "-" "msnbot/2.0b (+http://search.msn.com/msnbot.htm)._"
157.55.116.13 - - [20/Apr/2011:13:51:24 +0200] "GET /posting.php?mode=quote&p=89629 HTTP/1.1" 200 105 "-" "msnbot/2.0b (+http://search.msn.com/msnbot.htm)._"
157.55.116.13 - - [20/Apr/2011:13:51:29 +0200] "GET /viewtopic.php?p=18508 HTTP/1.1" 200 105 "-" "msnbot/2.0b (+http://search.msn.com/msnbot.htm)._"
157.55.116.13 - - [20/Apr/2011:13:51:33 +0200] "GET /viewtopic.php?p=111058 HTTP/1.1" 200 105 "-" "msnbot/2.0b (+http://search.msn.com/msnbot.htm)._"
157.55.116.13 - - [20/Apr/2011:13:51:36 +0200] "GET /viewtopic.php?p=111413 HTTP/1.1" 200 105 "-" "msnbot/2.0b (+http://search.msn.com/msnbot.htm)._"
157.55.116.13 - - [20/Apr/2011:13:51:38 +0200] "GET /viewtopic.php?p=110821 HTTP/1.1" 200 105 "-" "msnbot/2.0b (+http://search.msn.com/msnbot.htm)._"
157.55.116.13 - - [20/Apr/2011:13:51:40 +0200] "GET /viewtopic.php?p=74867 HTTP/1.1" 200 105 "-" "msnbot/2.0b (+http://search.msn.com/msnbot.htm)._"
157.55.116.13 - - [20/Apr/2011:13:51:42 +0200] "GET /viewtopic.php?p=110915 HTTP/1.1" 200 105 "-" "msnbot/2.0b (+http://search.msn.com/msnbot.htm)._"
157.55.116.13 - - [20/Apr/2011:13:51:43 +0200] "GET /viewtopic.php?p=107822 HTTP/1.1" 200 105 "-" "msnbot/2.0b (+http://search.msn.com/msnbot.htm)._"
157.55.116.13 - - [20/Apr/2011:13:51:45 +0200] "GET /viewtopic.php?p=12229 HTTP/1.1" 200 105 "-" "msnbot/2.0b (+http://search.msn.com/msnbot.htm)._"
157.55.116.13 - - [20/Apr/2011:13:51:48 +0200] "GET /viewtopic.php?p=19481 HTTP/1.1" 200 105 "-" "msnbot/2.0b (+http://search.msn.com/msnbot.htm)._"
157.55.116.13 - - [20/Apr/2011:13:51:51 +0200] "GET /viewtopic.php?p=108201 HTTP/1.1" 200 105 "-" "msnbot/2.0b (+http://search.msn.com/msnbot.htm)._"
157.55.116.13 - - [20/Apr/2011:13:51:53 +0200] "GET /viewtopic.php?p=112674 HTTP/1.1" 200 105 "-" "msnbot/2.0b (+http://search.msn.com/msnbot.htm)._"
157.55.116.13 - - [20/Apr/2011:13:51:56 +0200] "GET /viewtopic.php?p=112085 HTTP/1.1" 200 105 "-" "msnbot/2.0b (+http://search.msn.com/msnbot.htm)._"
157.55.116.13 - - [20/Apr/2011:13:51:58 +0200] "GET /viewtopic.php?p=18188 HTTP/1.1" 200 105 "-" "msnbot/2.0b (+http://search.msn.com/msnbot.htm)._"
82.245.23.161 - - [20/Apr/2011:13:52:06 +0200] "GET / HTTP/1.1" 200 1949 "-" "Mozilla/5.0 (Windows NT 6.1; WOW64; rv:2.0) Gecko/20100101 Firefox/4.0"
87.88.30.117 - - [20/Apr/2011:13:52:22 +0200] "GET / HTTP/1.1" 200 1995 "-" "Mozilla/5.0 (Windows NT 6.1; rv:2.0) Gecko/20100101 Firefox/4.0"
66.249.72.242 - - [20/Apr/2011:13:52:25 +0200] "GET /viewtopic.php?t=1515 HTTP/1.1" 200 2001 "-" "Mozilla/5.0 (compatible; Googlebot/2.1; +http://www.google.com/bot.html)"
211.155.229.230 - - [20/Apr/2011:13:52:36 +0200] "GET /index.php HTTP/1.0" 200 6354 "http://forum.rally-infernal.info/index.php" "Mozilla/4.0 (compatible; MSIE 6.0; Windows NT 5.1; Q312461)"
211.155.229.230 - - [20/Apr/2011:13:52:39 +0200] "GET /profile.php?mode=register&sid=b8814082cf256ed607202d709dd43a39 HTTP/1.0" 200 5861 "http://forum.rally-infernal.info/profile.php?mode=register&sid=b8814082cf256ed607202d709dd43a39" "Mozilla/4.0 (compatible; MSIE 6.0; Windows NT 5.1; Q312461)"
80.83.39.250 - - [20/Apr/2011:13:52:45 +0200] "GET /images/smiles/icon_hap.gif HTTP/1.1" 200 178 "http://www.trackmania.com/fr/forum/viewtopic.php?t=34755&postdays=0&postorder=asc&start=1050" "Mozilla/5.0 (Windows; U; Windows NT 6.1; fr; rv:1.9.2.10) Gecko/20100914 Firefox/3.6.10"
2.3.192.209 - - [20/Apr/2011:13:53:29 +0200] "GET / HTTP/1.1" 200 2001 "http://www.google.fr/url?sa=t&source=web&cd=1&ved=0CBgQFjAA&url=http%3A%2F%2Fforum.rally-infernal.info%2F&rct=j&q=forum%20rally%20men&ei=MsmuTbDdHIeDhQfxneDdAw&usg=AFQjCNGdEOF2tH0oDrwyyWcROsxxecvOUQ&sig2=u-SG0XqzehCjgCS1m3K-pA" "Mozilla/5.0 (Windows; U; Windows NT 6.1; fr; rv:1.9.1.18) Gecko/20110319 Firefox/3.5.18"
2.3.192.209 - - [20/Apr/2011:13:53:29 +0200] "GET /templates/rmstyle/images/favicon.png HTTP/1.1" 200 974 "-" "Mozilla/5.0 (Windows; U; Windows NT 6.1; fr; rv:1.9.1.18) Gecko/20110319 Firefox/3.5.18"
2.3.192.209 - - [20/Apr/2011:13:53:29 +0200] "GET /templates/rmstyle/rmstyle.css HTTP/1.1" 200 3183 "http://forum.rally-infernal.info/" "Mozilla/5.0 (Windows; U; Windows NT 6.1; fr; rv:1.9.1.18) Gecko/20110319 Firefox/3.5.18"
2.3.192.209 - - [20/Apr/2011:13:53:29 +0200] "GET /templates/rmstyle/images/lang_french/icon_mini_faq.png HTTP/1.1" 200 2638 "http://forum.rally-infernal.info/" "Mozilla/5.0 (Windows; U; Windows NT 6.1; fr; rv:1.9.1.18) Gecko/20110319 Firefox/3.5.18"
2.3.192.209 - - [20/Apr/2011:13:53:29 +0200] "GET /templates/rmstyle/images/lang_french/icon_mini_search.png HTTP/1.1" 200 2772 "http://forum.rally-infernal.info/" "Mozilla/5.0 (Windows; U; Windows NT 6.1; fr; rv:1.9.1.18) Gecko/20110319 Firefox/3.5.18"
2.3.192.209 - - [20/Apr/2011:13:53:29 +0200] "GET /templates/rmstyle/images/lang_french/icon_mini_members.png HTTP/1.1" 200 3256 "http://forum.rally-infernal.info/" "Mozilla/5.0 (Windows; U; Windows NT 6.1; fr; rv:1.9.1.18) Gecko/20110319 Firefox/3.5.18"
2.3.192.209 - - [20/Apr/2011:13:53:29 +0200] "GET /templates/rmstyle/images/lang_french/icon_mini_groups.png HTTP/1.1" 200 3010 "http://forum.rally-infernal.info/" "Mozilla/5.0 (Windows; U; Windows NT 6.1; fr; rv:1.9.1.18) Gecko/20110319 Firefox/3.5.18"
2.3.192.209 - - [20/Apr/2011:13:53:29 +0200] "GET /templates/rmstyle/images/lang_french/icon_mini_profile.png HTTP/1.1" 200 2386 "http://forum.rally-infernal.info/" "Mozilla/5.0 (Windows; U; Windows NT 6.1; fr; rv:1.9.1.18) Gecko/20110319 Firefox/3.5.18"
2.3.192.209 - - [20/Apr/2011:13:53:29 +0200] "GET /templates/rmstyle/images/lang_french/icon_mini_message.png HTTP/1.1" 200 2464 "http://forum.rally-infernal.info/" "Mozilla/5.0 (Windows; U; Windows NT 6.1; fr; rv:1.9.1.18) Gecko/20110319 Firefox/3.5.18"
2.3.192.209 - - [20/Apr/2011:13:53:29 +0200] "GET /templates/rmstyle/images/lang_french/icon_mini_login.png HTTP/1.1" 200 2281 "http://forum.rally-infernal.info/" "Mozilla/5.0 (Windows; U; Windows NT 6.1; fr; rv:1.9.1.18) Gecko/20110319 Firefox/3.5.18"
2.3.192.209 - - [20/Apr/2011:13:53:29 +0200] "GET /templates/rmstyle/images/lang_french/icon_mini_register.png HTTP/1.1" 200 2755 "http://forum.rally-infernal.info/" "Mozilla/5.0 (Windows; U; Windows NT 6.1; fr; rv:1.9.1.18) Gecko/20110319 Firefox/3.5.18"
2.3.192.209 - - [20/Apr/2011:13:53:29 +0200] "GET /templates/rmstyle/images/lang_french/icon_mini_site.png HTTP/1.1" 200 2634 "http://forum.rally-infernal.info/" "Mozilla/5.0 (Windows; U; Windows NT 6.1; fr; rv:1.9.1.18) Gecko/20110319 Firefox/3.5.18"
2.3.192.209 - - [20/Apr/2011:13:53:29 +0200] "GET /templates/rmstyle/images/bg_body.jpg HTTP/1.1" 200 103373 "http://forum.rally-infernal.info/templates/rmstyle/rmstyle.css" "Mozilla/5.0 (Windows; U; Windows NT 6.1; fr; rv:1.9.1.18) Gecko/20110319 Firefox/3.5.18"
2.3.192.209 - - [20/Apr/2011:13:53:29 +0200] "GET /templates/rmstyle/images/logo_rmstyle.jpg HTTP/1.1" 200 108363 "http://forum.rally-infernal.info/" "Mozilla/5.0 (Windows; U; Windows NT 6.1; fr; rv:1.9.1.18) Gecko/20110319 Firefox/3.5.18"
2.3.192.209 - - [20/Apr/2011:13:53:35 +0200] "GET / HTTP/1.1" 200 1949 "http://forum.rally-infernal.info/" "Mozilla/5.0 (Windows; U; Windows NT 6.1; fr; rv:1.9.1.18) Gecko/20110319 Firefox/3.5.18"
86.201.88.22 - - [20/Apr/2011:13:55:11 +0200] "GET /AvatarsManager/lakse.jpg HTTP/1.1" 302 20 "http://ragemachines.simplygaming.org/t320-les-ptites-phrase-rigolote-ig" "Mozilla/5.0 (Windows; U; Windows NT 6.1; en-US) AppleWebKit/534.16 (KHTML, like Gecko) Chrome/10.0.648.205 Safari/534.16"
86.201.88.22 - - [20/Apr/2011:13:55:12 +0200] "GET /AvatarsManager/joueurs/lakse/5.png HTTP/1.1" 200 76045 "http://ragemachines.simplygaming.org/t320-les-ptites-phrase-rigolote-ig" "Mozilla/5.0 (Windows; U; Windows NT 6.1; en-US) AppleWebKit/534.16 (KHTML, like Gecko) Chrome/10.0.648.205 Safari/534.16"
66.249.66.146 - - [20/Apr/2011:13:55:25 +0200] "GET /viewtopic.php?p=97926&sid=0d701b9533382753ed3bca4e09d1fe18 HTTP/1.1" 200 2003 "-" "Mozilla/5.0 (compatible; Googlebot/2.1; +http://www.google.com/bot.html)"
94.228.34.237 - - [20/Apr/2011:13:56:15 +0200] "GET /viewforum.php?f=22 HTTP/1.1" 200 2003 "-" "magpie-crawler/1.1 (U; Linux amd64; en-GB; +http://www.brandwatch.net)"
66.249.66.146 - - [20/Apr/2011:13:56:23 +0200] "GET /index.php?c=2&sid=36fa578656d24ba00bda7fa227f92855 HTTP/1.1" 200 2001 "-" "Mozilla/5.0 (compatible; Googlebot/2.1; +http://www.google.com/bot.html)"
66.249.72.205 - - [20/Apr/2011:13:56:34 +0200] "GET /robots.txt HTTP/1.1" 404 182 "-" "Mozilla/5.0 (compatible; Googlebot/2.1; +http://www.google.com/bot.html)"
66.249.72.205 - - [20/Apr/2011:13:56:34 +0200] "GET /AvatarsManager/guiguisr.jpg HTTP/1.1" 302 20 "-" "Mozilla/5.0 (compatible; Googlebot/2.1; +http://www.google.com/bot.html)"
66.249.66.182 - - [20/Apr/2011:13:56:34 +0200] "GET /AvatarsManager/joueurs/guiguisr/3.png HTTP/1.1" 200 57191 "-" "Mozilla/5.0 (compatible; Googlebot/2.1; +http://www.google.com/bot.html)"
66.249.66.146 - - [20/Apr/2011:13:58:08 +0200] "GET /viewtopic.php?p=27140&sid=634b7ac65b36ab263a237e7358afa72b HTTP/1.1" 200 1998 "-" "Mozilla/5.0 (compatible; Googlebot/2.1; +http://www.google.com/bot.html)"
82.250.195.193 - - [20/Apr/2011:13:58:17 +0200] "GET / HTTP/1.1" 200 1949 "-" "Mozilla/5.0 (Windows NT 6.1; rv:2.0.1) Gecko/20100101 Firefox/4.0.1"
82.250.195.193 - - [20/Apr/2011:13:58:17 +0200] "GET /templates/rmstyle/images/logo_rmstyle.jpg HTTP/1.1" 200 108363 "http://forum.rally-infernal.info/" "Mozilla/5.0 (Windows NT 6.1; rv:2.0.1) Gecko/20100101 Firefox/4.0.1"
82.250.195.193 - - [20/Apr/2011:13:58:17 +0200] "GET /templates/rmstyle/images/bg_body.jpg HTTP/1.1" 200 103373 "http://forum.rally-infernal.info/templates/rmstyle/rmstyle.css" "Mozilla/5.0 (Windows NT 6.1; rv:2.0.1) Gecko/20100101 Firefox/4.0.1"
92.136.53.149 - - [20/Apr/2011:13:59:38 +0200] "GET /AvatarsManager/deug21.jpg HTTP/1.1" 302 20 "http://www.trackmania.com/fr/forum/viewtopic.php?t=31682" "Mozilla/5.0 (Windows; U; Windows NT 5.1; en-US) AppleWebKit/534.16 (KHTML, like Gecko) Chrome/10.0.648.204 Safari/534.16"
92.136.53.149 - - [20/Apr/2011:13:59:39 +0200] "GET /AvatarsManager/joueurs/deug21/1.png HTTP/1.1" 200 48858 "http://www.trackmania.com/fr/forum/viewtopic.php?t=31682" "Mozilla/5.0 (Windows; U; Windows NT 5.1; en-US) AppleWebKit/534.16 (KHTML, like Gecko) Chrome/10.0.648.204 Safari/534.16"
66.249.72.242 - - [20/Apr/2011:13:59:44 +0200] "GET /viewtopic.php?p=59539&highlight=&sid=62c00ae9f5cee3815f344cb42082e642 HTTP/1.1" 200 2001 "-" "Mozilla/5.0 (compatible; Googlebot/2.1; +http://www.google.com/bot.html)"
82.244.63.123 - - [20/Apr/2011:13:59:45 +0200] "GET /AvatarsManager/lakse.jpg HTTP/1.1" 302 20 "http://ragemachines.simplygaming.org/t331-un-guide-brillant-lux-dame-de-lumiere" "Mozilla/5.0 (Windows; U; Windows NT 6.1; fr; rv:1.9.2.16) Gecko/20110319 Firefox/3.6.16"
82.244.63.123 - - [20/Apr/2011:13:59:46 +0200] "GET /AvatarsManager/lakse.jpg HTTP/1.1" 302 20 "http://ragemachines.simplygaming.org/t331-un-guide-brillant-lux-dame-de-lumiere" "Mozilla/5.0 (Windows; U; Windows NT 6.1; fr; rv:1.9.2.16) Gecko/20110319 Firefox/3.6.16"
82.244.63.123 - - [20/Apr/2011:13:59:46 +0200] "GET /AvatarsManager/joueurs/lakse/5.png HTTP/1.1" 200 76045 "http://ragemachines.simplygaming.org/t331-un-guide-brillant-lux-dame-de-lumiere" "Mozilla/5.0 (Windows; U; Windows NT 6.1; fr; rv:1.9.2.16) Gecko/20110319 Firefox/3.6.16"
82.244.63.123 - - [20/Apr/2011:14:00:59 +0200] "GET /AvatarsManager/lakse.jpg HTTP/1.1" 302 20 "http://ragemachines.simplygaming.org/t331-un-guide-brillant-lux-dame-de-lumiere" "Mozilla/5.0 (Windows; U; Windows NT 6.1; fr; rv:1.9.2.16) Gecko/20110319 Firefox/3.6.16"
82.244.63.123 - - [20/Apr/2011:14:00:59 +0200] "GET /AvatarsManager/lakse.jpg HTTP/1.1" 302 20 "http://ragemachines.simplygaming.org/t331-un-guide-brillant-lux-dame-de-lumiere" "Mozilla/5.0 (Windows; U; Windows NT 6.1; fr; rv:1.9.2.16) Gecko/20110319 Firefox/3.6.16"
82.244.63.123 - - [20/Apr/2011:14:00:59 +0200] "GET /AvatarsManager/joueurs/lakse/4.png HTTP/1.1" 200 63894 "http://ragemachines.simplygaming.org/t331-un-guide-brillant-lux-dame-de-lumiere" "Mozilla/5.0 (Windows; U; Windows NT 6.1; fr; rv:1.9.2.16) Gecko/20110319 Firefox/3.6.16"
66.249.66.146 - - [20/Apr/2011:14:00:59 +0200] "GET /viewtopic.php?p=51814&sid=acb4a1bf90121cbbf972f6c6024ef59f HTTP/1.1" 200 2002 "-" "Mozilla/5.0 (compatible; Googlebot/2.1; +http://www.google.com/bot.html)"
87.88.30.117 - - [20/Apr/2011:14:01:50 +0200] "GET / HTTP/1.1" 200 1995 "-" "Mozilla/5.0 (Windows NT 6.1; rv:2.0) Gecko/20100101 Firefox/4.0"
188.26.56.19 - - [20/Apr/2011:14:02:00 +0200] "GET /AvatarsManager/deug21.jpg HTTP/1.1" 302 20 "http://www.trackmania.com/fr/forum/viewtopic.php?t=34755&sid=b5038a70346fd3777ceb29d30a179988" "Mozilla/5.0 (Windows; U; Windows NT 6.1; en-US) AppleWebKit/534.16 (KHTML, like Gecko) Chrome/10.0.648.204 Safari/534.16"
188.26.56.19 - - [20/Apr/2011:14:02:00 +0200] "GET /AvatarsManager/joueurs/deug21/1.png HTTP/1.1" 200 48858 "http://www.trackmania.com/fr/forum/viewtopic.php?t=34755&sid=b5038a70346fd3777ceb29d30a179988" "Mozilla/5.0 (Windows; U; Windows NT 6.1; en-US) AppleWebKit/534.16 (KHTML, like Gecko) Chrome/10.0.648.204 Safari/534.16"
188.26.56.19 - - [20/Apr/2011:14:02:36 +0200] "GET /AvatarsManager/deug21.jpg HTTP/1.1" 302 20 "http://www.trackmania.com/fr/forum/viewtopic.php?t=34755&sid=b5038a70346fd3777ceb29d30a179988" "Mozilla/5.0 (Windows; U; Windows NT 6.1; en-US) AppleWebKit/534.16 (KHTML, like Gecko) Chrome/10.0.648.204 Safari/534.16"
188.26.56.19 - - [20/Apr/2011:14:02:37 +0200] "GET /AvatarsManager/joueurs/deug21/1.png HTTP/1.1" 206 13191 "http://www.trackmania.com/fr/forum/viewtopic.php?t=34755&sid=b5038a70346fd3777ceb29d30a179988" "Mozilla/5.0 (Windows; U; Windows NT 6.1; en-US) AppleWebKit/534.16 (KHTML, like Gecko) Chrome/10.0.648.204 Safari/534.16"
66.249.66.146 - - [20/Apr/2011:14:03:51 +0200] "GET /viewtopic.php?t=1828&view=previous&sid=048884fb6d07e54e7611750e093e9de2 HTTP/1.1" 200 2000 "-" "Mozilla/5.0 (compatible; Googlebot/2.1; +http://www.google.com/bot.html)"
79.81.126.204 - - [20/Apr/2011:14:04:30 +0200] "GET /AvatarsManager/deug21.jpg HTTP/1.1" 302 20 "http://www.trackmania.com/fr/forum/viewtopic.php?t=34755&sid=b5038a70346fd3777ceb29d30a179988" "Mozilla/5.0 (Windows; U; Windows NT 5.1; en-US) AppleWebKit/534.16 (KHTML, like Gecko) Chrome/10.0.648.205 Safari/534.16"
66.249.66.146 - - [20/Apr/2011:14:05:36 +0200] "GET /viewtopic.php?p=92807&highlight=&sid=302a33c15ae21610cf7781d8cd2d2dd9 HTTP/1.1" 200 2002 "-" "Mozilla/5.0 (compatible; Googlebot/2.1; +http://www.google.com/bot.html)"
66.249.72.242 - - [20/Apr/2011:14:06:42 +0200] "GET /viewtopic.php?p=95676&sid=e832ebdd2115435b53fd9531179f3358 HTTP/1.1" 200 2000 "-" "Mozilla/5.0 (compatible; Googlebot/2.1; +http://www.google.com/bot.html)"
87.88.30.117 - - [20/Apr/2011:14:08:04 +0200] "GET / HTTP/1.1" 200 1995 "-" "Mozilla/5.0 (Windows NT 6.1; rv:2.0) Gecko/20100101 Firefox/4.0"
66.249.66.146 - - [20/Apr/2011:14:08:54 +0200] "GET /viewtopic.php?p=119040&sid=e08cbacebdc2bf88b301f7d046c3a3cf HTTP/1.1" 200 2001 "-" "Mozilla/5.0 (compatible; Googlebot/2.1; +http://www.google.com/bot.html)"
77.192.153.150 - - [20/Apr/2011:14:09:12 +0200] "GET /AvatarsManager/deug21.jpg HTTP/1.1" 302 20 "http://www.trackmania.com/fr/forum/viewtopic.php?t=35461&sid=ce9f703b58ebc357d0d96ef50770341b" "Mozilla/4.0 (compatible; MSIE 7.0; Windows NT 6.0; GTB6.6; Mozilla/4.0 (compatible; MSIE 6.0; Windows NT 5.1; SV1) ; SLCC1; .NET CLR 2.0.50727; Media Center PC 5.0; .NET CLR 1.1.4322; .NET CLR 3.5.30729; .NET CLR 3.0.30618)"
77.192.153.150 - - [20/Apr/2011:14:09:13 +0200] "GET /AvatarsManager/joueurs/deug21/1.png HTTP/1.1" 200 48858 "http://www.trackmania.com/fr/forum/viewtopic.php?t=35461&sid=ce9f703b58ebc357d0d96ef50770341b" "Mozilla/4.0 (compatible; MSIE 7.0; Windows NT 6.0; GTB6.6; Mozilla/4.0 (compatible; MSIE 6.0; Windows NT 5.1; SV1) ; SLCC1; .NET CLR 2.0.50727; Media Center PC 5.0; .NET CLR 1.1.4322; .NET CLR 3.5.30729; .NET CLR 3.0.30618)"
90.63.92.65 - - [20/Apr/2011:14:09:31 +0200] "GET /index.php?sid=490dcdcb33525574a819731fbdceb0b0 HTTP/1.1" 200 1995 "-" "Opera/9.80 (Windows NT 6.0; U; fr) Presto/2.6.30 Version/10.63"
66.249.72.242 - - [20/Apr/2011:14:09:34 +0200] "GET /viewtopic.php?p=113160&sid=6b9f8871864ba865df92e7f648658868 HTTP/1.1" 200 2003 "-" "Mozilla/5.0 (compatible; Googlebot/2.1; +http://www.google.com/bot.html)"
77.199.45.64 - - [20/Apr/2011:14:10:13 +0200] "GET /AvatarsManager/deug21.jpg HTTP/1.1" 302 20 "http://www.trackmania.com/fr/forum/viewtopic.php?t=34755" "Mozilla/5.0 (Windows; U; Windows NT 6.1; en-US) AppleWebKit/534.16 (KHTML, like Gecko) Chrome/10.0.648.204 Safari/534.16"
90.8.54.119 - - [20/Apr/2011:14:10:37 +0200] "GET /images/smiles/icon_hap.gif HTTP/1.1" 200 178 "http://www.trackmania.com/fr/forum/viewtopic.php?t=34755&postdays=0&postorder=asc&start=1050" "Opera/9.80 (Windows NT 6.1; U; fr) Presto/2.8.131 Version/11.10"
160.92.7.69 - - [20/Apr/2011:14:11:41 +0200] "GET / HTTP/1.0" 200 2011 "-" "Mozilla/5.0 (Windows; U; Windows NT 5.1; fr; rv:1.9.2.16) Gecko/20110319 Firefox/3.6.16"
160.92.7.69 - - [20/Apr/2011:14:11:53 +0200] "GET / HTTP/1.0" 200 2013 "-" "Mozilla/5.0 (Windows; U; Windows NT 5.1; fr; rv:1.9.2.16) Gecko/20110319 Firefox/3.6.16"
160.92.7.69 - - [20/Apr/2011:14:11:54 +0200] "GET / HTTP/1.0" 200 1996 "-" "Mozilla/5.0 (Windows; U; Windows NT 5.1; fr; rv:1.9.2.16) Gecko/20110319 Firefox/3.6.16"
160.92.7.69 - - [20/Apr/2011:14:11:54 +0200] "GET /templates/rmstyle/rmstyle.css HTTP/1.0" 200 3183 "http://forum.rally-infernal.info/" "Mozilla/5.0 (Windows; U; Windows NT 5.1; fr; rv:1.9.2.16) Gecko/20110319 Firefox/3.6.16"
160.92.7.69 - - [20/Apr/2011:14:11:55 +0200] "GET /templates/rmstyle/images/bg_body.jpg HTTP/1.0" 200 103373 "http://forum.rally-infernal.info/templates/rmstyle/rmstyle.css" "Mozilla/5.0 (Windows; U; Windows NT 5.1; fr; rv:1.9.2.16) Gecko/20110319 Firefox/3.6.16"
160.92.7.69 - - [20/Apr/2011:14:11:55 +0200] "GET /templates/rmstyle/images/logo_rmstyle.jpg HTTP/1.0" 200 108363 "http://forum.rally-infernal.info/" "Mozilla/5.0 (Windows; U; Windows NT 5.1; fr; rv:1.9.2.16) Gecko/20110319 Firefox/3.6.16"
160.92.7.69 - - [20/Apr/2011:14:11:55 +0200] "GET /templates/rmstyle/images/lang_french/icon_mini_faq.png HTTP/1.0" 200 2638 "http://forum.rally-infernal.info/" "Mozilla/5.0 (Windows; U; Windows NT 5.1; fr; rv:1.9.2.16) Gecko/20110319 Firefox/3.6.16"
160.92.7.69 - - [20/Apr/2011:14:11:55 +0200] "GET /templates/rmstyle/images/lang_french/icon_mini_search.png HTTP/1.0" 200 2772 "http://forum.rally-infernal.info/" "Mozilla/5.0 (Windows; U; Windows NT 5.1; fr; rv:1.9.2.16) Gecko/20110319 Firefox/3.6.16"
160.92.7.69 - - [20/Apr/2011:14:11:55 +0200] "GET /templates/rmstyle/images/lang_french/icon_mini_members.png HTTP/1.0" 200 3256 "http://forum.rally-infernal.info/" "Mozilla/5.0 (Windows; U; Windows NT 5.1; fr; rv:1.9.2.16) Gecko/20110319 Firefox/3.6.16"
160.92.7.69 - - [20/Apr/2011:14:11:55 +0200] "GET /templates/rmstyle/images/lang_french/icon_mini_logout.png HTTP/1.0" 200 2566 "http://forum.rally-infernal.info/" "Mozilla/5.0 (Windows; U; Windows NT 5.1; fr; rv:1.9.2.16) Gecko/20110319 Firefox/3.6.16"
160.92.7.69 - - [20/Apr/2011:14:11:55 +0200] "GET /templates/rmstyle/images/lang_french/icon_mini_site.png HTTP/1.0" 200 2634 "http://forum.rally-infernal.info/" "Mozilla/5.0 (Windows; U; Windows NT 5.1; fr; rv:1.9.2.16) Gecko/20110319 Firefox/3.6.16"
160.92.7.69 - - [20/Apr/2011:14:11:55 +0200] "GET /templates/rmstyle/images/lang_french/icon_mini_groups.png HTTP/1.0" 200 3010 "http://forum.rally-infernal.info/" "Mozilla/5.0 (Windows; U; Windows NT 5.1; fr; rv:1.9.2.16) Gecko/20110319 Firefox/3.6.16"
160.92.7.69 - - [20/Apr/2011:14:11:55 +0200] "GET /templates/rmstyle/images/lang_french/icon_mini_profile.png HTTP/1.0" 200 2386 "http://forum.rally-infernal.info/" "Mozilla/5.0 (Windows; U; Windows NT 5.1; fr; rv:1.9.2.16) Gecko/20110319 Firefox/3.6.16"
160.92.7.69 - - [20/Apr/2011:14:11:55 +0200] "GET /templates/rmstyle/images/lang_french/icon_mini_message.png HTTP/1.0" 200 2464 "http://forum.rally-infernal.info/" "Mozilla/5.0 (Windows; U; Windows NT 5.1; fr; rv:1.9.2.16) Gecko/20110319 Firefox/3.6.16"
66.249.66.146 - - [20/Apr/2011:14:12:25 +0200] "GET /search.php?search_author=FullMaXx&sid=f18d47dc2a9526366398906df4530321 HTTP/1.1" 200 2000 "-" "Mozilla/5.0 (compatible; Googlebot/2.1; +http://www.google.com/bot.html)"
117.23.232.90 - - [20/Apr/2011:14:12:56 +0200] "GET /index.php HTTP/1.0" 200 6354 "http://forum.rally-infernal.info/index.php" "Mozilla/4.0 (compatible; MSIE 6.0; Windows NT 5.0; APC; .NET CLR 1.0.3705; .NET CLR 1.1.4322; .NET CLR 2.0.50215; InfoPath.1)"
117.23.232.90 - - [20/Apr/2011:14:12:57 +0200] "GET /profile.php?mode=register&sid=3dbd90da16a42820b263e2b273d7b7e9 HTTP/1.0" 200 5861 "http://forum.rally-infernal.info/profile.php?mode=register&sid=3dbd90da16a42820b263e2b273d7b7e9" "Mozilla/4.0 (compatible; MSIE 6.0; Windows NT 5.0; APC; .NET CLR 1.0.3705; .NET CLR 1.1.4322; .NET CLR 2.0.50215; InfoPath.1)"
82.249.136.117 - - [20/Apr/2011:14:13:43 +0200] "GET /AvatarsManager/deug21.jpg HTTP/1.1" 302 20 "http://www.trackmania.com/fr/forum/viewtopic.php?t=34755&sid=b5038a70346fd3777ceb29d30a179988" "Mozilla/5.0 (Windows; U; Windows NT 6.1; en-US) AppleWebKit/534.16 (KHTML, like Gecko) Chrome/10.0.648.205 Safari/534.16"
82.249.136.117 - - [20/Apr/2011:14:13:43 +0200] "GET /AvatarsManager/joueurs/deug21/1.png HTTP/1.1" 200 48858 "http://www.trackmania.com/fr/forum/viewtopic.php?t=34755&sid=b5038a70346fd3777ceb29d30a179988" "Mozilla/5.0 (Windows; U; Windows NT 6.1; en-US) AppleWebKit/534.16 (KHTML, like Gecko) Chrome/10.0.648.205 Safari/534.16"
66.249.66.146 - - [20/Apr/2011:14:15:09 +0200] "GET /index.php?c=7&sid=634b7ac65b36ab263a237e7358afa72b HTTP/1.1" 200 2003 "-" "Mozilla/5.0 (compatible; Googlebot/2.1; +http://www.google.com/bot.html)"
66.249.66.146 - - [20/Apr/2011:14:15:17 +0200] "GET /viewtopic.php?p=117030&sid=d455dd9007ea998a2eefebda2376b881 HTTP/1.1" 200 2002 "-" "Mozilla/5.0 (compatible; Googlebot/2.1; +http://www.google.com/bot.html)"
66.249.66.146 - - [20/Apr/2011:14:18:08 +0200] "GET /search.php?search_author=Takeshi&sid=2b08e0d825ad4895cee866bdbf6e7526 HTTP/1.1" 200 2003 "-" "Mozilla/5.0 (compatible; Googlebot/2.1; +http://www.google.com/bot.html)"
66.249.66.146 - - [20/Apr/2011:14:18:52 +0200] "GET /viewtopic.php?p=12841&sid=ab63343396c33197bc277cdd520ee1e4 HTTP/1.1" 200 2002 "-" "Mozilla/5.0 (compatible; Googlebot/2.1; +http://www.google.com/bot.html)"
90.63.92.65 - - [20/Apr/2011:14:19:18 +0200] "GET /index.php?sid=490dcdcb33525574a819731fbdceb0b0 HTTP/1.1" 200 1995 "-" "Opera/9.80 (Windows NT 6.0; U; fr) Presto/2.6.30 Version/10.63"
66.249.66.146 - - [20/Apr/2011:14:21:00 +0200] "GET /viewtopic.php?p=28295&sid=e1e28376c0d6d206e62a61835527c06b HTTP/1.1" 200 2003 "-" "Mozilla/5.0 (compatible; Googlebot/2.1; +http://www.google.com/bot.html)"
80.239.242.191 - - [20/Apr/2011:14:22:28 +0200] "GET /AvatarsManager/deug21.jpg HTTP/1.1" 302 - "http://www.trackmania.com/fr/forum/viewtopic.php?t=34814" "Opera/9.80 (Windows NT 5.2; U; fr) Presto/2.8.131 Version/11.10"
80.239.242.191 - - [20/Apr/2011:14:22:28 +0200] "GET /AvatarsManager/joueurs/deug21/1.png HTTP/1.1" 200 48858 "http://www.trackmania.com/fr/forum/viewtopic.php?t=34814" "Opera/9.80 (Windows NT 5.2; U; fr) Presto/2.8.131 Version/11.10"
80.239.242.191 - - [20/Apr/2011:14:22:29 +0200] "GET /AvatarsManager/deug21.jpg HTTP/1.1" 302 - "http://www.trackmania.com/fr/forum/viewtopic.php?t=34755" "Opera/9.80 (Windows NT 5.2; U; fr) Presto/2.8.131 Version/11.10"
80.239.242.191 - - [20/Apr/2011:14:22:29 +0200] "GET /AvatarsManager/joueurs/deug21/1.png HTTP/1.1" 304 - "http://www.trackmania.com/fr/forum/viewtopic.php?t=34755" "Opera/9.80 (Windows NT 5.2; U; fr) Presto/2.8.131 Version/11.10"
87.88.30.117 - - [20/Apr/2011:14:22:53 +0200] "GET / HTTP/1.1" 200 1995 "-" "Mozilla/5.0 (Windows NT 6.1; rv:2.0) Gecko/20100101 Firefox/4.0"
82.66.134.43 - - [20/Apr/2011:14:23:41 +0200] "GET /AvatarsManager/deug21.jpg HTTP/1.1" 302 20 "http://www.trackmania.com/fr/forum/viewtopic.php?t=34814" "Mozilla/5.0 (Windows NT 6.1; rv:2.0) Gecko/20100101 Firefox/4.0"
82.66.134.43 - - [20/Apr/2011:14:23:42 +0200] "GET /AvatarsManager/joueurs/deug21/1.png HTTP/1.1" 200 48858 "http://www.trackmania.com/fr/forum/viewtopic.php?t=34814" "Mozilla/5.0 (Windows NT 6.1; rv:2.0) Gecko/20100101 Firefox/4.0"
66.249.66.146 - - [20/Apr/2011:14:23:52 +0200] "GET /viewtopic.php?p=8596&sid=8dfa31afd3b1d2c183c5ad3a4b5dd911 HTTP/1.1" 200 2000 "-" "Mozilla/5.0 (compatible; Googlebot/2.1; +http://www.google.com/bot.html)"
194.199.143.58 - - [20/Apr/2011:14:23:57 +0200] "GET /AvatarsManager/deug21.jpg HTTP/1.1" 302 20 "http://www.trackmania.com/fr/forum/viewtopic.php?p=772441&sid=b5cf5407da355fb379687863b21e57a5" "Mozilla/4.0 (compatible; MSIE 7.0; Windows NT 5.1; .NET CLR 1.1.4322; .NET CLR 2.0.50727; .NET CLR 3.0.04506.30; .NET CLR 3.0.4506.2152; .NET CLR 3.5.30729)"
194.199.143.58 - - [20/Apr/2011:14:23:57 +0200] "GET /AvatarsManager/joueurs/deug21/1.png HTTP/1.1" 200 48858 "http://www.trackmania.com/fr/forum/viewtopic.php?p=772441&sid=b5cf5407da355fb379687863b21e57a5" "Mozilla/4.0 (compatible; MSIE 7.0; Windows NT 5.1; .NET CLR 1.1.4322; .NET CLR 2.0.50727; .NET CLR 3.0.04506.30; .NET CLR 3.0.4506.2152; .NET CLR 3.5.30729)"
194.199.143.58 - - [20/Apr/2011:14:24:08 +0200] "GET /AvatarsManager/deug21.jpg HTTP/1.1" 302 20 "http://www.trackmania.com/fr/forum/viewtopic.php?p=772441&sid=b5cf5407da355fb379687863b21e57a5" "Mozilla/4.0 (compatible; MSIE 7.0; Windows NT 5.1; .NET CLR 1.1.4322; .NET CLR 2.0.50727; .NET CLR 3.0.04506.30; .NET CLR 3.0.4506.2152; .NET CLR 3.5.30729)"
80.239.242.191 - - [20/Apr/2011:14:24:36 +0200] "GET /images/smiles/icon_hap.gif HTTP/1.1" 200 178 "http://www.trackmania.com/fr/forum/viewtopic.php?t=34755&postdays=0&postorder=asc&start=1050" "Opera/9.80 (Windows NT 5.2; U; fr) Presto/2.8.131 Version/11.10"
70.183.110.133 - - [20/Apr/2011:14:25:19 +0200] "GET /index.php HTTP/1.0" 200 6354 "http://forum.rally-infernal.info/index.php" "Mozilla/4.0 (compatible; MSIE 5.0; Windows 3.1)"
70.183.110.133 - - [20/Apr/2011:14:25:20 +0200] "GET /profile.php?mode=register&sid=4b047c6391cf610daf4630a04e9d974b HTTP/1.0" 200 5861 "http://forum.rally-infernal.info/profile.php?mode=register&sid=4b047c6391cf610daf4630a04e9d974b" "Mozilla/4.0 (compatible; MSIE 5.0; Windows 3.1)"
90.63.92.65 - - [20/Apr/2011:14:25:28 +0200] "GET /index.php?sid=490dcdcb33525574a819731fbdceb0b0 HTTP/1.1" 200 1995 "-" "Opera/9.80 (Windows NT 6.0; U; fr) Presto/2.6.30 Version/10.63"
66.249.66.146 - - [20/Apr/2011:14:26:43 +0200] "GET /viewtopic.php?p=10777&sid=e45275093c7daf9a165b3f253d30a050 HTTP/1.1" 200 2001 "-" "Mozilla/5.0 (compatible; Googlebot/2.1; +http://www.google.com/bot.html)"
66.249.72.242 - - [20/Apr/2011:14:27:22 +0200] "GET /index.php?c=8&sid=c778b958e54c2b61066b0e3747cbc629 HTTP/1.1" 200 2004 "-" "Mozilla/5.0 (compatible; Googlebot/2.1; +http://www.google.com/bot.html)"
66.249.66.146 - - [20/Apr/2011:14:28:17 +0200] "GET /viewtopic.php?p=27876&sid=77c8bf7e0fc1f3e0951e73b62b1866fb HTTP/1.1" 200 2000 "-" "Mozilla/5.0 (compatible; Googlebot/2.1; +http://www.google.com/bot.html)"
123.125.71.103 - - [20/Apr/2011:14:28:23 +0200] "GET / HTTP/1.1" 403 202 "-" "Baiduspider+(+http://www.baidu.com/search/spider.htm)"
220.181.108.179 - - [20/Apr/2011:14:28:43 +0200] "GET / HTTP/1.1" 403 202 "-" "Baiduspider+(+http://www.baidu.com/search/spider.htm)"
66.249.66.146 - - [20/Apr/2011:14:29:34 +0200] "GET /viewtopic.php?p=30793&sid=b11677b1f1003a4564b88882c94a3b98 HTTP/1.1" 200 2001 "-" "Mozilla/5.0 (compatible; Googlebot/2.1; +http://www.google.com/bot.html)"
66.249.66.146 - - [20/Apr/2011:14:30:13 +0200] "GET /viewtopic.php?p=34792&highlight=&sid=a72441ced225c43129cf98a9ea768edc HTTP/1.1" 200 2002 "-" "Mozilla/5.0 (compatible; Googlebot/2.1; +http://www.google.com/bot.html)"
87.88.30.117 - - [20/Apr/2011:14:32:24 +0200] "GET / HTTP/1.1" 200 1995 "-" "Mozilla/5.0 (Windows NT 6.1; rv:2.0) Gecko/20100101 Firefox/4.0"
66.249.66.146 - - [20/Apr/2011:14:32:26 +0200] "GET /viewtopic.php?t=1336&postdays=0&postorder=asc&start=0 HTTP/1.1" 200 2001 "-" "Mozilla/5.0 (compatible; Googlebot/2.1; +http://www.google.com/bot.html)"
88.170.238.106 - - [20/Apr/2011:14:32:30 +0200] "GET /AvatarsManager/deug21.jpg HTTP/1.1" 302 20 "http://www.trackmania.com/fr/forum/viewtopic.php?t=27590&postdays=0&postorder=asc&start=2340" "Mozilla/5.0 (Windows; U; Windows NT 6.0; en-US) AppleWebKit/534.16 (KHTML, like Gecko) Chrome/10.0.648.205 Safari/534.16"
88.170.238.106 - - [20/Apr/2011:14:32:31 +0200] "GET /AvatarsManager/joueurs/deug21/1.png HTTP/1.1" 200 48858 "http://www.trackmania.com/fr/forum/viewtopic.php?t=27590&postdays=0&postorder=asc&start=2340" "Mozilla/5.0 (Windows; U; Windows NT 6.0; en-US) AppleWebKit/534.16 (KHTML, like Gecko) Chrome/10.0.648.205 Safari/534.16"
87.88.30.117 - - [20/Apr/2011:14:33:06 +0200] "GET / HTTP/1.1" 200 1995 "-" "Mozilla/5.0 (Windows NT 6.1; rv:2.0) Gecko/20100101 Firefox/4.0"
66.249.66.146 - - [20/Apr/2011:14:33:28 +0200] "GET /viewtopic.php?p=1903&sid=a30e699a0778d873305de920497753d6 HTTP/1.1" 200 2002 "-" "Mozilla/5.0 (compatible; Googlebot/2.1; +http://www.google.com/bot.html)"
66.249.82.2 - - [20/Apr/2011:14:33:55 +0200] "GET /viewtopic.php?p=118276&sid=239219c0117413228222774ad513da40 HTTP/1.1" 200 2001 "-" "Mozilla/5.0 (en-us) AppleWebKit/525.13 (KHTML, like Gecko; Google Web Preview) Version/3.1 Safari/525.13"
66.249.82.2 - - [20/Apr/2011:14:33:55 +0200] "GET /templates/rmstyle/rmstyle.css HTTP/1.1" 200 3183 "http://forum.rally-infernal.info/viewtopic.php?p=118276&sid=239219c0117413228222774ad513da40" "Mozilla/5.0 (en-us) AppleWebKit/525.13 (KHTML, like Gecko; Google Web Preview) Version/3.1 Safari/525.13"
66.249.82.2 - - [20/Apr/2011:14:33:55 +0200] "GET /templates/rmstyle/images/lang_french/icon_mini_groups.png HTTP/1.1" 200 3010 "http://forum.rally-infernal.info/viewtopic.php?p=118276&sid=239219c0117413228222774ad513da40" "Mozilla/5.0 (en-us) AppleWebKit/525.13 (KHTML, like Gecko; Google Web Preview) Version/3.1 Safari/525.13"
66.249.82.2 - - [20/Apr/2011:14:33:55 +0200] "GET /templates/rmstyle/images/lang_french/icon_mini_register.png HTTP/1.1" 200 2755 "http://forum.rally-infernal.info/viewtopic.php?p=118276&sid=239219c0117413228222774ad513da40" "Mozilla/5.0 (en-us) AppleWebKit/525.13 (KHTML, like Gecko; Google Web Preview) Version/3.1 Safari/525.13"
66.249.82.2 - - [20/Apr/2011:14:33:55 +0200] "GET /templates/rmstyle/images/lang_french/icon_mini_login.png HTTP/1.1" 200 2281 "http://forum.rally-infernal.info/viewtopic.php?p=118276&sid=239219c0117413228222774ad513da40" "Mozilla/5.0 (en-us) AppleWebKit/525.13 (KHTML, like Gecko; Google Web Preview) Version/3.1 Safari/525.13"
66.249.82.2 - - [20/Apr/2011:14:33:55 +0200] "GET /templates/rmstyle/images/logo_rmstyle.jpg HTTP/1.1" 200 108363 "http://forum.rally-infernal.info/viewtopic.php?p=118276&sid=239219c0117413228222774ad513da40" "Mozilla/5.0 (en-us) AppleWebKit/525.13 (KHTML, like Gecko; Google Web Preview) Version/3.1 Safari/525.13"
66.249.82.2 - - [20/Apr/2011:14:33:55 +0200] "GET /templates/rmstyle/images/bg_body.jpg HTTP/1.1" 200 103373 "http://forum.rally-infernal.info/viewtopic.php?p=118276&sid=239219c0117413228222774ad513da40" "Mozilla/5.0 (en-us) AppleWebKit/525.13 (KHTML, like Gecko; Google Web Preview) Version/3.1 Safari/525.13"
87.88.30.117 - - [20/Apr/2011:14:35:13 +0200] "GET / HTTP/1.1" 200 1060 "-" "Mozilla/5.0 (Windows NT 6.1; rv:2.0) Gecko/20100101 Firefox/4.0"
87.88.30.117 - - [20/Apr/2011:14:35:16 +0200] "GET /adminserv/ HTTP/1.1" 200 1539 "http://rmtool.webtof.org/" "Mozilla/5.0 (Windows NT 6.1; rv:2.0) Gecko/20100101 Firefox/4.0"
66.249.72.242 - - [20/Apr/2011:14:35:18 +0200] "GET /robots.txt HTTP/1.1" 404 182 "-" "Mozilla/5.0 (compatible; Googlebot/2.1; +http://www.google.com/bot.html)"
87.88.30.117 - - [20/Apr/2011:14:35:18 +0200] "POST /adminserv/ HTTP/1.1" 302 1539 "http://rmtool.webtof.org/adminserv/" "Mozilla/5.0 (Windows NT 6.1; rv:2.0) Gecko/20100101 Firefox/4.0"
66.249.66.146 - - [20/Apr/2011:14:35:18 +0200] "GET /viewtopic.php?t=3185&start=15&postdays=0&postorder=asc&highlight=&sid=5494244d4a78c7e968aff64a569042c1 HTTP/1.1" 200 1998 "-" "Mozilla/5.0 (compatible; Googlebot/2.1; +http://www.google.com/bot.html)"
87.88.30.117 - - [20/Apr/2011:14:35:18 +0200] "GET /adminserv/general.php HTTP/1.1" 200 3352 "http://rmtool.webtof.org/adminserv/" "Mozilla/5.0 (Windows NT 6.1; rv:2.0) Gecko/20100101 Firefox/4.0"
87.88.30.117 - - [20/Apr/2011:14:35:18 +0200] "GET /adminserv/status.php HTTP/1.1" 200 380 "http://rmtool.webtof.org/adminserv/general.php" "Mozilla/5.0 (Windows NT 6.1; rv:2.0) Gecko/20100101 Firefox/4.0"
87.88.30.117 - - [20/Apr/2011:14:35:20 +0200] "GET /adminserv/general.php?switch=0 HTTP/1.1" 302 3353 "http://rmtool.webtof.org/adminserv/general.php" "Mozilla/5.0 (Windows NT 6.1; rv:2.0) Gecko/20100101 Firefox/4.0"
87.88.30.117 - - [20/Apr/2011:14:35:21 +0200] "GET /adminserv/general.php HTTP/1.1" 200 3353 "http://rmtool.webtof.org/adminserv/general.php" "Mozilla/5.0 (Windows NT 6.1; rv:2.0) Gecko/20100101 Firefox/4.0"
87.88.30.117 - - [20/Apr/2011:14:35:21 +0200] "GET /adminserv/status.php HTTP/1.1" 200 397 "http://rmtool.webtof.org/adminserv/general.php" "Mozilla/5.0 (Windows NT 6.1; rv:2.0) Gecko/20100101 Firefox/4.0"
87.88.30.117 - - [20/Apr/2011:14:35:21 +0200] "GET /adminserv/images/icon_desert.png HTTP/1.1" 200 921 "http://rmtool.webtof.org/adminserv/general.php" "Mozilla/5.0 (Windows NT 6.1; rv:2.0) Gecko/20100101 Firefox/4.0"
92.146.168.74 - - [20/Apr/2011:14:36:45 +0200] "GET /AvatarsManager/lakse.jpg HTTP/1.1" 302 20 "http://ragemachines.simplygaming.org/t220-notes-de-maj-v100108" "Mozilla/5.0 (Windows; U; Windows NT 5.1; fr; rv:1.9.2.16) Gecko/20110319 Firefox/3.6.16"
92.146.168.74 - - [20/Apr/2011:14:36:46 +0200] "GET /AvatarsManager/joueurs/lakse/2.png HTTP/1.1" 200 72970 "http://ragemachines.simplygaming.org/t220-notes-de-maj-v100108" "Mozilla/5.0 (Windows; U; Windows NT 5.1; fr; rv:1.9.2.16) Gecko/20110319 Firefox/3.6.16"
92.146.168.74 - - [20/Apr/2011:14:37:02 +0200] "GET /AvatarsManager/lakse.jpg HTTP/1.1" 302 20 "http://ragemachines.simplygaming.org/t220-notes-de-maj-v100108" "Mozilla/5.0 (Windows; U; Windows NT 5.1; fr; rv:1.9.2.16) Gecko/20110319 Firefox/3.6.16"
92.146.168.74 - - [20/Apr/2011:14:37:03 +0200] "GET /AvatarsManager/lakse.jpg HTTP/1.1" 302 20 "http://ragemachines.simplygaming.org/t220-notes-de-maj-v100108" "Mozilla/5.0 (Windows; U; Windows NT 5.1; fr; rv:1.9.2.16) Gecko/20110319 Firefox/3.6.16"
92.146.168.74 - - [20/Apr/2011:14:37:02 +0200] "GET /AvatarsManager/joueurs/lakse/1.png HTTP/1.1" 200 69328 "http://ragemachines.simplygaming.org/t220-notes-de-maj-v100108" "Mozilla/5.0 (Windows; U; Windows NT 5.1; fr; rv:1.9.2.16) Gecko/20110319 Firefox/3.6.16"
92.146.168.74 - - [20/Apr/2011:14:37:03 +0200] "GET /AvatarsManager/joueurs/lakse/5.png HTTP/1.1" 200 76045 "http://ragemachines.simplygaming.org/t220-notes-de-maj-v100108" "Mozilla/5.0 (Windows; U; Windows NT 5.1; fr; rv:1.9.2.16) Gecko/20110319 Firefox/3.6.16"
82.238.130.78 - - [20/Apr/2011:14:37:57 +0200] "GET /AvatarsManager/kev717.jpg HTTP/1.1" 302 20 "http://www.trackmania.com/fr/forum/viewtopic.php?t=25877" "Mozilla/5.0 (Windows NT 5.1; rv:2.0) Gecko/20100101 Firefox/4.0"
82.238.130.78 - - [20/Apr/2011:14:37:57 +0200] "GET /AvatarsManager/joueurs/kev717/1.png HTTP/1.1" 200 32187 "http://www.trackmania.com/fr/forum/viewtopic.php?t=25877" "Mozilla/5.0 (Windows NT 5.1; rv:2.0) Gecko/20100101 Firefox/4.0"
66.249.66.146 - - [20/Apr/2011:14:38:09 +0200] "GET /viewtopic.php?p=32278&sid=31bef1d32df716aba9a1b1dd8e2e3bfe HTTP/1.1" 200 2001 "-" "Mozilla/5.0 (compatible; Googlebot/2.1; +http://www.google.com/bot.html)"
77.192.245.84 - - [20/Apr/2011:14:38:44 +0200] "GET /?p=historique HTTP/1.1" 403 179 "http://www.jeuxvideo.com/forums/1-22357-1538-1-0-1-0-une-video-etrange.htm" "Mozilla/5.0 (Windows; U; Windows NT 5.1; fr; rv:1.9.2.16) Gecko/20110319 AskTbNRO2/3.11.3.15590 Firefox/3.6.16 ( .NET CLR 3.5.30729)"
77.192.245.84 - - [20/Apr/2011:14:38:44 +0200] "GET /favicon.ico HTTP/1.1" 404 183 "-" "Mozilla/5.0 (Windows; U; Windows NT 5.1; fr; rv:1.9.2.16) Gecko/20110319 AskTbNRO2/3.11.3.15590 Firefox/3.6.16 ( .NET CLR 3.5.30729)"
77.192.245.84 - - [20/Apr/2011:14:38:47 +0200] "GET /favicon.ico HTTP/1.1" 404 183 "-" "Mozilla/5.0 (Windows; U; Windows NT 5.1; fr; rv:1.9.2.16) Gecko/20110319 AskTbNRO2/3.11.3.15590 Firefox/3.6.16 ( .NET CLR 3.5.30729)"
80.11.151.136 - - [20/Apr/2011:14:38:59 +0200] "GET /AvatarsManager/deug21.jpg HTTP/1.1" 302 20 "http://www.trackmania.com/fr/forum/viewtopic.php?t=27077&start=105" "Mozilla/5.0 (Windows; U; Windows NT 6.1; en-US) AppleWebKit/534.16 (KHTML, like Gecko) Chrome/10.0.648.204 Safari/534.16"
80.11.151.136 - - [20/Apr/2011:14:38:59 +0200] "GET /AvatarsManager/joueurs/deug21/1.png HTTP/1.1" 200 48858 "http://www.trackmania.com/fr/forum/viewtopic.php?t=27077&start=105" "Mozilla/5.0 (Windows; U; Windows NT 6.1; en-US) AppleWebKit/534.16 (KHTML, like Gecko) Chrome/10.0.648.204 Safari/534.16"
66.249.72.242 - - [20/Apr/2011:14:41:00 +0200] "GET /viewtopic.php?p=36301&sid=1cb3f4c43b048660af836c020e16d5a3 HTTP/1.1" 200 2002 "-" "Mozilla/5.0 (compatible; Googlebot/2.1; +http://www.google.com/bot.html)"
87.88.30.117 - - [20/Apr/2011:14:41:44 +0200] "GET / HTTP/1.1" 200 1995 "-" "Mozilla/5.0 (Windows NT 6.1; rv:2.0) Gecko/20100101 Firefox/4.0"
87.88.30.117 - - [20/Apr/2011:14:41:45 +0200] "GET / HTTP/1.1" 200 1995 "http://forum.rally-infernal.info/" "Mozilla/5.0 (Windows NT 6.1; rv:2.0) Gecko/20100101 Firefox/4.0"
66.249.72.242 - - [20/Apr/2011:14:42:05 +0200] "GET /viewtopic.php?p=70557&highlight=&sid=a72441ced225c43129cf98a9ea768edc HTTP/1.1" 200 2000 "-" "Mozilla/5.0 (compatible; Googlebot/2.1; +http://www.google.com/bot.html)"
66.249.72.242 - - [20/Apr/2011:14:43:52 +0200] "GET /viewtopic.php?p=67796&sid=1da626912a0c7895738f1ac9997016d4 HTTP/1.1" 200 2002 "-" "Mozilla/5.0 (compatible; Googlebot/2.1; +http://www.google.com/bot.html)"
66.249.66.146 - - [20/Apr/2011:14:44:03 +0200] "GET /viewtopic.php?p=14856&sid=a9651a8bfd6861ecfd02978744610a7e HTTP/1.1" 200 2002 "-" "Mozilla/5.0 (compatible; Googlebot/2.1; +http://www.google.com/bot.html)"
66.249.66.146 - - [20/Apr/2011:14:45:42 +0200] "GET /profile.php?mode=viewprofile&u=512&sid=4529d98990487a6d6cf24d29b1d3ad7a HTTP/1.1" 200 2003 "-" "Mozilla/5.0 (compatible; Googlebot/2.1; +http://www.google.com/bot.html)"
94.228.34.237 - - [20/Apr/2011:14:46:00 +0200] "GET /viewforum.php?f=32 HTTP/1.1" 200 2002 "-" "magpie-crawler/1.1 (U; Linux amd64; en-GB; +http://www.brandwatch.net)"
207.46.204.230 - - [20/Apr/2011:14:46:12 +0200] "GET /robots.txt HTTP/1.1" 404 208 "-" "Mozilla/5.0 (compatible; bingbot/2.0; +http://www.bing.com/bingbot.htm)"
77.204.38.72 - - [20/Apr/2011:14:46:28 +0200] "GET /AvatarsManager/deug21.jpg HTTP/1.1" 302 20 "http://www.trackmania.com/fr/forum/viewtopic.php?p=627026&sid=04d419899c72e2deea29e43604b1525b" "Mozilla/5.0 (Windows; U; Windows NT 6.1; en-US; Valve Steam GameOverlay; ) AppleWebKit/534.1 (KHTML, like Gecko) Chrome/6.0.444.0 Safari/534.1"
77.204.38.72 - - [20/Apr/2011:14:46:29 +0200] "GET /AvatarsManager/joueurs/deug21/1.png HTTP/1.1" 200 48858 "http://www.trackmania.com/fr/forum/viewtopic.php?p=627026&sid=04d419899c72e2deea29e43604b1525b" "Mozilla/5.0 (Windows; U; Windows NT 6.1; en-US; Valve Steam GameOverlay; ) AppleWebKit/534.1 (KHTML, like Gecko) Chrome/6.0.444.0 Safari/534.1"
66.249.66.146 - - [20/Apr/2011:14:46:43 +0200] "GET /search.php?search_author=Chicken%2303&sid=358af79c5b9bd87d19bb8b01a8e57c7b HTTP/1.1" 200 2001 "-" "Mozilla/5.0 (compatible; Googlebot/2.1; +http://www.google.com/bot.html)"
207.46.204.230 - - [20/Apr/2011:14:47:08 +0200] "GET /pdf/edition_4/commentairejury_mick.pdf HTTP/1.1" 404 202 "-" "Mozilla/5.0 (compatible; bingbot/2.0; +http://www.bing.com/bingbot.htm)"
66.249.66.146 - - [20/Apr/2011:14:49:35 +0200] "GET /viewtopic.php?t=1677&sid=270e573d1018f15abce727c969bcdb0e HTTP/1.1" 200 2001 "-" "Mozilla/5.0 (compatible; Googlebot/2.1; +http://www.google.com/bot.html)"
66.249.66.146 - - [20/Apr/2011:14:51:49 +0200] "GET /viewtopic.php?p=93378&sid=634b7ac65b36ab263a237e7358afa72b HTTP/1.1" 200 2003 "-" "Mozilla/5.0 (compatible; Googlebot/2.1; +http://www.google.com/bot.html)"
66.249.66.146 - - [20/Apr/2011:14:52:26 +0200] "GET /viewtopic.php?p=18479&sid=8a8ea776a965d9813f364586673fa94c HTTP/1.1" 200 2003 "-" "Mozilla/5.0 (compatible; Googlebot/2.1; +http://www.google.com/bot.html)"
66.249.72.242 - - [20/Apr/2011:14:54:06 +0200] "GET /viewtopic.php?p=27455&highlight=&sid=ba01a773257db397fe716b8050c9487e HTTP/1.1" 200 2003 "-" "Mozilla/5.0 (compatible; Googlebot/2.1; +http://www.google.com/bot.html)"
90.11.94.249 - - [20/Apr/2011:14:54:09 +0200] "GET /AvatarsManager/lakse.jpg HTTP/1.1" 302 20 "http://ragemachines.simplygaming.org/t220-notes-de-maj-v100108" "Mozilla/5.0 (Windows; U; Windows NT 6.1; en-US) AppleWebKit/534.16 (KHTML, like Gecko) Chrome/10.0.648.205 Safari/534.16"
90.11.94.249 - - [20/Apr/2011:14:54:09 +0200] "GET /AvatarsManager/joueurs/lakse/4.png HTTP/1.1" 200 63894 "http://ragemachines.simplygaming.org/t220-notes-de-maj-v100108" "Mozilla/5.0 (Windows; U; Windows NT 6.1; en-US) AppleWebKit/534.16 (KHTML, like Gecko) Chrome/10.0.648.205 Safari/534.16"
66.249.72.242 - - [20/Apr/2011:14:55:18 +0200] "GET /viewtopic.php?p=58319&sid=8f7a9bb8cb8495616aef1b8dbb29e498 HTTP/1.1" 200 2001 "-" "Mozilla/5.0 (compatible; Googlebot/2.1; +http://www.google.com/bot.html)"
66.249.66.146 - - [20/Apr/2011:14:57:56 +0200] "GET /viewtopic.php?p=106854&sid=d9cb37548279a4675ff7d7a605069c2e HTTP/1.1" 200 2003 "-" "Mozilla/5.0 (compatible; Googlebot/2.1; +http://www.google.com/bot.html)"
66.249.72.242 - - [20/Apr/2011:14:58:09 +0200] "GET /viewtopic.php?p=19421&sid=c8538d9697d5d16abf8cebff2ffe62b5 HTTP/1.1" 200 2001 "-" "Mozilla/5.0 (compatible; Googlebot/2.1; +http://www.google.com/bot.html)"
93.22.186.127 - - [20/Apr/2011:14:58:15 +0200] "GET /AvatarsManager/deug21.jpg HTTP/1.1" 302 20 "http://www.trackmania.com/fr/forum/viewtopic.php?p=198462&sid=94eaac41e6796041b1d3c645373da57f" "Mozilla/5.0 (Windows; U; Windows NT 5.1; fr; rv:1.9.2.16) Gecko/20110319 Firefox/3.6.16 (.NET CLR 3.5.30729)"
93.22.186.127 - - [20/Apr/2011:14:58:16 +0200] "GET /AvatarsManager/joueurs/deug21/1.png HTTP/1.1" 200 48858 "http://www.trackmania.com/fr/forum/viewtopic.php?p=198462&sid=94eaac41e6796041b1d3c645373da57f" "Mozilla/5.0 (Windows; U; Windows NT 5.1; fr; rv:1.9.2.16) Gecko/20110319 Firefox/3.6.16 (.NET CLR 3.5.30729)"
93.22.186.127 - - [20/Apr/2011:14:58:19 +0200] "GET /AvatarsManager/deug21.jpg HTTP/1.1" 302 20 "http://www.trackmania.com/fr/forum/viewtopic.php?p=198462&sid=94eaac41e6796041b1d3c645373da57f" "Mozilla/5.0 (Windows; U; Windows NT 5.1; fr; rv:1.9.2.16) Gecko/20110319 Firefox/3.6.16 (.NET CLR 3.5.30729)"
109.230.246.33 - - [20/Apr/2011:14:59:15 +0200] "GET /index.php HTTP/1.0" 200 6354 "http://forum.rally-infernal.info/index.php" "Mozilla/4.0 (compatible; MSIE 6.0; Windows NT 5.1; .NET CLR 1.1.4322)"
109.230.246.33 - - [20/Apr/2011:14:59:19 +0200] "GET /profile.php?mode=register&sid=9488abc2003a2789486af867ae227975 HTTP/1.0" 200 5861 "http://forum.rally-infernal.info/profile.php?mode=register&sid=9488abc2003a2789486af867ae227975" "Mozilla/4.0 (compatible; MSIE 6.0; Windows NT 5.1; .NET CLR 1.1.4322)"
160.92.7.69 - - [20/Apr/2011:14:59:31 +0200] "GET / HTTP/1.0" 200 2010 "-" "Mozilla/5.0 (Windows; U; Windows NT 5.1; fr; rv:1.9.2.16) Gecko/20110319 Firefox/3.6.16"
66.249.66.146 - - [20/Apr/2011:14:59:52 +0200] "GET /viewtopic.php?p=12923&sid=ab63343396c33197bc277cdd520ee1e4 HTTP/1.1" 200 2002 "-" "Mozilla/5.0 (compatible; Googlebot/2.1; +http://www.google.com/bot.html)"
66.249.66.146 - - [20/Apr/2011:15:01:01 +0200] "GET /viewtopic.php?p=4851&sid=e022ec9a3d305dab1957a88f0334bc63 HTTP/1.1" 200 2002 "-" "Mozilla/5.0 (compatible; Googlebot/2.1; +http://www.google.com/bot.html)"
89.78.56.241 - - [20/Apr/2011:15:01:01 +0200] "GET /index.php HTTP/1.0" 200 6354 "http://forum.rally-infernal.info/index.php" "Opera/8.01 (Windows NT 5.1)"
89.78.56.241 - - [20/Apr/2011:15:01:17 +0200] "GET /profile.php?mode=register&sid=353040b94e0b33eb46e1b5d31f38e96b HTTP/1.0" 200 5861 "http://forum.rally-infernal.info/profile.php?mode=register&sid=353040b94e0b33eb46e1b5d31f38e96b" "Opera/8.01 (Windows NT 5.1)"
222.91.236.222 - - [20/Apr/2011:15:02:21 +0200] "GET /index.php HTTP/1.0" 200 6354 "http://forum.rally-infernal.info/index.php" "Mozilla/4.0 (compatible; MSIE 6.0; Windows NT 5.1; MRA 4.3 (build 01218); .NET CLR 1.1.4322)"
222.91.236.222 - - [20/Apr/2011:15:02:22 +0200] "GET /profile.php?mode=register&sid=77267d8db53080beb31e405a521452d2 HTTP/1.0" 200 5861 "http://forum.rally-infernal.info/profile.php?mode=register&sid=77267d8db53080beb31e405a521452d2" "Mozilla/4.0 (compatible; MSIE 6.0; Windows NT 5.1; MRA 4.3 (build 01218); .NET CLR 1.1.4322)"
160.92.7.69 - - [20/Apr/2011:15:03:33 +0200] "GET / HTTP/1.0" 200 1993 "-" "Mozilla/5.0 (Windows; U; Windows NT 5.1; fr; rv:1.9.2.16) Gecko/20110319 Firefox/3.6.16"
160.92.7.69 - - [20/Apr/2011:15:03:49 +0200] "GET / HTTP/1.0" 200 1993 "-" "Mozilla/5.0 (Windows; U; Windows NT 5.1; fr; rv:1.9.2.16) Gecko/20110319 Firefox/3.6.16"
160.92.7.69 - - [20/Apr/2011:15:03:51 +0200] "GET /profile.php?mode=editprofile HTTP/1.0" 200 1993 "http://forum.rally-infernal.info/" "Mozilla/5.0 (Windows; U; Windows NT 5.1; fr; rv:1.9.2.16) Gecko/20110319 Firefox/3.6.16"
66.249.72.242 - - [20/Apr/2011:15:03:52 +0200] "GET /viewtopic.php?p=99799&sid=b9eea03bcb7b66d6735456c00e39881e HTTP/1.1" 200 1999 "-" "Mozilla/5.0 (compatible; Googlebot/2.1; +http://www.google.com/bot.html)"
160.92.7.69 - - [20/Apr/2011:15:03:52 +0200] "GET /privmsg.php?folder=inbox HTTP/1.0" 200 1993 "http://forum.rally-infernal.info/profile.php?mode=editprofile" "Mozilla/5.0 (Windows; U; Windows NT 5.1; fr; rv:1.9.2.16) Gecko/20110319 Firefox/3.6.16"
66.249.72.242 - - [20/Apr/2011:15:03:53 +0200] "GET /viewtopic.php?p=12275&highlight=&sid=0a030923fc87756ce46bc0ee0eb07bcd HTTP/1.1" 200 2003 "-" "Mozilla/5.0 (compatible; Googlebot/2.1; +http://www.google.com/bot.html)"
160.92.7.69 - - [20/Apr/2011:15:03:55 +0200] "GET /faq.php HTTP/1.0" 200 1993 "http://forum.rally-infernal.info/privmsg.php?folder=inbox" "Mozilla/5.0 (Windows; U; Windows NT 5.1; fr; rv:1.9.2.16) Gecko/20110319 Firefox/3.6.16"
160.92.7.69 - - [20/Apr/2011:15:03:57 +0200] "GET /memberlist.php HTTP/1.0" 200 1993 "http://forum.rally-infernal.info/faq.php" "Mozilla/5.0 (Windows; U; Windows NT 5.1; fr; rv:1.9.2.16) Gecko/20110319 Firefox/3.6.16"
160.92.7.69 - - [20/Apr/2011:15:03:59 +0200] "GET /groupcp.php HTTP/1.0" 200 1993 "http://forum.rally-infernal.info/memberlist.php" "Mozilla/5.0 (Windows; U; Windows NT 5.1; fr; rv:1.9.2.16) Gecko/20110319 Firefox/3.6.16"
160.92.7.69 - - [20/Apr/2011:15:04:00 +0200] "GET / HTTP/1.0" 200 1993 "http://forum.rally-infernal.info/groupcp.php" "Mozilla/5.0 (Windows; U; Windows NT 5.1; fr; rv:1.9.2.16) Gecko/20110319 Firefox/3.6.16"
66.249.66.146 - - [20/Apr/2011:15:04:02 +0200] "GET /viewtopic.php?p=119369&sid=1a8b12dea0f165c9d06479354929df02 HTTP/1.1" 200 2002 "-" "Mozilla/5.0 (compatible; Googlebot/2.1; +http://www.google.com/bot.html)"
195.101.137.28 - - [20/Apr/2011:15:04:11 +0200] "GET /viewtopic.php?t=2515 HTTP/1.1" 200 6354 "http://www.google.fr/imgres?imgurl=http://supapeper.free.fr/Perso/Rally-infernal/Tutorial/Carbon-1024x768.png&imgrefurl=http://forum.rally-infernal.info/viewtopic.php%3Ft%3D2515&usg=__tzh2bAwBJK4EU9RxUKZHiGng47M=&h=768&w=1024&sz=153&hl=fr&start=6&zoom=1&tbnid=Xla3p4h_jwvvhM:&tbnh=113&tbnw=150&ei=v9muTfC4AcWp8APvnNzhBA&prev=/search%3Fq%3Dlogo%2Bcarbon%26um%3D1%26hl%3Dfr%26safe%3Doff%26sa%3DN%26tbs%3Disz:l%26tbm%3Disch&um=1&itbs=1" "Mozilla/4.0 (compatible; MSIE 6.0; Windows NT 5.1; SV1)"
195.101.137.28 - - [20/Apr/2011:15:04:11 +0200] "GET /index.php?sid=094fc26265823a2fe33d57052c3e64ad HTTP/1.1" 200 6354 "-" "Mozilla/4.0 (compatible;)"
195.101.137.28 - - [20/Apr/2011:15:04:11 +0200] "GET /search.php?sid=094fc26265823a2fe33d57052c3e64ad HTTP/1.1" 200 6354 "-" "Mozilla/4.0 (compatible;)"
195.101.137.28 - - [20/Apr/2011:15:04:11 +0200] "GET /viewtopic.php?t=2515 HTTP/1.1" 200 6354 "http://www.google.fr/imgres?imgurl=http://supapeper.free.fr/Perso/Rally-infernal/Tutorial/Carbon-1024x768.png&imgrefurl=http://forum.rally-infernal.info/viewtopic.php%3Ft%3D2515&usg=__tzh2bAwBJK4EU9RxUKZHiGng47M=&h=768&w=1024&sz=153&hl=fr&start=6&zoom=1&tbnid=Xla3p4h_jwvvhM:&tbnh=113&tbnw=150&ei=v9muTfC4AcWp8APvnNzhBA&prev=/search%3Fq%3Dlogo%2Bcarbon%26um%3D1%26hl%3Dfr%26safe%3Doff%26sa%3DN%26tbs%3Disz:l%26tbm%3Disch&um=1&itbs=1" "Mozilla/4.0 (compatible; MSIE 6.0; Windows NT 5.1; SV1)"
