157.55.116.13 - - [20/Apr/2011:10:43:48 +0200] "GET /posting.php?mode=quote&p=12182 HTTP/1.1" 200 105 "-" "msnbot/2.0b (+http://search.msn.com/msnbot.htm)._"
157.55.116.13 - - [20/Apr/2011:10:43:50 +0200] "GET /posting.php?mode=quote&p=1345 HTTP/1.1" 200 105 "-" "msnbot/2.0b (+http://search.msn.com/msnbot.htm)._"
157.55.116.13 - - [20/Apr/2011:10:43:52 +0200] "GET /posting.php?mode=quote&p=15111 HTTP/1.1" 200 105 "-" "msnbot/2.0b (+http://search.msn.com/msnbot.htm)._"
157.55.116.13 - - [20/Apr/2011:10:43:55 +0200] "GET /posting.php?mode=quote&p=12079 HTTP/1.1" 200 105 "-" "msnbot/2.0b (+http://search.msn.com/msnbot.htm)._"
157.55.116.13 - - [20/Apr/2011:10:43:57 +0200] "GET /posting.php?mode=quote&p=17840 HTTP/1.1" 200 105 "-" "msnbot/2.0b (+http://search.msn.com/msnbot.htm)._"
157.55.116.13 - - [20/Apr/2011:10:44:00 +0200] "GET /posting.php?mode=quote&p=21149 HTTP/1.1" 200 105 "-" "msnbot/2.0b (+http://search.msn.com/msnbot.htm)._"
157.55.116.13 - - [20/Apr/2011:10:44:02 +0200] "GET /posting.php?mode=quote&p=102398 HTTP/1.1" 200 105 "-" "msnbot/2.0b (+http://search.msn.com/msnbot.htm)._"
157.55.116.13 - - [20/Apr/2011:10:44:05 +0200] "GET /posting.php?mode=quote&p=111045 HTTP/1.1" 200 105 "-" "msnbot/2.0b (+http://search.msn.com/msnbot.htm)._"
157.55.116.13 - - [20/Apr/2011:10:44:07 +0200] "GET /posting.php?mode=quote&p=112249 HTTP/1.1" 200 105 "-" "msnbot/2.0b (+http://search.msn.com/msnbot.htm)._"
157.55.116.13 - - [20/Apr/2011:10:44:09 +0200] "GET /posting.php?mode=quote&p=110428 HTTP/1.1" 200 105 "-" "msnbot/2.0b (+http://search.msn.com/msnbot.htm)._"
157.55.116.13 - - [20/Apr/2011:10:44:12 +0200] "GET /posting.php?mode=quote&p=11011 HTTP/1.1" 200 105 "-" "msnbot/2.0b (+http://search.msn.com/msnbot.htm)._"
157.55.116.13 - - [20/Apr/2011:10:44:13 +0200] "GET /posting.php?mode=quote&p=114186 HTTP/1.1" 200 105 "-" "msnbot/2.0b (+http://search.msn.com/msnbot.htm)._"
157.55.116.13 - - [20/Apr/2011:10:44:15 +0200] "GET /posting.php?mode=quote&p=39048 HTTP/1.1" 200 105 "-" "msnbot/2.0b (+http://search.msn.com/msnbot.htm)._"
157.55.116.13 - - [20/Apr/2011:10:44:17 +0200] "GET /viewtopic.php?t=1366&view=next HTTP/1.1" 200 105 "-" "msnbot/2.0b (+http://search.msn.com/msnbot.htm)._"
157.55.116.13 - - [20/Apr/2011:10:44:20 +0200] "GET /posting.php?mode=quote&p=112589 HTTP/1.1" 200 105 "-" "msnbot/2.0b (+http://search.msn.com/msnbot.htm)._"
157.55.116.13 - - [20/Apr/2011:10:44:22 +0200] "GET /posting.php?mode=quote&p=112526 HTTP/1.1" 200 105 "-" "msnbot/2.0b (+http://search.msn.com/msnbot.htm)._"
157.55.116.13 - - [20/Apr/2011:10:44:25 +0200] "GET /posting.php?mode=reply&t=2697 HTTP/1.1" 200 105 "-" "msnbot/2.0b (+http://search.msn.com/msnbot.htm)._"
157.55.116.13 - - [20/Apr/2011:10:44:27 +0200] "GET /posting.php?mode=quote&p=107448 HTTP/1.1" 200 105 "-" "msnbot/2.0b (+http://search.msn.com/msnbot.htm)._"
157.55.116.13 - - [20/Apr/2011:10:44:30 +0200] "GET /viewtopic.php?t=2973&highlight= HTTP/1.1" 200 105 "-" "msnbot/2.0b (+http://search.msn.com/msnbot.htm)._"
157.55.116.13 - - [20/Apr/2011:10:44:32 +0200] "GET /viewtopic.php?p=47369 HTTP/1.1" 200 105 "-" "msnbot/2.0b (+http://search.msn.com/msnbot.htm)._"
157.55.116.13 - - [20/Apr/2011:10:44:35 +0200] "GET /viewtopic.php?p=40094 HTTP/1.1" 200 105 "-" "msnbot/2.0b (+http://search.msn.com/msnbot.htm)._"
157.55.116.13 - - [20/Apr/2011:10:44:37 +0200] "GET /viewtopic.php?p=83810 HTTP/1.1" 200 105 "-" "msnbot/2.0b (+http://search.msn.com/msnbot.htm)._"
157.55.116.13 - - [20/Apr/2011:10:44:40 +0200] "GET /posting.php?mode=quote&p=102947 HTTP/1.1" 200 105 "-" "msnbot/2.0b (+http://search.msn.com/msnbot.htm)._"
157.55.116.13 - - [20/Apr/2011:10:44:42 +0200] "GET /viewtopic.php?p=39500 HTTP/1.1" 200 105 "-" "msnbot/2.0b (+http://search.msn.com/msnbot.htm)._"
157.55.116.13 - - [20/Apr/2011:10:44:44 +0200] "GET /viewtopic.php?t=1214&view=previous HTTP/1.1" 200 105 "-" "msnbot/2.0b (+http://search.msn.com/msnbot.htm)._"
157.55.116.13 - - [20/Apr/2011:10:44:45 +0200] "GET /posting.php?mode=quote&p=65529 HTTP/1.1" 200 105 "-" "msnbot/2.0b (+http://search.msn.com/msnbot.htm)._"
157.55.116.13 - - [20/Apr/2011:10:44:47 +0200] "GET /posting.php?mode=quote&p=22360 HTTP/1.1" 200 105 "-" "msnbot/2.0b (+http://search.msn.com/msnbot.htm)._"
157.55.116.13 - - [20/Apr/2011:10:44:49 +0200] "GET /posting.php?mode=quote&p=105146 HTTP/1.1" 200 105 "-" "msnbot/2.0b (+http://search.msn.com/msnbot.htm)._"
157.55.116.13 - - [20/Apr/2011:10:44:52 +0200] "GET /viewtopic.php?t=1891&view=next HTTP/1.1" 200 105 "-" "msnbot/2.0b (+http://search.msn.com/msnbot.htm)._"
157.55.116.13 - - [20/Apr/2011:10:44:55 +0200] "GET /posting.php?mode=quote&p=53382 HTTP/1.1" 200 105 "-" "msnbot/2.0b (+http://search.msn.com/msnbot.htm)._"
157.55.116.13 - - [20/Apr/2011:10:44:57 +0200] "GET /posting.php?mode=quote&p=506 HTTP/1.1" 200 105 "-" "msnbot/2.0b (+http://search.msn.com/msnbot.htm)._"
157.55.116.13 - - [20/Apr/2011:10:45:00 +0200] "GET /posting.php?mode=quote&p=81650 HTTP/1.1" 200 105 "-" "msnbot/2.0b (+http://search.msn.com/msnbot.htm)._"
157.55.116.13 - - [20/Apr/2011:10:45:02 +0200] "GET /posting.php?mode=quote&p=53146 HTTP/1.1" 200 105 "-" "msnbot/2.0b (+http://search.msn.com/msnbot.htm)._"
157.55.116.13 - - [20/Apr/2011:10:45:03 +0200] "GET /posting.php?mode=quote&p=12810 HTTP/1.1" 200 105 "-" "msnbot/2.0b (+http://search.msn.com/msnbot.htm)._"
157.55.116.13 - - [20/Apr/2011:10:45:05 +0200] "GET /posting.php?mode=quote&p=23136 HTTP/1.1" 200 105 "-" "msnbot/2.0b (+http://search.msn.com/msnbot.htm)._"
157.55.116.13 - - [20/Apr/2011:10:45:07 +0200] "GET /posting.php?mode=quote&p=74874 HTTP/1.1" 200 105 "-" "msnbot/2.0b (+http://search.msn.com/msnbot.htm)._"
157.55.116.13 - - [20/Apr/2011:10:45:10 +0200] "GET /viewtopic.php?p=16053 HTTP/1.1" 200 105 "-" "msnbot/2.0b (+http://search.msn.com/msnbot.htm)._"
157.55.116.13 - - [20/Apr/2011:10:45:12 +0200] "GET /posting.php?mode=quote&p=85517 HTTP/1.1" 200 105 "-" "msnbot/2.0b (+http://search.msn.com/msnbot.htm)._"
157.55.116.13 - - [20/Apr/2011:10:45:13 +0200] "GET /viewtopic.php?t=1976 HTTP/1.1" 200 105 "-" "msnbot/2.0b (+http://search.msn.com/msnbot.htm)._"
157.55.116.13 - - [20/Apr/2011:10:45:15 +0200] "GET /viewtopic.php?p=114807&highlight= HTTP/1.1" 200 105 "-" "msnbot/2.0b (+http://search.msn.com/msnbot.htm)._"
157.55.116.13 - - [20/Apr/2011:10:45:17 +0200] "GET /posting.php?mode=quote&p=99747 HTTP/1.1" 200 105 "-" "msnbot/2.0b (+http://search.msn.com/msnbot.htm)._"
157.55.116.13 - - [20/Apr/2011:10:45:19 +0200] "GET /viewtopic.php?p=35642 HTTP/1.1" 200 105 "-" "msnbot/2.0b (+http://search.msn.com/msnbot.htm)._"
157.55.116.13 - - [20/Apr/2011:10:45:22 +0200] "GET /posting.php?mode=quote&p=85294 HTTP/1.1" 200 105 "-" "msnbot/2.0b (+http://search.msn.com/msnbot.htm)._"
157.55.116.13 - - [20/Apr/2011:10:45:24 +0200] "GET /viewtopic.php?p=12721 HTTP/1.1" 200 105 "-" "msnbot/2.0b (+http://search.msn.com/msnbot.htm)._"
157.55.116.13 - - [20/Apr/2011:10:45:26 +0200] "GET /posting.php?mode=quote&p=85293 HTTP/1.1" 200 105 "-" "msnbot/2.0b (+http://search.msn.com/msnbot.htm)._"
157.55.116.13 - - [20/Apr/2011:10:45:28 +0200] "GET /posting.php?mode=quote&p=82287 HTTP/1.1" 200 105 "-" "msnbot/2.0b (+http://search.msn.com/msnbot.htm)._"
157.55.116.13 - - [20/Apr/2011:10:45:30 +0200] "GET /posting.php?mode=reply&t=2535 HTTP/1.1" 200 105 "-" "msnbot/2.0b (+http://search.msn.com/msnbot.htm)._"
157.55.116.13 - - [20/Apr/2011:10:45:32 +0200] "GET /posting.php?mode=quote&p=102075 HTTP/1.1" 200 105 "-" "msnbot/2.0b (+http://search.msn.com/msnbot.htm)._"
157.55.116.13 - - [20/Apr/2011:10:45:34 +0200] "GET /viewtopic.php?p=66979&highlight= HTTP/1.1" 200 105 "-" "msnbot/2.0b (+http://search.msn.com/msnbot.htm)._"
157.55.116.13 - - [20/Apr/2011:10:45:36 +0200] "GET /posting.php?mode=quote&p=93068 HTTP/1.1" 200 105 "-" "msnbot/2.0b (+http://search.msn.com/msnbot.htm)._"
157.55.116.13 - - [20/Apr/2011:10:45:38 +0200] "GET /posting.php?mode=quote&p=40255 HTTP/1.1" 200 105 "-" "msnbot/2.0b (+http://search.msn.com/msnbot.htm)._"
157.55.116.13 - - [20/Apr/2011:10:45:39 +0200] "GET /posting.php?mode=quote&p=1069 HTTP/1.1" 200 105 "-" "msnbot/2.0b (+http://search.msn.com/msnbot.htm)._"
157.55.116.13 - - [20/Apr/2011:10:45:41 +0200] "GET /viewtopic.php?p=104134 HTTP/1.1" 200 105 "-" "msnbot/2.0b (+http://search.msn.com/msnbot.htm)._"
157.55.116.13 - - [20/Apr/2011:10:45:42 +0200] "GET /viewtopic.php?p=3520 HTTP/1.1" 200 105 "-" "msnbot/2.0b (+http://search.msn.com/msnbot.htm)._"
157.55.116.13 - - [20/Apr/2011:10:45:44 +0200] "GET /viewtopic.php?p=33785 HTTP/1.1" 200 105 "-" "msnbot/2.0b (+http://search.msn.com/msnbot.htm)._"
157.55.116.13 - - [20/Apr/2011:10:45:48 +0200] "GET /viewtopic.php?p=42039 HTTP/1.1" 200 105 "-" "msnbot/2.0b (+http://search.msn.com/msnbot.htm)._"
157.55.116.13 - - [20/Apr/2011:10:45:50 +0200] "GET /viewtopic.php?p=33992 HTTP/1.1" 200 105 "-" "msnbot/2.0b (+http://search.msn.com/msnbot.htm)._"
157.55.116.13 - - [20/Apr/2011:10:45:51 +0200] "GET /posting.php?mode=quote&p=32423 HTTP/1.1" 200 105 "-" "msnbot/2.0b (+http://search.msn.com/msnbot.htm)._"
157.55.116.13 - - [20/Apr/2011:10:45:54 +0200] "GET /viewtopic.php?p=30283 HTTP/1.1" 200 105 "-" "msnbot/2.0b (+http://search.msn.com/msnbot.htm)._"
157.55.116.13 - - [20/Apr/2011:10:45:56 +0200] "GET /posting.php?mode=quote&p=103235 HTTP/1.1" 200 105 "-" "msnbot/2.0b (+http://search.msn.com/msnbot.htm)._"
157.55.116.13 - - [20/Apr/2011:10:45:58 +0200] "GET /posting.php?mode=quote&p=102996 HTTP/1.1" 200 105 "-" "msnbot/2.0b (+http://search.msn.com/msnbot.htm)._"
157.55.116.13 - - [20/Apr/2011:10:46:00 +0200] "GET /viewtopic.php?t=2432&view=next HTTP/1.1" 200 105 "-" "msnbot/2.0b (+http://search.msn.com/msnbot.htm)._"
157.55.116.13 - - [20/Apr/2011:10:46:02 +0200] "GET /posting.php?mode=quote&p=113678 HTTP/1.1" 200 105 "-" "msnbot/2.0b (+http://search.msn.com/msnbot.htm)._"
157.55.116.13 - - [20/Apr/2011:10:46:05 +0200] "GET /posting.php?mode=quote&p=68385 HTTP/1.1" 200 105 "-" "msnbot/2.0b (+http://search.msn.com/msnbot.htm)._"
157.55.116.13 - - [20/Apr/2011:10:46:07 +0200] "GET /posting.php?mode=quote&p=53733 HTTP/1.1" 200 105 "-" "msnbot/2.0b (+http://search.msn.com/msnbot.htm)._"
157.55.116.13 - - [20/Apr/2011:10:46:10 +0200] "GET /posting.php?mode=quote&p=88497 HTTP/1.1" 200 105 "-" "msnbot/2.0b (+http://search.msn.com/msnbot.htm)._"
157.55.116.13 - - [20/Apr/2011:10:46:13 +0200] "GET /posting.php?mode=quote&p=6425 HTTP/1.1" 200 105 "-" "msnbot/2.0b (+http://search.msn.com/msnbot.htm)._"
157.55.116.13 - - [20/Apr/2011:10:46:15 +0200] "GET /posting.php?mode=quote&p=41027 HTTP/1.1" 200 105 "-" "msnbot/2.0b (+http://search.msn.com/msnbot.htm)._"
157.55.116.13 - - [20/Apr/2011:10:46:17 +0200] "GET /viewtopic.php?p=68338 HTTP/1.1" 200 105 "-" "msnbot/2.0b (+http://search.msn.com/msnbot.htm)._"
157.55.116.13 - - [20/Apr/2011:10:46:19 +0200] "GET /posting.php?mode=quote&p=28786 HTTP/1.1" 200 105 "-" "msnbot/2.0b (+http://search.msn.com/msnbot.htm)._"
157.55.116.13 - - [20/Apr/2011:10:46:21 +0200] "GET /posting.php?mode=quote&p=63921 HTTP/1.1" 200 105 "-" "msnbot/2.0b (+http://search.msn.com/msnbot.htm)._"
157.55.116.13 - - [20/Apr/2011:10:46:25 +0200] "GET /posting.php?mode=quote&p=922 HTTP/1.1" 200 105 "-" "msnbot/2.0b (+http://search.msn.com/msnbot.htm)._"
157.55.116.13 - - [20/Apr/2011:10:46:27 +0200] "GET /viewtopic.php?p=110412 HTTP/1.1" 200 105 "-" "msnbot/2.0b (+http://search.msn.com/msnbot.htm)._"
157.55.116.13 - - [20/Apr/2011:10:46:30 +0200] "GET /posting.php?mode=quote&p=44527 HTTP/1.1" 200 105 "-" "msnbot/2.0b (+http://search.msn.com/msnbot.htm)._"
157.55.116.13 - - [20/Apr/2011:10:46:32 +0200] "GET /posting.php?mode=quote&p=45188 HTTP/1.1" 200 105 "-" "msnbot/2.0b (+http://search.msn.com/msnbot.htm)._"
157.55.116.13 - - [20/Apr/2011:10:46:34 +0200] "GET /posting.php?mode=quote&p=66935 HTTP/1.1" 200 105 "-" "msnbot/2.0b (+http://search.msn.com/msnbot.htm)._"
157.55.116.13 - - [20/Apr/2011:10:46:36 +0200] "GET /viewtopic.php?t=187&view=next HTTP/1.1" 200 105 "-" "msnbot/2.0b (+http://search.msn.com/msnbot.htm)._"
157.55.116.13 - - [20/Apr/2011:10:46:38 +0200] "GET /viewtopic.php?p=23223 HTTP/1.1" 200 105 "-" "msnbot/2.0b (+http://search.msn.com/msnbot.htm)._"
66.249.66.146 - - [20/Apr/2011:10:46:38 +0200] "GET /viewtopic.php?p=109145&sid=c8424b0984b7352eccdd2ae78a65eeb0 HTTP/1.1" 200 2002 "-" "Mozilla/5.0 (compatible; Googlebot/2.1; +http://www.google.com/bot.html)"
157.55.116.13 - - [20/Apr/2011:10:46:41 +0200] "GET /viewtopic.php?p=84125 HTTP/1.1" 200 105 "-" "msnbot/2.0b (+http://search.msn.com/msnbot.htm)._"
157.55.116.13 - - [20/Apr/2011:10:46:44 +0200] "GET /posting.php?mode=quote&p=3796 HTTP/1.1" 200 105 "-" "msnbot/2.0b (+http://search.msn.com/msnbot.htm)._"
157.55.116.13 - - [20/Apr/2011:10:46:47 +0200] "GET /viewtopic.php?p=28882 HTTP/1.1" 200 105 "-" "msnbot/2.0b (+http://search.msn.com/msnbot.htm)._"
157.55.116.13 - - [20/Apr/2011:10:46:50 +0200] "GET /viewtopic.php?p=33963 HTTP/1.1" 200 105 "-" "msnbot/2.0b (+http://search.msn.com/msnbot.htm)._"
157.55.116.13 - - [20/Apr/2011:10:46:52 +0200] "GET /viewtopic.php?p=38357 HTTP/1.1" 200 105 "-" "msnbot/2.0b (+http://search.msn.com/msnbot.htm)._"
157.55.116.13 - - [20/Apr/2011:10:46:53 +0200] "GET /viewtopic.php?p=27033 HTTP/1.1" 200 105 "-" "msnbot/2.0b (+http://search.msn.com/msnbot.htm)._"
157.55.116.13 - - [20/Apr/2011:10:46:54 +0200] "GET /viewtopic.php?p=84945 HTTP/1.1" 200 105 "-" "msnbot/2.0b (+http://search.msn.com/msnbot.htm)._"
157.55.116.13 - - [20/Apr/2011:10:46:57 +0200] "GET /posting.php?mode=quote&p=73499 HTTP/1.1" 200 105 "-" "msnbot/2.0b (+http://search.msn.com/msnbot.htm)._"
157.55.116.13 - - [20/Apr/2011:10:47:03 +0200] "GET /posting.php?mode=quote&p=39623 HTTP/1.1" 200 105 "-" "msnbot/2.0b (+http://search.msn.com/msnbot.htm)._"
157.55.116.13 - - [20/Apr/2011:10:47:05 +0200] "GET /posting.php?mode=quote&p=34000 HTTP/1.1" 200 105 "-" "msnbot/2.0b (+http://search.msn.com/msnbot.htm)._"
157.55.116.13 - - [20/Apr/2011:10:47:07 +0200] "GET /posting.php?mode=quote&p=89488 HTTP/1.1" 200 105 "-" "msnbot/2.0b (+http://search.msn.com/msnbot.htm)._"
157.55.116.13 - - [20/Apr/2011:10:47:09 +0200] "GET /posting.php?mode=quote&p=39106 HTTP/1.1" 200 105 "-" "msnbot/2.0b (+http://search.msn.com/msnbot.htm)._"
157.55.116.13 - - [20/Apr/2011:10:47:12 +0200] "GET /posting.php?mode=quote&p=6896 HTTP/1.1" 200 105 "-" "msnbot/2.0b (+http://search.msn.com/msnbot.htm)._"
157.55.116.13 - - [20/Apr/2011:10:47:15 +0200] "GET /viewtopic.php?t=909&view=next HTTP/1.1" 200 105 "-" "msnbot/2.0b (+http://search.msn.com/msnbot.htm)._"
157.55.116.13 - - [20/Apr/2011:10:47:17 +0200] "GET /posting.php?mode=quote&p=103063 HTTP/1.1" 200 105 "-" "msnbot/2.0b (+http://search.msn.com/msnbot.htm)._"
66.249.66.146 - - [20/Apr/2011:10:47:17 +0200] "GET /viewtopic.php?p=79461&sid=e428fe8d8b90fcb888a5e7488c9e3455 HTTP/1.1" 200 2001 "-" "Mozilla/5.0 (compatible; Googlebot/2.1; +http://www.google.com/bot.html)"
157.55.116.13 - - [20/Apr/2011:10:47:18 +0200] "GET /posting.php?mode=quote&p=92641 HTTP/1.1" 200 105 "-" "msnbot/2.0b (+http://search.msn.com/msnbot.htm)._"
157.55.116.13 - - [20/Apr/2011:10:47:20 +0200] "GET /posting.php?mode=quote&p=107460 HTTP/1.1" 200 105 "-" "msnbot/2.0b (+http://search.msn.com/msnbot.htm)._"
157.55.116.13 - - [20/Apr/2011:10:47:22 +0200] "GET /viewtopic.php?p=55708 HTTP/1.1" 200 105 "-" "msnbot/2.0b (+http://search.msn.com/msnbot.htm)._"
157.55.116.13 - - [20/Apr/2011:10:47:24 +0200] "GET /posting.php?mode=quote&p=67131 HTTP/1.1" 200 105 "-" "msnbot/2.0b (+http://search.msn.com/msnbot.htm)._"
157.55.116.13 - - [20/Apr/2011:10:47:26 +0200] "GET /posting.php?mode=quote&p=111703 HTTP/1.1" 200 105 "-" "msnbot/2.0b (+http://search.msn.com/msnbot.htm)._"
157.55.116.13 - - [20/Apr/2011:10:47:28 +0200] "GET /posting.php?mode=quote&p=38403 HTTP/1.1" 200 105 "-" "msnbot/2.0b (+http://search.msn.com/msnbot.htm)._"
157.55.116.13 - - [20/Apr/2011:10:47:29 +0200] "GET /posting.php?mode=quote&p=6564 HTTP/1.1" 200 105 "-" "msnbot/2.0b (+http://search.msn.com/msnbot.htm)._"
157.55.116.13 - - [20/Apr/2011:10:47:32 +0200] "GET /posting.php?mode=quote&p=65923 HTTP/1.1" 200 105 "-" "msnbot/2.0b (+http://search.msn.com/msnbot.htm)._"
157.55.116.13 - - [20/Apr/2011:10:47:34 +0200] "GET /posting.php?mode=quote&p=75081 HTTP/1.1" 200 105 "-" "msnbot/2.0b (+http://search.msn.com/msnbot.htm)._"
157.55.116.13 - - [20/Apr/2011:10:47:38 +0200] "GET /posting.php?mode=quote&p=37134 HTTP/1.1" 200 105 "-" "msnbot/2.0b (+http://search.msn.com/msnbot.htm)._"
157.55.116.13 - - [20/Apr/2011:10:47:40 +0200] "GET /posting.php?mode=quote&p=37801 HTTP/1.1" 200 105 "-" "msnbot/2.0b (+http://search.msn.com/msnbot.htm)._"
157.55.116.13 - - [20/Apr/2011:10:47:42 +0200] "GET /posting.php?mode=quote&p=44347 HTTP/1.1" 200 105 "-" "msnbot/2.0b (+http://search.msn.com/msnbot.htm)._"
157.55.116.13 - - [20/Apr/2011:10:47:44 +0200] "GET /viewtopic.php?p=87793 HTTP/1.1" 200 105 "-" "msnbot/2.0b (+http://search.msn.com/msnbot.htm)._"
157.55.116.13 - - [20/Apr/2011:10:47:47 +0200] "GET /posting.php?mode=quote&p=70255 HTTP/1.1" 200 105 "-" "msnbot/2.0b (+http://search.msn.com/msnbot.htm)._"
157.55.116.13 - - [20/Apr/2011:10:47:49 +0200] "GET /posting.php?mode=quote&p=51596 HTTP/1.1" 200 105 "-" "msnbot/2.0b (+http://search.msn.com/msnbot.htm)._"
157.55.116.13 - - [20/Apr/2011:10:47:52 +0200] "GET /posting.php?mode=quote&p=39697 HTTP/1.1" 200 105 "-" "msnbot/2.0b (+http://search.msn.com/msnbot.htm)._"
157.55.116.13 - - [20/Apr/2011:10:47:55 +0200] "GET /posting.php?mode=quote&p=45171 HTTP/1.1" 200 105 "-" "msnbot/2.0b (+http://search.msn.com/msnbot.htm)._"
157.55.116.13 - - [20/Apr/2011:10:47:57 +0200] "GET /posting.php?mode=quote&p=64541 HTTP/1.1" 200 105 "-" "msnbot/2.0b (+http://search.msn.com/msnbot.htm)._"
157.55.116.13 - - [20/Apr/2011:10:47:59 +0200] "GET /viewtopic.php?t=2068 HTTP/1.1" 200 105 "-" "msnbot/2.0b (+http://search.msn.com/msnbot.htm)._"
157.55.116.13 - - [20/Apr/2011:10:48:00 +0200] "GET /posting.php?mode=quote&p=36893 HTTP/1.1" 200 105 "-" "msnbot/2.0b (+http://search.msn.com/msnbot.htm)._"
157.55.116.13 - - [20/Apr/2011:10:48:03 +0200] "GET /viewtopic.php?p=48924 HTTP/1.1" 200 105 "-" "msnbot/2.0b (+http://search.msn.com/msnbot.htm)._"
157.55.116.13 - - [20/Apr/2011:10:48:05 +0200] "GET /viewtopic.php?p=28899 HTTP/1.1" 200 105 "-" "msnbot/2.0b (+http://search.msn.com/msnbot.htm)._"
157.55.116.13 - - [20/Apr/2011:10:48:07 +0200] "GET /posting.php?mode=quote&p=34465 HTTP/1.1" 200 105 "-" "msnbot/2.0b (+http://search.msn.com/msnbot.htm)._"
157.55.116.13 - - [20/Apr/2011:10:48:09 +0200] "GET /posting.php?mode=quote&p=64155 HTTP/1.1" 200 105 "-" "msnbot/2.0b (+http://search.msn.com/msnbot.htm)._"
157.55.116.13 - - [20/Apr/2011:10:48:10 +0200] "GET /posting.php?mode=quote&p=47109 HTTP/1.1" 200 105 "-" "msnbot/2.0b (+http://search.msn.com/msnbot.htm)._"
157.55.116.13 - - [20/Apr/2011:10:48:12 +0200] "GET /viewtopic.php?p=35487 HTTP/1.1" 200 105 "-" "msnbot/2.0b (+http://search.msn.com/msnbot.htm)._"
157.55.116.13 - - [20/Apr/2011:10:48:14 +0200] "GET /posting.php?mode=quote&p=113996 HTTP/1.1" 200 105 "-" "msnbot/2.0b (+http://search.msn.com/msnbot.htm)._"
157.55.116.13 - - [20/Apr/2011:10:48:16 +0200] "GET /viewtopic.php?p=59480 HTTP/1.1" 200 105 "-" "msnbot/2.0b (+http://search.msn.com/msnbot.htm)._"
157.55.116.13 - - [20/Apr/2011:10:48:18 +0200] "GET /viewtopic.php?p=80360 HTTP/1.1" 200 105 "-" "msnbot/2.0b (+http://search.msn.com/msnbot.htm)._"
157.55.116.13 - - [20/Apr/2011:10:48:20 +0200] "GET /viewtopic.php?p=23588 HTTP/1.1" 200 105 "-" "msnbot/2.0b (+http://search.msn.com/msnbot.htm)._"
157.55.116.13 - - [20/Apr/2011:10:48:22 +0200] "GET /posting.php?mode=quote&p=87305 HTTP/1.1" 200 105 "-" "msnbot/2.0b (+http://search.msn.com/msnbot.htm)._"
157.55.116.13 - - [20/Apr/2011:10:48:25 +0200] "GET /posting.php?mode=quote&p=68367 HTTP/1.1" 200 105 "-" "msnbot/2.0b (+http://search.msn.com/msnbot.htm)._"
157.55.116.13 - - [20/Apr/2011:10:48:26 +0200] "GET /viewtopic.php?t=1835&view=previous HTTP/1.1" 200 105 "-" "msnbot/2.0b (+http://search.msn.com/msnbot.htm)._"
157.55.116.13 - - [20/Apr/2011:10:48:28 +0200] "GET /posting.php?mode=quote&p=112565 HTTP/1.1" 200 105 "-" "msnbot/2.0b (+http://search.msn.com/msnbot.htm)._"
157.55.116.13 - - [20/Apr/2011:10:48:29 +0200] "GET /posting.php?mode=quote&p=62279 HTTP/1.1" 200 105 "-" "msnbot/2.0b (+http://search.msn.com/msnbot.htm)._"
157.55.116.13 - - [20/Apr/2011:10:48:31 +0200] "GET /viewtopic.php?p=78222 HTTP/1.1" 200 105 "-" "msnbot/2.0b (+http://search.msn.com/msnbot.htm)._"
157.55.116.13 - - [20/Apr/2011:10:48:33 +0200] "GET /viewtopic.php?p=99258 HTTP/1.1" 200 105 "-" "msnbot/2.0b (+http://search.msn.com/msnbot.htm)._"
157.55.116.13 - - [20/Apr/2011:10:48:36 +0200] "GET /posting.php?mode=quote&p=57737 HTTP/1.1" 200 105 "-" "msnbot/2.0b (+http://search.msn.com/msnbot.htm)._"
157.55.116.13 - - [20/Apr/2011:10:48:38 +0200] "GET /viewtopic.php?p=113837 HTTP/1.1" 200 105 "-" "msnbot/2.0b (+http://search.msn.com/msnbot.htm)._"
157.55.116.13 - - [20/Apr/2011:10:48:40 +0200] "GET /posting.php?mode=quote&p=80339 HTTP/1.1" 200 105 "-" "msnbot/2.0b (+http://search.msn.com/msnbot.htm)._"
157.55.116.13 - - [20/Apr/2011:10:48:42 +0200] "GET /viewtopic.php?p=104079 HTTP/1.1" 200 105 "-" "msnbot/2.0b (+http://search.msn.com/msnbot.htm)._"
157.55.116.13 - - [20/Apr/2011:10:48:44 +0200] "GET /viewtopic.php?p=69598 HTTP/1.1" 200 105 "-" "msnbot/2.0b (+http://search.msn.com/msnbot.htm)._"
157.55.116.13 - - [20/Apr/2011:10:48:46 +0200] "GET /viewtopic.php?p=106440 HTTP/1.1" 200 105 "-" "msnbot/2.0b (+http://search.msn.com/msnbot.htm)._"
157.55.116.13 - - [20/Apr/2011:10:48:48 +0200] "GET /viewtopic.php?p=99810 HTTP/1.1" 200 105 "-" "msnbot/2.0b (+http://search.msn.com/msnbot.htm)._"
157.55.116.13 - - [20/Apr/2011:10:48:51 +0200] "GET /viewtopic.php?p=99473 HTTP/1.1" 200 105 "-" "msnbot/2.0b (+http://search.msn.com/msnbot.htm)._"
157.55.116.13 - - [20/Apr/2011:10:48:53 +0200] "GET /viewtopic.php?p=93398 HTTP/1.1" 200 105 "-" "msnbot/2.0b (+http://search.msn.com/msnbot.htm)._"
157.55.116.13 - - [20/Apr/2011:10:48:55 +0200] "GET /viewtopic.php?p=71769 HTTP/1.1" 200 105 "-" "msnbot/2.0b (+http://search.msn.com/msnbot.htm)._"
66.249.66.146 - - [20/Apr/2011:10:48:57 +0200] "GET /viewtopic.php?t=2417&sid=634b7ac65b36ab263a237e7358afa72b HTTP/1.1" 200 2002 "-" "Mozilla/5.0 (compatible; Googlebot/2.1; +http://www.google.com/bot.html)"
157.55.116.13 - - [20/Apr/2011:10:48:58 +0200] "GET /viewtopic.php?p=107145 HTTP/1.1" 200 105 "-" "msnbot/2.0b (+http://search.msn.com/msnbot.htm)._"
157.55.116.13 - - [20/Apr/2011:10:49:00 +0200] "GET /viewtopic.php?p=19884 HTTP/1.1" 200 105 "-" "msnbot/2.0b (+http://search.msn.com/msnbot.htm)._"
157.55.116.13 - - [20/Apr/2011:10:49:03 +0200] "GET /viewtopic.php?p=100533 HTTP/1.1" 200 105 "-" "msnbot/2.0b (+http://search.msn.com/msnbot.htm)._"
157.55.116.13 - - [20/Apr/2011:10:49:05 +0200] "GET /viewtopic.php?p=100682 HTTP/1.1" 200 105 "-" "msnbot/2.0b (+http://search.msn.com/msnbot.htm)._"
157.55.116.13 - - [20/Apr/2011:10:49:07 +0200] "GET /viewtopic.php?p=70237 HTTP/1.1" 200 105 "-" "msnbot/2.0b (+http://search.msn.com/msnbot.htm)._"
157.55.116.13 - - [20/Apr/2011:10:49:09 +0200] "GET /viewtopic.php?p=79396 HTTP/1.1" 200 105 "-" "msnbot/2.0b (+http://search.msn.com/msnbot.htm)._"
157.55.116.13 - - [20/Apr/2011:10:49:10 +0200] "GET /posting.php?mode=quote&p=84666 HTTP/1.1" 200 105 "-" "msnbot/2.0b (+http://search.msn.com/msnbot.htm)._"
157.55.116.13 - - [20/Apr/2011:10:49:13 +0200] "GET /viewtopic.php?p=106687 HTTP/1.1" 200 105 "-" "msnbot/2.0b (+http://search.msn.com/msnbot.htm)._"
157.55.116.13 - - [20/Apr/2011:10:49:17 +0200] "GET /viewtopic.php?p=106063 HTTP/1.1" 200 105 "-" "msnbot/2.0b (+http://search.msn.com/msnbot.htm)._"
157.55.116.13 - - [20/Apr/2011:10:49:19 +0200] "GET /posting.php?mode=quote&p=93718 HTTP/1.1" 200 105 "-" "msnbot/2.0b (+http://search.msn.com/msnbot.htm)._"
157.55.116.13 - - [20/Apr/2011:10:49:22 +0200] "GET /viewtopic.php?p=105870 HTTP/1.1" 200 105 "-" "msnbot/2.0b (+http://search.msn.com/msnbot.htm)._"
157.55.116.13 - - [20/Apr/2011:10:49:25 +0200] "GET /viewtopic.php?p=105820 HTTP/1.1" 200 105 "-" "msnbot/2.0b (+http://search.msn.com/msnbot.htm)._"
157.55.116.13 - - [20/Apr/2011:10:49:27 +0200] "GET /viewtopic.php?p=68165 HTTP/1.1" 200 105 "-" "msnbot/2.0b (+http://search.msn.com/msnbot.htm)._"
157.55.116.13 - - [20/Apr/2011:10:49:28 +0200] "GET /viewtopic.php?p=102903 HTTP/1.1" 200 105 "-" "msnbot/2.0b (+http://search.msn.com/msnbot.htm)._"
157.55.116.13 - - [20/Apr/2011:10:49:30 +0200] "GET /posting.php?mode=quote&p=87591 HTTP/1.1" 200 105 "-" "msnbot/2.0b (+http://search.msn.com/msnbot.htm)._"
66.249.66.146 - - [20/Apr/2011:10:49:30 +0200] "GET /viewtopic.php?p=67382&sid=5c6f938706fe0490d89bc2572cc4a21a HTTP/1.1" 200 2002 "-" "Mozilla/5.0 (compatible; Googlebot/2.1; +http://www.google.com/bot.html)"
157.55.116.13 - - [20/Apr/2011:10:49:32 +0200] "GET /viewtopic.php?p=78923 HTTP/1.1" 200 105 "-" "msnbot/2.0b (+http://search.msn.com/msnbot.htm)._"
157.55.116.13 - - [20/Apr/2011:10:49:34 +0200] "GET /posting.php?mode=quote&p=61641 HTTP/1.1" 200 105 "-" "msnbot/2.0b (+http://search.msn.com/msnbot.htm)._"
157.55.116.13 - - [20/Apr/2011:10:49:36 +0200] "GET /viewtopic.php?p=7694 HTTP/1.1" 200 105 "-" "msnbot/2.0b (+http://search.msn.com/msnbot.htm)._"
94.228.34.233 - - [20/Apr/2011:10:50:33 +0200] "GET /viewforum.php?f=1 HTTP/1.1" 200 2002 "-" "magpie-crawler/1.1 (U; Linux amd64; en-GB; +http://www.brandwatch.net)"
94.228.34.233 - - [20/Apr/2011:10:50:34 +0200] "GET /viewforum.php?f=18 HTTP/1.1" 200 2001 "-" "magpie-crawler/1.1 (U; Linux amd64; en-GB; +http://www.brandwatch.net)"
207.46.204.197 - - [20/Apr/2011:10:50:53 +0200] "GET /robots.txt HTTP/1.1" 404 208 "-" "Mozilla/5.0 (compatible; bingbot/2.0; +http://www.bing.com/bingbot.htm)"
207.46.204.197 - - [20/Apr/2011:10:51:37 +0200] "GET / HTTP/1.1" 200 2004 "-" "Mozilla/5.0 (compatible; bingbot/2.0; +http://www.bing.com/bingbot.htm)"
66.249.66.146 - - [20/Apr/2011:10:52:21 +0200] "GET /viewtopic.php?p=99994&sid=0b55c7f41f008260b5731248ca898a44 HTTP/1.1" 200 2003 "-" "Mozilla/5.0 (compatible; Googlebot/2.1; +http://www.google.com/bot.html)"
90.38.14.165 - - [20/Apr/2011:10:52:59 +0200] "GET /AvatarsManager/deug21.jpg HTTP/1.1" 302 20 "http://www.trackmania.com/fr/forum/viewtopic.php?t=31592" "Mozilla/5.0 (Windows NT 5.1; rv:2.0) Gecko/20100101 Firefox/4.0"
66.249.72.242 - - [20/Apr/2011:10:55:12 +0200] "GET /viewtopic.php?t=1336&sid=634b7ac65b36ab263a237e7358afa72b HTTP/1.1" 200 2003 "-" "Mozilla/5.0 (compatible; Googlebot/2.1; +http://www.google.com/bot.html)"
66.249.66.146 - - [20/Apr/2011:10:55:13 +0200] "GET /viewtopic.php?p=112805&sid=a6eb6e35aeb553ab1430b999ab8cf51b HTTP/1.1" 200 2000 "-" "Mozilla/5.0 (compatible; Googlebot/2.1; +http://www.google.com/bot.html)"
92.148.147.171 - - [20/Apr/2011:10:55:37 +0200] "GET /AvatarsManager/deug21.jpg HTTP/1.1" 302 20 "http://www.trackmania.com/fr/forum/viewtopic.php?t=34755" "Mozilla/5.0 (Windows NT 5.1; rv:2.0) Gecko/20100101 Firefox/4.0"
92.148.147.171 - - [20/Apr/2011:10:55:37 +0200] "GET /AvatarsManager/joueurs/deug21/1.png HTTP/1.1" 200 48858 "http://www.trackmania.com/fr/forum/viewtopic.php?t=34755" "Mozilla/5.0 (Windows NT 5.1; rv:2.0) Gecko/20100101 Firefox/4.0"
90.38.14.165 - - [20/Apr/2011:10:55:37 +0200] "GET /AvatarsManager/deug21.jpg HTTP/1.1" 302 20 "http://www.trackmania.com/fr/forum/viewtopic.php?p=665675" "Mozilla/5.0 (Windows NT 5.1; rv:2.0) Gecko/20100101 Firefox/4.0"
94.228.34.233 - - [20/Apr/2011:10:55:38 +0200] "GET /viewforum.php?f=13 HTTP/1.1" 200 2002 "-" "magpie-crawler/1.1 (U; Linux amd64; en-GB; +http://www.brandwatch.net)"
94.228.34.233 - - [20/Apr/2011:10:55:38 +0200] "GET /viewforum.php?f=20 HTTP/1.1" 200 2003 "-" "magpie-crawler/1.1 (U; Linux amd64; en-GB; +http://www.brandwatch.net)"
94.228.34.233 - - [20/Apr/2011:10:55:38 +0200] "GET /viewforum.php?f=8 HTTP/1.1" 200 2002 "-" "magpie-crawler/1.1 (U; Linux amd64; en-GB; +http://www.brandwatch.net)"
95.108.158.232 - - [20/Apr/2011:10:55:40 +0200] "GET /images/smiles/icon_redface.gif HTTP/1.1" 304 - "-" "Mozilla/5.0 (compatible; YandexImages/3.0; +http://yandex.com/bots)"
92.148.147.171 - - [20/Apr/2011:10:56:53 +0200] "GET /AvatarsManager/deug21.jpg HTTP/1.1" 302 20 "http://www.trackmania.com/fr/forum/viewtopic.php?t=34755" "Mozilla/5.0 (Windows NT 5.1; rv:2.0) Gecko/20100101 Firefox/4.0"
113.140.207.227 - - [20/Apr/2011:10:58:00 +0200] "GET /index.php HTTP/1.0" 200 6354 "http://forum.rally-infernal.info/index.php" "Mozilla/4.0 (compatible; MSIE 6.0; Windows NT) ::ELNSB50::000061100320025802a00111000000000507000900000000"
113.140.207.227 - - [20/Apr/2011:10:58:03 +0200] "GET /profile.php?mode=register&sid=06eb6df325e02b25b4cb29891552b260 HTTP/1.0" 200 5861 "http://forum.rally-infernal.info/profile.php?mode=register&sid=06eb6df325e02b25b4cb29891552b260" "Mozilla/4.0 (compatible; MSIE 6.0; Windows NT) ::ELNSB50::000061100320025802a00111000000000507000900000000"
66.249.72.242 - - [20/Apr/2011:10:58:04 +0200] "GET /viewtopic.php?p=67160&sid=63bff5f4c87f8f3ec678b85a60717ce4 HTTP/1.1" 200 2001 "-" "Mozilla/5.0 (compatible; Googlebot/2.1; +http://www.google.com/bot.html)"
78.233.76.26 - - [20/Apr/2011:10:58:20 +0200] "GET /AvatarsManager/deug21.jpg HTTP/1.1" 302 20 "http://www.trackmania.com/fr/forum/viewtopic.php?t=34762" "Mozilla/5.0 (Windows NT 6.1; rv:2.0) Gecko/20100101 Firefox/4.0"
78.233.76.26 - - [20/Apr/2011:10:58:22 +0200] "GET /AvatarsManager/joueurs/deug21/1.png HTTP/1.1" 200 48858 "http://www.trackmania.com/fr/forum/viewtopic.php?t=34762" "Mozilla/5.0 (Windows NT 6.1; rv:2.0) Gecko/20100101 Firefox/4.0"
66.249.66.146 - - [20/Apr/2011:11:00:56 +0200] "GET /viewtopic.php?p=28488&sid=23915367e8185a906a5149423633e524 HTTP/1.1" 200 2001 "-" "Mozilla/5.0 (compatible; Googlebot/2.1; +http://www.google.com/bot.html)"
66.249.66.146 - - [20/Apr/2011:11:01:26 +0200] "GET /viewtopic.php?p=82251&sid=017afc1c82eab22b3de9e17360de4e5c HTTP/1.1" 200 2003 "-" "Mozilla/5.0 (compatible; Googlebot/2.1; +http://www.google.com/bot.html)"
94.228.34.233 - - [20/Apr/2011:11:01:36 +0200] "GET /viewforum.php?f=6 HTTP/1.1" 200 2002 "-" "magpie-crawler/1.1 (U; Linux amd64; en-GB; +http://www.brandwatch.net)"
213.251.189.204 - - [20/Apr/2011:11:02:43 +0200] "GET /images/smiles/icon_hap.gif HTTP/1.0" 200 178 "http://trackmania.com/fr/forum/posting.php?mode=topicreview&t=34755" "Opera/9.80 (Windows NT 5.1; U; fr) Presto/2.8.131 Version/11.10"
66.249.66.146 - - [20/Apr/2011:11:03:48 +0200] "GET /viewtopic.php?p=46379&sid=29ba1d041814e5c96bba6d378a25c54e HTTP/1.1" 200 2003 "-" "Mozilla/5.0 (compatible; Googlebot/2.1; +http://www.google.com/bot.html)"
213.251.189.204 - - [20/Apr/2011:11:05:06 +0200] "GET /images/smiles/icon_hap.gif HTTP/1.0" 200 178 "http://trackmania.com/fr/forum/posting.php?mode=topicreview&t=34755" "Opera/9.80 (Windows NT 5.1; U; fr) Presto/2.8.131 Version/11.10"
213.251.189.204 - - [20/Apr/2011:11:05:23 +0200] "GET /images/smiles/icon_hap.gif HTTP/1.0" 200 178 "http://trackmania.com/fr/forum/posting.php?mode=topicreview&t=34755" "Opera/9.80 (Windows NT 5.1; U; fr) Presto/2.8.131 Version/11.10"
213.251.189.204 - - [20/Apr/2011:11:06:00 +0200] "GET /images/smiles/icon_hap.gif HTTP/1.0" 200 178 "http://trackmania.com/fr/forum/posting.php?mode=topicreview&t=34755" "Opera/9.80 (Windows NT 5.1; U; fr) Presto/2.8.131 Version/11.10"
66.249.72.242 - - [20/Apr/2011:11:06:39 +0200] "GET /viewtopic.php?p=102453&sid=c18c12ae0a3fea5afe4556fdf50a57a0 HTTP/1.1" 200 2000 "-" "Mozilla/5.0 (compatible; Googlebot/2.1; +http://www.google.com/bot.html)"
213.251.189.204 - - [20/Apr/2011:11:07:01 +0200] "GET /images/smiles/icon_hap.gif HTTP/1.0" 200 178 "http://trackmania.com/fr/forum/posting.php?mode=topicreview&t=34755" "Opera/9.80 (Windows NT 5.1; U; fr) Presto/2.8.131 Version/11.10"
213.251.189.204 - - [20/Apr/2011:11:07:20 +0200] "GET /images/smiles/icon_hap.gif HTTP/1.0" 200 178 "http://trackmania.com/fr/forum/posting.php?mode=topicreview&t=34755" "Opera/9.80 (Windows NT 5.1; U; fr) Presto/2.8.131 Version/11.10"
87.88.30.117 - - [20/Apr/2011:11:07:33 +0200] "GET / HTTP/1.1" 200 2014 "-" "Mozilla/5.0 (Windows NT 6.1; rv:2.0) Gecko/20100101 Firefox/4.0"
87.88.30.117 - - [20/Apr/2011:11:07:37 +0200] "GET / HTTP/1.1" 200 1998 "http://forum.rally-infernal.info/" "Mozilla/5.0 (Windows NT 6.1; rv:2.0) Gecko/20100101 Firefox/4.0"
66.249.66.146 - - [20/Apr/2011:11:07:42 +0200] "GET /viewtopic.php?t=2381&start=30&sid=3a68778bee93dbf625dde4434de49927 HTTP/1.1" 200 1999 "-" "Mozilla/5.0 (compatible; Googlebot/2.1; +http://www.google.com/bot.html)"
69.163.96.2 - - [20/Apr/2011:11:08:12 +0200] "GET /index.php HTTP/1.1" 200 6354 "http://forum.rally-infernal.info/index.php" "Mozilla/4.0 (compatible; MSIE 6.0; Windows NT) ::ELNSB50::000061100320025802a00111000000000507000900000000"
69.163.96.2 - - [20/Apr/2011:11:08:23 +0200] "GET /profile.php?mode=register&sid=67e4839812bcdbfd388ae4417a47ce00 HTTP/1.1" 200 5861 "http://forum.rally-infernal.info/profile.php?mode=register&sid=67e4839812bcdbfd388ae4417a47ce00" "Mozilla/4.0 (compatible; MSIE 6.0; Windows NT) ::ELNSB50::000061100320025802a00111000000000507000900000000"
66.249.66.146 - - [20/Apr/2011:11:09:30 +0200] "GET /viewtopic.php?p=62396&sid=11d3f5b301557eb9672334837f4e4f15 HTTP/1.1" 200 2001 "-" "Mozilla/5.0 (compatible; Googlebot/2.1; +http://www.google.com/bot.html)"
95.108.158.232 - - [20/Apr/2011:11:10:44 +0200] "GET /images/smiles/icon_ha.gif HTTP/1.1" 304 - "-" "Mozilla/5.0 (compatible; YandexImages/3.0; +http://yandex.com/bots)"
95.64.11.43 - - [20/Apr/2011:11:11:35 +0200] "GET /index.php HTTP/1.0" 200 6354 "http://forum.rally-infernal.info/index.php" "Mozilla/4.0 (compatible; MSIE 6.0; Windows NT 5.0; .NET CLR 1.0.3705; .NET CLR 1.1.4322)"
95.64.11.43 - - [20/Apr/2011:11:11:36 +0200] "GET /profile.php?mode=register&sid=a49e065b800ba7b606a080c198b13259 HTTP/1.0" 200 5861 "http://forum.rally-infernal.info/profile.php?mode=register&sid=a49e065b800ba7b606a080c198b13259" "Mozilla/4.0 (compatible; MSIE 6.0; Windows NT 5.0; .NET CLR 1.0.3705; .NET CLR 1.1.4322)"
66.249.66.146 - - [20/Apr/2011:11:11:59 +0200] "GET /viewtopic.php?p=79450&sid=e428fe8d8b90fcb888a5e7488c9e3455 HTTP/1.1" 200 2003 "-" "Mozilla/5.0 (compatible; Googlebot/2.1; +http://www.google.com/bot.html)"
87.88.30.117 - - [20/Apr/2011:11:12:05 +0200] "GET / HTTP/1.1" 200 1998 "-" "Mozilla/5.0 (Windows NT 6.1; rv:2.0) Gecko/20100101 Firefox/4.0"
87.88.30.117 - - [20/Apr/2011:11:12:08 +0200] "GET / HTTP/1.1" 200 1998 "http://forum.rally-infernal.info/" "Mozilla/5.0 (Windows NT 6.1; rv:2.0) Gecko/20100101 Firefox/4.0"
66.249.66.146 - - [20/Apr/2011:11:12:22 +0200] "GET /viewtopic.php?p=108511&sid=090468fc058d0b1a5ad2bc161debfe52 HTTP/1.1" 200 2003 "-" "Mozilla/5.0 (compatible; Googlebot/2.1; +http://www.google.com/bot.html)"
66.249.72.242 - - [20/Apr/2011:11:13:57 +0200] "GET /viewtopic.php?t=2572 HTTP/1.1" 200 2001 "-" "Mozilla/5.0 (compatible; Googlebot/2.1; +http://www.google.com/bot.html)"
66.249.66.146 - - [20/Apr/2011:11:15:13 +0200] "GET /viewtopic.php?p=44748&sid=80a671ccd165af00ffd96916ee06ffad HTTP/1.1" 200 2002 "-" "Mozilla/5.0 (compatible; Googlebot/2.1; +http://www.google.com/bot.html)"
87.88.30.117 - - [20/Apr/2011:11:17:34 +0200] "GET / HTTP/1.1" 200 1998 "-" "Mozilla/5.0 (Windows NT 6.1; rv:2.0) Gecko/20100101 Firefox/4.0"
87.88.30.117 - - [20/Apr/2011:11:17:39 +0200] "GET / HTTP/1.1" 200 1060 "-" "Mozilla/5.0 (Windows NT 6.1; rv:2.0) Gecko/20100101 Firefox/4.0"
87.88.30.117 - - [20/Apr/2011:11:17:44 +0200] "GET /v4 HTTP/1.1" 404 176 "-" "Mozilla/5.0 (Windows NT 6.1; rv:2.0) Gecko/20100101 Firefox/4.0"
87.88.30.117 - - [20/Apr/2011:11:17:44 +0200] "GET /favicon.ico HTTP/1.1" 404 183 "-" "Mozilla/5.0 (Windows NT 6.1; rv:2.0) Gecko/20100101 Firefox/4.0"
87.88.30.117 - - [20/Apr/2011:11:17:44 +0200] "GET /favicon.ico HTTP/1.1" 404 183 "-" "Mozilla/5.0 (Windows NT 6.1; rv:2.0) Gecko/20100101 Firefox/4.0"
87.88.30.117 - - [20/Apr/2011:11:17:44 +0200] "GET /favicon.ico HTTP/1.1" 404 183 "-" "Mozilla/5.0 (Windows NT 6.1; rv:2.0) Gecko/20100101 Firefox/4.0"
66.249.66.146 - - [20/Apr/2011:11:18:05 +0200] "GET /viewtopic.php?p=83914&sid=8e3a67cdbf2abb9d09895ccca61ef08e HTTP/1.1" 200 2001 "-" "Mozilla/5.0 (compatible; Googlebot/2.1; +http://www.google.com/bot.html)"
160.92.7.69 - - [20/Apr/2011:11:20:08 +0200] "GET / HTTP/1.0" 200 2010 "-" "Mozilla/5.0 (Windows; U; Windows NT 5.1; fr; rv:1.9.2.16) Gecko/20110319 Firefox/3.6.16"
160.92.7.69 - - [20/Apr/2011:11:20:08 +0200] "GET /templates/rmstyle/images/lang_french/icon_mini_faq.png HTTP/1.0" 200 2638 "http://forum.rally-infernal.info/" "Mozilla/5.0 (Windows; U; Windows NT 5.1; fr; rv:1.9.2.16) Gecko/20110319 Firefox/3.6.16"
160.92.7.69 - - [20/Apr/2011:11:20:08 +0200] "GET /templates/rmstyle/images/lang_french/icon_mini_members.png HTTP/1.0" 200 3256 "http://forum.rally-infernal.info/" "Mozilla/5.0 (Windows; U; Windows NT 5.1; fr; rv:1.9.2.16) Gecko/20110319 Firefox/3.6.16"
160.92.7.69 - - [20/Apr/2011:11:20:08 +0200] "GET /templates/rmstyle/images/logo_rmstyle.jpg HTTP/1.0" 200 108363 "http://forum.rally-infernal.info/" "Mozilla/5.0 (Windows; U; Windows NT 5.1; fr; rv:1.9.2.16) Gecko/20110319 Firefox/3.6.16"
160.92.7.69 - - [20/Apr/2011:11:20:08 +0200] "GET /templates/rmstyle/images/lang_french/icon_mini_search.png HTTP/1.0" 200 2772 "http://forum.rally-infernal.info/" "Mozilla/5.0 (Windows; U; Windows NT 5.1; fr; rv:1.9.2.16) Gecko/20110319 Firefox/3.6.16"
80.11.151.136 - - [20/Apr/2011:11:20:08 +0200] "GET /images/smiles/icon_hap.gif HTTP/1.1" 200 178 "http://www.trackmania.com/fr/forum/posting.php?mode=topicreview&t=34755" "Mozilla/5.0 (Windows; U; Windows NT 6.1; en-US) AppleWebKit/534.16 (KHTML, like Gecko) Chrome/10.0.648.205 Safari/534.16"
160.92.7.69 - - [20/Apr/2011:11:20:09 +0200] "GET /templates/rmstyle/images/lang_french/icon_mini_groups.png HTTP/1.0" 200 3010 "http://forum.rally-infernal.info/" "Mozilla/5.0 (Windows; U; Windows NT 5.1; fr; rv:1.9.2.16) Gecko/20110319 Firefox/3.6.16"
160.92.7.69 - - [20/Apr/2011:11:20:09 +0200] "GET /templates/rmstyle/images/lang_french/icon_mini_profile.png HTTP/1.0" 200 2386 "http://forum.rally-infernal.info/" "Mozilla/5.0 (Windows; U; Windows NT 5.1; fr; rv:1.9.2.16) Gecko/20110319 Firefox/3.6.16"
160.92.7.69 - - [20/Apr/2011:11:20:09 +0200] "GET /templates/rmstyle/images/lang_french/icon_mini_logout.png HTTP/1.0" 200 2566 "http://forum.rally-infernal.info/" "Mozilla/5.0 (Windows; U; Windows NT 5.1; fr; rv:1.9.2.16) Gecko/20110319 Firefox/3.6.16"
160.92.7.69 - - [20/Apr/2011:11:20:09 +0200] "GET /templates/rmstyle/images/lang_french/icon_mini_message.png HTTP/1.0" 200 2464 "http://forum.rally-infernal.info/" "Mozilla/5.0 (Windows; U; Windows NT 5.1; fr; rv:1.9.2.16) Gecko/20110319 Firefox/3.6.16"
160.92.7.69 - - [20/Apr/2011:11:20:09 +0200] "GET /templates/rmstyle/images/lang_french/icon_mini_site.png HTTP/1.0" 200 2634 "http://forum.rally-infernal.info/" "Mozilla/5.0 (Windows; U; Windows NT 5.1; fr; rv:1.9.2.16) Gecko/20110319 Firefox/3.6.16"
66.249.72.242 - - [20/Apr/2011:11:20:56 +0200] "GET /viewtopic.php?p=73695&sid=7c745993d3bc4af7e4dbaa723e0847d5 HTTP/1.1" 200 2002 "-" "Mozilla/5.0 (compatible; Googlebot/2.1; +http://www.google.com/bot.html)"
81.0.215.241 - - [20/Apr/2011:11:22:28 +0200] "GET / HTTP/1.1" 200 2000 "http://www.google.cz/url?sa=t&source=web&cd=1&ved=0CBoQFjAA&url=http%3A%2F%2Fforum.rally-infernal.info%2F&rct=j&q=rally%20men%20trackmania&ei=z6WuTdVhhPWyBtSvlNcM&usg=AFQjCNGdEOF2tH0oDrwyyWcROsxxecvOUQ" "Mozilla/4.0 (compatible; MSIE 8.0; Windows NT 5.1; Trident/4.0; GTB6.6; .NET CLR 2.0.50727; .NET CLR 3.0.4506.2152; .NET CLR 3.5.30729; .NET CLR 1.1.4322; InfoPath.1)"
81.0.215.241 - - [20/Apr/2011:11:22:28 +0200] "GET /templates/rmstyle/rmstyle.css HTTP/1.1" 200 3183 "http://forum.rally-infernal.info/" "Mozilla/4.0 (compatible; MSIE 8.0; Windows NT 5.1; Trident/4.0; GTB6.6; .NET CLR 2.0.50727; .NET CLR 3.0.4506.2152; .NET CLR 3.5.30729; .NET CLR 1.1.4322; InfoPath.1)"
81.0.215.241 - - [20/Apr/2011:11:22:29 +0200] "GET /templates/rmstyle/images/lang_french/icon_mini_faq.png HTTP/1.1" 200 2638 "http://forum.rally-infernal.info/" "Mozilla/4.0 (compatible; MSIE 8.0; Windows NT 5.1; Trident/4.0; GTB6.6; .NET CLR 2.0.50727; .NET CLR 3.0.4506.2152; .NET CLR 3.5.30729; .NET CLR 1.1.4322; InfoPath.1)"
81.0.215.241 - - [20/Apr/2011:11:22:29 +0200] "GET /templates/rmstyle/images/lang_french/icon_mini_members.png HTTP/1.1" 200 3256 "http://forum.rally-infernal.info/" "Mozilla/4.0 (compatible; MSIE 8.0; Windows NT 5.1; Trident/4.0; GTB6.6; .NET CLR 2.0.50727; .NET CLR 3.0.4506.2152; .NET CLR 3.5.30729; .NET CLR 1.1.4322; InfoPath.1)"
81.0.215.241 - - [20/Apr/2011:11:22:29 +0200] "GET /templates/rmstyle/images/lang_french/icon_mini_groups.png HTTP/1.1" 200 3010 "http://forum.rally-infernal.info/" "Mozilla/4.0 (compatible; MSIE 8.0; Windows NT 5.1; Trident/4.0; GTB6.6; .NET CLR 2.0.50727; .NET CLR 3.0.4506.2152; .NET CLR 3.5.30729; .NET CLR 1.1.4322; InfoPath.1)"
81.0.215.241 - - [20/Apr/2011:11:22:29 +0200] "GET /templates/rmstyle/images/lang_french/icon_mini_profile.png HTTP/1.1" 200 2386 "http://forum.rally-infernal.info/" "Mozilla/4.0 (compatible; MSIE 8.0; Windows NT 5.1; Trident/4.0; GTB6.6; .NET CLR 2.0.50727; .NET CLR 3.0.4506.2152; .NET CLR 3.5.30729; .NET CLR 1.1.4322; InfoPath.1)"
81.0.215.241 - - [20/Apr/2011:11:22:29 +0200] "GET /templates/rmstyle/images/lang_french/icon_mini_message.png HTTP/1.1" 200 2464 "http://forum.rally-infernal.info/" "Mozilla/4.0 (compatible; MSIE 8.0; Windows NT 5.1; Trident/4.0; GTB6.6; .NET CLR 2.0.50727; .NET CLR 3.0.4506.2152; .NET CLR 3.5.30729; .NET CLR 1.1.4322; InfoPath.1)"
81.0.215.241 - - [20/Apr/2011:11:22:29 +0200] "GET /templates/rmstyle/images/lang_french/icon_mini_login.png HTTP/1.1" 200 2281 "http://forum.rally-infernal.info/" "Mozilla/4.0 (compatible; MSIE 8.0; Windows NT 5.1; Trident/4.0; GTB6.6; .NET CLR 2.0.50727; .NET CLR 3.0.4506.2152; .NET CLR 3.5.30729; .NET CLR 1.1.4322; InfoPath.1)"
81.0.215.241 - - [20/Apr/2011:11:22:29 +0200] "GET /templates/rmstyle/images/lang_french/icon_mini_register.png HTTP/1.1" 200 2755 "http://forum.rally-infernal.info/" "Mozilla/4.0 (compatible; MSIE 8.0; Windows NT 5.1; Trident/4.0; GTB6.6; .NET CLR 2.0.50727; .NET CLR 3.0.4506.2152; .NET CLR 3.5.30729; .NET CLR 1.1.4322; InfoPath.1)"
81.0.215.241 - - [20/Apr/2011:11:22:29 +0200] "GET /templates/rmstyle/images/lang_french/icon_mini_search.png HTTP/1.1" 200 2772 "http://forum.rally-infernal.info/" "Mozilla/4.0 (compatible; MSIE 8.0; Windows NT 5.1; Trident/4.0; GTB6.6; .NET CLR 2.0.50727; .NET CLR 3.0.4506.2152; .NET CLR 3.5.30729; .NET CLR 1.1.4322; InfoPath.1)"
81.0.215.241 - - [20/Apr/2011:11:22:29 +0200] "GET /templates/rmstyle/images/lang_french/icon_mini_site.png HTTP/1.1" 200 2634 "http://forum.rally-infernal.info/" "Mozilla/4.0 (compatible; MSIE 8.0; Windows NT 5.1; Trident/4.0; GTB6.6; .NET CLR 2.0.50727; .NET CLR 3.0.4506.2152; .NET CLR 3.5.30729; .NET CLR 1.1.4322; InfoPath.1)"
81.0.215.241 - - [20/Apr/2011:11:22:28 +0200] "GET /templates/rmstyle/images/logo_rmstyle.jpg HTTP/1.1" 200 108363 "http://forum.rally-infernal.info/" "Mozilla/4.0 (compatible; MSIE 8.0; Windows NT 5.1; Trident/4.0; GTB6.6; .NET CLR 2.0.50727; .NET CLR 3.0.4506.2152; .NET CLR 3.5.30729; .NET CLR 1.1.4322; InfoPath.1)"
81.0.215.241 - - [20/Apr/2011:11:22:29 +0200] "GET /templates/rmstyle/images/bg_body.jpg HTTP/1.1" 200 103373 "http://forum.rally-infernal.info/" "Mozilla/4.0 (compatible; MSIE 8.0; Windows NT 5.1; Trident/4.0; GTB6.6; .NET CLR 2.0.50727; .NET CLR 3.0.4506.2152; .NET CLR 3.5.30729; .NET CLR 1.1.4322; InfoPath.1)"
81.0.215.241 - - [20/Apr/2011:11:22:29 +0200] "GET /templates/rmstyle/images/favicon.png HTTP/1.1" 200 974 "-" "Mozilla/4.0 (compatible; MSIE 8.0; Windows NT 5.1; Trident/4.0; GTB6.6; .NET CLR 2.0.50727; .NET CLR 3.0.4506.2152; .NET CLR 3.5.30729; .NET CLR 1.1.4322; InfoPath.1)"
77.233.106.86 - - [20/Apr/2011:11:22:32 +0200] "GET /AvatarsManager/kev717.jpg HTTP/1.1" 302 20 "http://www.trackmania.com/fr/forum/viewtopic.php?t=25877" "Mozilla/5.0 (Windows; U; Windows NT 6.1; fr; rv:1.9.2.16) Gecko/20110319 Firefox/3.6.16"
77.233.106.86 - - [20/Apr/2011:11:22:32 +0200] "GET /AvatarsManager/joueurs/kev717/1.png HTTP/1.1" 200 32187 "http://www.trackmania.com/fr/forum/viewtopic.php?t=25877" "Mozilla/5.0 (Windows; U; Windows NT 6.1; fr; rv:1.9.2.16) Gecko/20110319 Firefox/3.6.16"
81.0.215.241 - - [20/Apr/2011:11:22:33 +0200] "GET /profile.php?mode=editprofile&sid=4b7aea35551fac1c11ff6ede4d651493 HTTP/1.1" 200 1949 "http://forum.rally-infernal.info/" "Mozilla/4.0 (compatible; MSIE 8.0; Windows NT 5.1; Trident/4.0; GTB6.6; .NET CLR 2.0.50727; .NET CLR 3.0.4506.2152; .NET CLR 3.5.30729; .NET CLR 1.1.4322; InfoPath.1)"
81.0.215.241 - - [20/Apr/2011:11:22:33 +0200] "GET /templates/rmstyle/images/favicon.png HTTP/1.1" 200 974 "-" "Mozilla/4.0 (compatible; MSIE 8.0; Windows NT 5.1; Trident/4.0; GTB6.6; .NET CLR 2.0.50727; .NET CLR 3.0.4506.2152; .NET CLR 3.5.30729; .NET CLR 1.1.4322; InfoPath.1)"
81.0.215.241 - - [20/Apr/2011:11:22:34 +0200] "GET /groupcp.php HTTP/1.1" 200 1949 "http://forum.rally-infernal.info/profile.php?mode=editprofile&sid=4b7aea35551fac1c11ff6ede4d651493" "Mozilla/4.0 (compatible; MSIE 8.0; Windows NT 5.1; Trident/4.0; GTB6.6; .NET CLR 2.0.50727; .NET CLR 3.0.4506.2152; .NET CLR 3.5.30729; .NET CLR 1.1.4322; InfoPath.1)"
81.0.215.241 - - [20/Apr/2011:11:22:35 +0200] "GET /memberlist.php HTTP/1.1" 200 1949 "http://forum.rally-infernal.info/groupcp.php" "Mozilla/4.0 (compatible; MSIE 8.0; Windows NT 5.1; Trident/4.0; GTB6.6; .NET CLR 2.0.50727; .NET CLR 3.0.4506.2152; .NET CLR 3.5.30729; .NET CLR 1.1.4322; InfoPath.1)"
81.0.215.241 - - [20/Apr/2011:11:22:37 +0200] "GET /faq.php HTTP/1.1" 200 1949 "http://forum.rally-infernal.info/memberlist.php" "Mozilla/4.0 (compatible; MSIE 8.0; Windows NT 5.1; Trident/4.0; GTB6.6; .NET CLR 2.0.50727; .NET CLR 3.0.4506.2152; .NET CLR 3.5.30729; .NET CLR 1.1.4322; InfoPath.1)"
81.0.215.241 - - [20/Apr/2011:11:22:38 +0200] "GET /profile.php?mode=register HTTP/1.1" 200 1949 "http://forum.rally-infernal.info/faq.php" "Mozilla/4.0 (compatible; MSIE 8.0; Windows NT 5.1; Trident/4.0; GTB6.6; .NET CLR 2.0.50727; .NET CLR 3.0.4506.2152; .NET CLR 3.5.30729; .NET CLR 1.1.4322; InfoPath.1)"
81.0.215.241 - - [20/Apr/2011:11:22:39 +0200] "GET /login.php HTTP/1.1" 200 2340 "http://forum.rally-infernal.info/profile.php?mode=register" "Mozilla/4.0 (compatible; MSIE 8.0; Windows NT 5.1; Trident/4.0; GTB6.6; .NET CLR 2.0.50727; .NET CLR 3.0.4506.2152; .NET CLR 3.5.30729; .NET CLR 1.1.4322; InfoPath.1)"
81.0.215.241 - - [20/Apr/2011:11:22:39 +0200] "GET /images/abq_mod/admin/abq-button.gif HTTP/1.1" 200 225 "http://forum.rally-infernal.info/login.php" "Mozilla/4.0 (compatible; MSIE 8.0; Windows NT 5.1; Trident/4.0; GTB6.6; .NET CLR 2.0.50727; .NET CLR 3.0.4506.2152; .NET CLR 3.5.30729; .NET CLR 1.1.4322; InfoPath.1)"
81.0.215.241 - - [20/Apr/2011:11:22:40 +0200] "GET /privmsg.php?folder=inbox HTTP/1.1" 200 1949 "http://forum.rally-infernal.info/login.php" "Mozilla/4.0 (compatible; MSIE 8.0; Windows NT 5.1; Trident/4.0; GTB6.6; .NET CLR 2.0.50727; .NET CLR 3.0.4506.2152; .NET CLR 3.5.30729; .NET CLR 1.1.4322; InfoPath.1)"
81.0.215.241 - - [20/Apr/2011:11:22:42 +0200] "GET /login.php HTTP/1.1" 200 2340 "http://forum.rally-infernal.info/profile.php?mode=register" "Mozilla/4.0 (compatible; MSIE 8.0; Windows NT 5.1; Trident/4.0; GTB6.6; .NET CLR 2.0.50727; .NET CLR 3.0.4506.2152; .NET CLR 3.5.30729; .NET CLR 1.1.4322; InfoPath.1)"
66.249.66.146 - - [20/Apr/2011:11:23:48 +0200] "GET /viewtopic.php?p=28324&sid=4b497bafe493344d8a56ca59dd5cac05 HTTP/1.1" 200 1999 "-" "Mozilla/5.0 (compatible; Googlebot/2.1; +http://www.google.com/bot.html)"
95.108.158.232 - - [20/Apr/2011:11:25:59 +0200] "GET /templates/rmstyle/images/lang_french/icon_profile.gif HTTP/1.1" 304 - "-" "Mozilla/5.0 (compatible; YandexImages/3.0; +http://yandex.com/bots)"
87.88.30.117 - - [20/Apr/2011:11:26:05 +0200] "GET / HTTP/1.1" 200 1998 "-" "Mozilla/5.0 (Windows NT 6.1; rv:2.0) Gecko/20100101 Firefox/4.0"
1.52.114.5 - - [20/Apr/2011:11:26:22 +0200] "GET /AvatarsManager/lakse.jpg HTTP/1.1" 302 20 "http://ragemachines.simplygaming.org/t331-un-guide-brillant-lux-dame-de-lumiere" "Mozilla/5.0 (Windows; U; Windows NT 6.1; fr; rv:1.9.2.13) Gecko/20101203 Firefox/3.6.13"
66.249.66.146 - - [20/Apr/2011:11:26:27 +0200] "GET /viewtopic.php?p=95484&sid=0c14670e915aab40816336e8df6d4db0 HTTP/1.1" 200 2002 "-" "Mozilla/5.0 (compatible; Googlebot/2.1; +http://www.google.com/bot.html)"
89.90.74.232 - - [20/Apr/2011:11:26:29 +0200] "GET /images/smiles/icon_hap.gif HTTP/1.1" 200 178 "http://www.trackmania.com/fr/forum/posting.php?mode=topicreview&t=34755" "Mozilla/5.0 (Windows NT 6.1; rv:2.0) Gecko/20100101 Firefox/4.0"
66.249.66.146 - - [20/Apr/2011:11:26:39 +0200] "GET /viewtopic.php?p=106738&sid=25c62cdf6605262eb8850588a5431a09 HTTP/1.1" 200 2001 "-" "Mozilla/5.0 (compatible; Googlebot/2.1; +http://www.google.com/bot.html)"
160.92.7.69 - - [20/Apr/2011:11:26:52 +0200] "GET / HTTP/1.0" 200 1994 "-" "Mozilla/5.0 (Windows; U; Windows NT 5.1; fr; rv:1.9.2.16) Gecko/20110319 Firefox/3.6.16"
78.224.174.66 - - [20/Apr/2011:11:26:57 +0200] "GET /images/smiles/icon_hap.gif HTTP/1.1" 200 178 "http://www.trackmania.com/fr/forum/viewtopic.php?t=34755&postdays=0&postorder=asc&start=1050" "Mozilla/5.0 (Windows; U; Windows NT 6.1; en-US) AppleWebKit/534.16 (KHTML, like Gecko) Chrome/10.0.648.205 Safari/534.16"
157.55.116.13 - - [20/Apr/2011:11:27:36 +0200] "GET /posting.php?mode=quote&p=89642 HTTP/1.1" 200 105 "-" "msnbot/2.0b (+http://search.msn.com/msnbot.htm)._"
157.55.116.13 - - [20/Apr/2011:11:27:40 +0200] "GET /posting.php?mode=quote&p=83613 HTTP/1.1" 200 105 "-" "msnbot/2.0b (+http://search.msn.com/msnbot.htm)._"
157.55.116.13 - - [20/Apr/2011:11:27:41 +0200] "GET /viewtopic.php?t=2236&start=135 HTTP/1.1" 200 105 "-" "msnbot/2.0b (+http://search.msn.com/msnbot.htm)._"
