157.55.116.13 - - [20/Apr/2011:05:02:32 +0200] "GET /viewtopic.php?p=89829 HTTP/1.1" 200 105 "-" "msnbot/2.0b (+http://search.msn.com/msnbot.htm)._"
157.55.116.13 - - [20/Apr/2011:05:02:35 +0200] "GET /viewtopic.php?p=43951 HTTP/1.1" 200 105 "-" "msnbot/2.0b (+http://search.msn.com/msnbot.htm)._"
157.55.116.13 - - [20/Apr/2011:05:02:37 +0200] "GET /posting.php?mode=quote&p=109128 HTTP/1.1" 200 105 "-" "msnbot/2.0b (+http://search.msn.com/msnbot.htm)._"
157.55.116.13 - - [20/Apr/2011:05:02:40 +0200] "GET /viewtopic.php?p=20505 HTTP/1.1" 200 105 "-" "msnbot/2.0b (+http://search.msn.com/msnbot.htm)._"
157.55.116.13 - - [20/Apr/2011:05:02:42 +0200] "GET /posting.php?mode=quote&p=21368 HTTP/1.1" 200 105 "-" "msnbot/2.0b (+http://search.msn.com/msnbot.htm)._"
157.55.116.13 - - [20/Apr/2011:05:02:45 +0200] "GET /viewtopic.php?p=16595 HTTP/1.1" 200 105 "-" "msnbot/2.0b (+http://search.msn.com/msnbot.htm)._"
157.55.116.13 - - [20/Apr/2011:05:02:48 +0200] "GET /posting.php?mode=quote&p=95032 HTTP/1.1" 200 105 "-" "msnbot/2.0b (+http://search.msn.com/msnbot.htm)._"
157.55.116.13 - - [20/Apr/2011:05:02:51 +0200] "GET /viewtopic.php?p=3298 HTTP/1.1" 200 105 "-" "msnbot/2.0b (+http://search.msn.com/msnbot.htm)._"
157.55.116.13 - - [20/Apr/2011:05:02:54 +0200] "GET /viewtopic.php?p=47131 HTTP/1.1" 200 105 "-" "msnbot/2.0b (+http://search.msn.com/msnbot.htm)._"
157.55.116.13 - - [20/Apr/2011:05:02:57 +0200] "GET /viewtopic.php?p=27309 HTTP/1.1" 200 105 "-" "msnbot/2.0b (+http://search.msn.com/msnbot.htm)._"
157.55.116.13 - - [20/Apr/2011:05:02:59 +0200] "GET /posting.php?mode=quote&p=99051 HTTP/1.1" 200 105 "-" "msnbot/2.0b (+http://search.msn.com/msnbot.htm)._"
157.55.116.13 - - [20/Apr/2011:05:03:01 +0200] "GET /search.php?search_author=elisa HTTP/1.1" 200 105 "-" "msnbot/2.0b (+http://search.msn.com/msnbot.htm)._"
157.55.116.13 - - [20/Apr/2011:05:03:03 +0200] "GET /posting.php?mode=quote&p=18169 HTTP/1.1" 200 105 "-" "msnbot/2.0b (+http://search.msn.com/msnbot.htm)._"
157.55.116.13 - - [20/Apr/2011:05:03:04 +0200] "GET /posting.php?mode=quote&p=51549 HTTP/1.1" 200 105 "-" "msnbot/2.0b (+http://search.msn.com/msnbot.htm)._"
157.55.116.13 - - [20/Apr/2011:05:03:06 +0200] "GET /posting.php?mode=quote&p=103734 HTTP/1.1" 200 105 "-" "msnbot/2.0b (+http://search.msn.com/msnbot.htm)._"
157.55.116.13 - - [20/Apr/2011:05:03:08 +0200] "GET /viewtopic.php?p=112099 HTTP/1.1" 200 105 "-" "msnbot/2.0b (+http://search.msn.com/msnbot.htm)._"
157.55.116.13 - - [20/Apr/2011:05:03:09 +0200] "GET /viewtopic.php?p=111991 HTTP/1.1" 200 105 "-" "msnbot/2.0b (+http://search.msn.com/msnbot.htm)._"
157.55.116.13 - - [20/Apr/2011:05:03:10 +0200] "GET /viewtopic.php?p=15183 HTTP/1.1" 200 105 "-" "msnbot/2.0b (+http://search.msn.com/msnbot.htm)._"
157.55.116.13 - - [20/Apr/2011:05:03:12 +0200] "GET /posting.php?mode=quote&p=105627 HTTP/1.1" 200 105 "-" "msnbot/2.0b (+http://search.msn.com/msnbot.htm)._"
157.55.116.13 - - [20/Apr/2011:05:03:15 +0200] "GET /viewtopic.php?p=113300 HTTP/1.1" 200 105 "-" "msnbot/2.0b (+http://search.msn.com/msnbot.htm)._"
157.55.116.13 - - [20/Apr/2011:05:03:18 +0200] "GET /posting.php?mode=quote&p=46953 HTTP/1.1" 200 105 "-" "msnbot/2.0b (+http://search.msn.com/msnbot.htm)._"
157.55.116.13 - - [20/Apr/2011:05:03:21 +0200] "GET /viewtopic.php?p=75991 HTTP/1.1" 200 105 "-" "msnbot/2.0b (+http://search.msn.com/msnbot.htm)._"
157.55.116.13 - - [20/Apr/2011:05:03:25 +0200] "GET /viewtopic.php?p=102678 HTTP/1.1" 200 105 "-" "msnbot/2.0b (+http://search.msn.com/msnbot.htm)._"
157.55.116.13 - - [20/Apr/2011:05:03:28 +0200] "GET /viewtopic.php?p=70728 HTTP/1.1" 200 105 "-" "msnbot/2.0b (+http://search.msn.com/msnbot.htm)._"
157.55.116.13 - - [20/Apr/2011:05:03:31 +0200] "GET /viewtopic.php?p=103935 HTTP/1.1" 200 105 "-" "msnbot/2.0b (+http://search.msn.com/msnbot.htm)._"
157.55.116.13 - - [20/Apr/2011:05:03:34 +0200] "GET /viewtopic.php?p=81602 HTTP/1.1" 200 105 "-" "msnbot/2.0b (+http://search.msn.com/msnbot.htm)._"
157.55.116.13 - - [20/Apr/2011:05:03:38 +0200] "GET /viewtopic.php?p=111707 HTTP/1.1" 200 105 "-" "msnbot/2.0b (+http://search.msn.com/msnbot.htm)._"
157.55.116.13 - - [20/Apr/2011:05:03:41 +0200] "GET /viewtopic.php?t=2882&view=next HTTP/1.1" 200 105 "-" "msnbot/2.0b (+http://search.msn.com/msnbot.htm)._"
157.55.116.13 - - [20/Apr/2011:05:03:43 +0200] "GET /viewtopic.php?p=2209 HTTP/1.1" 200 105 "-" "msnbot/2.0b (+http://search.msn.com/msnbot.htm)._"
157.55.116.13 - - [20/Apr/2011:05:03:46 +0200] "GET /viewtopic.php?p=87729 HTTP/1.1" 200 105 "-" "msnbot/2.0b (+http://search.msn.com/msnbot.htm)._"
157.55.116.13 - - [20/Apr/2011:05:03:48 +0200] "GET /viewtopic.php?p=1142&highlight= HTTP/1.1" 200 105 "-" "msnbot/2.0b (+http://search.msn.com/msnbot.htm)._"
157.55.116.13 - - [20/Apr/2011:05:03:51 +0200] "GET /viewtopic.php?p=51582 HTTP/1.1" 200 105 "-" "msnbot/2.0b (+http://search.msn.com/msnbot.htm)._"
157.55.116.13 - - [20/Apr/2011:05:03:53 +0200] "GET /viewtopic.php?p=106460 HTTP/1.1" 200 105 "-" "msnbot/2.0b (+http://search.msn.com/msnbot.htm)._"
157.55.116.13 - - [20/Apr/2011:05:03:55 +0200] "GET /viewtopic.php?p=39890 HTTP/1.1" 200 105 "-" "msnbot/2.0b (+http://search.msn.com/msnbot.htm)._"
157.55.116.13 - - [20/Apr/2011:05:03:58 +0200] "GET /viewtopic.php?p=75328 HTTP/1.1" 200 105 "-" "msnbot/2.0b (+http://search.msn.com/msnbot.htm)._"
157.55.116.13 - - [20/Apr/2011:05:04:02 +0200] "GET /viewtopic.php?p=65418 HTTP/1.1" 200 105 "-" "msnbot/2.0b (+http://search.msn.com/msnbot.htm)._"
157.55.116.13 - - [20/Apr/2011:05:04:04 +0200] "GET /viewtopic.php?p=104963 HTTP/1.1" 200 105 "-" "msnbot/2.0b (+http://search.msn.com/msnbot.htm)._"
157.55.116.13 - - [20/Apr/2011:05:04:05 +0200] "GET /viewtopic.php?p=5704 HTTP/1.1" 200 105 "-" "msnbot/2.0b (+http://search.msn.com/msnbot.htm)._"
157.55.116.13 - - [20/Apr/2011:05:04:07 +0200] "GET /viewtopic.php?p=108512 HTTP/1.1" 200 105 "-" "msnbot/2.0b (+http://search.msn.com/msnbot.htm)._"
157.55.116.13 - - [20/Apr/2011:05:04:10 +0200] "GET /viewtopic.php?t=1017&highlight= HTTP/1.1" 200 105 "-" "msnbot/2.0b (+http://search.msn.com/msnbot.htm)._"
157.55.116.13 - - [20/Apr/2011:05:04:13 +0200] "GET /viewtopic.php?p=27677 HTTP/1.1" 200 105 "-" "msnbot/2.0b (+http://search.msn.com/msnbot.htm)._"
157.55.116.13 - - [20/Apr/2011:05:04:14 +0200] "GET /viewtopic.php?p=14235 HTTP/1.1" 200 105 "-" "msnbot/2.0b (+http://search.msn.com/msnbot.htm)._"
157.55.116.13 - - [20/Apr/2011:05:04:17 +0200] "GET /posting.php?mode=quote&p=109641 HTTP/1.1" 200 105 "-" "msnbot/2.0b (+http://search.msn.com/msnbot.htm)._"
157.55.116.13 - - [20/Apr/2011:05:04:19 +0200] "GET /viewtopic.php?p=11714 HTTP/1.1" 200 105 "-" "msnbot/2.0b (+http://search.msn.com/msnbot.htm)._"
157.55.116.13 - - [20/Apr/2011:05:04:22 +0200] "GET /viewtopic.php?p=1582 HTTP/1.1" 200 105 "-" "msnbot/2.0b (+http://search.msn.com/msnbot.htm)._"
157.55.116.13 - - [20/Apr/2011:05:04:24 +0200] "GET /viewtopic.php?p=11389 HTTP/1.1" 200 105 "-" "msnbot/2.0b (+http://search.msn.com/msnbot.htm)._"
157.55.116.13 - - [20/Apr/2011:05:04:26 +0200] "GET /posting.php?mode=quote&p=32240 HTTP/1.1" 200 105 "-" "msnbot/2.0b (+http://search.msn.com/msnbot.htm)._"
157.55.116.13 - - [20/Apr/2011:05:04:29 +0200] "GET /viewtopic.php?p=1733 HTTP/1.1" 200 105 "-" "msnbot/2.0b (+http://search.msn.com/msnbot.htm)._"
157.55.116.13 - - [20/Apr/2011:05:04:31 +0200] "GET /viewtopic.php?p=35603 HTTP/1.1" 200 105 "-" "msnbot/2.0b (+http://search.msn.com/msnbot.htm)._"
157.55.116.13 - - [20/Apr/2011:05:04:34 +0200] "GET /viewtopic.php?p=39990 HTTP/1.1" 200 105 "-" "msnbot/2.0b (+http://search.msn.com/msnbot.htm)._"
157.55.116.13 - - [20/Apr/2011:05:04:36 +0200] "GET /posting.php?mode=quote&p=79565 HTTP/1.1" 200 105 "-" "msnbot/2.0b (+http://search.msn.com/msnbot.htm)._"
157.55.116.13 - - [20/Apr/2011:05:04:39 +0200] "GET /viewtopic.php?p=20299 HTTP/1.1" 200 105 "-" "msnbot/2.0b (+http://search.msn.com/msnbot.htm)._"
157.55.116.13 - - [20/Apr/2011:05:04:42 +0200] "GET /viewtopic.php?p=1859 HTTP/1.1" 200 105 "-" "msnbot/2.0b (+http://search.msn.com/msnbot.htm)._"
157.55.116.13 - - [20/Apr/2011:05:04:45 +0200] "GET /viewtopic.php?p=55731 HTTP/1.1" 200 105 "-" "msnbot/2.0b (+http://search.msn.com/msnbot.htm)._"
157.55.116.13 - - [20/Apr/2011:05:04:49 +0200] "GET /viewtopic.php?p=111365 HTTP/1.1" 200 105 "-" "msnbot/2.0b (+http://search.msn.com/msnbot.htm)._"
157.55.116.13 - - [20/Apr/2011:05:04:52 +0200] "GET /viewtopic.php?p=50172 HTTP/1.1" 200 105 "-" "msnbot/2.0b (+http://search.msn.com/msnbot.htm)._"
66.249.66.146 - - [20/Apr/2011:05:04:52 +0200] "GET /viewtopic.php?p=97466&sid=49a4fc3bd8adf0a9c1df0592e14b6332 HTTP/1.1" 200 2000 "-" "Mozilla/5.0 (compatible; Googlebot/2.1; +http://www.google.com/bot.html)"
157.55.116.13 - - [20/Apr/2011:05:04:55 +0200] "GET /viewtopic.php?p=100134 HTTP/1.1" 200 105 "-" "msnbot/2.0b (+http://search.msn.com/msnbot.htm)._"
157.55.116.13 - - [20/Apr/2011:05:04:57 +0200] "GET /viewtopic.php?p=81718 HTTP/1.1" 200 105 "-" "msnbot/2.0b (+http://search.msn.com/msnbot.htm)._"
157.55.116.13 - - [20/Apr/2011:05:05:00 +0200] "GET /viewtopic.php?p=97939 HTTP/1.1" 200 105 "-" "msnbot/2.0b (+http://search.msn.com/msnbot.htm)._"
66.249.66.146 - - [20/Apr/2011:05:05:01 +0200] "GET /viewtopic.php?t=2304&postdays=0&postorder=asc&start=270&sid=031ed88a2d32dc6a9047ea42f88c4733 HTTP/1.1" 200 2002 "-" "Mozilla/5.0 (compatible; Googlebot/2.1; +http://www.google.com/bot.html)"
157.55.116.13 - - [20/Apr/2011:05:05:03 +0200] "GET /viewtopic.php?p=81842 HTTP/1.1" 200 105 "-" "msnbot/2.0b (+http://search.msn.com/msnbot.htm)._"
157.55.116.13 - - [20/Apr/2011:05:05:06 +0200] "GET /viewtopic.php?p=18902 HTTP/1.1" 200 105 "-" "msnbot/2.0b (+http://search.msn.com/msnbot.htm)._"
157.55.116.13 - - [20/Apr/2011:05:05:07 +0200] "GET /posting.php?mode=quote&p=105490 HTTP/1.1" 200 105 "-" "msnbot/2.0b (+http://search.msn.com/msnbot.htm)._"
157.55.116.13 - - [20/Apr/2011:05:05:09 +0200] "GET /viewtopic.php?p=18619 HTTP/1.1" 200 105 "-" "msnbot/2.0b (+http://search.msn.com/msnbot.htm)._"
157.55.116.13 - - [20/Apr/2011:05:05:12 +0200] "GET /viewtopic.php?p=113168 HTTP/1.1" 200 105 "-" "msnbot/2.0b (+http://search.msn.com/msnbot.htm)._"
157.55.116.13 - - [20/Apr/2011:05:05:15 +0200] "GET /posting.php?mode=quote&p=106535 HTTP/1.1" 200 105 "-" "msnbot/2.0b (+http://search.msn.com/msnbot.htm)._"
157.55.116.13 - - [20/Apr/2011:05:05:19 +0200] "GET /viewtopic.php?p=90407 HTTP/1.1" 200 105 "-" "msnbot/2.0b (+http://search.msn.com/msnbot.htm)._"
157.55.116.13 - - [20/Apr/2011:05:05:22 +0200] "GET /viewtopic.php?p=103500 HTTP/1.1" 200 105 "-" "msnbot/2.0b (+http://search.msn.com/msnbot.htm)._"
157.55.116.13 - - [20/Apr/2011:05:05:24 +0200] "GET /viewtopic.php?t=2205 HTTP/1.1" 200 105 "-" "msnbot/2.0b (+http://search.msn.com/msnbot.htm)._"
157.55.116.13 - - [20/Apr/2011:05:05:27 +0200] "GET /viewtopic.php?p=43485 HTTP/1.1" 200 105 "-" "msnbot/2.0b (+http://search.msn.com/msnbot.htm)._"
157.55.116.13 - - [20/Apr/2011:05:05:30 +0200] "GET /viewtopic.php?p=78800 HTTP/1.1" 200 105 "-" "msnbot/2.0b (+http://search.msn.com/msnbot.htm)._"
157.55.116.13 - - [20/Apr/2011:05:05:33 +0200] "GET /viewtopic.php?p=96030 HTTP/1.1" 200 105 "-" "msnbot/2.0b (+http://search.msn.com/msnbot.htm)._"
157.55.116.13 - - [20/Apr/2011:05:05:35 +0200] "GET /posting.php?mode=quote&p=45311 HTTP/1.1" 200 105 "-" "msnbot/2.0b (+http://search.msn.com/msnbot.htm)._"
157.55.116.13 - - [20/Apr/2011:05:05:37 +0200] "GET /viewtopic.php?p=20239 HTTP/1.1" 200 105 "-" "msnbot/2.0b (+http://search.msn.com/msnbot.htm)._"
157.55.116.13 - - [20/Apr/2011:05:05:40 +0200] "GET /viewtopic.php?p=15972 HTTP/1.1" 200 105 "-" "msnbot/2.0b (+http://search.msn.com/msnbot.htm)._"
157.55.116.13 - - [20/Apr/2011:05:05:42 +0200] "GET /viewtopic.php?p=64737 HTTP/1.1" 200 105 "-" "msnbot/2.0b (+http://search.msn.com/msnbot.htm)._"
157.55.116.13 - - [20/Apr/2011:05:05:44 +0200] "GET /viewtopic.php?p=87835 HTTP/1.1" 200 105 "-" "msnbot/2.0b (+http://search.msn.com/msnbot.htm)._"
157.55.116.13 - - [20/Apr/2011:05:05:47 +0200] "GET /viewtopic.php?p=27062 HTTP/1.1" 200 105 "-" "msnbot/2.0b (+http://search.msn.com/msnbot.htm)._"
157.55.116.13 - - [20/Apr/2011:05:05:50 +0200] "GET /viewtopic.php?p=38443 HTTP/1.1" 200 105 "-" "msnbot/2.0b (+http://search.msn.com/msnbot.htm)._"
157.55.116.13 - - [20/Apr/2011:05:05:53 +0200] "GET /viewtopic.php?p=112128 HTTP/1.1" 200 105 "-" "msnbot/2.0b (+http://search.msn.com/msnbot.htm)._"
157.55.116.13 - - [20/Apr/2011:05:05:55 +0200] "GET /viewtopic.php?p=27918 HTTP/1.1" 200 105 "-" "msnbot/2.0b (+http://search.msn.com/msnbot.htm)._"
157.55.116.13 - - [20/Apr/2011:05:05:58 +0200] "GET /viewtopic.php?p=103286 HTTP/1.1" 200 105 "-" "msnbot/2.0b (+http://search.msn.com/msnbot.htm)._"
157.55.116.13 - - [20/Apr/2011:05:06:01 +0200] "GET /posting.php?mode=quote&p=86543 HTTP/1.1" 200 105 "-" "msnbot/2.0b (+http://search.msn.com/msnbot.htm)._"
157.55.116.13 - - [20/Apr/2011:05:06:05 +0200] "GET /viewtopic.php?p=103801 HTTP/1.1" 200 105 "-" "msnbot/2.0b (+http://search.msn.com/msnbot.htm)._"
157.55.116.13 - - [20/Apr/2011:05:06:07 +0200] "GET /viewtopic.php?p=108150 HTTP/1.1" 200 105 "-" "msnbot/2.0b (+http://search.msn.com/msnbot.htm)._"
157.55.116.13 - - [20/Apr/2011:05:06:10 +0200] "GET /posting.php?mode=quote&p=53235 HTTP/1.1" 200 105 "-" "msnbot/2.0b (+http://search.msn.com/msnbot.htm)._"
157.55.116.13 - - [20/Apr/2011:05:06:11 +0200] "GET /viewtopic.php?p=12785 HTTP/1.1" 200 105 "-" "msnbot/2.0b (+http://search.msn.com/msnbot.htm)._"
157.55.116.13 - - [20/Apr/2011:05:06:13 +0200] "GET /posting.php?mode=quote&p=26486 HTTP/1.1" 200 105 "-" "msnbot/2.0b (+http://search.msn.com/msnbot.htm)._"
157.55.116.13 - - [20/Apr/2011:05:06:15 +0200] "GET /viewtopic.php?p=112492 HTTP/1.1" 200 105 "-" "msnbot/2.0b (+http://search.msn.com/msnbot.htm)._"
157.55.116.13 - - [20/Apr/2011:05:06:18 +0200] "GET /viewtopic.php?p=39250 HTTP/1.1" 200 105 "-" "msnbot/2.0b (+http://search.msn.com/msnbot.htm)._"
157.55.116.13 - - [20/Apr/2011:05:06:22 +0200] "GET /posting.php?mode=quote&p=83058 HTTP/1.1" 200 105 "-" "msnbot/2.0b (+http://search.msn.com/msnbot.htm)._"
157.55.116.13 - - [20/Apr/2011:05:06:24 +0200] "GET /viewtopic.php?p=102278 HTTP/1.1" 200 105 "-" "msnbot/2.0b (+http://search.msn.com/msnbot.htm)._"
157.55.116.13 - - [20/Apr/2011:05:06:27 +0200] "GET /viewtopic.php?p=76200 HTTP/1.1" 200 105 "-" "msnbot/2.0b (+http://search.msn.com/msnbot.htm)._"
157.55.116.13 - - [20/Apr/2011:05:06:30 +0200] "GET /viewtopic.php?p=70957 HTTP/1.1" 200 105 "-" "msnbot/2.0b (+http://search.msn.com/msnbot.htm)._"
157.55.116.13 - - [20/Apr/2011:05:06:32 +0200] "GET /viewtopic.php?t=2455 HTTP/1.1" 200 105 "-" "msnbot/2.0b (+http://search.msn.com/msnbot.htm)._"
157.55.116.13 - - [20/Apr/2011:05:06:34 +0200] "GET /viewtopic.php?p=98966 HTTP/1.1" 200 105 "-" "msnbot/2.0b (+http://search.msn.com/msnbot.htm)._"
157.55.116.13 - - [20/Apr/2011:05:06:37 +0200] "GET /viewtopic.php?p=83472 HTTP/1.1" 200 105 "-" "msnbot/2.0b (+http://search.msn.com/msnbot.htm)._"
157.55.116.13 - - [20/Apr/2011:05:06:39 +0200] "GET /viewtopic.php?p=109117 HTTP/1.1" 200 105 "-" "msnbot/2.0b (+http://search.msn.com/msnbot.htm)._"
157.55.116.13 - - [20/Apr/2011:05:06:42 +0200] "GET /viewtopic.php?p=65006 HTTP/1.1" 200 105 "-" "msnbot/2.0b (+http://search.msn.com/msnbot.htm)._"
157.55.116.13 - - [20/Apr/2011:05:06:45 +0200] "GET /viewtopic.php?p=11225 HTTP/1.1" 200 105 "-" "msnbot/2.0b (+http://search.msn.com/msnbot.htm)._"
157.55.116.13 - - [20/Apr/2011:05:06:49 +0200] "GET /viewtopic.php?p=108068 HTTP/1.1" 200 105 "-" "msnbot/2.0b (+http://search.msn.com/msnbot.htm)._"
157.55.116.13 - - [20/Apr/2011:05:06:52 +0200] "GET /viewtopic.php?p=41151 HTTP/1.1" 200 105 "-" "msnbot/2.0b (+http://search.msn.com/msnbot.htm)._"
157.55.116.13 - - [20/Apr/2011:05:06:55 +0200] "GET /viewtopic.php?p=39724 HTTP/1.1" 200 105 "-" "msnbot/2.0b (+http://search.msn.com/msnbot.htm)._"
157.55.116.13 - - [20/Apr/2011:05:06:58 +0200] "GET /viewtopic.php?t=2781 HTTP/1.1" 200 105 "-" "msnbot/2.0b (+http://search.msn.com/msnbot.htm)._"
157.55.116.13 - - [20/Apr/2011:05:07:01 +0200] "GET /viewtopic.php?p=53060 HTTP/1.1" 200 105 "-" "msnbot/2.0b (+http://search.msn.com/msnbot.htm)._"
157.55.116.13 - - [20/Apr/2011:05:07:04 +0200] "GET /viewtopic.php?p=65423 HTTP/1.1" 200 105 "-" "msnbot/2.0b (+http://search.msn.com/msnbot.htm)._"
157.55.116.13 - - [20/Apr/2011:05:07:07 +0200] "GET /viewtopic.php?p=107192 HTTP/1.1" 200 105 "-" "msnbot/2.0b (+http://search.msn.com/msnbot.htm)._"
157.55.116.13 - - [20/Apr/2011:05:07:10 +0200] "GET /viewtopic.php?p=28181 HTTP/1.1" 200 105 "-" "msnbot/2.0b (+http://search.msn.com/msnbot.htm)._"
157.55.116.13 - - [20/Apr/2011:05:07:13 +0200] "GET /viewtopic.php?p=57791 HTTP/1.1" 200 105 "-" "msnbot/2.0b (+http://search.msn.com/msnbot.htm)._"
157.55.116.13 - - [20/Apr/2011:05:07:16 +0200] "GET /viewtopic.php?p=14317 HTTP/1.1" 200 105 "-" "msnbot/2.0b (+http://search.msn.com/msnbot.htm)._"
157.55.116.13 - - [20/Apr/2011:05:07:19 +0200] "GET /viewtopic.php?p=109093 HTTP/1.1" 200 105 "-" "msnbot/2.0b (+http://search.msn.com/msnbot.htm)._"
157.55.116.13 - - [20/Apr/2011:05:07:22 +0200] "GET /viewtopic.php?p=15780 HTTP/1.1" 200 105 "-" "msnbot/2.0b (+http://search.msn.com/msnbot.htm)._"
157.55.116.13 - - [20/Apr/2011:05:07:24 +0200] "GET /viewtopic.php?p=107170 HTTP/1.1" 200 105 "-" "msnbot/2.0b (+http://search.msn.com/msnbot.htm)._"
157.55.116.13 - - [20/Apr/2011:05:07:27 +0200] "GET /posting.php?mode=quote&p=69610 HTTP/1.1" 200 105 "-" "msnbot/2.0b (+http://search.msn.com/msnbot.htm)._"
157.55.116.13 - - [20/Apr/2011:05:07:31 +0200] "GET /viewtopic.php?p=43471 HTTP/1.1" 200 105 "-" "msnbot/2.0b (+http://search.msn.com/msnbot.htm)._"
157.55.116.13 - - [20/Apr/2011:05:07:33 +0200] "GET /viewtopic.php?p=22154 HTTP/1.1" 200 105 "-" "msnbot/2.0b (+http://search.msn.com/msnbot.htm)._"
95.108.158.232 - - [20/Apr/2011:05:07:35 +0200] "GET /templates/rmstyle/images/lang_french/icon_mini_faq.png HTTP/1.1" 304 - "-" "Mozilla/5.0 (compatible; YandexImages/3.0; +http://yandex.com/bots)"
157.55.116.13 - - [20/Apr/2011:05:07:36 +0200] "GET /viewtopic.php?p=103596 HTTP/1.1" 200 105 "-" "msnbot/2.0b (+http://search.msn.com/msnbot.htm)._"
157.55.116.13 - - [20/Apr/2011:05:07:38 +0200] "GET /viewtopic.php?p=3853 HTTP/1.1" 200 105 "-" "msnbot/2.0b (+http://search.msn.com/msnbot.htm)._"
157.55.116.13 - - [20/Apr/2011:05:07:41 +0200] "GET /viewtopic.php?p=15344 HTTP/1.1" 200 105 "-" "msnbot/2.0b (+http://search.msn.com/msnbot.htm)._"
157.55.116.13 - - [20/Apr/2011:05:07:44 +0200] "GET /posting.php?mode=quote&p=20579 HTTP/1.1" 200 105 "-" "msnbot/2.0b (+http://search.msn.com/msnbot.htm)._"
157.55.116.13 - - [20/Apr/2011:05:07:47 +0200] "GET /viewtopic.php?p=102084 HTTP/1.1" 200 105 "-" "msnbot/2.0b (+http://search.msn.com/msnbot.htm)._"
157.55.116.13 - - [20/Apr/2011:05:07:51 +0200] "GET /viewtopic.php?p=4855 HTTP/1.1" 200 105 "-" "msnbot/2.0b (+http://search.msn.com/msnbot.htm)._"
157.55.116.13 - - [20/Apr/2011:05:07:55 +0200] "GET /viewtopic.php?p=100893 HTTP/1.1" 200 105 "-" "msnbot/2.0b (+http://search.msn.com/msnbot.htm)._"
157.55.116.13 - - [20/Apr/2011:05:07:57 +0200] "GET /viewtopic.php?p=99967 HTTP/1.1" 200 105 "-" "msnbot/2.0b (+http://search.msn.com/msnbot.htm)._"
157.55.116.13 - - [20/Apr/2011:05:07:59 +0200] "GET /viewtopic.php?p=232 HTTP/1.1" 200 105 "-" "msnbot/2.0b (+http://search.msn.com/msnbot.htm)._"
157.55.116.13 - - [20/Apr/2011:05:08:01 +0200] "GET /posting.php?mode=quote&p=102465 HTTP/1.1" 200 105 "-" "msnbot/2.0b (+http://search.msn.com/msnbot.htm)._"
157.55.116.13 - - [20/Apr/2011:05:08:04 +0200] "GET /viewtopic.php?p=65600 HTTP/1.1" 200 105 "-" "msnbot/2.0b (+http://search.msn.com/msnbot.htm)._"
157.55.116.13 - - [20/Apr/2011:05:08:10 +0200] "GET /viewtopic.php?p=33050 HTTP/1.1" 200 105 "-" "msnbot/2.0b (+http://search.msn.com/msnbot.htm)._"
157.55.116.13 - - [20/Apr/2011:05:08:35 +0200] "GET /viewtopic.php?p=80703 HTTP/1.1" 200 105 "-" "msnbot/2.0b (+http://search.msn.com/msnbot.htm)._"
157.55.116.13 - - [20/Apr/2011:05:08:43 +0200] "GET /viewtopic.php?p=76974 HTTP/1.1" 200 105 "-" "msnbot/2.0b (+http://search.msn.com/msnbot.htm)._"
157.55.116.13 - - [20/Apr/2011:05:08:49 +0200] "GET /viewtopic.php?p=113238&highlight= HTTP/1.1" 200 105 "-" "msnbot/2.0b (+http://search.msn.com/msnbot.htm)._"
157.55.116.13 - - [20/Apr/2011:05:08:51 +0200] "GET /search.php?search_author=X-Core HTTP/1.1" 200 105 "-" "msnbot/2.0b (+http://search.msn.com/msnbot.htm)._"
157.55.116.13 - - [20/Apr/2011:05:08:57 +0200] "GET /viewtopic.php?p=29167 HTTP/1.1" 200 105 "-" "msnbot/2.0b (+http://search.msn.com/msnbot.htm)._"
157.55.116.13 - - [20/Apr/2011:05:09:01 +0200] "GET /viewtopic.php?p=53384 HTTP/1.1" 200 105 "-" "msnbot/2.0b (+http://search.msn.com/msnbot.htm)._"
157.55.116.13 - - [20/Apr/2011:05:09:07 +0200] "GET /viewtopic.php?p=34703 HTTP/1.1" 200 105 "-" "msnbot/2.0b (+http://search.msn.com/msnbot.htm)._"
157.55.116.13 - - [20/Apr/2011:05:09:11 +0200] "GET /viewtopic.php?p=22678 HTTP/1.1" 200 105 "-" "msnbot/2.0b (+http://search.msn.com/msnbot.htm)._"
157.55.116.13 - - [20/Apr/2011:05:09:16 +0200] "GET /viewtopic.php?p=43213 HTTP/1.1" 200 105 "-" "msnbot/2.0b (+http://search.msn.com/msnbot.htm)._"
157.55.116.13 - - [20/Apr/2011:05:09:20 +0200] "GET /viewtopic.php?p=68535 HTTP/1.1" 200 105 "-" "msnbot/2.0b (+http://search.msn.com/msnbot.htm)._"
157.55.116.13 - - [20/Apr/2011:05:09:22 +0200] "GET /viewtopic.php?p=102319 HTTP/1.1" 200 105 "-" "msnbot/2.0b (+http://search.msn.com/msnbot.htm)._"
157.55.116.13 - - [20/Apr/2011:05:09:25 +0200] "GET /viewtopic.php?p=4852 HTTP/1.1" 200 105 "-" "msnbot/2.0b (+http://search.msn.com/msnbot.htm)._"
157.55.116.13 - - [20/Apr/2011:05:09:29 +0200] "GET /viewtopic.php?p=83012 HTTP/1.1" 200 105 "-" "msnbot/2.0b (+http://search.msn.com/msnbot.htm)._"
66.249.66.146 - - [20/Apr/2011:05:09:31 +0200] "GET /viewtopic.php?p=68524&sid=392c15f7ed3606bb3f2fbe5b7ad2caa9 HTTP/1.1" 200 2002 "-" "Mozilla/5.0 (compatible; Googlebot/2.1; +http://www.google.com/bot.html)"
157.55.116.13 - - [20/Apr/2011:05:09:32 +0200] "GET /viewtopic.php?p=71790 HTTP/1.1" 200 105 "-" "msnbot/2.0b (+http://search.msn.com/msnbot.htm)._"
157.55.116.13 - - [20/Apr/2011:05:09:36 +0200] "GET /viewtopic.php?p=41494 HTTP/1.1" 200 105 "-" "msnbot/2.0b (+http://search.msn.com/msnbot.htm)._"
157.55.116.13 - - [20/Apr/2011:05:09:38 +0200] "GET /viewtopic.php?t=2303 HTTP/1.1" 200 105 "-" "msnbot/2.0b (+http://search.msn.com/msnbot.htm)._"
157.55.116.13 - - [20/Apr/2011:05:09:43 +0200] "GET /viewtopic.php?t=2116 HTTP/1.1" 200 105 "-" "msnbot/2.0b (+http://search.msn.com/msnbot.htm)._"
157.55.116.13 - - [20/Apr/2011:05:09:47 +0200] "GET /viewtopic.php?p=48926 HTTP/1.1" 200 105 "-" "msnbot/2.0b (+http://search.msn.com/msnbot.htm)._"
157.55.116.13 - - [20/Apr/2011:05:09:50 +0200] "GET /viewtopic.php?p=62056 HTTP/1.1" 200 105 "-" "msnbot/2.0b (+http://search.msn.com/msnbot.htm)._"
157.55.116.13 - - [20/Apr/2011:05:09:53 +0200] "GET /viewtopic.php?p=50865 HTTP/1.1" 200 105 "-" "msnbot/2.0b (+http://search.msn.com/msnbot.htm)._"
157.55.116.13 - - [20/Apr/2011:05:09:56 +0200] "GET /viewtopic.php?p=43739 HTTP/1.1" 200 105 "-" "msnbot/2.0b (+http://search.msn.com/msnbot.htm)._"
157.55.116.13 - - [20/Apr/2011:05:10:00 +0200] "GET /viewtopic.php?p=89534 HTTP/1.1" 200 105 "-" "msnbot/2.0b (+http://search.msn.com/msnbot.htm)._"
157.55.116.13 - - [20/Apr/2011:05:10:04 +0200] "GET /viewtopic.php?p=91147 HTTP/1.1" 200 105 "-" "msnbot/2.0b (+http://search.msn.com/msnbot.htm)._"
157.55.116.13 - - [20/Apr/2011:05:10:06 +0200] "GET /viewtopic.php?p=113946&highlight= HTTP/1.1" 200 105 "-" "msnbot/2.0b (+http://search.msn.com/msnbot.htm)._"
157.55.116.13 - - [20/Apr/2011:05:10:10 +0200] "GET /viewtopic.php?p=21062 HTTP/1.1" 200 105 "-" "msnbot/2.0b (+http://search.msn.com/msnbot.htm)._"
157.55.116.13 - - [20/Apr/2011:05:10:14 +0200] "GET /viewtopic.php?p=16383 HTTP/1.1" 200 105 "-" "msnbot/2.0b (+http://search.msn.com/msnbot.htm)._"
157.55.116.13 - - [20/Apr/2011:05:10:17 +0200] "GET /viewtopic.php?p=53648 HTTP/1.1" 200 105 "-" "msnbot/2.0b (+http://search.msn.com/msnbot.htm)._"
157.55.116.13 - - [20/Apr/2011:05:10:21 +0200] "GET /viewtopic.php?p=19652 HTTP/1.1" 200 105 "-" "msnbot/2.0b (+http://search.msn.com/msnbot.htm)._"
157.55.116.13 - - [20/Apr/2011:05:10:24 +0200] "GET /viewtopic.php?p=54005 HTTP/1.1" 200 105 "-" "msnbot/2.0b (+http://search.msn.com/msnbot.htm)._"
157.55.116.13 - - [20/Apr/2011:05:10:29 +0200] "GET /viewtopic.php?p=97973 HTTP/1.1" 200 105 "-" "msnbot/2.0b (+http://search.msn.com/msnbot.htm)._"
157.55.116.13 - - [20/Apr/2011:05:10:30 +0200] "GET /viewtopic.php?p=54040 HTTP/1.1" 200 105 "-" "msnbot/2.0b (+http://search.msn.com/msnbot.htm)._"
157.55.116.13 - - [20/Apr/2011:05:10:33 +0200] "GET /viewtopic.php?t=2381 HTTP/1.1" 200 105 "-" "msnbot/2.0b (+http://search.msn.com/msnbot.htm)._"
157.55.116.13 - - [20/Apr/2011:05:10:35 +0200] "GET /viewtopic.php?p=71794 HTTP/1.1" 200 105 "-" "msnbot/2.0b (+http://search.msn.com/msnbot.htm)._"
66.249.66.146 - - [20/Apr/2011:05:10:38 +0200] "GET /viewtopic.php?p=101518&sid=eb032fb589e0c9bf965dfc948fcda5dd HTTP/1.1" 200 2002 "-" "Mozilla/5.0 (compatible; Googlebot/2.1; +http://www.google.com/bot.html)"
157.55.116.13 - - [20/Apr/2011:05:10:39 +0200] "GET /viewtopic.php?p=11871 HTTP/1.1" 200 105 "-" "msnbot/2.0b (+http://search.msn.com/msnbot.htm)._"
157.55.116.13 - - [20/Apr/2011:05:10:41 +0200] "GET /viewtopic.php?p=113968&highlight= HTTP/1.1" 200 105 "-" "msnbot/2.0b (+http://search.msn.com/msnbot.htm)._"
157.55.116.13 - - [20/Apr/2011:05:10:45 +0200] "GET /viewtopic.php?p=106448 HTTP/1.1" 200 105 "-" "msnbot/2.0b (+http://search.msn.com/msnbot.htm)._"
157.55.116.13 - - [20/Apr/2011:05:10:49 +0200] "GET /viewtopic.php?t=3088&view=next HTTP/1.1" 200 105 "-" "msnbot/2.0b (+http://search.msn.com/msnbot.htm)._"
157.55.116.13 - - [20/Apr/2011:05:10:52 +0200] "GET /viewtopic.php?t=2999&start=15 HTTP/1.1" 200 105 "-" "msnbot/2.0b (+http://search.msn.com/msnbot.htm)._"
157.55.116.13 - - [20/Apr/2011:05:10:55 +0200] "GET /viewtopic.php?p=93900 HTTP/1.1" 200 105 "-" "msnbot/2.0b (+http://search.msn.com/msnbot.htm)._"
157.55.116.13 - - [20/Apr/2011:05:10:58 +0200] "GET /viewtopic.php?t=800 HTTP/1.1" 200 105 "-" "msnbot/2.0b (+http://search.msn.com/msnbot.htm)._"
157.55.116.13 - - [20/Apr/2011:05:10:59 +0200] "GET /viewtopic.php?t=1741 HTTP/1.1" 200 105 "-" "msnbot/2.0b (+http://search.msn.com/msnbot.htm)._"
157.55.116.13 - - [20/Apr/2011:05:11:02 +0200] "GET /viewtopic.php?p=63548 HTTP/1.1" 200 105 "-" "msnbot/2.0b (+http://search.msn.com/msnbot.htm)._"
157.55.116.13 - - [20/Apr/2011:05:11:04 +0200] "GET /viewtopic.php?p=98552 HTTP/1.1" 200 105 "-" "msnbot/2.0b (+http://search.msn.com/msnbot.htm)._"
157.55.116.13 - - [20/Apr/2011:05:11:07 +0200] "GET /viewtopic.php?p=73458 HTTP/1.1" 200 105 "-" "msnbot/2.0b (+http://search.msn.com/msnbot.htm)._"
157.55.116.13 - - [20/Apr/2011:05:11:11 +0200] "GET /viewtopic.php?p=19895 HTTP/1.1" 200 105 "-" "msnbot/2.0b (+http://search.msn.com/msnbot.htm)._"
157.55.116.13 - - [20/Apr/2011:05:11:15 +0200] "GET /viewtopic.php?p=86540 HTTP/1.1" 200 105 "-" "msnbot/2.0b (+http://search.msn.com/msnbot.htm)._"
157.55.116.13 - - [20/Apr/2011:05:11:18 +0200] "GET /viewtopic.php?p=90331 HTTP/1.1" 200 105 "-" "msnbot/2.0b (+http://search.msn.com/msnbot.htm)._"
157.55.116.13 - - [20/Apr/2011:05:11:21 +0200] "GET /viewforum.php?f=23 HTTP/1.1" 200 105 "-" "msnbot/2.0b (+http://search.msn.com/msnbot.htm)._"
157.55.116.13 - - [20/Apr/2011:05:11:23 +0200] "GET /login.php HTTP/1.1" 200 1921 "-" "msnbot/2.0b (+http://search.msn.com/msnbot.htm)._"
157.55.116.13 - - [20/Apr/2011:05:11:27 +0200] "GET /viewtopic.php?p=12577 HTTP/1.1" 200 105 "-" "msnbot/2.0b (+http://search.msn.com/msnbot.htm)._"
157.55.116.13 - - [20/Apr/2011:05:11:31 +0200] "GET /viewtopic.php?t=3047 HTTP/1.1" 200 105 "-" "msnbot/2.0b (+http://search.msn.com/msnbot.htm)._"
157.55.116.13 - - [20/Apr/2011:05:11:34 +0200] "GET /viewtopic.php?p=934 HTTP/1.1" 200 105 "-" "msnbot/2.0b (+http://search.msn.com/msnbot.htm)._"
157.55.116.13 - - [20/Apr/2011:05:11:35 +0200] "GET /viewtopic.php?p=108935 HTTP/1.1" 200 105 "-" "msnbot/2.0b (+http://search.msn.com/msnbot.htm)._"
208.115.111.67 - - [20/Apr/2011:05:16:09 +0200] "GET /viewtopic.php?t=570&postdays=0&postorder=asc&start=75 HTTP/1.1" 200 6354 "-" "Mozilla/5.0 (compatible; Ezooms/1.0; ezooms.bot@gmail.com)"
113.140.195.218 - - [20/Apr/2011:05:18:55 +0200] "GET /index.php HTTP/1.0" 200 6354 "http://forum.rally-infernal.info/index.php" "Mozilla/4.0 (compatible; MSIE 6.0; Windows NT 5.1; SV1; InfoPath.1)"
113.140.195.218 - - [20/Apr/2011:05:18:56 +0200] "GET /profile.php?mode=register&sid=9aab402f7c1fae7af7f8afdf710a6205 HTTP/1.0" 200 5861 "http://forum.rally-infernal.info/profile.php?mode=register&sid=9aab402f7c1fae7af7f8afdf710a6205" "Mozilla/4.0 (compatible; MSIE 6.0; Windows NT 5.1; SV1; InfoPath.1)"
66.249.66.146 - - [20/Apr/2011:05:20:39 +0200] "GET /viewtopic.php?p=12410&sid=a9651a8bfd6861ecfd02978744610a7e HTTP/1.1" 200 2003 "-" "Mozilla/5.0 (compatible; Googlebot/2.1; +http://www.google.com/bot.html)"
66.249.66.146 - - [20/Apr/2011:05:21:48 +0200] "GET /index.php?c=7&sid=fef0098be6b31094e15865a18aee8601 HTTP/1.1" 200 2002 "-" "Mozilla/5.0 (compatible; Googlebot/2.1; +http://www.google.com/bot.html)"
95.108.158.232 - - [20/Apr/2011:05:22:44 +0200] "GET /images/smiles/icon_wink.gif HTTP/1.1" 304 - "-" "Mozilla/5.0 (compatible; YandexImages/3.0; +http://yandex.com/bots)"
66.249.66.146 - - [20/Apr/2011:05:27:22 +0200] "GET /viewtopic.php?t=2710&start=15&postdays=0&postorder=asc&highlight=&sid=2d31f36602f0c88f3c095da2c2828d44 HTTP/1.1" 200 2001 "-" "Mozilla/5.0 (compatible; Googlebot/2.1; +http://www.google.com/bot.html)"
66.249.66.146 - - [20/Apr/2011:05:32:57 +0200] "GET /viewtopic.php?t=2710&postdays=0&postorder=asc&start=15&sid=9e9d0f86787be087430a261c5e8567ac HTTP/1.1" 200 2002 "-" "Mozilla/5.0 (compatible; Googlebot/2.1; +http://www.google.com/bot.html)"
66.249.66.146 - - [20/Apr/2011:05:36:27 +0200] "GET /viewtopic.php?p=87419&sid=dd2d81f544d192946610f939f4983f76 HTTP/1.1" 200 2001 "-" "Mozilla/5.0 (compatible; Googlebot/2.1; +http://www.google.com/bot.html)"
95.108.158.232 - - [20/Apr/2011:05:37:51 +0200] "GET /templates/rmstyle/images/lang_french/icon_quote.gif HTTP/1.1" 304 - "-" "Mozilla/5.0 (compatible; YandexImages/3.0; +http://yandex.com/bots)"
66.249.66.146 - - [20/Apr/2011:05:38:35 +0200] "GET /viewtopic.php?p=119048&sid=e08cbacebdc2bf88b301f7d046c3a3cf HTTP/1.1" 200 2000 "-" "Mozilla/5.0 (compatible; Googlebot/2.1; +http://www.google.com/bot.html)"
66.249.72.242 - - [20/Apr/2011:05:44:08 +0200] "GET /index.php?c=5&sid=f035e7da507cce47112059d44718eea0 HTTP/1.1" 200 2001 "-" "Mozilla/5.0 (compatible; Googlebot/2.1; +http://www.google.com/bot.html)"
66.249.66.146 - - [20/Apr/2011:05:44:09 +0200] "GET /viewtopic.php?p=71492&sid=cec06b7474e23547da3c3b6fef209382 HTTP/1.1" 200 2001 "-" "Mozilla/5.0 (compatible; Googlebot/2.1; +http://www.google.com/bot.html)"
66.249.66.146 - - [20/Apr/2011:05:46:32 +0200] "GET /viewtopic.php?t=3038&view=previous&sid=11410323bfbe4b2f72392e665b5c4a82 HTTP/1.1" 200 2001 "-" "Mozilla/5.0 (compatible; Googlebot/2.1; +http://www.google.com/bot.html)"
66.249.66.146 - - [20/Apr/2011:05:49:24 +0200] "GET /viewtopic.php?p=82664&sid=39fb1e623b7a8b1124547d4327e9e390 HTTP/1.1" 200 2000 "-" "Mozilla/5.0 (compatible; Googlebot/2.1; +http://www.google.com/bot.html)"
66.249.66.146 - - [20/Apr/2011:05:49:42 +0200] "GET /viewtopic.php?p=94631&sid=0f8bc0969812854e24cc2835ea07928e HTTP/1.1" 200 2003 "-" "Mozilla/5.0 (compatible; Googlebot/2.1; +http://www.google.com/bot.html)"
66.249.66.146 - - [20/Apr/2011:05:52:14 +0200] "GET /viewtopic.php?p=12787&sid=ab63343396c33197bc277cdd520ee1e4 HTTP/1.1" 200 2002 "-" "Mozilla/5.0 (compatible; Googlebot/2.1; +http://www.google.com/bot.html)"
66.249.66.146 - - [20/Apr/2011:05:52:15 +0200] "GET /viewtopic.php?p=3646&sid=3fd7bf4a34962e39c9bd3e2ad550756b HTTP/1.1" 200 2000 "-" "Mozilla/5.0 (compatible; Googlebot/2.1; +http://www.google.com/bot.html)"
95.108.158.232 - - [20/Apr/2011:05:53:01 +0200] "GET /templates/rmstyle/images/ft_lft.gif HTTP/1.1" 304 - "-" "Mozilla/5.0 (compatible; YandexImages/3.0; +http://yandex.com/bots)"
66.249.66.146 - - [20/Apr/2011:05:55:07 +0200] "GET /viewtopic.php?p=111551&sid=51f54807ddb0dc0a07853bffe5eb7ec6 HTTP/1.1" 200 2003 "-" "Mozilla/5.0 (compatible; Googlebot/2.1; +http://www.google.com/bot.html)"
66.249.66.146 - - [20/Apr/2011:05:55:17 +0200] "GET /viewtopic.php?p=114792&sid=d5715fca311c834efa724275c9751de0 HTTP/1.1" 200 2000 "-" "Mozilla/5.0 (compatible; Googlebot/2.1; +http://www.google.com/bot.html)"
66.249.66.146 - - [20/Apr/2011:05:57:59 +0200] "GET /viewtopic.php?p=34852&sid=152ec6976dbacd7723ac0ab0c7dc83a5 HTTP/1.1" 200 2002 "-" "Mozilla/5.0 (compatible; Googlebot/2.1; +http://www.google.com/bot.html)"
66.249.66.146 - - [20/Apr/2011:06:00:50 +0200] "GET /viewtopic.php?p=84705&sid=c1b611b6892a336526ab9cd88ab5018c HTTP/1.1" 200 1998 "-" "Mozilla/5.0 (compatible; Googlebot/2.1; +http://www.google.com/bot.html)"
66.249.66.146 - - [20/Apr/2011:06:00:52 +0200] "GET /viewtopic.php?t=2898&start=0&postdays=0&postorder=asc&highlight=&sid=3584f3d49afe2524a416a99462f72802 HTTP/1.1" 200 2003 "-" "Mozilla/5.0 (compatible; Googlebot/2.1; +http://www.google.com/bot.html)"
109.230.216.8 - - [20/Apr/2011:06:02:20 +0200] "GET /index.php HTTP/1.0" 200 6354 "http://forum.rally-infernal.info/index.php" "Mozilla/4.0 (compatible; MSIE 6.0; Windows 98; Win 9x 4.90)"
66.249.66.146 - - [20/Apr/2011:06:03:42 +0200] "GET /viewtopic.php?p=96009&sid=a4dc1d654c5f50535f8321a653d6b4af HTTP/1.1" 200 2001 "-" "Mozilla/5.0 (compatible; Googlebot/2.1; +http://www.google.com/bot.html)"
79.92.69.238 - - [20/Apr/2011:06:05:24 +0200] "GET / HTTP/1.1" 200 2048 "-" "Mozilla/5.0 (Windows NT 6.1; WOW64; rv:2.0) Gecko/20100101 Firefox/4.0"
79.92.69.238 - - [20/Apr/2011:06:05:25 +0200] "GET /templates/rmstyle/rmstyle.css HTTP/1.1" 304 - "-" "Mozilla/5.0 (Windows NT 6.1; WOW64; rv:2.0) Gecko/20100101 Firefox/4.0"
113.140.195.218 - - [20/Apr/2011:06:05:48 +0200] "GET /index.php HTTP/1.0" 200 6354 "http://forum.rally-infernal.info/index.php" "Mozilla/4.0 (compatible; MSIE 6.0; Windows NT 5.1; SV1; .NET CLR 1.1.4322; .NET CLR 2.0.50727)"
92.161.71.170 - - [20/Apr/2011:06:06:11 +0200] "GET /AvatarsManager/lakse.jpg HTTP/1.1" 302 - "http://ragemachines.simplygaming.org/t220-notes-de-maj-v100108" "Mozilla/5.0 (PLAYSTATION 3; 1.00)"
92.161.71.170 - - [20/Apr/2011:06:06:11 +0200] "GET /AvatarsManager/joueurs/lakse/3.png HTTP/1.1" 200 71244 "http://ragemachines.simplygaming.org/t220-notes-de-maj-v100108" "Mozilla/5.0 (PLAYSTATION 3; 1.00)"
79.92.69.238 - - [20/Apr/2011:06:06:23 +0200] "GET / HTTP/1.1" 200 2032 "-" "Mozilla/5.0 (Windows NT 6.1; WOW64; rv:2.0) Gecko/20100101 Firefox/4.0"
79.92.69.238 - - [20/Apr/2011:06:06:23 +0200] "GET /templates/rmstyle/rmstyle.css HTTP/1.1" 304 - "-" "Mozilla/5.0 (Windows NT 6.1; WOW64; rv:2.0) Gecko/20100101 Firefox/4.0"
66.249.66.146 - - [20/Apr/2011:06:06:32 +0200] "GET /viewtopic.php?t=2132&start=60&sid=a9651a8bfd6861ecfd02978744610a7e HTTP/1.1" 200 1999 "-" "Mozilla/5.0 (compatible; Googlebot/2.1; +http://www.google.com/bot.html)"
66.249.66.146 - - [20/Apr/2011:06:06:33 +0200] "GET /viewtopic.php?p=112670&sid=6a5409f3db7a71554a77db61d2775941 HTTP/1.1" 200 2000 "-" "Mozilla/5.0 (compatible; Googlebot/2.1; +http://www.google.com/bot.html)"
66.249.66.146 - - [20/Apr/2011:06:08:01 +0200] "GET /viewtopic.php?t=1573&postdays=0&postorder=asc&start=0&sid=1fba559ec0a2d0e9295575644b8b72e3 HTTP/1.1" 200 2003 "-" "Mozilla/5.0 (compatible; Googlebot/2.1; +http://www.google.com/bot.html)"
95.108.158.232 - - [20/Apr/2011:06:08:09 +0200] "GET /templates/rmstyle/images/hd_prev.gif HTTP/1.1" 304 - "-" "Mozilla/5.0 (compatible; YandexImages/3.0; +http://yandex.com/bots)"
66.249.66.146 - - [20/Apr/2011:06:09:24 +0200] "GET /viewtopic.php?p=578&sid=b2a07136f3abc956efa2f533addc72e7 HTTP/1.1" 200 2001 "-" "Mozilla/5.0 (compatible; Googlebot/2.1; +http://www.google.com/bot.html)"
66.249.66.146 - - [20/Apr/2011:06:12:07 +0200] "GET /viewtopic.php?t=2837&start=15&sid=270e573d1018f15abce727c969bcdb0e HTTP/1.1" 200 2000 "-" "Mozilla/5.0 (compatible; Googlebot/2.1; +http://www.google.com/bot.html)"
66.249.71.108 - - [20/Apr/2011:06:12:16 +0200] "GET /viewtopic.php?p=85975&sid=55b3d71a6f44c19d9986bccb1dc179ac HTTP/1.1" 200 2002 "-" "Mozilla/5.0 (compatible; Googlebot/2.1; +http://www.google.com/bot.html)"
80.8.156.22 - - [20/Apr/2011:06:13:30 +0200] "GET /AvatarsManager/deug21.jpg HTTP/1.1" 302 20 "http://www.trackmania.com/fr/forum/viewtopic.php?t=34762" "Mozilla/5.0 (Windows NT 5.1; rv:2.0) Gecko/20100101 Firefox/4.0"
80.8.156.22 - - [20/Apr/2011:06:13:30 +0200] "GET /AvatarsManager/joueurs/deug21/1.png HTTP/1.1" 200 48858 "http://www.trackmania.com/fr/forum/viewtopic.php?t=34762" "Mozilla/5.0 (Windows NT 5.1; rv:2.0) Gecko/20100101 Firefox/4.0"
66.249.66.146 - - [20/Apr/2011:06:15:07 +0200] "GET /viewtopic.php?p=72788&sid=1447d89c696fc8d9ef9398a845c01820 HTTP/1.1" 200 2001 "-" "Mozilla/5.0 (compatible; Googlebot/2.1; +http://www.google.com/bot.html)"
66.249.66.146 - - [20/Apr/2011:06:17:41 +0200] "GET /viewtopic.php?p=102342&highlight=&sid=962365b998b44cefa9831456615ba749 HTTP/1.1" 200 2001 "-" "Mozilla/5.0 (compatible; Googlebot/2.1; +http://www.google.com/bot.html)"
66.249.66.146 - - [20/Apr/2011:06:17:59 +0200] "GET /viewtopic.php?t=2352&start=2550&postdays=0&postorder=asc&highlight=&sid=9a79064d1f9462c26110517dd47a8772 HTTP/1.1" 200 2002 "-" "Mozilla/5.0 (compatible; Googlebot/2.1; +http://www.google.com/bot.html)"
66.249.66.146 - - [20/Apr/2011:06:20:50 +0200] "GET /viewtopic.php?t=466&start=5280&sid=b44b5d2effc9690747dc8c35b5687b10 HTTP/1.1" 200 2000 "-" "Mozilla/5.0 (compatible; Googlebot/2.1; +http://www.google.com/bot.html)"
207.46.13.92 - - [20/Apr/2011:06:21:47 +0200] "GET /robots.txt HTTP/1.1" 404 208 "-" "Mozilla/5.0 (compatible; bingbot/2.0; +http://www.bing.com/bingbot.htm)"
207.46.13.92 - - [20/Apr/2011:06:22:44 +0200] "GET /pdf/edition_4/commentairejury_tmfdsm%20&%20darkii.pdf HTTP/1.1" 404 216 "-" "Mozilla/5.0 (compatible; bingbot/2.0; +http://www.bing.com/bingbot.htm)"
66.249.66.146 - - [20/Apr/2011:06:23:16 +0200] "GET /viewtopic.php?p=85349&sid=dedf42903c53f7e70d3cd78217ac5b29 HTTP/1.1" 200 2000 "-" "Mozilla/5.0 (compatible; Googlebot/2.1; +http://www.google.com/bot.html)"
66.249.66.146 - - [20/Apr/2011:06:23:42 +0200] "GET /viewtopic.php?t=2995&view=previous&sid=c6ed8b29c6ddf03330ae40860aca6020 HTTP/1.1" 200 2002 "-" "Mozilla/5.0 (compatible; Googlebot/2.1; +http://www.google.com/bot.html)"
66.249.66.146 - - [20/Apr/2011:06:24:28 +0200] "GET /viewtopic.php?p=119433&sid=30ca6399a5c258b4b004d6e0f4242398 HTTP/1.1" 200 2001 "-" "Mozilla/5.0 (compatible; Googlebot/2.1; +http://www.google.com/bot.html)"
66.249.72.242 - - [20/Apr/2011:06:26:33 +0200] "GET /viewtopic.php?p=46515&sid=f14d5acd3aebcf5f585436abb5a83c11 HTTP/1.1" 200 2003 "-" "Mozilla/5.0 (compatible; Googlebot/2.1; +http://www.google.com/bot.html)"
66.249.66.146 - - [20/Apr/2011:06:28:51 +0200] "GET /shoutbox_max.php?dummy=1&start=15&sid=16c2f55dd236a39c1c28a93bf28537ef HTTP/1.1" 200 2002 "-" "Mozilla/5.0 (compatible; Googlebot/2.1; +http://www.google.com/bot.html)"
66.249.66.146 - - [20/Apr/2011:06:29:25 +0200] "GET /viewtopic.php?p=28334&sid=3abe97c99ae36f36c05ee7cd03565532 HTTP/1.1" 200 2003 "-" "Mozilla/5.0 (compatible; Googlebot/2.1; +http://www.google.com/bot.html)"
66.249.66.146 - - [20/Apr/2011:06:32:16 +0200] "GET /viewtopic.php?p=1309&sid=c2ce7154be7ae6da5580f12aace61294 HTTP/1.1" 200 2000 "-" "Mozilla/5.0 (compatible; Googlebot/2.1; +http://www.google.com/bot.html)"
66.249.66.146 - - [20/Apr/2011:06:34:26 +0200] "GET /viewtopic.php?p=99185&sid=4b32a468a8bacea52bd00eb0d0e3b1b3 HTTP/1.1" 200 2003 "-" "Mozilla/5.0 (compatible; Googlebot/2.1; +http://www.google.com/bot.html)"
66.249.66.146 - - [20/Apr/2011:06:35:08 +0200] "GET /viewtopic.php?p=10137&sid=47434c1b6ae8c0cf533448509cab4863 HTTP/1.1" 200 2002 "-" "Mozilla/5.0 (compatible; Googlebot/2.1; +http://www.google.com/bot.html)"
66.249.66.146 - - [20/Apr/2011:06:37:59 +0200] "GET /viewtopic.php?p=21091&sid=f7b8a7256f8543e5bebce765812f51d7 HTTP/1.1" 200 2000 "-" "Mozilla/5.0 (compatible; Googlebot/2.1; +http://www.google.com/bot.html)"
95.108.158.232 - - [20/Apr/2011:06:38:30 +0200] "GET /templates/rmstyle/images/hd_rgt.jpg HTTP/1.1" 304 - "-" "Mozilla/5.0 (compatible; YandexImages/3.0; +http://yandex.com/bots)"
66.249.66.146 - - [20/Apr/2011:06:38:40 +0200] "GET /viewtopic.php?p=119478&sid=550903174bbac5f8ff3cdc01e94d6ffc HTTP/1.1" 200 2001 "-" "Mozilla/5.0 (compatible; Googlebot/2.1; +http://www.google.com/bot.html)"
66.249.66.146 - - [20/Apr/2011:06:40:01 +0200] "GET /login.php?redirect=viewtopic.php&p=113725&sid=cf5e3058d0b57f73f315ffcaa96a7915 HTTP/1.1" 200 2414 "-" "Mozilla/5.0 (compatible; Googlebot/2.1; +http://www.google.com/bot.html)"
80.8.156.22 - - [20/Apr/2011:06:40:35 +0200] "GET /AvatarsManager/deug21.jpg HTTP/1.1" 302 20 "http://www.trackmania.com/fr/forum/viewtopic.php?t=32955" "Mozilla/5.0 (Windows NT 5.1; rv:2.0) Gecko/20100101 Firefox/4.0"
66.249.66.146 - - [20/Apr/2011:06:40:51 +0200] "GET /viewtopic.php?p=30275&sid=52b1444b4abd8465eb0711b6d225e346 HTTP/1.1" 200 2000 "-" "Mozilla/5.0 (compatible; Googlebot/2.1; +http://www.google.com/bot.html)"
66.249.66.146 - - [20/Apr/2011:06:43:42 +0200] "GET /viewtopic.php?p=101257&sid=2d1688955452dcce3659178ae5f4a5bf HTTP/1.1" 200 2001 "-" "Mozilla/5.0 (compatible; Googlebot/2.1; +http://www.google.com/bot.html)"
66.249.66.146 - - [20/Apr/2011:06:45:36 +0200] "GET /viewtopic.php?t=466&postdays=0&postorder=asc&start=30&sid=26956027c3099be9a12dd82beee670ca HTTP/1.1" 200 2003 "-" "Mozilla/5.0 (compatible; Googlebot/2.1; +http://www.google.com/bot.html)"
66.249.66.146 - - [20/Apr/2011:06:46:34 +0200] "GET /viewtopic.php?p=91575&sid=a3eb77722375e40ebf8183155d92dd3c HTTP/1.1" 200 2000 "-" "Mozilla/5.0 (compatible; Googlebot/2.1; +http://www.google.com/bot.html)"
66.249.66.146 - - [20/Apr/2011:06:49:25 +0200] "GET /viewtopic.php?p=92057&sid=a3eb77722375e40ebf8183155d92dd3c HTTP/1.1" 200 2001 "-" "Mozilla/5.0 (compatible; Googlebot/2.1; +http://www.google.com/bot.html)"
66.249.66.146 - - [20/Apr/2011:06:51:11 +0200] "GET /viewonline.php?sid=2d0eb4af38ac5179579c500bff6093c1 HTTP/1.1" 200 2003 "-" "Mozilla/5.0 (compatible; Googlebot/2.1; +http://www.google.com/bot.html)"
66.249.66.146 - - [20/Apr/2011:06:52:17 +0200] "GET /viewtopic.php?p=92833&sid=1ef8cf56e8abe226673cdf2964177db6 HTTP/1.1" 200 2000 "-" "Mozilla/5.0 (compatible; Googlebot/2.1; +http://www.google.com/bot.html)"
113.140.198.134 - - [20/Apr/2011:06:52:25 +0200] "GET /index.php HTTP/1.0" 200 6354 "http://forum.rally-infernal.info/index.php" "Mozilla/4.0 (compatible; MSIE 6.0; Windows NT 5.1; SV1; InfoPath.1)"
113.140.198.134 - - [20/Apr/2011:06:52:26 +0200] "GET /profile.php?mode=register&sid=748c3e9ef28bf0dd8b2ff8a4fd137a15 HTTP/1.0" 200 5861 "http://forum.rally-infernal.info/profile.php?mode=register&sid=748c3e9ef28bf0dd8b2ff8a4fd137a15" "Mozilla/4.0 (compatible; MSIE 6.0; Windows NT 5.1; SV1; InfoPath.1)"
95.108.158.232 - - [20/Apr/2011:06:53:36 +0200] "GET /templates/rmstyle/images/lang_french/icon_mini_groups.png HTTP/1.1" 304 - "-" "Mozilla/5.0 (compatible; YandexImages/3.0; +http://yandex.com/bots)"
66.249.72.242 - - [20/Apr/2011:06:54:56 +0200] "GET /viewtopic.php?p=10789&sid=5f9b8cc4d676e85c8caa5685228f697e HTTP/1.1" 200 2000 "-" "Mozilla/5.0 (compatible; Googlebot/2.1; +http://www.google.com/bot.html)"
66.249.72.242 - - [20/Apr/2011:06:55:08 +0200] "GET /viewtopic.php?p=21585&sid=7e8a08c08a47113dc33c34fa15a582d4 HTTP/1.1" 200 2000 "-" "Mozilla/5.0 (compatible; Googlebot/2.1; +http://www.google.com/bot.html)"
66.249.66.146 - - [20/Apr/2011:06:56:46 +0200] "GET /viewtopic.php?t=1322&start=75&sid=bbfb8a213e3e66b8211068e8746fe877 HTTP/1.1" 200 2001 "-" "Mozilla/5.0 (compatible; Googlebot/2.1; +http://www.google.com/bot.html)"
66.249.66.146 - - [20/Apr/2011:06:58:00 +0200] "GET /viewtopic.php?p=14012&sid=7b51c0487a7b0123f60dafcb1426e5b4 HTTP/1.1" 200 2002 "-" "Mozilla/5.0 (compatible; Googlebot/2.1; +http://www.google.com/bot.html)"
178.125.148.100 - - [20/Apr/2011:06:59:55 +0200] "GET /index.php HTTP/1.0" 200 6354 "http://forum.rally-infernal.info/index.php" "Mozilla/4.0 (compatible; MSIE 5.5; Windows NT 5.0; T312461)"
178.125.148.100 - - [20/Apr/2011:06:59:56 +0200] "GET /index.php?sid=5e0d37b9be7f1de1253ed2de2360ca22 HTTP/1.0" 200 5861 "http://forum.rally-infernal.info/index.php?sid=5e0d37b9be7f1de1253ed2de2360ca22" "Mozilla/4.0 (compatible; MSIE 5.5; Windows NT 5.0; T312461)"
178.125.148.100 - - [20/Apr/2011:06:59:56 +0200] "GET /index.php HTTP/1.0" 200 5861 "http://forum.rally-infernal.info/index.php" "Mozilla/4.0 (compatible; MSIE 5.5; Windows NT 5.0; T312461)"
89.78.46.52 - - [20/Apr/2011:07:00:33 +0200] "GET /index.php HTTP/1.0" 200 6354 "http://forum.rally-infernal.info/index.php" "Mozilla/4.0 (compatible; MSIE 6.0; Windows NT 5.2; WOW64; SV1; .NET CLR 2.0.50727)"
89.78.46.52 - - [20/Apr/2011:07:00:33 +0200] "GET /profile.php?mode=register&sid=208250e4c82e0a811f9a13acc08e24f5 HTTP/1.0" 200 5861 "http://forum.rally-infernal.info/profile.php?mode=register&sid=208250e4c82e0a811f9a13acc08e24f5" "Mozilla/4.0 (compatible; MSIE 6.0; Windows NT 5.2; WOW64; SV1; .NET CLR 2.0.50727)"
66.249.72.242 - - [20/Apr/2011:07:00:51 +0200] "GET /viewtopic.php?p=43569&sid=722cc6857acf21e5160df1070215367f HTTP/1.1" 200 2002 "-" "Mozilla/5.0 (compatible; Googlebot/2.1; +http://www.google.com/bot.html)"
66.249.66.146 - - [20/Apr/2011:07:02:21 +0200] "GET /viewtopic.php?p=98198&sid=bac29bb9df9fc8b959392a316ed36077 HTTP/1.1" 200 2000 "-" "Mozilla/5.0 (compatible; Googlebot/2.1; +http://www.google.com/bot.html)"
66.249.66.146 - - [20/Apr/2011:07:03:43 +0200] "GET /viewtopic.php?p=93044&sid=6f7e6e20a72f28241c6dabc70b85ae20 HTTP/1.1" 200 2002 "-" "Mozilla/5.0 (compatible; Googlebot/2.1; +http://www.google.com/bot.html)"
66.249.66.146 - - [20/Apr/2011:07:06:31 +0200] "GET /viewtopic.php?p=10556&sid=5f9b8cc4d676e85c8caa5685228f697e HTTP/1.1" 200 2002 "-" "Mozilla/5.0 (compatible; Googlebot/2.1; +http://www.google.com/bot.html)"
66.249.66.146 - - [20/Apr/2011:07:06:34 +0200] "GET /viewtopic.php?t=3147&view=next&sid=af835a227897e44c303d39b01ccb6a5e HTTP/1.1" 200 1999 "-" "Mozilla/5.0 (compatible; Googlebot/2.1; +http://www.google.com/bot.html)"
66.249.66.146 - - [20/Apr/2011:07:07:55 +0200] "GET /viewtopic.php?p=922&sid=e1a06487623c3a283a81563993c2f896 HTTP/1.1" 200 2002 "-" "Mozilla/5.0 (compatible; Googlebot/2.1; +http://www.google.com/bot.html)"
95.108.158.232 - - [20/Apr/2011:07:08:46 +0200] "GET /templates/rmstyle/images/hd_next.gif HTTP/1.1" 304 - "-" "Mozilla/5.0 (compatible; YandexImages/3.0; +http://yandex.com/bots)"
157.55.116.13 - - [20/Apr/2011:07:08:53 +0200] "GET /viewtopic.php?p=18447 HTTP/1.1" 200 105 "-" "msnbot/2.0b (+http://search.msn.com/msnbot.htm)._"
157.55.116.13 - - [20/Apr/2011:07:08:57 +0200] "GET /viewtopic.php?p=26537 HTTP/1.1" 200 105 "-" "msnbot/2.0b (+http://search.msn.com/msnbot.htm)._"
157.55.116.13 - - [20/Apr/2011:07:08:59 +0200] "GET /viewtopic.php?p=14051 HTTP/1.1" 200 105 "-" "msnbot/2.0b (+http://search.msn.com/msnbot.htm)._"
157.55.116.13 - - [20/Apr/2011:07:09:04 +0200] "GET /viewtopic.php?p=28710 HTTP/1.1" 200 105 "-" "msnbot/2.0b (+http://search.msn.com/msnbot.htm)._"
157.55.116.13 - - [20/Apr/2011:07:09:07 +0200] "GET /viewtopic.php?p=4510 HTTP/1.1" 200 105 "-" "msnbot/2.0b (+http://search.msn.com/msnbot.htm)._"
157.55.116.13 - - [20/Apr/2011:07:09:11 +0200] "GET /viewtopic.php?p=42671 HTTP/1.1" 200 105 "-" "msnbot/2.0b (+http://search.msn.com/msnbot.htm)._"
157.55.116.13 - - [20/Apr/2011:07:09:14 +0200] "GET /viewtopic.php?p=17371 HTTP/1.1" 200 105 "-" "msnbot/2.0b (+http://search.msn.com/msnbot.htm)._"
157.55.116.13 - - [20/Apr/2011:07:09:16 +0200] "GET /viewtopic.php?p=48075 HTTP/1.1" 200 105 "-" "msnbot/2.0b (+http://search.msn.com/msnbot.htm)._"
157.55.116.13 - - [20/Apr/2011:07:09:18 +0200] "GET /viewtopic.php?p=45949 HTTP/1.1" 200 105 "-" "msnbot/2.0b (+http://search.msn.com/msnbot.htm)._"
157.55.116.13 - - [20/Apr/2011:07:09:20 +0200] "GET /viewtopic.php?p=23433 HTTP/1.1" 200 105 "-" "msnbot/2.0b (+http://search.msn.com/msnbot.htm)._"
157.55.116.13 - - [20/Apr/2011:07:09:22 +0200] "GET /viewtopic.php?p=15452 HTTP/1.1" 200 105 "-" "msnbot/2.0b (+http://search.msn.com/msnbot.htm)._"
157.55.116.13 - - [20/Apr/2011:07:09:25 +0200] "GET /viewtopic.php?p=40812 HTTP/1.1" 200 105 "-" "msnbot/2.0b (+http://search.msn.com/msnbot.htm)._"
66.249.72.242 - - [20/Apr/2011:07:09:26 +0200] "GET /viewtopic.php?t=3118&start=15&sid=deb79e572fad5cae821afdd2d2b05142 HTTP/1.1" 200 2001 "-" "Mozilla/5.0 (compatible; Googlebot/2.1; +http://www.google.com/bot.html)"
157.55.116.13 - - [20/Apr/2011:07:09:28 +0200] "GET /viewtopic.php?p=39704 HTTP/1.1" 200 105 "-" "msnbot/2.0b (+http://search.msn.com/msnbot.htm)._"
157.55.116.13 - - [20/Apr/2011:07:09:31 +0200] "GET /viewtopic.php?p=17791 HTTP/1.1" 200 105 "-" "msnbot/2.0b (+http://search.msn.com/msnbot.htm)._"
157.55.116.13 - - [20/Apr/2011:07:09:33 +0200] "GET /viewtopic.php?p=42281 HTTP/1.1" 200 105 "-" "msnbot/2.0b (+http://search.msn.com/msnbot.htm)._"
157.55.116.13 - - [20/Apr/2011:07:09:35 +0200] "GET /viewtopic.php?p=41097 HTTP/1.1" 200 105 "-" "msnbot/2.0b (+http://search.msn.com/msnbot.htm)._"
157.55.116.13 - - [20/Apr/2011:07:09:40 +0200] "GET /viewtopic.php?p=113567 HTTP/1.1" 200 105 "-" "msnbot/2.0b (+http://search.msn.com/msnbot.htm)._"
157.55.116.13 - - [20/Apr/2011:07:09:43 +0200] "GET /viewtopic.php?p=19426 HTTP/1.1" 200 105 "-" "msnbot/2.0b (+http://search.msn.com/msnbot.htm)._"
157.55.116.13 - - [20/Apr/2011:07:09:51 +0200] "GET /viewtopic.php?p=22262 HTTP/1.1" 200 105 "-" "msnbot/2.0b (+http://search.msn.com/msnbot.htm)._"
