66.249.66.146 - - [20/Apr/2011:00:50:29 +0200] "GET /viewtopic.php?t=2408&highlight=&sid=62c00ae9f5cee3815f344cb42082e642 HTTP/1.1" 200 2001 "-" "Mozilla/5.0 (compatible; Googlebot/2.1; +http://www.google.com/bot.html)"
66.249.66.146 - - [20/Apr/2011:00:52:09 +0200] "GET /viewtopic.php?p=2025&highlight=&sid=a81acac3b7992780eef5e6375b264c53 HTTP/1.1" 200 2001 "-" "Mozilla/5.0 (compatible; Googlebot/2.1; +http://www.google.com/bot.html)"
94.228.34.237 - - [20/Apr/2011:00:52:14 +0200] "GET /viewforum.php?f=23 HTTP/1.1" 200 2002 "-" "magpie-crawler/1.1 (U; Linux amd64; en-GB; +http://www.brandwatch.net)"
66.249.66.146 - - [20/Apr/2011:00:52:29 +0200] "GET /viewtopic.php?p=101611&sid=927d82c1b5be2e691089751356ff42d4 HTTP/1.1" 200 1999 "-" "Mozilla/5.0 (compatible; Googlebot/2.1; +http://www.google.com/bot.html)"
66.249.72.242 - - [20/Apr/2011:00:52:35 +0200] "GET /viewtopic.php?t=2718&postdays=0&postorder=asc&start=60&sid=463411ddcfbe121554b8402ceac1e572 HTTP/1.1" 200 2000 "-" "Mozilla/5.0 (compatible; Googlebot/2.1; +http://www.google.com/bot.html)"
157.55.116.13 - - [20/Apr/2011:00:53:14 +0200] "GET /viewtopic.php?p=56863 HTTP/1.1" 200 105 "-" "msnbot/2.0b (+http://search.msn.com/msnbot.htm)._"
157.55.116.13 - - [20/Apr/2011:00:53:20 +0200] "GET /viewtopic.php?p=69578 HTTP/1.1" 200 105 "-" "msnbot/2.0b (+http://search.msn.com/msnbot.htm)._"
157.55.116.13 - - [20/Apr/2011:00:53:23 +0200] "GET /viewtopic.php?p=77875 HTTP/1.1" 200 105 "-" "msnbot/2.0b (+http://search.msn.com/msnbot.htm)._"
157.55.116.13 - - [20/Apr/2011:00:53:27 +0200] "GET /posting.php?mode=quote&p=22011 HTTP/1.1" 200 105 "-" "msnbot/2.0b (+http://search.msn.com/msnbot.htm)._"
66.249.66.146 - - [20/Apr/2011:00:53:32 +0200] "GET /viewtopic.php?p=12742&highlight=&sid=0a030923fc87756ce46bc0ee0eb07bcd HTTP/1.1" 200 2001 "-" "Mozilla/5.0 (compatible; Googlebot/2.1; +http://www.google.com/bot.html)"
157.55.116.13 - - [20/Apr/2011:00:53:33 +0200] "GET /viewtopic.php?p=26892 HTTP/1.1" 200 105 "-" "msnbot/2.0b (+http://search.msn.com/msnbot.htm)._"
66.249.72.242 - - [20/Apr/2011:00:53:33 +0200] "GET /viewtopic.php?p=20892&sid=2c9484149d530f0b32abcd49204bdd1d HTTP/1.1" 200 2001 "-" "Mozilla/5.0 (compatible; Googlebot/2.1; +http://www.google.com/bot.html)"
157.55.116.13 - - [20/Apr/2011:00:53:37 +0200] "GET /viewtopic.php?p=7102 HTTP/1.1" 200 105 "-" "msnbot/2.0b (+http://search.msn.com/msnbot.htm)._"
157.55.116.13 - - [20/Apr/2011:00:53:40 +0200] "GET /viewtopic.php?p=110603 HTTP/1.1" 200 105 "-" "msnbot/2.0b (+http://search.msn.com/msnbot.htm)._"
157.55.116.13 - - [20/Apr/2011:00:53:49 +0200] "GET /posting.php?mode=quote&p=112076 HTTP/1.1" 200 105 "-" "msnbot/2.0b (+http://search.msn.com/msnbot.htm)._"
157.55.116.13 - - [20/Apr/2011:00:53:52 +0200] "GET /viewtopic.php?p=27640 HTTP/1.1" 200 105 "-" "msnbot/2.0b (+http://search.msn.com/msnbot.htm)._"
157.55.116.13 - - [20/Apr/2011:00:53:54 +0200] "GET /posting.php?mode=quote&p=55068 HTTP/1.1" 200 105 "-" "msnbot/2.0b (+http://search.msn.com/msnbot.htm)._"
157.55.116.13 - - [20/Apr/2011:00:53:57 +0200] "GET /posting.php?mode=quote&p=47324 HTTP/1.1" 200 105 "-" "msnbot/2.0b (+http://search.msn.com/msnbot.htm)._"
157.55.116.13 - - [20/Apr/2011:00:54:02 +0200] "GET /viewtopic.php?p=52914 HTTP/1.1" 200 105 "-" "msnbot/2.0b (+http://search.msn.com/msnbot.htm)._"
157.55.116.13 - - [20/Apr/2011:00:54:05 +0200] "GET /viewtopic.php?p=79975 HTTP/1.1" 200 105 "-" "msnbot/2.0b (+http://search.msn.com/msnbot.htm)._"
157.55.116.13 - - [20/Apr/2011:00:54:09 +0200] "GET /viewtopic.php?p=19573 HTTP/1.1" 200 105 "-" "msnbot/2.0b (+http://search.msn.com/msnbot.htm)._"
157.55.116.13 - - [20/Apr/2011:00:54:11 +0200] "GET /posting.php?mode=quote&p=43202 HTTP/1.1" 200 105 "-" "msnbot/2.0b (+http://search.msn.com/msnbot.htm)._"
157.55.116.13 - - [20/Apr/2011:00:54:14 +0200] "GET /posting.php?mode=quote&p=46784 HTTP/1.1" 200 105 "-" "msnbot/2.0b (+http://search.msn.com/msnbot.htm)._"
157.55.116.13 - - [20/Apr/2011:00:54:18 +0200] "GET /viewtopic.php?p=17945 HTTP/1.1" 200 105 "-" "msnbot/2.0b (+http://search.msn.com/msnbot.htm)._"
157.55.116.13 - - [20/Apr/2011:00:54:20 +0200] "GET /viewtopic.php?p=30009 HTTP/1.1" 200 105 "-" "msnbot/2.0b (+http://search.msn.com/msnbot.htm)._"
81.51.213.218 - - [20/Apr/2011:00:54:22 +0200] "GET /AvatarsManager/lakse.jpg HTTP/1.1" 302 20 "http://ragemachines.simplygaming.org/t339p15-en-courskaora" "Mozilla/4.0 (compatible; MSIE 7.0; Windows NT 6.1; WOW64; Trident/4.0; GTB6.3; SLCC2; .NET CLR 2.0.50727; .NET CLR 3.5.30729; .NET CLR 3.0.30729; Media Center PC 6.0; .NET4.0C)"
81.51.213.218 - - [20/Apr/2011:00:54:22 +0200] "GET /AvatarsManager/joueurs/lakse/5.png HTTP/1.1" 200 76045 "http://ragemachines.simplygaming.org/t339p15-en-courskaora" "Mozilla/4.0 (compatible; MSIE 7.0; Windows NT 6.1; WOW64; Trident/4.0; GTB6.3; SLCC2; .NET CLR 2.0.50727; .NET CLR 3.5.30729; .NET CLR 3.0.30729; Media Center PC 6.0; .NET4.0C)"
109.209.57.34 - - [20/Apr/2011:00:54:23 +0200] "GET /AvatarsManager/lakse.jpg HTTP/1.1" 302 20 "http://ragemachines.simplygaming.org/t213-caitlyn-sheriff-de-piltover" "Mozilla/5.0 (Windows; U; Windows NT 6.1; fr; rv:1.9.2.16) Gecko/20110319 Firefox/3.6.16"
157.55.116.13 - - [20/Apr/2011:00:54:24 +0200] "GET /viewtopic.php?p=29044 HTTP/1.1" 200 105 "-" "msnbot/2.0b (+http://search.msn.com/msnbot.htm)._"
109.209.57.34 - - [20/Apr/2011:00:54:24 +0200] "GET /AvatarsManager/joueurs/lakse/4.png HTTP/1.1" 200 63894 "http://ragemachines.simplygaming.org/t213-caitlyn-sheriff-de-piltover" "Mozilla/5.0 (Windows; U; Windows NT 6.1; fr; rv:1.9.2.16) Gecko/20110319 Firefox/3.6.16"
157.55.116.13 - - [20/Apr/2011:00:54:28 +0200] "GET /viewtopic.php?p=74523 HTTP/1.1" 200 105 "-" "msnbot/2.0b (+http://search.msn.com/msnbot.htm)._"
157.55.116.13 - - [20/Apr/2011:00:54:31 +0200] "GET /viewtopic.php?p=26955 HTTP/1.1" 200 105 "-" "msnbot/2.0b (+http://search.msn.com/msnbot.htm)._"
157.55.116.13 - - [20/Apr/2011:00:54:34 +0200] "GET /viewtopic.php?p=27773 HTTP/1.1" 200 105 "-" "msnbot/2.0b (+http://search.msn.com/msnbot.htm)._"
157.55.116.13 - - [20/Apr/2011:00:54:37 +0200] "GET /viewtopic.php?p=30731 HTTP/1.1" 200 105 "-" "msnbot/2.0b (+http://search.msn.com/msnbot.htm)._"
157.55.116.13 - - [20/Apr/2011:00:54:40 +0200] "GET /viewtopic.php?p=46091 HTTP/1.1" 200 105 "-" "msnbot/2.0b (+http://search.msn.com/msnbot.htm)._"
157.55.116.13 - - [20/Apr/2011:00:54:44 +0200] "GET /viewtopic.php?p=31084 HTTP/1.1" 200 105 "-" "msnbot/2.0b (+http://search.msn.com/msnbot.htm)._"
81.51.213.218 - - [20/Apr/2011:00:54:44 +0200] "GET /AvatarsManager/lakse.jpg HTTP/1.1" 302 20 "http://ragemachines.simplygaming.org/t339-en-courskaora" "Mozilla/4.0 (compatible; MSIE 7.0; Windows NT 6.1; WOW64; Trident/4.0; GTB6.3; SLCC2; .NET CLR 2.0.50727; .NET CLR 3.5.30729; .NET CLR 3.0.30729; Media Center PC 6.0; .NET4.0C)"
157.55.116.13 - - [20/Apr/2011:00:54:46 +0200] "GET /viewtopic.php?p=32057 HTTP/1.1" 200 105 "-" "msnbot/2.0b (+http://search.msn.com/msnbot.htm)._"
83.195.81.197 - - [20/Apr/2011:00:54:52 +0200] "GET /AvatarsManager/lakse.jpg HTTP/1.1" 302 20 "http://ragemachines.simplygaming.org/t331-un-guide-brillant-lux-dame-de-lumiere" "Mozilla/5.0 (Windows; U; Windows NT 6.1; en-US) AppleWebKit/534.16 (KHTML, like Gecko) Chrome/10.0.648.204 Safari/534.16"
83.195.81.197 - - [20/Apr/2011:00:54:52 +0200] "GET /AvatarsManager/joueurs/lakse/3.png HTTP/1.1" 200 71244 "http://ragemachines.simplygaming.org/t331-un-guide-brillant-lux-dame-de-lumiere" "Mozilla/5.0 (Windows; U; Windows NT 6.1; en-US) AppleWebKit/534.16 (KHTML, like Gecko) Chrome/10.0.648.204 Safari/534.16"
66.249.72.242 - - [20/Apr/2011:00:55:11 +0200] "GET /viewtopic.php?p=119087&sid=3c8a2363b01cc7017e704c4bf983969d HTTP/1.1" 200 2002 "-" "Mozilla/5.0 (compatible; Googlebot/2.1; +http://www.google.com/bot.html)"
193.252.149.14 - - [20/Apr/2011:00:56:05 +0200] "GET /viewtopic.php?t=2352 HTTP/1.1" 200 1999 "-" "Mozilla/5.0 (Windows; U; Windows NT 5.1; fr; rv:1.8.1) VoilaBot BETA 1.2 (support.voilabot@orange-ftgroup.com)"
66.249.66.146 - - [20/Apr/2011:00:57:17 +0200] "GET /viewtopic.php?p=22758&highlight=&sid=21d41393c8737c9b64d06fd80608c8da HTTP/1.1" 200 2001 "-" "Mozilla/5.0 (compatible; Googlebot/2.1; +http://www.google.com/bot.html)"
94.228.34.233 - - [20/Apr/2011:00:57:53 +0200] "GET /viewforum.php?f=6 HTTP/1.1" 200 2000 "-" "magpie-crawler/1.1 (U; Linux amd64; en-GB; +http://www.brandwatch.net)"
66.249.72.242 - - [20/Apr/2011:00:58:18 +0200] "GET /viewtopic.php?p=55121&highlight=&sid=62c00ae9f5cee3815f344cb42082e642 HTTP/1.1" 200 2002 "-" "Mozilla/5.0 (compatible; Googlebot/2.1; +http://www.google.com/bot.html)"
66.249.66.146 - - [20/Apr/2011:00:59:11 +0200] "GET /viewtopic.php?p=63312&highlight=&sid=b5be100505a6e36cdf599a67f96fd6a0 HTTP/1.1" 200 1999 "-" "Mozilla/5.0 (compatible; Googlebot/2.1; +http://www.google.com/bot.html)"
66.249.66.146 - - [20/Apr/2011:00:59:22 +0200] "GET /viewtopic.php?p=33703&sid=4c8bc9d1687fd710a972fb676ded1129 HTTP/1.1" 200 1999 "-" "Mozilla/5.0 (compatible; Googlebot/2.1; +http://www.google.com/bot.html)"
220.181.108.144 - - [20/Apr/2011:00:59:25 +0200] "GET /robots.txt HTTP/1.1" 404 182 "-" "Baiduspider+(+http://www.baidu.com/search/spider.htm)"
188.143.232.132 - - [20/Apr/2011:00:59:48 +0200] "GET /profile.php?mode=activate&u=829&act_key=b70267636d HTTP/1.0" 200 6354 "http://forum.rally-infernal.info/profile.php?mode=activate&u=829&act_key=b70267636d" "Mozilla/4.0 (compatible; MSIE 6.0; Windows NT 5.1; .NET CLR 1.1.4322)"
188.143.232.132 - - [20/Apr/2011:01:00:04 +0200] "GET /index.php HTTP/1.0" 200 5861 "http://forum.rally-infernal.info/index.php" "Mozilla/4.0 (compatible; MSIE 6.0; Windows NT 5.1; .NET CLR 1.1.4322)"
188.143.232.132 - - [20/Apr/2011:01:00:12 +0200] "GET /login.php HTTP/1.0" 200 7182 "http://forum.rally-infernal.info/login.php" "Mozilla/4.0 (compatible; MSIE 6.0; Windows NT 5.1; .NET CLR 1.1.4322)"
83.195.81.197 - - [20/Apr/2011:01:00:53 +0200] "GET /AvatarsManager/lakse.jpg HTTP/1.1" 302 20 "http://ragemachines.simplygaming.org/t10-apparence-et-structure-du-forum" "Mozilla/5.0 (Windows; U; Windows NT 6.1; en-US) AppleWebKit/534.16 (KHTML, like Gecko) Chrome/10.0.648.204 Safari/534.16"
83.195.81.197 - - [20/Apr/2011:01:00:53 +0200] "GET /AvatarsManager/joueurs/lakse/1.png HTTP/1.1" 200 69328 "http://ragemachines.simplygaming.org/t10-apparence-et-structure-du-forum" "Mozilla/5.0 (Windows; U; Windows NT 6.1; en-US) AppleWebKit/534.16 (KHTML, like Gecko) Chrome/10.0.648.204 Safari/534.16"
66.249.66.146 - - [20/Apr/2011:01:01:04 +0200] "GET /viewtopic.php?t=3154&start=360&postdays=0&postorder=asc&highlight=&sid=0e21e2e0281c3522942d48b5ea8fe399 HTTP/1.1" 200 2002 "-" "Mozilla/5.0 (compatible; Googlebot/2.1; +http://www.google.com/bot.html)"
66.249.66.146 - - [20/Apr/2011:01:01:27 +0200] "GET /viewtopic.php?p=32555&highlight=&sid=abaf7950f5b8b42a7b327e845b6f19d8 HTTP/1.1" 200 2003 "-" "Mozilla/5.0 (compatible; Googlebot/2.1; +http://www.google.com/bot.html)"
90.19.73.158 - - [20/Apr/2011:01:01:58 +0200] "GET / HTTP/1.1" 200 2011 "-" "Mozilla/5.0 (Windows; U; Windows NT 6.1; fr; rv:1.9.2.10) Gecko/20100914 Firefox/3.6.10"
66.249.66.146 - - [20/Apr/2011:01:05:05 +0200] "GET /viewtopic.php?p=75157&sid=20040b0289d445768d5066e325f70751 HTTP/1.1" 200 2003 "-" "Mozilla/5.0 (compatible; Googlebot/2.1; +http://www.google.com/bot.html)"
79.94.98.72 - - [20/Apr/2011:01:05:19 +0200] "GET /index.php HTTP/1.1" 200 2014 "-" "Mozilla/5.0 (Windows; U; Windows NT 6.1; en-US) AppleWebKit/534.16 (KHTML, like Gecko) Chrome/10.0.648.205 Safari/534.16"
83.195.81.197 - - [20/Apr/2011:01:06:43 +0200] "GET /AvatarsManager/lakse.jpg HTTP/1.1" 302 20 "http://ragemachines.simplygaming.org/t10p195-apparence-et-structure-du-forum" "Mozilla/5.0 (Windows; U; Windows NT 6.1; en-US) AppleWebKit/534.16 (KHTML, like Gecko) Chrome/10.0.648.204 Safari/534.16"
83.195.81.197 - - [20/Apr/2011:01:06:43 +0200] "GET /AvatarsManager/joueurs/lakse/2.png HTTP/1.1" 200 72970 "http://ragemachines.simplygaming.org/t10p195-apparence-et-structure-du-forum" "Mozilla/5.0 (Windows; U; Windows NT 6.1; en-US) AppleWebKit/534.16 (KHTML, like Gecko) Chrome/10.0.648.204 Safari/534.16"
66.249.66.146 - - [20/Apr/2011:01:06:57 +0200] "GET /viewtopic.php?p=39343&sid=37eb4ca90361a7edbfae8f07638d68b8 HTTP/1.1" 200 2003 "-" "Mozilla/5.0 (compatible; Googlebot/2.1; +http://www.google.com/bot.html)"
66.249.66.146 - - [20/Apr/2011:01:08:16 +0200] "GET /viewtopic.php?p=10541&sid=5f9b8cc4d676e85c8caa5685228f697e HTTP/1.1" 200 2003 "-" "Mozilla/5.0 (compatible; Googlebot/2.1; +http://www.google.com/bot.html)"
66.249.66.146 - - [20/Apr/2011:01:10:45 +0200] "GET /viewtopic.php?t=3091&view=next&sid=1784912c90846dd40e873641b8f400e0 HTTP/1.1" 200 2000 "-" "Mozilla/5.0 (compatible; Googlebot/2.1; +http://www.google.com/bot.html)"
90.19.73.158 - - [20/Apr/2011:01:11:55 +0200] "GET / HTTP/1.1" 200 2011 "-" "Mozilla/5.0 (Windows; U; Windows NT 6.1; fr; rv:1.9.2.10) Gecko/20100914 Firefox/3.6.10"
79.94.98.72 - - [20/Apr/2011:01:11:59 +0200] "GET /index.php HTTP/1.1" 200 2011 "-" "Mozilla/5.0 (Windows; U; Windows NT 6.1; en-US) AppleWebKit/534.16 (KHTML, like Gecko) Chrome/10.0.648.205 Safari/534.16"
66.249.72.242 - - [20/Apr/2011:01:12:51 +0200] "GET /viewtopic.php?p=55729&sid=3b2c6114c88a8ab6d0a69e3fe8d1b6ef HTTP/1.1" 200 2000 "-" "Mozilla/5.0 (compatible; Googlebot/2.1; +http://www.google.com/bot.html)"
90.19.73.158 - - [20/Apr/2011:01:13:30 +0200] "GET / HTTP/1.1" 200 1994 "-" "Mozilla/5.0 (Windows; U; Windows NT 6.1; fr; rv:1.9.2.10) Gecko/20100914 Firefox/3.6.10"
90.19.73.158 - - [20/Apr/2011:01:14:28 +0200] "GET / HTTP/1.1" 200 1994 "-" "Mozilla/5.0 (Windows; U; Windows NT 6.1; fr; rv:1.9.2.10) Gecko/20100914 Firefox/3.6.10"
83.199.79.170 - - [20/Apr/2011:01:15:38 +0200] "GET /AvatarsManager/deug21.jpg HTTP/1.1" 302 20 "http://www.trackmania.com/fr/forum/viewtopic.php?t=34762" "Opera/9.80 (Windows NT 6.1; U; fr) Presto/2.8.131 Version/11.10"
83.199.79.170 - - [20/Apr/2011:01:15:38 +0200] "GET /AvatarsManager/joueurs/deug21/1.png HTTP/1.1" 200 48858 "http://www.trackmania.com/fr/forum/viewtopic.php?t=34762" "Opera/9.80 (Windows NT 6.1; U; fr) Presto/2.8.131 Version/11.10"
66.249.66.146 - - [20/Apr/2011:01:16:31 +0200] "GET /viewtopic.php?p=35824&sid=6b976e4e32bef7ad112c5b1cf3c5e7a5 HTTP/1.1" 200 2003 "-" "Mozilla/5.0 (compatible; Googlebot/2.1; +http://www.google.com/bot.html)"
83.195.81.197 - - [20/Apr/2011:01:18:00 +0200] "GET /AvatarsManager/lakse.jpg HTTP/1.1" 302 20 "http://ragemachines.simplygaming.org/t331-un-guide-brillant-lux-dame-de-lumiere" "Mozilla/5.0 (Windows; U; Windows NT 6.1; en-US) AppleWebKit/534.16 (KHTML, like Gecko) Chrome/10.0.648.204 Safari/534.16"
66.249.66.146 - - [20/Apr/2011:01:18:44 +0200] "GET /viewtopic.php?t=916&start=0&sid=a9651a8bfd6861ecfd02978744610a7e HTTP/1.1" 200 2003 "-" "Mozilla/5.0 (compatible; Googlebot/2.1; +http://www.google.com/bot.html)"
82.229.222.163 - - [20/Apr/2011:01:19:04 +0200] "GET /AvatarsManager/lakse.jpg HTTP/1.1" 302 20 "http://ragemachines.simplygaming.org/t339-en-courskaora" "Mozilla/5.0 (Macintosh; U; Intel Mac OS X 10_6_6; fr-fr) AppleWebKit/533.20.25 (KHTML, like Gecko) Version/5.0.4 Safari/533.20.27"
82.229.222.163 - - [20/Apr/2011:01:19:04 +0200] "GET /AvatarsManager/joueurs/lakse/4.png HTTP/1.1" 200 63894 "http://ragemachines.simplygaming.org/t339-en-courskaora" "Mozilla/5.0 (Macintosh; U; Intel Mac OS X 10_6_6; fr-fr) AppleWebKit/533.20.25 (KHTML, like Gecko) Version/5.0.4 Safari/533.20.27"
90.19.73.158 - - [20/Apr/2011:01:20:07 +0200] "GET / HTTP/1.1" 200 1994 "http://forum.rally-infernal.info/" "Mozilla/5.0 (Windows; U; Windows NT 6.1; fr; rv:1.9.2.10) Gecko/20100914 Firefox/3.6.10"
83.195.81.197 - - [20/Apr/2011:01:21:10 +0200] "GET /AvatarsManager/lakse.jpg HTTP/1.1" 302 20 "http://ragemachines.simplygaming.org/t41p45-trombine-au-scope" "Mozilla/5.0 (Windows; U; Windows NT 6.1; en-US) AppleWebKit/534.16 (KHTML, like Gecko) Chrome/10.0.648.204 Safari/534.16"
83.195.81.197 - - [20/Apr/2011:01:21:11 +0200] "GET /AvatarsManager/joueurs/lakse/4.png HTTP/1.1" 200 63894 "http://ragemachines.simplygaming.org/t41p45-trombine-au-scope" "Mozilla/5.0 (Windows; U; Windows NT 6.1; en-US) AppleWebKit/534.16 (KHTML, like Gecko) Chrome/10.0.648.204 Safari/534.16"
157.55.116.13 - - [20/Apr/2011:01:21:26 +0200] "GET /viewtopic.php?p=36818 HTTP/1.1" 200 105 "-" "msnbot/2.0b (+http://search.msn.com/msnbot.htm)._"
157.55.116.13 - - [20/Apr/2011:01:21:44 +0200] "GET /viewtopic.php?p=12318 HTTP/1.1" 200 105 "-" "msnbot/2.0b (+http://search.msn.com/msnbot.htm)._"
12.230.222.196 - - [20/Apr/2011:01:21:46 +0200] "GET /AvatarsManager/deug21.jpg HTTP/1.1" 302 20 "http://www.trackmania.com/fr/forum/viewtopic.php?t=34814" "Mozilla/5.0 (Windows; U; Windows NT 6.1; en-US) AppleWebKit/534.16 (KHTML, like Gecko) Chrome/10.0.648.204 Safari/534.16"
12.230.222.196 - - [20/Apr/2011:01:21:46 +0200] "GET /AvatarsManager/joueurs/deug21/1.png HTTP/1.1" 200 48858 "http://www.trackmania.com/fr/forum/viewtopic.php?t=34814" "Mozilla/5.0 (Windows; U; Windows NT 6.1; en-US) AppleWebKit/534.16 (KHTML, like Gecko) Chrome/10.0.648.204 Safari/534.16"
157.55.116.13 - - [20/Apr/2011:01:22:04 +0200] "GET /viewtopic.php?p=15995 HTTP/1.1" 200 105 "-" "msnbot/2.0b (+http://search.msn.com/msnbot.htm)._"
66.249.66.146 - - [20/Apr/2011:01:22:14 +0200] "GET /viewtopic.php?p=53502&sid=c5ae5fd30e322b4fc533673ecf03430c HTTP/1.1" 200 2002 "-" "Mozilla/5.0 (compatible; Googlebot/2.1; +http://www.google.com/bot.html)"
157.55.116.13 - - [20/Apr/2011:01:22:24 +0200] "GET /viewtopic.php?p=11518 HTTP/1.1" 200 105 "-" "msnbot/2.0b (+http://search.msn.com/msnbot.htm)._"
157.55.116.13 - - [20/Apr/2011:01:22:31 +0200] "GET /posting.php?mode=quote&p=103186 HTTP/1.1" 200 105 "-" "msnbot/2.0b (+http://search.msn.com/msnbot.htm)._"
157.55.116.13 - - [20/Apr/2011:01:22:34 +0200] "GET /viewtopic.php?t=2481 HTTP/1.1" 200 105 "-" "msnbot/2.0b (+http://search.msn.com/msnbot.htm)._"
157.55.116.13 - - [20/Apr/2011:01:22:37 +0200] "GET /viewtopic.php?p=111711 HTTP/1.1" 200 105 "-" "msnbot/2.0b (+http://search.msn.com/msnbot.htm)._"
84.95.241.30 - - [20/Apr/2011:01:22:39 +0200] "GET /index.php HTTP/1.0" 200 6354 "http://forum.rally-infernal.info/index.php" "Mozilla/4.0 (compatible; MSIE 6.0; Windows NT 5.1; SV1; InfoPath.1"
84.95.241.30 - - [20/Apr/2011:01:22:39 +0200] "GET /profile.php?mode=register&sid=74c09c1a26415dea768e6f390c0d9215 HTTP/1.0" 200 5861 "http://forum.rally-infernal.info/profile.php?mode=register&sid=74c09c1a26415dea768e6f390c0d9215" "Mozilla/4.0 (compatible; MSIE 6.0; Windows NT 5.1; SV1; InfoPath.1"
157.55.116.13 - - [20/Apr/2011:01:22:40 +0200] "GET /viewtopic.php?p=112131 HTTP/1.1" 200 105 "-" "msnbot/2.0b (+http://search.msn.com/msnbot.htm)._"
157.55.116.13 - - [20/Apr/2011:01:22:42 +0200] "GET /viewtopic.php?p=98093 HTTP/1.1" 200 105 "-" "msnbot/2.0b (+http://search.msn.com/msnbot.htm)._"
157.55.116.13 - - [20/Apr/2011:01:22:44 +0200] "GET /viewtopic.php?p=47902 HTTP/1.1" 200 105 "-" "msnbot/2.0b (+http://search.msn.com/msnbot.htm)._"
157.55.116.13 - - [20/Apr/2011:01:22:53 +0200] "GET /viewtopic.php?p=52218 HTTP/1.1" 200 105 "-" "msnbot/2.0b (+http://search.msn.com/msnbot.htm)._"
90.19.73.158 - - [20/Apr/2011:01:22:58 +0200] "GET / HTTP/1.1" 200 1994 "-" "Mozilla/5.0 (Windows; U; Windows NT 6.1; fr; rv:1.9.2.10) Gecko/20100914 Firefox/3.6.10"
157.55.116.13 - - [20/Apr/2011:01:22:59 +0200] "GET /viewtopic.php?p=55112 HTTP/1.1" 200 105 "-" "msnbot/2.0b (+http://search.msn.com/msnbot.htm)._"
157.55.116.13 - - [20/Apr/2011:01:23:01 +0200] "GET /viewtopic.php?p=90199 HTTP/1.1" 200 105 "-" "msnbot/2.0b (+http://search.msn.com/msnbot.htm)._"
83.195.81.197 - - [20/Apr/2011:01:23:05 +0200] "GET /AvatarsManager/lakse.jpg HTTP/1.1" 302 20 "http://ragemachines.simplygaming.org/t324-topic-steam" "Mozilla/5.0 (Windows; U; Windows NT 6.1; en-US) AppleWebKit/534.16 (KHTML, like Gecko) Chrome/10.0.648.204 Safari/534.16"
90.19.73.158 - - [20/Apr/2011:01:23:05 +0200] "GET / HTTP/1.1" 200 1060 "-" "Mozilla/5.0 (Windows; U; Windows NT 6.1; fr; rv:1.9.2.10) Gecko/20100914 Firefox/3.6.10"
90.19.73.158 - - [20/Apr/2011:01:23:05 +0200] "GET /css/style.css HTTP/1.1" 200 1274 "http://rmtool.webtof.org/" "Mozilla/5.0 (Windows; U; Windows NT 6.1; fr; rv:1.9.2.10) Gecko/20100914 Firefox/3.6.10"
90.19.73.158 - - [20/Apr/2011:01:23:05 +0200] "GET /css/img/tool.png HTTP/1.1" 200 9201 "http://rmtool.webtof.org/" "Mozilla/5.0 (Windows; U; Windows NT 6.1; fr; rv:1.9.2.10) Gecko/20100914 Firefox/3.6.10"
90.19.73.158 - - [20/Apr/2011:01:23:05 +0200] "GET /css/img/headerbg.png HTTP/1.1" 200 247 "http://rmtool.webtof.org/css/style.css" "Mozilla/5.0 (Windows; U; Windows NT 6.1; fr; rv:1.9.2.10) Gecko/20100914 Firefox/3.6.10"
90.19.73.158 - - [20/Apr/2011:01:23:05 +0200] "GET /css/img/favicon.ico HTTP/1.1" 200 1150 "-" "Mozilla/5.0 (Windows; U; Windows NT 6.1; fr; rv:1.9.2.10) Gecko/20100914 Firefox/3.6.10"
157.55.116.13 - - [20/Apr/2011:01:23:06 +0200] "GET /viewtopic.php?p=51574 HTTP/1.1" 200 105 "-" "msnbot/2.0b (+http://search.msn.com/msnbot.htm)._"
90.19.73.158 - - [20/Apr/2011:01:23:09 +0200] "GET / HTTP/1.1" 200 1060 "http://rmtool.webtof.org/" "Mozilla/5.0 (Windows; U; Windows NT 6.1; fr; rv:1.9.2.10) Gecko/20100914 Firefox/3.6.10"
90.19.73.158 - - [20/Apr/2011:01:23:11 +0200] "GET / HTTP/1.1" 200 1060 "http://rmtool.webtof.org/" "Mozilla/5.0 (Windows; U; Windows NT 6.1; fr; rv:1.9.2.10) Gecko/20100914 Firefox/3.6.10"
157.55.116.13 - - [20/Apr/2011:01:23:11 +0200] "GET /viewtopic.php?p=4935 HTTP/1.1" 200 105 "-" "msnbot/2.0b (+http://search.msn.com/msnbot.htm)._"
157.55.116.13 - - [20/Apr/2011:01:23:14 +0200] "GET /viewtopic.php?p=50056 HTTP/1.1" 200 105 "-" "msnbot/2.0b (+http://search.msn.com/msnbot.htm)._"
90.19.73.158 - - [20/Apr/2011:01:23:14 +0200] "GET / HTTP/1.1" 200 1060 "http://rmtool.webtof.org/" "Mozilla/5.0 (Windows; U; Windows NT 6.1; fr; rv:1.9.2.10) Gecko/20100914 Firefox/3.6.10"
157.55.116.13 - - [20/Apr/2011:01:23:20 +0200] "GET /viewtopic.php?p=93540 HTTP/1.1" 200 105 "-" "msnbot/2.0b (+http://search.msn.com/msnbot.htm)._"
90.19.73.158 - - [20/Apr/2011:01:23:21 +0200] "GET / HTTP/1.1" 200 1060 "http://rmtool.webtof.org/" "Mozilla/5.0 (Windows; U; Windows NT 6.1; fr; rv:1.9.2.10) Gecko/20100914 Firefox/3.6.10"
157.55.116.13 - - [20/Apr/2011:01:23:22 +0200] "GET /viewtopic.php?p=85560 HTTP/1.1" 200 105 "-" "msnbot/2.0b (+http://search.msn.com/msnbot.htm)._"
157.55.116.13 - - [20/Apr/2011:01:23:27 +0200] "GET /viewtopic.php?p=70364 HTTP/1.1" 200 105 "-" "msnbot/2.0b (+http://search.msn.com/msnbot.htm)._"
157.55.116.13 - - [20/Apr/2011:01:23:30 +0200] "GET /viewtopic.php?p=70275 HTTP/1.1" 200 105 "-" "msnbot/2.0b (+http://search.msn.com/msnbot.htm)._"
90.19.73.158 - - [20/Apr/2011:01:23:32 +0200] "GET / HTTP/1.1" 200 1060 "http://rmtool.webtof.org/" "Mozilla/5.0 (Windows; U; Windows NT 6.1; fr; rv:1.9.2.10) Gecko/20100914 Firefox/3.6.10"
157.55.116.13 - - [20/Apr/2011:01:23:32 +0200] "GET /viewtopic.php?p=27373 HTTP/1.1" 200 105 "-" "msnbot/2.0b (+http://search.msn.com/msnbot.htm)._"
83.195.81.197 - - [20/Apr/2011:01:23:34 +0200] "GET /AvatarsManager/lakse.jpg HTTP/1.1" 302 20 "http://ragemachines.simplygaming.org/t287-freewin-les-mecs" "Mozilla/5.0 (Windows; U; Windows NT 6.1; en-US) AppleWebKit/534.16 (KHTML, like Gecko) Chrome/10.0.648.204 Safari/534.16"
83.195.81.197 - - [20/Apr/2011:01:23:34 +0200] "GET /AvatarsManager/joueurs/lakse/5.png HTTP/1.1" 200 76045 "http://ragemachines.simplygaming.org/t287-freewin-les-mecs" "Mozilla/5.0 (Windows; U; Windows NT 6.1; en-US) AppleWebKit/534.16 (KHTML, like Gecko) Chrome/10.0.648.204 Safari/534.16"
157.55.116.13 - - [20/Apr/2011:01:23:36 +0200] "GET /viewtopic.php?p=9838 HTTP/1.1" 200 105 "-" "msnbot/2.0b (+http://search.msn.com/msnbot.htm)._"
157.55.116.13 - - [20/Apr/2011:01:23:40 +0200] "GET /viewtopic.php?p=97993 HTTP/1.1" 200 105 "-" "msnbot/2.0b (+http://search.msn.com/msnbot.htm)._"
157.55.116.13 - - [20/Apr/2011:01:23:43 +0200] "GET /viewtopic.php?p=97914 HTTP/1.1" 200 105 "-" "msnbot/2.0b (+http://search.msn.com/msnbot.htm)._"
222.91.237.103 - - [20/Apr/2011:01:23:47 +0200] "GET /index.php HTTP/1.0" 200 6354 "http://forum.rally-infernal.info/index.php" "Opera/9.00 (Windows NT 4.0; U; en)"
157.55.116.13 - - [20/Apr/2011:01:23:47 +0200] "GET /viewtopic.php?p=60574 HTTP/1.1" 200 105 "-" "msnbot/2.0b (+http://search.msn.com/msnbot.htm)._"
222.91.237.103 - - [20/Apr/2011:01:23:48 +0200] "GET /profile.php?mode=register&sid=c7840ddb41bd289096f5d442aba18b96 HTTP/1.0" 200 5861 "http://forum.rally-infernal.info/profile.php?mode=register&sid=c7840ddb41bd289096f5d442aba18b96" "Opera/9.00 (Windows NT 4.0; U; en)"
157.55.116.13 - - [20/Apr/2011:01:23:50 +0200] "GET /viewtopic.php?p=108451 HTTP/1.1" 200 105 "-" "msnbot/2.0b (+http://search.msn.com/msnbot.htm)._"
157.55.116.13 - - [20/Apr/2011:01:23:54 +0200] "GET /viewtopic.php?p=111496 HTTP/1.1" 200 105 "-" "msnbot/2.0b (+http://search.msn.com/msnbot.htm)._"
157.55.116.13 - - [20/Apr/2011:01:23:57 +0200] "GET /viewtopic.php?p=111083 HTTP/1.1" 200 105 "-" "msnbot/2.0b (+http://search.msn.com/msnbot.htm)._"
66.249.66.146 - - [20/Apr/2011:01:24:03 +0200] "GET /viewtopic.php?p=101615&sid=746612f3d1a795ccab0a3a120436f4ab HTTP/1.1" 200 2001 "-" "Mozilla/5.0 (compatible; Googlebot/2.1; +http://www.google.com/bot.html)"
157.55.116.13 - - [20/Apr/2011:01:24:04 +0200] "GET /viewtopic.php?p=17741 HTTP/1.1" 200 105 "-" "msnbot/2.0b (+http://search.msn.com/msnbot.htm)._"
157.55.116.13 - - [20/Apr/2011:01:24:08 +0200] "GET /viewtopic.php?p=100462 HTTP/1.1" 200 105 "-" "msnbot/2.0b (+http://search.msn.com/msnbot.htm)._"
157.55.116.13 - - [20/Apr/2011:01:24:13 +0200] "GET /viewtopic.php?p=28355 HTTP/1.1" 200 105 "-" "msnbot/2.0b (+http://search.msn.com/msnbot.htm)._"
157.55.116.13 - - [20/Apr/2011:01:24:19 +0200] "GET /viewtopic.php?p=1374 HTTP/1.1" 200 105 "-" "msnbot/2.0b (+http://search.msn.com/msnbot.htm)._"
157.55.116.13 - - [20/Apr/2011:01:24:24 +0200] "GET /viewtopic.php?p=11586 HTTP/1.1" 200 105 "-" "msnbot/2.0b (+http://search.msn.com/msnbot.htm)._"
157.55.116.13 - - [20/Apr/2011:01:24:26 +0200] "GET /viewtopic.php?p=35608 HTTP/1.1" 200 105 "-" "msnbot/2.0b (+http://search.msn.com/msnbot.htm)._"
157.55.116.13 - - [20/Apr/2011:01:24:30 +0200] "GET /viewtopic.php?p=110925 HTTP/1.1" 200 105 "-" "msnbot/2.0b (+http://search.msn.com/msnbot.htm)._"
157.55.116.13 - - [20/Apr/2011:01:24:33 +0200] "GET /viewtopic.php?p=111201 HTTP/1.1" 200 105 "-" "msnbot/2.0b (+http://search.msn.com/msnbot.htm)._"
157.55.116.13 - - [20/Apr/2011:01:24:36 +0200] "GET /viewtopic.php?p=95013 HTTP/1.1" 200 105 "-" "msnbot/2.0b (+http://search.msn.com/msnbot.htm)._"
66.249.72.242 - - [20/Apr/2011:01:24:37 +0200] "GET /viewtopic.php?t=2797&start=645&sid=c2493750b86250f076f74e81eea5cade HTTP/1.1" 200 2003 "-" "Mozilla/5.0 (compatible; Googlebot/2.1; +http://www.google.com/bot.html)"
157.55.116.13 - - [20/Apr/2011:01:24:39 +0200] "GET /viewtopic.php?p=87875 HTTP/1.1" 200 105 "-" "msnbot/2.0b (+http://search.msn.com/msnbot.htm)._"
157.55.116.13 - - [20/Apr/2011:01:24:41 +0200] "GET /viewtopic.php?p=83996 HTTP/1.1" 200 105 "-" "msnbot/2.0b (+http://search.msn.com/msnbot.htm)._"
157.55.116.13 - - [20/Apr/2011:01:24:44 +0200] "GET /viewtopic.php?p=2222 HTTP/1.1" 200 105 "-" "msnbot/2.0b (+http://search.msn.com/msnbot.htm)._"
157.55.116.13 - - [20/Apr/2011:01:24:46 +0200] "GET /viewtopic.php?p=91952 HTTP/1.1" 200 105 "-" "msnbot/2.0b (+http://search.msn.com/msnbot.htm)._"
157.55.116.13 - - [20/Apr/2011:01:24:49 +0200] "GET /viewtopic.php?p=65293 HTTP/1.1" 200 105 "-" "msnbot/2.0b (+http://search.msn.com/msnbot.htm)._"
157.55.116.13 - - [20/Apr/2011:01:24:52 +0200] "GET /viewtopic.php?p=63316 HTTP/1.1" 200 105 "-" "msnbot/2.0b (+http://search.msn.com/msnbot.htm)._"
157.55.116.13 - - [20/Apr/2011:01:24:57 +0200] "GET /viewtopic.php?p=84018 HTTP/1.1" 200 105 "-" "msnbot/2.0b (+http://search.msn.com/msnbot.htm)._"
157.55.116.13 - - [20/Apr/2011:01:25:00 +0200] "GET /viewtopic.php?p=76006 HTTP/1.1" 200 105 "-" "msnbot/2.0b (+http://search.msn.com/msnbot.htm)._"
157.55.116.13 - - [20/Apr/2011:01:25:03 +0200] "GET /viewtopic.php?p=93222 HTTP/1.1" 200 105 "-" "msnbot/2.0b (+http://search.msn.com/msnbot.htm)._"
157.55.116.13 - - [20/Apr/2011:01:25:04 +0200] "GET /viewtopic.php?p=53790 HTTP/1.1" 200 105 "-" "msnbot/2.0b (+http://search.msn.com/msnbot.htm)._"
157.55.116.13 - - [20/Apr/2011:01:25:08 +0200] "GET /viewtopic.php?p=73868 HTTP/1.1" 200 105 "-" "msnbot/2.0b (+http://search.msn.com/msnbot.htm)._"
157.55.116.13 - - [20/Apr/2011:01:25:10 +0200] "GET /viewtopic.php?p=99409 HTTP/1.1" 200 105 "-" "msnbot/2.0b (+http://search.msn.com/msnbot.htm)._"
157.55.116.13 - - [20/Apr/2011:01:25:15 +0200] "GET /posting.php?mode=quote&p=100577 HTTP/1.1" 200 105 "-" "msnbot/2.0b (+http://search.msn.com/msnbot.htm)._"
157.55.116.13 - - [20/Apr/2011:01:25:18 +0200] "GET /viewtopic.php?p=99078 HTTP/1.1" 200 105 "-" "msnbot/2.0b (+http://search.msn.com/msnbot.htm)._"
157.55.116.13 - - [20/Apr/2011:01:25:20 +0200] "GET /viewtopic.php?p=12708 HTTP/1.1" 200 105 "-" "msnbot/2.0b (+http://search.msn.com/msnbot.htm)._"
157.55.116.13 - - [20/Apr/2011:01:25:24 +0200] "GET /viewtopic.php?p=107612 HTTP/1.1" 200 105 "-" "msnbot/2.0b (+http://search.msn.com/msnbot.htm)._"
157.55.116.13 - - [20/Apr/2011:01:25:29 +0200] "GET /viewtopic.php?p=112338 HTTP/1.1" 200 105 "-" "msnbot/2.0b (+http://search.msn.com/msnbot.htm)._"
157.55.116.13 - - [20/Apr/2011:01:25:33 +0200] "GET /viewtopic.php?p=113878 HTTP/1.1" 200 105 "-" "msnbot/2.0b (+http://search.msn.com/msnbot.htm)._"
157.55.116.13 - - [20/Apr/2011:01:25:37 +0200] "GET /viewtopic.php?p=94954 HTTP/1.1" 200 105 "-" "msnbot/2.0b (+http://search.msn.com/msnbot.htm)._"
157.55.116.13 - - [20/Apr/2011:01:25:43 +0200] "GET /viewtopic.php?p=113531 HTTP/1.1" 200 105 "-" "msnbot/2.0b (+http://search.msn.com/msnbot.htm)._"
157.55.116.13 - - [20/Apr/2011:01:25:45 +0200] "GET /viewtopic.php?p=50194 HTTP/1.1" 200 105 "-" "msnbot/2.0b (+http://search.msn.com/msnbot.htm)._"
157.55.116.13 - - [20/Apr/2011:01:25:47 +0200] "GET /viewtopic.php?p=112520 HTTP/1.1" 200 105 "-" "msnbot/2.0b (+http://search.msn.com/msnbot.htm)._"
94.228.34.237 - - [20/Apr/2011:01:25:48 +0200] "GET /viewforum.php?f=22 HTTP/1.1" 200 2002 "-" "magpie-crawler/1.1 (U; Linux amd64; en-GB; +http://www.brandwatch.net)"
157.55.116.13 - - [20/Apr/2011:01:25:51 +0200] "GET /viewtopic.php?p=98400 HTTP/1.1" 200 105 "-" "msnbot/2.0b (+http://search.msn.com/msnbot.htm)._"
157.55.116.13 - - [20/Apr/2011:01:25:55 +0200] "GET /viewtopic.php?p=35374 HTTP/1.1" 200 105 "-" "msnbot/2.0b (+http://search.msn.com/msnbot.htm)._"
157.55.116.13 - - [20/Apr/2011:01:25:57 +0200] "GET /viewtopic.php?p=68175 HTTP/1.1" 200 105 "-" "msnbot/2.0b (+http://search.msn.com/msnbot.htm)._"
157.55.116.13 - - [20/Apr/2011:01:26:00 +0200] "GET /viewtopic.php?p=21220 HTTP/1.1" 200 105 "-" "msnbot/2.0b (+http://search.msn.com/msnbot.htm)._"
157.55.116.13 - - [20/Apr/2011:01:26:03 +0200] "GET /viewtopic.php?t=46 HTTP/1.1" 200 105 "-" "msnbot/2.0b (+http://search.msn.com/msnbot.htm)._"
157.55.116.13 - - [20/Apr/2011:01:26:05 +0200] "GET /viewtopic.php?p=17634 HTTP/1.1" 200 105 "-" "msnbot/2.0b (+http://search.msn.com/msnbot.htm)._"
157.55.116.13 - - [20/Apr/2011:01:26:08 +0200] "GET /viewtopic.php?p=54291 HTTP/1.1" 200 105 "-" "msnbot/2.0b (+http://search.msn.com/msnbot.htm)._"
157.55.116.13 - - [20/Apr/2011:01:26:11 +0200] "GET /viewtopic.php?p=35457 HTTP/1.1" 200 105 "-" "msnbot/2.0b (+http://search.msn.com/msnbot.htm)._"
157.55.116.13 - - [20/Apr/2011:01:26:16 +0200] "GET /viewtopic.php?p=40612 HTTP/1.1" 200 105 "-" "msnbot/2.0b (+http://search.msn.com/msnbot.htm)._"
157.55.116.13 - - [20/Apr/2011:01:26:19 +0200] "GET /viewtopic.php?p=99725 HTTP/1.1" 200 105 "-" "msnbot/2.0b (+http://search.msn.com/msnbot.htm)._"
157.55.116.13 - - [20/Apr/2011:01:26:21 +0200] "GET /viewtopic.php?p=43372 HTTP/1.1" 200 105 "-" "msnbot/2.0b (+http://search.msn.com/msnbot.htm)._"
157.55.116.13 - - [20/Apr/2011:01:26:24 +0200] "GET /viewtopic.php?t=2969 HTTP/1.1" 200 105 "-" "msnbot/2.0b (+http://search.msn.com/msnbot.htm)._"
157.55.116.13 - - [20/Apr/2011:01:26:26 +0200] "GET /viewtopic.php?p=71648 HTTP/1.1" 200 105 "-" "msnbot/2.0b (+http://search.msn.com/msnbot.htm)._"
157.55.116.13 - - [20/Apr/2011:01:26:29 +0200] "GET /viewtopic.php?p=70312 HTTP/1.1" 200 105 "-" "msnbot/2.0b (+http://search.msn.com/msnbot.htm)._"
157.55.116.13 - - [20/Apr/2011:01:26:32 +0200] "GET /viewtopic.php?p=98507 HTTP/1.1" 200 105 "-" "msnbot/2.0b (+http://search.msn.com/msnbot.htm)._"
157.55.116.13 - - [20/Apr/2011:01:26:35 +0200] "GET /viewtopic.php?p=14809 HTTP/1.1" 200 105 "-" "msnbot/2.0b (+http://search.msn.com/msnbot.htm)._"
157.55.116.13 - - [20/Apr/2011:01:26:38 +0200] "GET /viewtopic.php?p=25969 HTTP/1.1" 200 105 "-" "msnbot/2.0b (+http://search.msn.com/msnbot.htm)._"
157.55.116.13 - - [20/Apr/2011:01:26:40 +0200] "GET /viewtopic.php?p=56982 HTTP/1.1" 200 105 "-" "msnbot/2.0b (+http://search.msn.com/msnbot.htm)._"
95.25.207.173 - - [20/Apr/2011:01:26:42 +0200] "GET /index.php HTTP/1.0" 200 6354 "http://forum.rally-infernal.info/index.php" "Mozilla/4.0 (compatible; MSIE 6.0; Windows NT 5.1; SV1; InfoPath.1"
95.25.207.173 - - [20/Apr/2011:01:26:43 +0200] "GET /profile.php?mode=register&sid=f51f008b01c0ecdecea454ae882f69c2 HTTP/1.0" 200 5861 "http://forum.rally-infernal.info/profile.php?mode=register&sid=f51f008b01c0ecdecea454ae882f69c2" "Mozilla/4.0 (compatible; MSIE 6.0; Windows NT 5.1; SV1; InfoPath.1"
157.55.116.13 - - [20/Apr/2011:01:26:43 +0200] "GET /viewtopic.php?p=111493 HTTP/1.1" 200 105 "-" "msnbot/2.0b (+http://search.msn.com/msnbot.htm)._"
157.55.116.13 - - [20/Apr/2011:01:26:46 +0200] "GET /viewtopic.php?p=62751 HTTP/1.1" 200 105 "-" "msnbot/2.0b (+http://search.msn.com/msnbot.htm)._"
157.55.116.13 - - [20/Apr/2011:01:26:49 +0200] "GET /viewtopic.php?p=70850 HTTP/1.1" 200 105 "-" "msnbot/2.0b (+http://search.msn.com/msnbot.htm)._"
157.55.116.13 - - [20/Apr/2011:01:26:51 +0200] "GET /viewtopic.php?p=110882 HTTP/1.1" 200 105 "-" "msnbot/2.0b (+http://search.msn.com/msnbot.htm)._"
157.55.116.13 - - [20/Apr/2011:01:26:54 +0200] "GET /viewtopic.php?p=35939 HTTP/1.1" 200 105 "-" "msnbot/2.0b (+http://search.msn.com/msnbot.htm)._"
157.55.116.13 - - [20/Apr/2011:01:26:57 +0200] "GET /viewtopic.php?p=39858 HTTP/1.1" 200 105 "-" "msnbot/2.0b (+http://search.msn.com/msnbot.htm)._"
157.55.116.13 - - [20/Apr/2011:01:27:00 +0200] "GET /viewtopic.php?p=79740 HTTP/1.1" 200 105 "-" "msnbot/2.0b (+http://search.msn.com/msnbot.htm)._"
157.55.116.13 - - [20/Apr/2011:01:27:03 +0200] "GET /viewtopic.php?p=75703 HTTP/1.1" 200 105 "-" "msnbot/2.0b (+http://search.msn.com/msnbot.htm)._"
157.55.116.13 - - [20/Apr/2011:01:27:06 +0200] "GET /viewtopic.php?p=83095 HTTP/1.1" 200 105 "-" "msnbot/2.0b (+http://search.msn.com/msnbot.htm)._"
157.55.116.13 - - [20/Apr/2011:01:27:09 +0200] "GET /viewtopic.php?p=15343 HTTP/1.1" 200 105 "-" "msnbot/2.0b (+http://search.msn.com/msnbot.htm)._"
157.55.116.13 - - [20/Apr/2011:01:27:11 +0200] "GET /viewtopic.php?p=89666 HTTP/1.1" 200 105 "-" "msnbot/2.0b (+http://search.msn.com/msnbot.htm)._"
157.55.116.13 - - [20/Apr/2011:01:27:15 +0200] "GET /viewtopic.php?p=60680 HTTP/1.1" 200 105 "-" "msnbot/2.0b (+http://search.msn.com/msnbot.htm)._"
157.55.116.13 - - [20/Apr/2011:01:27:17 +0200] "GET /viewtopic.php?p=16384 HTTP/1.1" 200 105 "-" "msnbot/2.0b (+http://search.msn.com/msnbot.htm)._"
157.55.116.13 - - [20/Apr/2011:01:27:20 +0200] "GET /viewtopic.php?p=39912 HTTP/1.1" 200 105 "-" "msnbot/2.0b (+http://search.msn.com/msnbot.htm)._"
157.55.116.13 - - [20/Apr/2011:01:27:22 +0200] "GET /viewtopic.php?p=103635 HTTP/1.1" 200 105 "-" "msnbot/2.0b (+http://search.msn.com/msnbot.htm)._"
157.55.116.13 - - [20/Apr/2011:01:27:26 +0200] "GET /viewtopic.php?p=15469 HTTP/1.1" 200 105 "-" "msnbot/2.0b (+http://search.msn.com/msnbot.htm)._"
66.249.72.242 - - [20/Apr/2011:01:27:57 +0200] "GET /viewtopic.php?p=91023&sid=128121bcff4aec218af56bde83e7bfcf HTTP/1.1" 200 2002 "-" "Mozilla/5.0 (compatible; Googlebot/2.1; +http://www.google.com/bot.html)"
90.19.73.158 - - [20/Apr/2011:01:28:09 +0200] "GET / HTTP/1.1" 200 1994 "-" "Mozilla/5.0 (Windows; U; Windows NT 6.1; fr; rv:1.9.2.10) Gecko/20100914 Firefox/3.6.10"
123.125.71.101 - - [20/Apr/2011:01:29:24 +0200] "GET / HTTP/1.1" 403 202 "-" "Baiduspider+(+http://www.baidu.com/search/spider.htm)"
220.181.108.179 - - [20/Apr/2011:01:29:46 +0200] "GET / HTTP/1.1" 403 202 "-" "Baiduspider+(+http://www.baidu.com/search/spider.htm)"
89.85.210.175 - - [20/Apr/2011:01:30:22 +0200] "GET /viewtopic.php?t=2515 HTTP/1.1" 200 2002 "http://www.trackmania-carpark.com/forum/viewtopic.php?f=14&t=8431" "Mozilla/4.0 (compatible; MSIE 7.0; Windows NT 6.0; WOW64; FBSMTWB; GTB6.6; SLCC1; .NET CLR 2.0.50727; Media Center PC 5.0; .NET CLR 3.5.21022; .NET CLR 3.5.30729; .NET CLR 3.0.30729; .NET4.0C; ShopperReports 3.0.517.0; SRS_IT_E8790476B076545732AD99; .NET4.0E; BRI/2)"
89.85.210.175 - - [20/Apr/2011:01:30:22 +0200] "GET /templates/rmstyle/rmstyle.css HTTP/1.1" 200 3183 "http://forum.rally-infernal.info/viewtopic.php?t=2515" "Mozilla/4.0 (compatible; MSIE 7.0; Windows NT 6.0; WOW64; FBSMTWB; GTB6.6; SLCC1; .NET CLR 2.0.50727; Media Center PC 5.0; .NET CLR 3.5.21022; .NET CLR 3.5.30729; .NET CLR 3.0.30729; .NET4.0C; ShopperReports 3.0.517.0; SRS_IT_E8790476B076545732AD99; .NET4.0E; BRI/2)"
89.85.210.175 - - [20/Apr/2011:01:30:23 +0200] "GET /templates/rmstyle/images/lang_french/icon_mini_faq.png HTTP/1.1" 200 2638 "http://forum.rally-infernal.info/viewtopic.php?t=2515" "Mozilla/4.0 (compatible; MSIE 7.0; Windows NT 6.0; WOW64; FBSMTWB; GTB6.6; SLCC1; .NET CLR 2.0.50727; Media Center PC 5.0; .NET CLR 3.5.21022; .NET CLR 3.5.30729; .NET CLR 3.0.30729; .NET4.0C; ShopperReports 3.0.517.0; SRS_IT_E8790476B076545732AD99; .NET4.0E; BRI/2)"
89.85.210.175 - - [20/Apr/2011:01:30:23 +0200] "GET /templates/rmstyle/images/lang_french/icon_mini_search.png HTTP/1.1" 200 2772 "http://forum.rally-infernal.info/viewtopic.php?t=2515" "Mozilla/4.0 (compatible; MSIE 7.0; Windows NT 6.0; WOW64; FBSMTWB; GTB6.6; SLCC1; .NET CLR 2.0.50727; Media Center PC 5.0; .NET CLR 3.5.21022; .NET CLR 3.5.30729; .NET CLR 3.0.30729; .NET4.0C; ShopperReports 3.0.517.0; SRS_IT_E8790476B076545732AD99; .NET4.0E; BRI/2)"
89.85.210.175 - - [20/Apr/2011:01:30:24 +0200] "GET /templates/rmstyle/images/lang_french/icon_mini_members.png HTTP/1.1" 200 3256 "http://forum.rally-infernal.info/viewtopic.php?t=2515" "Mozilla/4.0 (compatible; MSIE 7.0; Windows NT 6.0; WOW64; FBSMTWB; GTB6.6; SLCC1; .NET CLR 2.0.50727; Media Center PC 5.0; .NET CLR 3.5.21022; .NET CLR 3.5.30729; .NET CLR 3.0.30729; .NET4.0C; ShopperReports 3.0.517.0; SRS_IT_E8790476B076545732AD99; .NET4.0E; BRI/2)"
89.85.210.175 - - [20/Apr/2011:01:30:24 +0200] "GET /templates/rmstyle/images/lang_french/icon_mini_groups.png HTTP/1.1" 200 3010 "http://forum.rally-infernal.info/viewtopic.php?t=2515" "Mozilla/4.0 (compatible; MSIE 7.0; Windows NT 6.0; WOW64; FBSMTWB; GTB6.6; SLCC1; .NET CLR 2.0.50727; Media Center PC 5.0; .NET CLR 3.5.21022; .NET CLR 3.5.30729; .NET CLR 3.0.30729; .NET4.0C; ShopperReports 3.0.517.0; SRS_IT_E8790476B076545732AD99; .NET4.0E; BRI/2)"
89.85.210.175 - - [20/Apr/2011:01:30:23 +0200] "GET /templates/rmstyle/images/logo_rmstyle.jpg HTTP/1.1" 200 108363 "http://forum.rally-infernal.info/viewtopic.php?t=2515" "Mozilla/4.0 (compatible; MSIE 7.0; Windows NT 6.0; WOW64; FBSMTWB; GTB6.6; SLCC1; .NET CLR 2.0.50727; Media Center PC 5.0; .NET CLR 3.5.21022; .NET CLR 3.5.30729; .NET CLR 3.0.30729; .NET4.0C; ShopperReports 3.0.517.0; SRS_IT_E8790476B076545732AD99; .NET4.0E; BRI/2)"
66.249.66.146 - - [20/Apr/2011:01:30:31 +0200] "GET /viewtopic.php?t=3177&postdays=0&postorder=asc&start=15&sid=ce7c1e000b82b70550ab147df716152f HTTP/1.1" 200 2003 "-" "Mozilla/5.0 (compatible; Googlebot/2.1; +http://www.google.com/bot.html)"
82.120.244.120 - - [20/Apr/2011:01:30:31 +0200] "GET /AvatarsManager/deug21.jpg HTTP/1.1" 302 20 "http://www.trackmania.com/fr/forum/viewtopic.php?t=34757" "Mozilla/5.0 (Windows NT 6.1; WOW64; rv:2.0) Gecko/20100101 Firefox/4.0"
82.120.244.120 - - [20/Apr/2011:01:30:32 +0200] "GET /AvatarsManager/joueurs/deug21/1.png HTTP/1.1" 200 48858 "http://www.trackmania.com/fr/forum/viewtopic.php?t=34757" "Mozilla/5.0 (Windows NT 6.1; WOW64; rv:2.0) Gecko/20100101 Firefox/4.0"
66.249.66.146 - - [20/Apr/2011:01:33:40 +0200] "GET /viewtopic.php?p=119186&sid=43270e99857622d6e59d31645b981eec HTTP/1.1" 200 2001 "-" "Mozilla/5.0 (compatible; Googlebot/2.1; +http://www.google.com/bot.html)"
66.249.66.146 - - [20/Apr/2011:01:33:50 +0200] "GET /viewtopic.php?p=67758&highlight=&sid=d765023b1a2d1a0b6f92cd4d20bc8634 HTTP/1.1" 200 1999 "-" "Mozilla/5.0 (compatible; Googlebot/2.1; +http://www.google.com/bot.html)"
90.50.30.202 - - [20/Apr/2011:01:35:35 +0200] "GET /AvatarsManager/deug21.jpg HTTP/1.1" 302 20 "http://www.trackmania.com/fr/forum/viewtopic.php?t=34814&start=0" "Mozilla/5.0 (Windows NT 6.1; WOW64; rv:2.0) Gecko/20100101 Firefox/4.0"
90.50.30.202 - - [20/Apr/2011:01:35:35 +0200] "GET /AvatarsManager/joueurs/deug21/1.png HTTP/1.1" 200 48858 "http://www.trackmania.com/fr/forum/viewtopic.php?t=34814&start=0" "Mozilla/5.0 (Windows NT 6.1; WOW64; rv:2.0) Gecko/20100101 Firefox/4.0"
90.8.54.119 - - [20/Apr/2011:01:36:01 +0200] "GET / HTTP/1.1" 200 2001 "-" "Opera/9.80 (Windows NT 6.1; U; fr) Presto/2.8.131 Version/11.10"
90.8.54.119 - - [20/Apr/2011:01:36:01 +0200] "GET /templates/rmstyle/images/favicon.png HTTP/1.1" 200 974 "http://forum.rally-infernal.info/" "Opera/9.80 (Windows NT 6.1; U; fr) Presto/2.8.131 Version/11.10"
90.8.54.119 - - [20/Apr/2011:01:36:01 +0200] "GET /templates/rmstyle/rmstyle.css HTTP/1.1" 200 3183 "http://forum.rally-infernal.info/" "Opera/9.80 (Windows NT 6.1; U; fr) Presto/2.8.131 Version/11.10"
90.8.54.119 - - [20/Apr/2011:01:36:01 +0200] "GET /templates/rmstyle/images/lang_french/icon_mini_faq.png HTTP/1.1" 200 2638 "http://forum.rally-infernal.info/" "Opera/9.80 (Windows NT 6.1; U; fr) Presto/2.8.131 Version/11.10"
90.8.54.119 - - [20/Apr/2011:01:36:01 +0200] "GET /templates/rmstyle/images/lang_french/icon_mini_search.png HTTP/1.1" 200 2772 "http://forum.rally-infernal.info/" "Opera/9.80 (Windows NT 6.1; U; fr) Presto/2.8.131 Version/11.10"
90.8.54.119 - - [20/Apr/2011:01:36:01 +0200] "GET /templates/rmstyle/images/lang_french/icon_mini_members.png HTTP/1.1" 200 3256 "http://forum.rally-infernal.info/" "Opera/9.80 (Windows NT 6.1; U; fr) Presto/2.8.131 Version/11.10"
90.8.54.119 - - [20/Apr/2011:01:36:01 +0200] "GET /templates/rmstyle/images/lang_french/icon_mini_groups.png HTTP/1.1" 200 3010 "http://forum.rally-infernal.info/" "Opera/9.80 (Windows NT 6.1; U; fr) Presto/2.8.131 Version/11.10"
90.8.54.119 - - [20/Apr/2011:01:36:01 +0200] "GET /templates/rmstyle/images/lang_french/icon_mini_profile.png HTTP/1.1" 200 2386 "http://forum.rally-infernal.info/" "Opera/9.80 (Windows NT 6.1; U; fr) Presto/2.8.131 Version/11.10"
90.8.54.119 - - [20/Apr/2011:01:36:01 +0200] "GET /templates/rmstyle/images/lang_french/icon_mini_login.png HTTP/1.1" 200 2281 "http://forum.rally-infernal.info/" "Opera/9.80 (Windows NT 6.1; U; fr) Presto/2.8.131 Version/11.10"
90.8.54.119 - - [20/Apr/2011:01:36:01 +0200] "GET /templates/rmstyle/images/lang_french/icon_mini_register.png HTTP/1.1" 200 2755 "http://forum.rally-infernal.info/" "Opera/9.80 (Windows NT 6.1; U; fr) Presto/2.8.131 Version/11.10"
90.8.54.119 - - [20/Apr/2011:01:36:01 +0200] "GET /templates/rmstyle/images/lang_french/icon_mini_site.png HTTP/1.1" 200 2634 "http://forum.rally-infernal.info/" "Opera/9.80 (Windows NT 6.1; U; fr) Presto/2.8.131 Version/11.10"
90.8.54.119 - - [20/Apr/2011:01:36:01 +0200] "GET /templates/rmstyle/images/lang_french/icon_mini_message.png HTTP/1.1" 200 2464 "http://forum.rally-infernal.info/" "Opera/9.80 (Windows NT 6.1; U; fr) Presto/2.8.131 Version/11.10"
90.8.54.119 - - [20/Apr/2011:01:36:01 +0200] "GET /templates/rmstyle/images/logo_rmstyle.jpg HTTP/1.1" 200 108363 "http://forum.rally-infernal.info/" "Opera/9.80 (Windows NT 6.1; U; fr) Presto/2.8.131 Version/11.10"
90.8.54.119 - - [20/Apr/2011:01:36:02 +0200] "GET /templates/rmstyle/images/lang_french/icon_mini_message.png HTTP/1.1" 200 2464 "http://forum.rally-infernal.info/" "Opera/9.80 (Windows NT 6.1; U; fr) Presto/2.8.131 Version/11.10"
90.8.54.119 - - [20/Apr/2011:01:36:01 +0200] "GET /templates/rmstyle/images/bg_body.jpg HTTP/1.1" 200 103373 "http://forum.rally-infernal.info/" "Opera/9.80 (Windows NT 6.1; U; fr) Presto/2.8.131 Version/11.10"
90.8.54.119 - - [20/Apr/2011:01:36:01 +0200] "GET /templates/rmstyle/images/bg_body.jpg HTTP/1.1" 200 103373 "http://forum.rally-infernal.info/" "Opera/9.80 (Windows NT 6.1; U; fr) Presto/2.8.131 Version/11.10"
90.8.54.119 - - [20/Apr/2011:01:36:07 +0200] "GET /index.php?sid=da1a79f0e9ef9337729bfe562956e16f HTTP/1.1" 200 1949 "http://forum.rally-infernal.info/" "Opera/9.80 (Windows NT 6.1; U; fr) Presto/2.8.131 Version/11.10"
67.195.111.22 - - [20/Apr/2011:01:36:31 +0200] "GET /index.php HTTP/1.0" 200 1999 "-" "Mozilla/5.0 (compatible; Yahoo! Slurp; http://help.yahoo.com/help/us/ysearch/slurp)"
67.195.111.22 - - [20/Apr/2011:01:36:31 +0200] "GET /templates/rmstyle/rmstyle.css HTTP/1.0" 304 - "http://forum.rally-infernal.info/index.php" "Mozilla/5.0 (compatible; Yahoo! Slurp; http://help.yahoo.com/help/us/ysearch/slurp)"
90.50.30.202 - - [20/Apr/2011:01:37:24 +0200] "GET /AvatarsManager/deug21.jpg HTTP/1.1" 302 20 "http://www.trackmania.com/fr/forum/viewtopic.php?t=36492&start=0" "Mozilla/5.0 (Windows NT 6.1; WOW64; rv:2.0) Gecko/20100101 Firefox/4.0"
84.103.122.233 - - [20/Apr/2011:01:38:08 +0200] "GET /AvatarsManager/kev717.jpg HTTP/1.1" 302 20 "http://www.trackmania.com/fr/forum/viewtopic.php?t=22080&postdays=0&postorder=asc&start=19410" "Mozilla/5.0 (Windows; U; Windows NT 6.1; fr; rv:1.9.2.16) Gecko/20110319 Firefox/3.6.16"
84.103.122.233 - - [20/Apr/2011:01:38:08 +0200] "GET /AvatarsManager/joueurs/kev717/1.png HTTP/1.1" 200 32187 "http://www.trackmania.com/fr/forum/viewtopic.php?t=22080&postdays=0&postorder=asc&start=19410" "Mozilla/5.0 (Windows; U; Windows NT 6.1; fr; rv:1.9.2.16) Gecko/20110319 Firefox/3.6.16"
84.103.122.233 - - [20/Apr/2011:01:39:21 +0200] "GET /AvatarsManager/kev717.jpg HTTP/1.1" 302 20 "http://www.trackmania.com/fr/forum/viewtopic.php?t=22080&postdays=0&postorder=asc&start=19410" "Mozilla/5.0 (Windows; U; Windows NT 6.1; fr; rv:1.9.2.16) Gecko/20110319 Firefox/3.6.16"
66.249.72.242 - - [20/Apr/2011:01:39:23 +0200] "GET /viewtopic.php?p=79659&sid=676a9be2a7e725c7e5fcc8650da0a994 HTTP/1.1" 200 2001 "-" "Mozilla/5.0 (compatible; Googlebot/2.1; +http://www.google.com/bot.html)"
66.249.66.146 - - [20/Apr/2011:01:39:49 +0200] "GET /viewtopic.php?p=101614&sid=746612f3d1a795ccab0a3a120436f4ab HTTP/1.1" 200 2002 "-" "Mozilla/5.0 (compatible; Googlebot/2.1; +http://www.google.com/bot.html)"
87.88.30.117 - - [20/Apr/2011:01:41:05 +0200] "GET / HTTP/1.1" 200 1995 "-" "Mozilla/5.0 (Windows NT 6.1; rv:2.0) Gecko/20100101 Firefox/4.0"
70.80.255.41 - - [20/Apr/2011:01:41:50 +0200] "GET /AvatarsManager/deug21.jpg HTTP/1.1" 302 20 "http://www.trackmania.com/fr/forum/viewtopic.php?t=34755&sid=b5038a70346fd3777ceb29d30a179988" "Mozilla/5.0 (Macintosh; U; Intel Mac OS X 10_6_7; fr-fr) AppleWebKit/533.21.1 (KHTML, like Gecko) Version/5.0.5 Safari/533.21.1"
70.80.255.41 - - [20/Apr/2011:01:41:50 +0200] "GET /AvatarsManager/joueurs/deug21/1.png HTTP/1.1" 200 48858 "http://www.trackmania.com/fr/forum/viewtopic.php?t=34755&sid=b5038a70346fd3777ceb29d30a179988" "Mozilla/5.0 (Macintosh; U; Intel Mac OS X 10_6_7; fr-fr) AppleWebKit/533.21.1 (KHTML, like Gecko) Version/5.0.5 Safari/533.21.1"
66.249.66.146 - - [20/Apr/2011:01:42:18 +0200] "GET /viewtopic.php?p=60421&sid=c603d9a6d1e4f38dd3241ce857f88824 HTTP/1.1" 200 2002 "-" "Mozilla/5.0 (compatible; Googlebot/2.1; +http://www.google.com/bot.html)"
66.249.66.146 - - [20/Apr/2011:01:45:02 +0200] "GET /viewtopic.php?p=111747&sid=7aae3bca88f9947e72f97a4b7f861dbb HTTP/1.1" 200 2001 "-" "Mozilla/5.0 (compatible; Googlebot/2.1; +http://www.google.com/bot.html)"
193.253.58.128 - - [20/Apr/2011:01:45:12 +0200] "GET /images/smiles/icon_hap.gif HTTP/1.1" 200 178 "http://www.trackmania.com/fr/forum/posting.php?mode=topicreview&t=34755" "Mozilla/5.0 (Windows; U; Windows NT 6.1; fr; rv:1.9.2.16) Gecko/20110319 Firefox/3.6.16"
94.228.34.233 - - [20/Apr/2011:01:47:57 +0200] "GET /viewforum.php?f=26 HTTP/1.1" 200 2001 "-" "magpie-crawler/1.1 (U; Linux amd64; en-GB; +http://www.brandwatch.net)"
94.228.34.233 - - [20/Apr/2011:01:47:57 +0200] "GET /viewforum.php?f=27 HTTP/1.1" 200 2004 "-" "magpie-crawler/1.1 (U; Linux amd64; en-GB; +http://www.brandwatch.net)"
66.249.72.242 - - [20/Apr/2011:01:48:03 +0200] "GET /viewtopic.php?p=77816&sid=6332872674eefc07b04cbbef7011acc4 HTTP/1.1" 200 2000 "-" "Mozilla/5.0 (compatible; Googlebot/2.1; +http://www.google.com/bot.html)"
84.103.122.233 - - [20/Apr/2011:01:48:56 +0200] "GET /images/smiles/icon_hap.gif HTTP/1.1" 200 178 "http://www.trackmania.com/fr/forum/viewtopic.php?t=34755&postdays=0&postorder=asc&start=1050" "Mozilla/5.0 (Windows; U; Windows NT 6.1; fr; rv:1.9.2.16) Gecko/20110319 Firefox/3.6.16"
93.12.253.72 - - [20/Apr/2011:01:50:29 +0200] "GET /images/smiles/icon_hap.gif HTTP/1.1" 200 178 "http://www.trackmania.com/fr/forum/viewtopic.php?t=34755&postdays=0&postorder=asc&start=1050" "Mozilla/4.0 (compatible; MSIE 8.0; Windows NT 6.1; Trident/4.0; GTB6.6; SLCC2; .NET CLR 2.0.50727; .NET CLR 3.5.30729; .NET CLR 3.0.30729; Media Center PC 6.0; BRI/2; .NET4.0C)"
67.195.111.22 - - [20/Apr/2011:01:50:35 +0200] "GET /groupcp.php HTTP/1.0" 200 2003 "-" "Mozilla/5.0 (compatible; Yahoo! Slurp; http://help.yahoo.com/help/us/ysearch/slurp)"
66.249.66.146 - - [20/Apr/2011:01:50:49 +0200] "GET /viewtopic.php?p=52044&sid=bbb60a53d213e9890ed0aba962b16c48 HTTP/1.1" 200 2001 "-" "Mozilla/5.0 (compatible; Googlebot/2.1; +http://www.google.com/bot.html)"
