157.55.116.13 - - [20/Apr/2011:07:55:53 +0200] "GET /viewtopic.php?p=3585 HTTP/1.1" 200 105 "-" "msnbot/2.0b (+http://search.msn.com/msnbot.htm)._"
157.55.116.13 - - [20/Apr/2011:07:55:54 +0200] "GET /viewtopic.php?p=19909 HTTP/1.1" 200 105 "-" "msnbot/2.0b (+http://search.msn.com/msnbot.htm)._"
157.55.116.13 - - [20/Apr/2011:07:55:57 +0200] "GET /viewtopic.php?p=57163 HTTP/1.1" 200 105 "-" "msnbot/2.0b (+http://search.msn.com/msnbot.htm)._"
157.55.116.13 - - [20/Apr/2011:07:56:01 +0200] "GET /viewtopic.php?p=70251 HTTP/1.1" 200 105 "-" "msnbot/2.0b (+http://search.msn.com/msnbot.htm)._"
157.55.116.13 - - [20/Apr/2011:07:56:03 +0200] "GET /viewtopic.php?p=71608 HTTP/1.1" 200 105 "-" "msnbot/2.0b (+http://search.msn.com/msnbot.htm)._"
157.55.116.13 - - [20/Apr/2011:07:56:06 +0200] "GET /viewtopic.php?p=53752 HTTP/1.1" 200 105 "-" "msnbot/2.0b (+http://search.msn.com/msnbot.htm)._"
157.55.116.13 - - [20/Apr/2011:07:56:09 +0200] "GET /viewtopic.php?p=75591 HTTP/1.1" 200 105 "-" "msnbot/2.0b (+http://search.msn.com/msnbot.htm)._"
157.55.116.13 - - [20/Apr/2011:07:56:13 +0200] "GET /viewtopic.php?p=56219 HTTP/1.1" 200 105 "-" "msnbot/2.0b (+http://search.msn.com/msnbot.htm)._"
157.55.116.13 - - [20/Apr/2011:07:56:15 +0200] "GET /viewtopic.php?p=67263 HTTP/1.1" 200 105 "-" "msnbot/2.0b (+http://search.msn.com/msnbot.htm)._"
157.55.116.13 - - [20/Apr/2011:07:56:18 +0200] "GET /viewtopic.php?p=83093 HTTP/1.1" 200 105 "-" "msnbot/2.0b (+http://search.msn.com/msnbot.htm)._"
157.55.116.13 - - [20/Apr/2011:07:56:20 +0200] "GET /viewtopic.php?p=94787 HTTP/1.1" 200 105 "-" "msnbot/2.0b (+http://search.msn.com/msnbot.htm)._"
157.55.116.13 - - [20/Apr/2011:07:56:22 +0200] "GET /viewtopic.php?p=99928 HTTP/1.1" 200 105 "-" "msnbot/2.0b (+http://search.msn.com/msnbot.htm)._"
157.55.116.13 - - [20/Apr/2011:07:56:25 +0200] "GET /viewtopic.php?p=93471 HTTP/1.1" 200 105 "-" "msnbot/2.0b (+http://search.msn.com/msnbot.htm)._"
157.55.116.13 - - [20/Apr/2011:07:56:28 +0200] "GET /viewtopic.php?p=84842 HTTP/1.1" 200 105 "-" "msnbot/2.0b (+http://search.msn.com/msnbot.htm)._"
157.55.116.13 - - [20/Apr/2011:07:56:33 +0200] "GET /viewtopic.php?p=58387 HTTP/1.1" 200 105 "-" "msnbot/2.0b (+http://search.msn.com/msnbot.htm)._"
157.55.116.13 - - [20/Apr/2011:07:56:35 +0200] "GET /viewtopic.php?p=91259 HTTP/1.1" 200 105 "-" "msnbot/2.0b (+http://search.msn.com/msnbot.htm)._"
157.55.116.13 - - [20/Apr/2011:07:56:38 +0200] "GET /viewtopic.php?p=53716 HTTP/1.1" 200 105 "-" "msnbot/2.0b (+http://search.msn.com/msnbot.htm)._"
157.55.116.13 - - [20/Apr/2011:07:56:41 +0200] "GET /viewtopic.php?p=80393 HTTP/1.1" 200 105 "-" "msnbot/2.0b (+http://search.msn.com/msnbot.htm)._"
157.55.116.13 - - [20/Apr/2011:07:56:45 +0200] "GET /viewtopic.php?p=79256 HTTP/1.1" 200 105 "-" "msnbot/2.0b (+http://search.msn.com/msnbot.htm)._"
157.55.116.13 - - [20/Apr/2011:07:56:48 +0200] "GET /viewtopic.php?p=68380 HTTP/1.1" 200 105 "-" "msnbot/2.0b (+http://search.msn.com/msnbot.htm)._"
157.55.116.13 - - [20/Apr/2011:07:56:52 +0200] "GET /viewtopic.php?p=43481 HTTP/1.1" 200 105 "-" "msnbot/2.0b (+http://search.msn.com/msnbot.htm)._"
157.55.116.13 - - [20/Apr/2011:07:56:55 +0200] "GET /viewtopic.php?p=84735 HTTP/1.1" 200 105 "-" "msnbot/2.0b (+http://search.msn.com/msnbot.htm)._"
157.55.116.13 - - [20/Apr/2011:07:56:58 +0200] "GET /viewtopic.php?p=103000 HTTP/1.1" 200 105 "-" "msnbot/2.0b (+http://search.msn.com/msnbot.htm)._"
157.55.116.13 - - [20/Apr/2011:07:57:02 +0200] "GET /viewtopic.php?p=21860 HTTP/1.1" 200 105 "-" "msnbot/2.0b (+http://search.msn.com/msnbot.htm)._"
157.55.116.13 - - [20/Apr/2011:07:57:05 +0200] "GET /viewtopic.php?p=46725 HTTP/1.1" 200 105 "-" "msnbot/2.0b (+http://search.msn.com/msnbot.htm)._"
157.55.116.13 - - [20/Apr/2011:07:57:08 +0200] "GET /viewtopic.php?p=47666 HTTP/1.1" 200 105 "-" "msnbot/2.0b (+http://search.msn.com/msnbot.htm)._"
157.55.116.13 - - [20/Apr/2011:07:57:11 +0200] "GET /viewtopic.php?p=43219 HTTP/1.1" 200 105 "-" "msnbot/2.0b (+http://search.msn.com/msnbot.htm)._"
157.55.116.13 - - [20/Apr/2011:07:57:16 +0200] "GET /viewtopic.php?p=91297 HTTP/1.1" 200 105 "-" "msnbot/2.0b (+http://search.msn.com/msnbot.htm)._"
157.55.116.13 - - [20/Apr/2011:07:57:19 +0200] "GET /viewtopic.php?p=99038 HTTP/1.1" 200 105 "-" "msnbot/2.0b (+http://search.msn.com/msnbot.htm)._"
157.55.116.13 - - [20/Apr/2011:07:57:22 +0200] "GET /viewtopic.php?p=97114 HTTP/1.1" 200 105 "-" "msnbot/2.0b (+http://search.msn.com/msnbot.htm)._"
157.55.116.13 - - [20/Apr/2011:07:57:24 +0200] "GET /viewtopic.php?p=93727 HTTP/1.1" 200 105 "-" "msnbot/2.0b (+http://search.msn.com/msnbot.htm)._"
157.55.116.13 - - [20/Apr/2011:07:57:27 +0200] "GET /viewtopic.php?p=88711 HTTP/1.1" 200 105 "-" "msnbot/2.0b (+http://search.msn.com/msnbot.htm)._"
157.55.116.13 - - [20/Apr/2011:07:57:29 +0200] "GET /viewtopic.php?p=84980 HTTP/1.1" 200 105 "-" "msnbot/2.0b (+http://search.msn.com/msnbot.htm)._"
88.182.148.152 - - [20/Apr/2011:07:57:30 +0200] "GET / HTTP/1.1" 200 2003 "-" "Mozilla/5.0 (Windows NT 6.1; rv:2.0) Gecko/20100101 Firefox/4.0"
157.55.116.13 - - [20/Apr/2011:07:57:33 +0200] "GET /posting.php?mode=quote&p=40793 HTTP/1.1" 200 105 "-" "msnbot/2.0b (+http://search.msn.com/msnbot.htm)._"
157.55.116.13 - - [20/Apr/2011:07:57:36 +0200] "GET /viewtopic.php?p=87395 HTTP/1.1" 200 105 "-" "msnbot/2.0b (+http://search.msn.com/msnbot.htm)._"
157.55.116.13 - - [20/Apr/2011:07:57:38 +0200] "GET /viewtopic.php?p=109300 HTTP/1.1" 200 105 "-" "msnbot/2.0b (+http://search.msn.com/msnbot.htm)._"
157.55.116.13 - - [20/Apr/2011:07:57:41 +0200] "GET /viewtopic.php?p=109295 HTTP/1.1" 200 105 "-" "msnbot/2.0b (+http://search.msn.com/msnbot.htm)._"
157.55.116.13 - - [20/Apr/2011:07:57:44 +0200] "GET /viewtopic.php?p=95195 HTTP/1.1" 200 105 "-" "msnbot/2.0b (+http://search.msn.com/msnbot.htm)._"
157.55.116.13 - - [20/Apr/2011:07:57:46 +0200] "GET /viewtopic.php?p=30650 HTTP/1.1" 200 105 "-" "msnbot/2.0b (+http://search.msn.com/msnbot.htm)._"
157.55.116.13 - - [20/Apr/2011:07:57:49 +0200] "GET /viewtopic.php?p=93682 HTTP/1.1" 200 105 "-" "msnbot/2.0b (+http://search.msn.com/msnbot.htm)._"
157.55.116.13 - - [20/Apr/2011:07:57:52 +0200] "GET /viewtopic.php?p=53466 HTTP/1.1" 200 105 "-" "msnbot/2.0b (+http://search.msn.com/msnbot.htm)._"
66.249.72.242 - - [20/Apr/2011:07:57:54 +0200] "GET /viewtopic.php?p=87057&sid=55332972084bd8c7c8b364b66ce63936 HTTP/1.1" 200 2002 "-" "Mozilla/5.0 (compatible; Googlebot/2.1; +http://www.google.com/bot.html)"
157.55.116.13 - - [20/Apr/2011:07:57:55 +0200] "GET /viewtopic.php?p=109772 HTTP/1.1" 200 105 "-" "msnbot/2.0b (+http://search.msn.com/msnbot.htm)._"
157.55.116.13 - - [20/Apr/2011:07:57:59 +0200] "GET /viewtopic.php?p=111077 HTTP/1.1" 200 105 "-" "msnbot/2.0b (+http://search.msn.com/msnbot.htm)._"
66.249.72.242 - - [20/Apr/2011:07:58:01 +0200] "GET /viewtopic.php?p=88637&sid=f706997379fb91a605318c4c9a4b4dd3 HTTP/1.1" 200 2001 "-" "Mozilla/5.0 (compatible; Googlebot/2.1; +http://www.google.com/bot.html)"
157.55.116.13 - - [20/Apr/2011:07:58:01 +0200] "GET /viewtopic.php?p=84703&highlight= HTTP/1.1" 200 105 "-" "msnbot/2.0b (+http://search.msn.com/msnbot.htm)._"
157.55.116.13 - - [20/Apr/2011:07:58:05 +0200] "GET /viewtopic.php?p=43203 HTTP/1.1" 200 105 "-" "msnbot/2.0b (+http://search.msn.com/msnbot.htm)._"
157.55.116.13 - - [20/Apr/2011:07:58:08 +0200] "GET /viewtopic.php?p=105488 HTTP/1.1" 200 105 "-" "msnbot/2.0b (+http://search.msn.com/msnbot.htm)._"
157.55.116.13 - - [20/Apr/2011:07:58:11 +0200] "GET /viewtopic.php?p=66636 HTTP/1.1" 200 105 "-" "msnbot/2.0b (+http://search.msn.com/msnbot.htm)._"
157.55.116.13 - - [20/Apr/2011:07:58:15 +0200] "GET /viewtopic.php?p=105490 HTTP/1.1" 200 105 "-" "msnbot/2.0b (+http://search.msn.com/msnbot.htm)._"
157.55.116.13 - - [20/Apr/2011:07:58:18 +0200] "GET /viewtopic.php?p=105686 HTTP/1.1" 200 105 "-" "msnbot/2.0b (+http://search.msn.com/msnbot.htm)._"
157.55.116.13 - - [20/Apr/2011:07:58:20 +0200] "GET /viewtopic.php?p=20394 HTTP/1.1" 200 105 "-" "msnbot/2.0b (+http://search.msn.com/msnbot.htm)._"
157.55.116.13 - - [20/Apr/2011:07:58:23 +0200] "GET /viewtopic.php?p=31062 HTTP/1.1" 200 105 "-" "msnbot/2.0b (+http://search.msn.com/msnbot.htm)._"
157.55.116.13 - - [20/Apr/2011:07:58:25 +0200] "GET /viewtopic.php?p=21556 HTTP/1.1" 200 105 "-" "msnbot/2.0b (+http://search.msn.com/msnbot.htm)._"
157.55.116.13 - - [20/Apr/2011:07:58:28 +0200] "GET /viewtopic.php?p=113742 HTTP/1.1" 200 105 "-" "msnbot/2.0b (+http://search.msn.com/msnbot.htm)._"
157.55.116.13 - - [20/Apr/2011:07:58:30 +0200] "GET /viewtopic.php?p=21765 HTTP/1.1" 200 105 "-" "msnbot/2.0b (+http://search.msn.com/msnbot.htm)._"
91.194.99.8 - - [20/Apr/2011:07:58:33 +0200] "GET /templates/rmstyle/images/favicon.png HTTP/1.1" 304 - "-" "Mozilla/5.0 (Windows NT 5.1; rv:2.0) Gecko/20100101 Firefox/4.0"
157.55.116.13 - - [20/Apr/2011:07:58:34 +0200] "GET /viewtopic.php?p=48103 HTTP/1.1" 200 105 "-" "msnbot/2.0b (+http://search.msn.com/msnbot.htm)._"
157.55.116.13 - - [20/Apr/2011:07:58:36 +0200] "GET /viewtopic.php?p=15770 HTTP/1.1" 200 105 "-" "msnbot/2.0b (+http://search.msn.com/msnbot.htm)._"
157.55.116.13 - - [20/Apr/2011:07:58:39 +0200] "GET /viewtopic.php?p=11693 HTTP/1.1" 200 105 "-" "msnbot/2.0b (+http://search.msn.com/msnbot.htm)._"
157.55.116.13 - - [20/Apr/2011:07:58:43 +0200] "GET /viewtopic.php?p=109169 HTTP/1.1" 200 105 "-" "msnbot/2.0b (+http://search.msn.com/msnbot.htm)._"
157.55.116.13 - - [20/Apr/2011:07:58:45 +0200] "GET /viewtopic.php?p=78720 HTTP/1.1" 200 105 "-" "msnbot/2.0b (+http://search.msn.com/msnbot.htm)._"
157.55.116.13 - - [20/Apr/2011:07:58:49 +0200] "GET /posting.php?mode=quote&p=41570 HTTP/1.1" 200 105 "-" "msnbot/2.0b (+http://search.msn.com/msnbot.htm)._"
157.55.116.13 - - [20/Apr/2011:07:58:53 +0200] "GET /viewtopic.php?p=78522 HTTP/1.1" 200 105 "-" "msnbot/2.0b (+http://search.msn.com/msnbot.htm)._"
157.55.116.13 - - [20/Apr/2011:07:58:55 +0200] "GET /viewtopic.php?p=79604 HTTP/1.1" 200 105 "-" "msnbot/2.0b (+http://search.msn.com/msnbot.htm)._"
157.55.116.13 - - [20/Apr/2011:07:58:58 +0200] "GET /viewtopic.php?p=97280 HTTP/1.1" 200 105 "-" "msnbot/2.0b (+http://search.msn.com/msnbot.htm)._"
157.55.116.13 - - [20/Apr/2011:07:59:01 +0200] "GET /viewtopic.php?p=82282 HTTP/1.1" 200 105 "-" "msnbot/2.0b (+http://search.msn.com/msnbot.htm)._"
157.55.116.13 - - [20/Apr/2011:07:59:04 +0200] "GET /viewtopic.php?p=81968 HTTP/1.1" 200 105 "-" "msnbot/2.0b (+http://search.msn.com/msnbot.htm)._"
157.55.116.13 - - [20/Apr/2011:07:59:07 +0200] "GET /viewtopic.php?p=77759 HTTP/1.1" 200 105 "-" "msnbot/2.0b (+http://search.msn.com/msnbot.htm)._"
157.55.116.13 - - [20/Apr/2011:07:59:11 +0200] "GET /viewtopic.php?p=92591 HTTP/1.1" 200 105 "-" "msnbot/2.0b (+http://search.msn.com/msnbot.htm)._"
157.55.116.13 - - [20/Apr/2011:07:59:13 +0200] "GET /viewtopic.php?p=58831 HTTP/1.1" 200 105 "-" "msnbot/2.0b (+http://search.msn.com/msnbot.htm)._"
157.55.116.13 - - [20/Apr/2011:07:59:17 +0200] "GET /viewtopic.php?p=56881 HTTP/1.1" 200 105 "-" "msnbot/2.0b (+http://search.msn.com/msnbot.htm)._"
157.55.116.13 - - [20/Apr/2011:07:59:19 +0200] "GET /viewtopic.php?p=73469 HTTP/1.1" 200 105 "-" "msnbot/2.0b (+http://search.msn.com/msnbot.htm)._"
157.55.116.13 - - [20/Apr/2011:07:59:21 +0200] "GET /viewtopic.php?p=76790 HTTP/1.1" 200 105 "-" "msnbot/2.0b (+http://search.msn.com/msnbot.htm)._"
157.55.116.13 - - [20/Apr/2011:07:59:24 +0200] "GET /viewtopic.php?p=75910 HTTP/1.1" 200 105 "-" "msnbot/2.0b (+http://search.msn.com/msnbot.htm)._"
157.55.116.13 - - [20/Apr/2011:07:59:26 +0200] "GET /viewtopic.php?p=82981 HTTP/1.1" 200 105 "-" "msnbot/2.0b (+http://search.msn.com/msnbot.htm)._"
157.55.116.13 - - [20/Apr/2011:07:59:30 +0200] "GET /viewtopic.php?p=95822 HTTP/1.1" 200 105 "-" "msnbot/2.0b (+http://search.msn.com/msnbot.htm)._"
157.55.116.13 - - [20/Apr/2011:07:59:33 +0200] "GET /viewtopic.php?p=93300 HTTP/1.1" 200 105 "-" "msnbot/2.0b (+http://search.msn.com/msnbot.htm)._"
157.55.116.13 - - [20/Apr/2011:07:59:35 +0200] "GET /viewtopic.php?p=96923 HTTP/1.1" 200 105 "-" "msnbot/2.0b (+http://search.msn.com/msnbot.htm)._"
157.55.116.13 - - [20/Apr/2011:07:59:37 +0200] "GET /viewtopic.php?p=99239 HTTP/1.1" 200 105 "-" "msnbot/2.0b (+http://search.msn.com/msnbot.htm)._"
157.55.116.13 - - [20/Apr/2011:07:59:40 +0200] "GET /viewtopic.php?p=86705 HTTP/1.1" 200 105 "-" "msnbot/2.0b (+http://search.msn.com/msnbot.htm)._"
157.55.116.13 - - [20/Apr/2011:07:59:43 +0200] "GET /viewtopic.php?p=93921 HTTP/1.1" 200 105 "-" "msnbot/2.0b (+http://search.msn.com/msnbot.htm)._"
157.55.116.13 - - [20/Apr/2011:07:59:46 +0200] "GET /viewtopic.php?p=98243 HTTP/1.1" 200 105 "-" "msnbot/2.0b (+http://search.msn.com/msnbot.htm)._"
157.55.116.13 - - [20/Apr/2011:07:59:49 +0200] "GET /viewtopic.php?p=93244 HTTP/1.1" 200 105 "-" "msnbot/2.0b (+http://search.msn.com/msnbot.htm)._"
157.55.116.13 - - [20/Apr/2011:07:59:52 +0200] "GET /viewtopic.php?p=87280 HTTP/1.1" 200 105 "-" "msnbot/2.0b (+http://search.msn.com/msnbot.htm)._"
157.55.116.13 - - [20/Apr/2011:07:59:54 +0200] "GET /viewtopic.php?p=85536 HTTP/1.1" 200 105 "-" "msnbot/2.0b (+http://search.msn.com/msnbot.htm)._"
157.55.116.13 - - [20/Apr/2011:07:59:57 +0200] "GET /viewtopic.php?p=89970 HTTP/1.1" 200 105 "-" "msnbot/2.0b (+http://search.msn.com/msnbot.htm)._"
157.55.116.13 - - [20/Apr/2011:07:59:59 +0200] "GET /viewtopic.php?p=91842 HTTP/1.1" 200 105 "-" "msnbot/2.0b (+http://search.msn.com/msnbot.htm)._"
157.55.116.13 - - [20/Apr/2011:08:00:03 +0200] "GET /viewtopic.php?p=91799 HTTP/1.1" 200 105 "-" "msnbot/2.0b (+http://search.msn.com/msnbot.htm)._"
157.55.116.13 - - [20/Apr/2011:08:00:08 +0200] "GET /viewtopic.php?p=20460 HTTP/1.1" 200 105 "-" "msnbot/2.0b (+http://search.msn.com/msnbot.htm)._"
157.55.116.13 - - [20/Apr/2011:08:00:10 +0200] "GET /viewtopic.php?p=26985 HTTP/1.1" 200 105 "-" "msnbot/2.0b (+http://search.msn.com/msnbot.htm)._"
157.55.116.13 - - [20/Apr/2011:08:00:13 +0200] "GET /viewtopic.php?p=85503 HTTP/1.1" 200 105 "-" "msnbot/2.0b (+http://search.msn.com/msnbot.htm)._"
157.55.116.13 - - [20/Apr/2011:08:00:16 +0200] "GET /viewtopic.php?p=86265 HTTP/1.1" 200 105 "-" "msnbot/2.0b (+http://search.msn.com/msnbot.htm)._"
157.55.116.13 - - [20/Apr/2011:08:00:19 +0200] "GET /viewtopic.php?p=19258 HTTP/1.1" 200 105 "-" "msnbot/2.0b (+http://search.msn.com/msnbot.htm)._"
157.55.116.13 - - [20/Apr/2011:08:00:21 +0200] "GET /viewtopic.php?p=19342 HTTP/1.1" 200 105 "-" "msnbot/2.0b (+http://search.msn.com/msnbot.htm)._"
157.55.116.13 - - [20/Apr/2011:08:00:23 +0200] "GET /viewtopic.php?p=27493 HTTP/1.1" 200 105 "-" "msnbot/2.0b (+http://search.msn.com/msnbot.htm)._"
157.55.116.13 - - [20/Apr/2011:08:00:26 +0200] "GET /viewtopic.php?p=28707 HTTP/1.1" 200 105 "-" "msnbot/2.0b (+http://search.msn.com/msnbot.htm)._"
157.55.116.13 - - [20/Apr/2011:08:00:28 +0200] "GET /viewtopic.php?p=34795 HTTP/1.1" 200 105 "-" "msnbot/2.0b (+http://search.msn.com/msnbot.htm)._"
157.55.116.13 - - [20/Apr/2011:08:00:30 +0200] "GET /viewtopic.php?p=87618 HTTP/1.1" 200 105 "-" "msnbot/2.0b (+http://search.msn.com/msnbot.htm)._"
157.55.116.13 - - [20/Apr/2011:08:00:32 +0200] "GET /viewtopic.php?p=27711 HTTP/1.1" 200 105 "-" "msnbot/2.0b (+http://search.msn.com/msnbot.htm)._"
157.55.116.13 - - [20/Apr/2011:08:00:34 +0200] "GET /viewtopic.php?p=28182 HTTP/1.1" 200 105 "-" "msnbot/2.0b (+http://search.msn.com/msnbot.htm)._"
157.55.116.13 - - [20/Apr/2011:08:00:37 +0200] "GET /viewtopic.php?p=111562 HTTP/1.1" 200 105 "-" "msnbot/2.0b (+http://search.msn.com/msnbot.htm)._"
157.55.116.13 - - [20/Apr/2011:08:00:39 +0200] "GET /viewtopic.php?p=111634 HTTP/1.1" 200 105 "-" "msnbot/2.0b (+http://search.msn.com/msnbot.htm)._"
157.55.116.13 - - [20/Apr/2011:08:00:41 +0200] "GET /viewtopic.php?p=113732 HTTP/1.1" 200 105 "-" "msnbot/2.0b (+http://search.msn.com/msnbot.htm)._"
79.142.67.193 - - [20/Apr/2011:08:00:43 +0200] "GET /index.php HTTP/1.0" 200 6354 "http://forum.rally-infernal.info/index.php" "Mozilla/4.0 (compatible; MSIE 6.0; Windows NT 5.1; TheFreeDictionary.com; .NET CLR 1.1.4322; .NET CLR 1.0.3705; .NET CLR 2.0.50727)"
79.142.67.193 - - [20/Apr/2011:08:00:43 +0200] "GET /index.php?sid=4e8ac30bf9f4c3bc21f1da18af6b43d8 HTTP/1.0" 200 5861 "http://forum.rally-infernal.info/index.php?sid=4e8ac30bf9f4c3bc21f1da18af6b43d8" "Mozilla/4.0 (compatible; MSIE 6.0; Windows NT 5.1; TheFreeDictionary.com; .NET CLR 1.1.4322; .NET CLR 1.0.3705; .NET CLR 2.0.50727)"
79.142.67.193 - - [20/Apr/2011:08:00:43 +0200] "GET /index.php HTTP/1.0" 200 5861 "http://forum.rally-infernal.info/index.php" "Mozilla/4.0 (compatible; MSIE 6.0; Windows NT 5.1; TheFreeDictionary.com; .NET CLR 1.1.4322; .NET CLR 1.0.3705; .NET CLR 2.0.50727)"
157.55.116.13 - - [20/Apr/2011:08:00:44 +0200] "GET /viewtopic.php?p=102118 HTTP/1.1" 200 105 "-" "msnbot/2.0b (+http://search.msn.com/msnbot.htm)._"
157.55.116.13 - - [20/Apr/2011:08:00:47 +0200] "GET /viewtopic.php?p=102828 HTTP/1.1" 200 105 "-" "msnbot/2.0b (+http://search.msn.com/msnbot.htm)._"
157.55.116.13 - - [20/Apr/2011:08:00:50 +0200] "GET /viewtopic.php?p=112165 HTTP/1.1" 200 105 "-" "msnbot/2.0b (+http://search.msn.com/msnbot.htm)._"
66.249.66.146 - - [20/Apr/2011:08:00:52 +0200] "GET /shoutbox_max.php?dummy=1&start=105&sid=691fcb0627fc152d1cd02e2e9240168a HTTP/1.1" 200 2003 "-" "Mozilla/5.0 (compatible; Googlebot/2.1; +http://www.google.com/bot.html)"
157.55.116.13 - - [20/Apr/2011:08:00:53 +0200] "GET /viewtopic.php?p=108317 HTTP/1.1" 200 105 "-" "msnbot/2.0b (+http://search.msn.com/msnbot.htm)._"
157.55.116.13 - - [20/Apr/2011:08:00:56 +0200] "GET /viewtopic.php?p=101121 HTTP/1.1" 200 105 "-" "msnbot/2.0b (+http://search.msn.com/msnbot.htm)._"
157.55.116.13 - - [20/Apr/2011:08:00:58 +0200] "GET /viewtopic.php?p=36905 HTTP/1.1" 200 105 "-" "msnbot/2.0b (+http://search.msn.com/msnbot.htm)._"
157.55.116.13 - - [20/Apr/2011:08:01:00 +0200] "GET /viewtopic.php?p=13006 HTTP/1.1" 200 105 "-" "msnbot/2.0b (+http://search.msn.com/msnbot.htm)._"
157.55.116.13 - - [20/Apr/2011:08:01:03 +0200] "GET /viewtopic.php?p=15988 HTTP/1.1" 200 105 "-" "msnbot/2.0b (+http://search.msn.com/msnbot.htm)._"
157.55.116.13 - - [20/Apr/2011:08:01:06 +0200] "GET /viewtopic.php?p=58320 HTTP/1.1" 200 105 "-" "msnbot/2.0b (+http://search.msn.com/msnbot.htm)._"
157.55.116.13 - - [20/Apr/2011:08:01:09 +0200] "GET /viewtopic.php?p=112680 HTTP/1.1" 200 105 "-" "msnbot/2.0b (+http://search.msn.com/msnbot.htm)._"
157.55.116.13 - - [20/Apr/2011:08:01:12 +0200] "GET /viewtopic.php?p=12987 HTTP/1.1" 200 105 "-" "msnbot/2.0b (+http://search.msn.com/msnbot.htm)._"
157.55.116.13 - - [20/Apr/2011:08:01:15 +0200] "GET /viewtopic.php?p=93112 HTTP/1.1" 200 105 "-" "msnbot/2.0b (+http://search.msn.com/msnbot.htm)._"
157.55.116.13 - - [20/Apr/2011:08:01:18 +0200] "GET /viewtopic.php?p=35589 HTTP/1.1" 200 105 "-" "msnbot/2.0b (+http://search.msn.com/msnbot.htm)._"
157.55.116.13 - - [20/Apr/2011:08:01:21 +0200] "GET /viewtopic.php?p=47338 HTTP/1.1" 200 105 "-" "msnbot/2.0b (+http://search.msn.com/msnbot.htm)._"
157.55.116.13 - - [20/Apr/2011:08:01:23 +0200] "GET /viewtopic.php?p=108037 HTTP/1.1" 200 105 "-" "msnbot/2.0b (+http://search.msn.com/msnbot.htm)._"
157.55.116.13 - - [20/Apr/2011:08:01:26 +0200] "GET /viewtopic.php?p=49626 HTTP/1.1" 200 105 "-" "msnbot/2.0b (+http://search.msn.com/msnbot.htm)._"
88.182.148.152 - - [20/Apr/2011:08:02:57 +0200] "GET / HTTP/1.1" 200 1999 "-" "Mozilla/5.0 (Windows NT 6.1; rv:2.0) Gecko/20100101 Firefox/4.0"
66.249.66.146 - - [20/Apr/2011:08:03:30 +0200] "GET /viewtopic.php?p=69009&sid=8a804ac1a857b927582171b524c5edd7 HTTP/1.1" 200 2002 "-" "Mozilla/5.0 (compatible; Googlebot/2.1; +http://www.google.com/bot.html)"
66.249.66.146 - - [20/Apr/2011:08:03:44 +0200] "GET /viewtopic.php?t=466&postdays=0&postorder=asc&start=5955&sid=16f4d2535c493326d95d0b23148391f3 HTTP/1.1" 200 2002 "-" "Mozilla/5.0 (compatible; Googlebot/2.1; +http://www.google.com/bot.html)"
79.142.67.137 - - [20/Apr/2011:08:04:16 +0200] "GET /index.php HTTP/1.0" 200 6354 "http://forum.rally-infernal.info/index.php" "Opera/7.54 (Windows NT 5.1; U) [pl]"
79.142.67.137 - - [20/Apr/2011:08:04:16 +0200] "GET /index.php?sid=cab0d2039809476faa9fee59af6a537f HTTP/1.0" 200 5861 "http://forum.rally-infernal.info/index.php?sid=cab0d2039809476faa9fee59af6a537f" "Opera/7.54 (Windows NT 5.1; U) [pl]"
79.142.67.137 - - [20/Apr/2011:08:04:16 +0200] "GET /index.php HTTP/1.0" 200 5861 "http://forum.rally-infernal.info/index.php" "Opera/7.54 (Windows NT 5.1; U) [pl]"
66.249.66.146 - - [20/Apr/2011:08:06:35 +0200] "GET /viewtopic.php?t=2930&postdays=0&postorder=asc&start=15&sid=993c67849abb947244573c13a11c5eab HTTP/1.1" 200 2002 "-" "Mozilla/5.0 (compatible; Googlebot/2.1; +http://www.google.com/bot.html)"
157.55.116.13 - - [20/Apr/2011:08:06:47 +0200] "GET /viewtopic.php?p=76865 HTTP/1.1" 200 105 "-" "msnbot/2.0b (+http://search.msn.com/msnbot.htm)._"
157.55.116.13 - - [20/Apr/2011:08:07:45 +0200] "GET /viewtopic.php?p=86295 HTTP/1.1" 200 105 "-" "msnbot/2.0b (+http://search.msn.com/msnbot.htm)._"
157.55.116.13 - - [20/Apr/2011:08:07:55 +0200] "GET /viewtopic.php?p=78563 HTTP/1.1" 200 105 "-" "msnbot/2.0b (+http://search.msn.com/msnbot.htm)._"
157.55.116.13 - - [20/Apr/2011:08:08:03 +0200] "GET /viewtopic.php?p=76910 HTTP/1.1" 200 105 "-" "msnbot/2.0b (+http://search.msn.com/msnbot.htm)._"
157.55.116.13 - - [20/Apr/2011:08:08:07 +0200] "GET /viewtopic.php?p=16758 HTTP/1.1" 200 105 "-" "msnbot/2.0b (+http://search.msn.com/msnbot.htm)._"
157.55.116.13 - - [20/Apr/2011:08:08:13 +0200] "GET /viewtopic.php?p=37134 HTTP/1.1" 200 105 "-" "msnbot/2.0b (+http://search.msn.com/msnbot.htm)._"
157.55.116.13 - - [20/Apr/2011:08:08:19 +0200] "GET /viewtopic.php?p=94792 HTTP/1.1" 200 105 "-" "msnbot/2.0b (+http://search.msn.com/msnbot.htm)._"
157.55.116.13 - - [20/Apr/2011:08:08:22 +0200] "GET /viewtopic.php?t=73 HTTP/1.1" 200 105 "-" "msnbot/2.0b (+http://search.msn.com/msnbot.htm)._"
157.55.116.13 - - [20/Apr/2011:08:08:25 +0200] "GET /viewtopic.php?p=98647 HTTP/1.1" 200 105 "-" "msnbot/2.0b (+http://search.msn.com/msnbot.htm)._"
157.55.116.13 - - [20/Apr/2011:08:08:28 +0200] "GET /viewtopic.php?p=89820 HTTP/1.1" 200 105 "-" "msnbot/2.0b (+http://search.msn.com/msnbot.htm)._"
88.182.148.152 - - [20/Apr/2011:08:08:33 +0200] "GET / HTTP/1.1" 200 2001 "-" "Mozilla/5.0 (Windows NT 6.1; rv:2.0) Gecko/20100101 Firefox/4.0"
157.55.116.13 - - [20/Apr/2011:08:08:36 +0200] "GET /viewtopic.php?p=36922 HTTP/1.1" 200 105 "-" "msnbot/2.0b (+http://search.msn.com/msnbot.htm)._"
157.55.116.13 - - [20/Apr/2011:08:08:41 +0200] "GET /viewtopic.php?p=38385 HTTP/1.1" 200 105 "-" "msnbot/2.0b (+http://search.msn.com/msnbot.htm)._"
157.55.116.13 - - [20/Apr/2011:08:08:44 +0200] "GET /viewtopic.php?p=93746 HTTP/1.1" 200 105 "-" "msnbot/2.0b (+http://search.msn.com/msnbot.htm)._"
157.55.116.13 - - [20/Apr/2011:08:08:51 +0200] "GET /viewtopic.php?p=39747 HTTP/1.1" 200 105 "-" "msnbot/2.0b (+http://search.msn.com/msnbot.htm)._"
157.55.116.13 - - [20/Apr/2011:08:09:02 +0200] "GET /viewtopic.php?p=36221 HTTP/1.1" 200 105 "-" "msnbot/2.0b (+http://search.msn.com/msnbot.htm)._"
66.249.72.242 - - [20/Apr/2011:08:09:06 +0200] "GET /viewtopic.php?p=85711&sid=b7ca6e31e2716288d0be99b4dea55ff8 HTTP/1.1" 200 2002 "-" "Mozilla/5.0 (compatible; Googlebot/2.1; +http://www.google.com/bot.html)"
157.55.116.13 - - [20/Apr/2011:08:09:11 +0200] "GET /viewtopic.php?p=42836 HTTP/1.1" 200 105 "-" "msnbot/2.0b (+http://search.msn.com/msnbot.htm)._"
66.249.66.146 - - [20/Apr/2011:08:09:12 +0200] "GET /viewtopic.php?p=119508&sid=626c4b34dc568156d027f66a029b8c51 HTTP/1.1" 200 2003 "-" "Mozilla/5.0 (compatible; Googlebot/2.1; +http://www.google.com/bot.html)"
157.55.116.13 - - [20/Apr/2011:08:09:14 +0200] "GET /viewtopic.php?p=62507 HTTP/1.1" 200 105 "-" "msnbot/2.0b (+http://search.msn.com/msnbot.htm)._"
157.55.116.13 - - [20/Apr/2011:08:09:25 +0200] "GET /viewtopic.php?p=59253 HTTP/1.1" 200 105 "-" "msnbot/2.0b (+http://search.msn.com/msnbot.htm)._"
66.249.72.242 - - [20/Apr/2011:08:09:27 +0200] "GET /viewtopic.php?p=106943&sid=16294efea89e5d517d5b6e3ee100ab40 HTTP/1.1" 200 2002 "-" "Mozilla/5.0 (compatible; Googlebot/2.1; +http://www.google.com/bot.html)"
157.55.116.13 - - [20/Apr/2011:08:09:34 +0200] "GET /viewtopic.php?p=76454 HTTP/1.1" 200 105 "-" "msnbot/2.0b (+http://search.msn.com/msnbot.htm)._"
157.55.116.13 - - [20/Apr/2011:08:09:41 +0200] "GET /viewtopic.php?p=73232 HTTP/1.1" 200 105 "-" "msnbot/2.0b (+http://search.msn.com/msnbot.htm)._"
157.55.116.13 - - [20/Apr/2011:08:09:43 +0200] "GET /viewtopic.php?p=25846 HTTP/1.1" 200 105 "-" "msnbot/2.0b (+http://search.msn.com/msnbot.htm)._"
157.55.116.13 - - [20/Apr/2011:08:09:47 +0200] "GET /viewtopic.php?p=43909 HTTP/1.1" 200 105 "-" "msnbot/2.0b (+http://search.msn.com/msnbot.htm)._"
157.55.116.13 - - [20/Apr/2011:08:09:50 +0200] "GET /viewtopic.php?p=61607 HTTP/1.1" 200 105 "-" "msnbot/2.0b (+http://search.msn.com/msnbot.htm)._"
157.55.116.13 - - [20/Apr/2011:08:09:55 +0200] "GET /viewtopic.php?p=46476 HTTP/1.1" 200 105 "-" "msnbot/2.0b (+http://search.msn.com/msnbot.htm)._"
157.55.116.13 - - [20/Apr/2011:08:09:58 +0200] "GET /viewtopic.php?p=75161 HTTP/1.1" 200 105 "-" "msnbot/2.0b (+http://search.msn.com/msnbot.htm)._"
157.55.116.13 - - [20/Apr/2011:08:10:02 +0200] "GET /viewtopic.php?p=92386 HTTP/1.1" 200 105 "-" "msnbot/2.0b (+http://search.msn.com/msnbot.htm)._"
157.55.116.13 - - [20/Apr/2011:08:10:05 +0200] "GET /viewtopic.php?p=77893 HTTP/1.1" 200 105 "-" "msnbot/2.0b (+http://search.msn.com/msnbot.htm)._"
157.55.116.13 - - [20/Apr/2011:08:10:08 +0200] "GET /viewtopic.php?p=26857 HTTP/1.1" 200 105 "-" "msnbot/2.0b (+http://search.msn.com/msnbot.htm)._"
157.55.116.13 - - [20/Apr/2011:08:10:11 +0200] "GET /viewtopic.php?p=80179 HTTP/1.1" 200 105 "-" "msnbot/2.0b (+http://search.msn.com/msnbot.htm)._"
157.55.116.13 - - [20/Apr/2011:08:10:14 +0200] "GET /viewtopic.php?p=15036 HTTP/1.1" 200 105 "-" "msnbot/2.0b (+http://search.msn.com/msnbot.htm)._"
157.55.116.13 - - [20/Apr/2011:08:10:17 +0200] "GET /viewtopic.php?p=25933 HTTP/1.1" 200 105 "-" "msnbot/2.0b (+http://search.msn.com/msnbot.htm)._"
157.55.116.13 - - [20/Apr/2011:08:10:20 +0200] "GET /posting.php?mode=reply&t=2726 HTTP/1.1" 200 105 "-" "msnbot/2.0b (+http://search.msn.com/msnbot.htm)._"
157.55.116.13 - - [20/Apr/2011:08:10:23 +0200] "GET /posting.php?mode=quote&p=2828 HTTP/1.1" 200 105 "-" "msnbot/2.0b (+http://search.msn.com/msnbot.htm)._"
66.249.72.242 - - [20/Apr/2011:08:10:26 +0200] "GET /viewtopic.php?p=12827&sid=ab63343396c33197bc277cdd520ee1e4 HTTP/1.1" 200 2003 "-" "Mozilla/5.0 (compatible; Googlebot/2.1; +http://www.google.com/bot.html)"
157.55.116.13 - - [20/Apr/2011:08:10:26 +0200] "GET /viewtopic.php?p=100160 HTTP/1.1" 200 105 "-" "msnbot/2.0b (+http://search.msn.com/msnbot.htm)._"
157.55.116.13 - - [20/Apr/2011:08:10:28 +0200] "GET /viewtopic.php?p=109555 HTTP/1.1" 200 105 "-" "msnbot/2.0b (+http://search.msn.com/msnbot.htm)._"
157.55.116.13 - - [20/Apr/2011:08:10:31 +0200] "GET /viewtopic.php?p=103356 HTTP/1.1" 200 105 "-" "msnbot/2.0b (+http://search.msn.com/msnbot.htm)._"
157.55.116.13 - - [20/Apr/2011:08:10:33 +0200] "GET /viewtopic.php?p=105834 HTTP/1.1" 200 105 "-" "msnbot/2.0b (+http://search.msn.com/msnbot.htm)._"
157.55.116.13 - - [20/Apr/2011:08:10:36 +0200] "GET /viewtopic.php?p=108607 HTTP/1.1" 200 105 "-" "msnbot/2.0b (+http://search.msn.com/msnbot.htm)._"
157.55.116.13 - - [20/Apr/2011:08:10:40 +0200] "GET /viewtopic.php?p=112677 HTTP/1.1" 200 105 "-" "msnbot/2.0b (+http://search.msn.com/msnbot.htm)._"
157.55.116.13 - - [20/Apr/2011:08:10:42 +0200] "GET /viewtopic.php?p=62948 HTTP/1.1" 200 105 "-" "msnbot/2.0b (+http://search.msn.com/msnbot.htm)._"
157.55.116.13 - - [20/Apr/2011:08:10:46 +0200] "GET /viewtopic.php?p=110375 HTTP/1.1" 200 105 "-" "msnbot/2.0b (+http://search.msn.com/msnbot.htm)._"
157.55.116.13 - - [20/Apr/2011:08:10:49 +0200] "GET /viewtopic.php?p=113800 HTTP/1.1" 200 105 "-" "msnbot/2.0b (+http://search.msn.com/msnbot.htm)._"
157.55.116.13 - - [20/Apr/2011:08:10:52 +0200] "GET /viewtopic.php?p=12436 HTTP/1.1" 200 105 "-" "msnbot/2.0b (+http://search.msn.com/msnbot.htm)._"
157.55.116.13 - - [20/Apr/2011:08:10:55 +0200] "GET /viewtopic.php?p=106713 HTTP/1.1" 200 105 "-" "msnbot/2.0b (+http://search.msn.com/msnbot.htm)._"
157.55.116.13 - - [20/Apr/2011:08:10:57 +0200] "GET /viewtopic.php?p=41844 HTTP/1.1" 200 105 "-" "msnbot/2.0b (+http://search.msn.com/msnbot.htm)._"
157.55.116.13 - - [20/Apr/2011:08:11:03 +0200] "GET /viewtopic.php?p=46113 HTTP/1.1" 200 105 "-" "msnbot/2.0b (+http://search.msn.com/msnbot.htm)._"
157.55.116.13 - - [20/Apr/2011:08:11:05 +0200] "GET /viewtopic.php?p=82853 HTTP/1.1" 200 105 "-" "msnbot/2.0b (+http://search.msn.com/msnbot.htm)._"
157.55.116.13 - - [20/Apr/2011:08:11:07 +0200] "GET /viewtopic.php?p=20249 HTTP/1.1" 200 105 "-" "msnbot/2.0b (+http://search.msn.com/msnbot.htm)._"
157.55.116.13 - - [20/Apr/2011:08:11:11 +0200] "GET /viewtopic.php?p=112316 HTTP/1.1" 200 105 "-" "msnbot/2.0b (+http://search.msn.com/msnbot.htm)._"
157.55.116.13 - - [20/Apr/2011:08:11:13 +0200] "GET /viewtopic.php?p=108786 HTTP/1.1" 200 105 "-" "msnbot/2.0b (+http://search.msn.com/msnbot.htm)._"
157.55.116.13 - - [20/Apr/2011:08:11:15 +0200] "GET /viewtopic.php?p=105674 HTTP/1.1" 200 105 "-" "msnbot/2.0b (+http://search.msn.com/msnbot.htm)._"
157.55.116.13 - - [20/Apr/2011:08:11:19 +0200] "GET /viewtopic.php?p=113406 HTTP/1.1" 200 105 "-" "msnbot/2.0b (+http://search.msn.com/msnbot.htm)._"
157.55.116.13 - - [20/Apr/2011:08:11:22 +0200] "GET /viewtopic.php?p=18182 HTTP/1.1" 200 105 "-" "msnbot/2.0b (+http://search.msn.com/msnbot.htm)._"
157.55.116.13 - - [20/Apr/2011:08:11:25 +0200] "GET /viewtopic.php?p=16143 HTTP/1.1" 200 105 "-" "msnbot/2.0b (+http://search.msn.com/msnbot.htm)._"
157.55.116.13 - - [20/Apr/2011:08:11:28 +0200] "GET /viewtopic.php?p=22151 HTTP/1.1" 200 105 "-" "msnbot/2.0b (+http://search.msn.com/msnbot.htm)._"
157.55.116.13 - - [20/Apr/2011:08:11:31 +0200] "GET /viewtopic.php?p=24272 HTTP/1.1" 200 105 "-" "msnbot/2.0b (+http://search.msn.com/msnbot.htm)._"
157.55.116.13 - - [20/Apr/2011:08:11:34 +0200] "GET /viewtopic.php?p=17357 HTTP/1.1" 200 105 "-" "msnbot/2.0b (+http://search.msn.com/msnbot.htm)._"
157.55.116.13 - - [20/Apr/2011:08:11:37 +0200] "GET /viewtopic.php?p=105424 HTTP/1.1" 200 105 "-" "msnbot/2.0b (+http://search.msn.com/msnbot.htm)._"
157.55.116.13 - - [20/Apr/2011:08:11:41 +0200] "GET /viewtopic.php?p=105829 HTTP/1.1" 200 105 "-" "msnbot/2.0b (+http://search.msn.com/msnbot.htm)._"
157.55.116.13 - - [20/Apr/2011:08:11:44 +0200] "GET /viewtopic.php?p=78920 HTTP/1.1" 200 105 "-" "msnbot/2.0b (+http://search.msn.com/msnbot.htm)._"
157.55.116.13 - - [20/Apr/2011:08:11:48 +0200] "GET /viewtopic.php?p=13727 HTTP/1.1" 200 105 "-" "msnbot/2.0b (+http://search.msn.com/msnbot.htm)._"
157.55.116.13 - - [20/Apr/2011:08:11:51 +0200] "GET /viewtopic.php?p=112757 HTTP/1.1" 200 105 "-" "msnbot/2.0b (+http://search.msn.com/msnbot.htm)._"
157.55.116.13 - - [20/Apr/2011:08:11:55 +0200] "GET /viewtopic.php?p=113492 HTTP/1.1" 200 105 "-" "msnbot/2.0b (+http://search.msn.com/msnbot.htm)._"
157.55.116.13 - - [20/Apr/2011:08:11:57 +0200] "GET /viewtopic.php?p=107893 HTTP/1.1" 200 105 "-" "msnbot/2.0b (+http://search.msn.com/msnbot.htm)._"
157.55.116.13 - - [20/Apr/2011:08:12:00 +0200] "GET /viewtopic.php?p=15246 HTTP/1.1" 200 105 "-" "msnbot/2.0b (+http://search.msn.com/msnbot.htm)._"
157.55.116.13 - - [20/Apr/2011:08:12:04 +0200] "GET /viewtopic.php?p=103686 HTTP/1.1" 200 105 "-" "msnbot/2.0b (+http://search.msn.com/msnbot.htm)._"
157.55.116.13 - - [20/Apr/2011:08:12:05 +0200] "GET /viewtopic.php?p=17094 HTTP/1.1" 200 105 "-" "msnbot/2.0b (+http://search.msn.com/msnbot.htm)._"
157.55.116.13 - - [20/Apr/2011:08:12:08 +0200] "GET /viewtopic.php?p=15745 HTTP/1.1" 200 105 "-" "msnbot/2.0b (+http://search.msn.com/msnbot.htm)._"
157.55.116.13 - - [20/Apr/2011:08:12:11 +0200] "GET /viewtopic.php?p=111081 HTTP/1.1" 200 105 "-" "msnbot/2.0b (+http://search.msn.com/msnbot.htm)._"
157.55.116.13 - - [20/Apr/2011:08:12:14 +0200] "GET /search.php?search_author=Risitia HTTP/1.1" 200 105 "-" "msnbot/2.0b (+http://search.msn.com/msnbot.htm)._"
157.55.116.13 - - [20/Apr/2011:08:12:17 +0200] "GET /viewtopic.php?p=74894 HTTP/1.1" 200 105 "-" "msnbot/2.0b (+http://search.msn.com/msnbot.htm)._"
66.249.66.146 - - [20/Apr/2011:08:12:18 +0200] "GET /viewtopic.php?p=111783&sid=c70d5ead4afd6a6e7d97cb1dd7692d43 HTTP/1.1" 200 2003 "-" "Mozilla/5.0 (compatible; Googlebot/2.1; +http://www.google.com/bot.html)"
157.55.116.13 - - [20/Apr/2011:08:12:21 +0200] "GET /viewtopic.php?p=103122 HTTP/1.1" 200 105 "-" "msnbot/2.0b (+http://search.msn.com/msnbot.htm)._"
157.55.116.13 - - [20/Apr/2011:08:12:25 +0200] "GET /viewtopic.php?p=67483 HTTP/1.1" 200 105 "-" "msnbot/2.0b (+http://search.msn.com/msnbot.htm)._"
157.55.116.13 - - [20/Apr/2011:08:12:26 +0200] "GET /viewtopic.php?p=31083 HTTP/1.1" 200 105 "-" "msnbot/2.0b (+http://search.msn.com/msnbot.htm)._"
157.55.116.13 - - [20/Apr/2011:08:12:28 +0200] "GET /viewtopic.php?p=79385 HTTP/1.1" 200 105 "-" "msnbot/2.0b (+http://search.msn.com/msnbot.htm)._"
157.55.116.13 - - [20/Apr/2011:08:12:30 +0200] "GET /viewtopic.php?p=46399 HTTP/1.1" 200 105 "-" "msnbot/2.0b (+http://search.msn.com/msnbot.htm)._"
157.55.116.13 - - [20/Apr/2011:08:12:33 +0200] "GET /posting.php?mode=quote&p=112914 HTTP/1.1" 200 105 "-" "msnbot/2.0b (+http://search.msn.com/msnbot.htm)._"
157.55.116.13 - - [20/Apr/2011:08:12:35 +0200] "GET /viewtopic.php?t=203 HTTP/1.1" 200 105 "-" "msnbot/2.0b (+http://search.msn.com/msnbot.htm)._"
88.182.148.152 - - [20/Apr/2011:08:12:37 +0200] "GET / HTTP/1.1" 200 1949 "-" "Mozilla/5.0 (Windows NT 6.1; rv:2.0) Gecko/20100101 Firefox/4.0"
157.55.116.13 - - [20/Apr/2011:08:12:43 +0200] "GET /posting.php?mode=quote&p=98843 HTTP/1.1" 200 105 "-" "msnbot/2.0b (+http://search.msn.com/msnbot.htm)._"
157.55.116.13 - - [20/Apr/2011:08:14:39 +0200] "GET /viewtopic.php?p=21099 HTTP/1.1" 200 105 "-" "msnbot/2.0b (+http://search.msn.com/msnbot.htm)._"
66.249.66.146 - - [20/Apr/2011:08:14:43 +0200] "GET /viewtopic.php?p=94625&sid=0f8bc0969812854e24cc2835ea07928e HTTP/1.1" 200 1999 "-" "Mozilla/5.0 (compatible; Googlebot/2.1; +http://www.google.com/bot.html)"
66.249.66.146 - - [20/Apr/2011:08:15:10 +0200] "GET /viewtopic.php?p=88136&sid=8e1849456be098d8e26e01d0601e7ea6 HTTP/1.1" 200 2001 "-" "Mozilla/5.0 (compatible; Googlebot/2.1; +http://www.google.com/bot.html)"
157.55.116.13 - - [20/Apr/2011:08:15:56 +0200] "GET /viewtopic.php?p=92623 HTTP/1.1" 200 105 "-" "msnbot/2.0b (+http://search.msn.com/msnbot.htm)._"
157.55.116.13 - - [20/Apr/2011:08:15:59 +0200] "GET /viewtopic.php?p=48921 HTTP/1.1" 200 105 "-" "msnbot/2.0b (+http://search.msn.com/msnbot.htm)._"
157.55.116.13 - - [20/Apr/2011:08:16:05 +0200] "GET /viewtopic.php?p=103260 HTTP/1.1" 200 105 "-" "msnbot/2.0b (+http://search.msn.com/msnbot.htm)._"
157.55.116.13 - - [20/Apr/2011:08:16:13 +0200] "GET /viewtopic.php?p=24258 HTTP/1.1" 200 105 "-" "msnbot/2.0b (+http://search.msn.com/msnbot.htm)._"
157.55.116.13 - - [20/Apr/2011:08:16:19 +0200] "GET /viewtopic.php?p=78074 HTTP/1.1" 200 105 "-" "msnbot/2.0b (+http://search.msn.com/msnbot.htm)._"
157.55.116.13 - - [20/Apr/2011:08:16:27 +0200] "GET /viewtopic.php?p=82578 HTTP/1.1" 200 105 "-" "msnbot/2.0b (+http://search.msn.com/msnbot.htm)._"
157.55.116.13 - - [20/Apr/2011:08:16:31 +0200] "GET /viewtopic.php?p=76231 HTTP/1.1" 200 105 "-" "msnbot/2.0b (+http://search.msn.com/msnbot.htm)._"
157.55.116.13 - - [20/Apr/2011:08:16:35 +0200] "GET /viewtopic.php?p=27421 HTTP/1.1" 200 105 "-" "msnbot/2.0b (+http://search.msn.com/msnbot.htm)._"
157.55.116.13 - - [20/Apr/2011:08:16:37 +0200] "GET /viewtopic.php?p=16536 HTTP/1.1" 200 105 "-" "msnbot/2.0b (+http://search.msn.com/msnbot.htm)._"
157.55.116.13 - - [20/Apr/2011:08:16:43 +0200] "GET /posting.php?mode=quote&p=103711 HTTP/1.1" 200 105 "-" "msnbot/2.0b (+http://search.msn.com/msnbot.htm)._"
157.55.116.13 - - [20/Apr/2011:08:16:48 +0200] "GET /viewtopic.php?p=23491 HTTP/1.1" 200 105 "-" "msnbot/2.0b (+http://search.msn.com/msnbot.htm)._"
157.55.116.13 - - [20/Apr/2011:08:16:50 +0200] "GET /viewtopic.php?p=32492 HTTP/1.1" 200 105 "-" "msnbot/2.0b (+http://search.msn.com/msnbot.htm)._"
157.55.116.13 - - [20/Apr/2011:08:16:54 +0200] "GET /viewtopic.php?p=104211 HTTP/1.1" 200 105 "-" "msnbot/2.0b (+http://search.msn.com/msnbot.htm)._"
157.55.116.13 - - [20/Apr/2011:08:16:56 +0200] "GET /viewtopic.php?p=73582 HTTP/1.1" 200 105 "-" "msnbot/2.0b (+http://search.msn.com/msnbot.htm)._"
88.182.148.152 - - [20/Apr/2011:08:17:21 +0200] "GET / HTTP/1.1" 200 1949 "-" "Mozilla/5.0 (Windows NT 6.1; rv:2.0) Gecko/20100101 Firefox/4.0"
88.182.148.152 - - [20/Apr/2011:08:17:40 +0200] "GET / HTTP/1.1" 200 1949 "-" "Mozilla/5.0 (Windows NT 6.1; rv:2.0) Gecko/20100101 Firefox/4.0"
157.55.116.13 - - [20/Apr/2011:08:17:40 +0200] "GET /viewtopic.php?p=29223 HTTP/1.1" 200 105 "-" "msnbot/2.0b (+http://search.msn.com/msnbot.htm)._"
157.55.116.13 - - [20/Apr/2011:08:17:46 +0200] "GET /posting.php?mode=quote&p=39525 HTTP/1.1" 200 105 "-" "msnbot/2.0b (+http://search.msn.com/msnbot.htm)._"
157.55.116.13 - - [20/Apr/2011:08:17:51 +0200] "GET /viewtopic.php?p=58303 HTTP/1.1" 200 105 "-" "msnbot/2.0b (+http://search.msn.com/msnbot.htm)._"
157.55.116.13 - - [20/Apr/2011:08:17:56 +0200] "GET /viewtopic.php?p=98184 HTTP/1.1" 200 105 "-" "msnbot/2.0b (+http://search.msn.com/msnbot.htm)._"
157.55.116.13 - - [20/Apr/2011:08:18:00 +0200] "GET /viewtopic.php?p=32009 HTTP/1.1" 200 105 "-" "msnbot/2.0b (+http://search.msn.com/msnbot.htm)._"
66.249.66.146 - - [20/Apr/2011:08:18:01 +0200] "GET /viewtopic.php?p=81567&sid=00d914235715988f7bc731673413e2b4 HTTP/1.1" 200 2001 "-" "Mozilla/5.0 (compatible; Googlebot/2.1; +http://www.google.com/bot.html)"
157.55.116.13 - - [20/Apr/2011:08:18:06 +0200] "GET /posting.php?mode=quote&p=16139 HTTP/1.1" 200 105 "-" "msnbot/2.0b (+http://search.msn.com/msnbot.htm)._"
157.55.116.13 - - [20/Apr/2011:08:18:10 +0200] "GET /viewtopic.php?p=37608 HTTP/1.1" 200 105 "-" "msnbot/2.0b (+http://search.msn.com/msnbot.htm)._"
157.55.116.13 - - [20/Apr/2011:08:18:12 +0200] "GET /viewtopic.php?p=80013 HTTP/1.1" 200 105 "-" "msnbot/2.0b (+http://search.msn.com/msnbot.htm)._"
157.55.116.13 - - [20/Apr/2011:08:18:16 +0200] "GET /viewtopic.php?p=93782 HTTP/1.1" 200 105 "-" "msnbot/2.0b (+http://search.msn.com/msnbot.htm)._"
157.55.116.13 - - [20/Apr/2011:08:18:21 +0200] "GET /viewtopic.php?p=108172 HTTP/1.1" 200 105 "-" "msnbot/2.0b (+http://search.msn.com/msnbot.htm)._"
157.55.116.13 - - [20/Apr/2011:08:18:25 +0200] "GET /viewtopic.php?p=97414 HTTP/1.1" 200 105 "-" "msnbot/2.0b (+http://search.msn.com/msnbot.htm)._"
109.230.246.119 - - [20/Apr/2011:08:18:28 +0200] "GET /index.php HTTP/1.0" 200 6354 "http://forum.rally-infernal.info/index.php" "Opera/9.01 (Windows NT 5.1; U; en)"
109.230.246.119 - - [20/Apr/2011:08:18:28 +0200] "GET /profile.php?mode=register&sid=ee0be877bbfda8fc41500e48397d2967 HTTP/1.0" 200 5861 "http://forum.rally-infernal.info/profile.php?mode=register&sid=ee0be877bbfda8fc41500e48397d2967" "Opera/9.01 (Windows NT 5.1; U; en)"
157.55.116.13 - - [20/Apr/2011:08:18:30 +0200] "GET /viewtopic.php?p=66184 HTTP/1.1" 200 105 "-" "msnbot/2.0b (+http://search.msn.com/msnbot.htm)._"
157.55.116.13 - - [20/Apr/2011:08:18:34 +0200] "GET /viewtopic.php?p=92922 HTTP/1.1" 200 105 "-" "msnbot/2.0b (+http://search.msn.com/msnbot.htm)._"
157.55.116.13 - - [20/Apr/2011:08:18:37 +0200] "GET /viewtopic.php?p=76810 HTTP/1.1" 200 105 "-" "msnbot/2.0b (+http://search.msn.com/msnbot.htm)._"
157.55.116.13 - - [20/Apr/2011:08:18:42 +0200] "GET /viewtopic.php?p=27938 HTTP/1.1" 200 105 "-" "msnbot/2.0b (+http://search.msn.com/msnbot.htm)._"
157.55.116.13 - - [20/Apr/2011:08:18:44 +0200] "GET /viewtopic.php?p=85272 HTTP/1.1" 200 105 "-" "msnbot/2.0b (+http://search.msn.com/msnbot.htm)._"
88.182.148.152 - - [20/Apr/2011:08:18:47 +0200] "GET / HTTP/1.1" 200 1949 "-" "Mozilla/5.0 (Windows NT 6.1; rv:2.0) Gecko/20100101 Firefox/4.0"
157.55.116.13 - - [20/Apr/2011:08:18:52 +0200] "GET /viewtopic.php?p=103791 HTTP/1.1" 200 105 "-" "msnbot/2.0b (+http://search.msn.com/msnbot.htm)._"
157.55.116.13 - - [20/Apr/2011:08:18:54 +0200] "GET /viewtopic.php?p=24819 HTTP/1.1" 200 105 "-" "msnbot/2.0b (+http://search.msn.com/msnbot.htm)._"
157.55.116.13 - - [20/Apr/2011:08:18:59 +0200] "GET /viewtopic.php?p=23514 HTTP/1.1" 200 105 "-" "msnbot/2.0b (+http://search.msn.com/msnbot.htm)._"
157.55.116.13 - - [20/Apr/2011:08:19:02 +0200] "GET /viewtopic.php?p=110347 HTTP/1.1" 200 105 "-" "msnbot/2.0b (+http://search.msn.com/msnbot.htm)._"
157.55.116.13 - - [20/Apr/2011:08:19:05 +0200] "GET /viewtopic.php?p=99825 HTTP/1.1" 200 105 "-" "msnbot/2.0b (+http://search.msn.com/msnbot.htm)._"
157.55.116.13 - - [20/Apr/2011:08:19:08 +0200] "GET /viewtopic.php?p=75710 HTTP/1.1" 200 105 "-" "msnbot/2.0b (+http://search.msn.com/msnbot.htm)._"
157.55.116.13 - - [20/Apr/2011:08:19:11 +0200] "GET /viewtopic.php?p=22952 HTTP/1.1" 200 105 "-" "msnbot/2.0b (+http://search.msn.com/msnbot.htm)._"
157.55.116.13 - - [20/Apr/2011:08:19:14 +0200] "GET /viewtopic.php?p=31933 HTTP/1.1" 200 105 "-" "msnbot/2.0b (+http://search.msn.com/msnbot.htm)._"
157.55.116.13 - - [20/Apr/2011:08:19:18 +0200] "GET /viewtopic.php?p=91464 HTTP/1.1" 200 105 "-" "msnbot/2.0b (+http://search.msn.com/msnbot.htm)._"
157.55.116.13 - - [20/Apr/2011:08:19:21 +0200] "GET /viewtopic.php?p=84218 HTTP/1.1" 200 105 "-" "msnbot/2.0b (+http://search.msn.com/msnbot.htm)._"
157.55.116.13 - - [20/Apr/2011:08:19:24 +0200] "GET /viewtopic.php?p=28544 HTTP/1.1" 200 105 "-" "msnbot/2.0b (+http://search.msn.com/msnbot.htm)._"
157.55.116.13 - - [20/Apr/2011:08:19:27 +0200] "GET /viewtopic.php?p=112207 HTTP/1.1" 200 105 "-" "msnbot/2.0b (+http://search.msn.com/msnbot.htm)._"
157.55.116.13 - - [20/Apr/2011:08:19:32 +0200] "GET /viewtopic.php?p=17173 HTTP/1.1" 200 105 "-" "msnbot/2.0b (+http://search.msn.com/msnbot.htm)._"
157.55.116.13 - - [20/Apr/2011:08:19:37 +0200] "GET /viewtopic.php?p=35519 HTTP/1.1" 200 105 "-" "msnbot/2.0b (+http://search.msn.com/msnbot.htm)._"
157.55.116.13 - - [20/Apr/2011:08:19:41 +0200] "GET /viewtopic.php?p=112098 HTTP/1.1" 200 105 "-" "msnbot/2.0b (+http://search.msn.com/msnbot.htm)._"
157.55.116.13 - - [20/Apr/2011:08:19:44 +0200] "GET /viewtopic.php?p=26938 HTTP/1.1" 200 105 "-" "msnbot/2.0b (+http://search.msn.com/msnbot.htm)._"
157.55.116.13 - - [20/Apr/2011:08:19:48 +0200] "GET /viewtopic.php?p=108915 HTTP/1.1" 200 105 "-" "msnbot/2.0b (+http://search.msn.com/msnbot.htm)._"
157.55.116.13 - - [20/Apr/2011:08:19:50 +0200] "GET /viewtopic.php?p=88643 HTTP/1.1" 200 105 "-" "msnbot/2.0b (+http://search.msn.com/msnbot.htm)._"
157.55.116.13 - - [20/Apr/2011:08:19:55 +0200] "GET /viewtopic.php?p=86040 HTTP/1.1" 200 105 "-" "msnbot/2.0b (+http://search.msn.com/msnbot.htm)._"
157.55.116.13 - - [20/Apr/2011:08:19:58 +0200] "GET /viewtopic.php?p=35607 HTTP/1.1" 200 105 "-" "msnbot/2.0b (+http://search.msn.com/msnbot.htm)._"
157.55.116.13 - - [20/Apr/2011:08:20:03 +0200] "GET /viewtopic.php?p=39537 HTTP/1.1" 200 105 "-" "msnbot/2.0b (+http://search.msn.com/msnbot.htm)._"
157.55.116.13 - - [20/Apr/2011:08:20:07 +0200] "GET /viewtopic.php?p=52117 HTTP/1.1" 200 105 "-" "msnbot/2.0b (+http://search.msn.com/msnbot.htm)._"
157.55.116.13 - - [20/Apr/2011:08:20:10 +0200] "GET /viewtopic.php?t=2973&view=next HTTP/1.1" 200 105 "-" "msnbot/2.0b (+http://search.msn.com/msnbot.htm)._"
157.55.116.13 - - [20/Apr/2011:08:20:13 +0200] "GET /viewtopic.php?p=63904 HTTP/1.1" 200 105 "-" "msnbot/2.0b (+http://search.msn.com/msnbot.htm)._"
157.55.116.13 - - [20/Apr/2011:08:20:18 +0200] "GET /viewtopic.php?p=97576 HTTP/1.1" 200 105 "-" "msnbot/2.0b (+http://search.msn.com/msnbot.htm)._"
66.249.66.146 - - [20/Apr/2011:08:20:19 +0200] "GET /viewtopic.php?t=2669&postdays=0&postorder=asc&start=0&sid=59cb1794e7d5af01f33a0319338108bc HTTP/1.1" 200 2003 "-" "Mozilla/5.0 (compatible; Googlebot/2.1; +http://www.google.com/bot.html)"
157.55.116.13 - - [20/Apr/2011:08:20:21 +0200] "GET /viewtopic.php?p=105994 HTTP/1.1" 200 105 "-" "msnbot/2.0b (+http://search.msn.com/msnbot.htm)._"
157.55.116.13 - - [20/Apr/2011:08:20:25 +0200] "GET /viewtopic.php?p=80951 HTTP/1.1" 200 105 "-" "msnbot/2.0b (+http://search.msn.com/msnbot.htm)._"
157.55.116.13 - - [20/Apr/2011:08:20:28 +0200] "GET /viewtopic.php?p=56697 HTTP/1.1" 200 105 "-" "msnbot/2.0b (+http://search.msn.com/msnbot.htm)._"
157.55.116.13 - - [20/Apr/2011:08:20:31 +0200] "GET /viewtopic.php?p=82502 HTTP/1.1" 200 105 "-" "msnbot/2.0b (+http://search.msn.com/msnbot.htm)._"
157.55.116.13 - - [20/Apr/2011:08:20:37 +0200] "GET /viewtopic.php?p=32379 HTTP/1.1" 200 105 "-" "msnbot/2.0b (+http://search.msn.com/msnbot.htm)._"
157.55.116.13 - - [20/Apr/2011:08:20:39 +0200] "GET /viewtopic.php?p=30685 HTTP/1.1" 200 105 "-" "msnbot/2.0b (+http://search.msn.com/msnbot.htm)._"
157.55.116.13 - - [20/Apr/2011:08:20:44 +0200] "GET /viewtopic.php?p=52752 HTTP/1.1" 200 105 "-" "msnbot/2.0b (+http://search.msn.com/msnbot.htm)._"
157.55.116.13 - - [20/Apr/2011:08:20:47 +0200] "GET /viewtopic.php?p=110597 HTTP/1.1" 200 105 "-" "msnbot/2.0b (+http://search.msn.com/msnbot.htm)._"
157.55.116.13 - - [20/Apr/2011:08:20:51 +0200] "GET /viewtopic.php?p=56969 HTTP/1.1" 200 105 "-" "msnbot/2.0b (+http://search.msn.com/msnbot.htm)._"
66.249.66.146 - - [20/Apr/2011:08:20:53 +0200] "GET /profile.php?mode=viewprofile&u=38&sid=be9020e88ccc30e229d910341efb70c9 HTTP/1.1" 200 2001 "-" "Mozilla/5.0 (compatible; Googlebot/2.1; +http://www.google.com/bot.html)"
157.55.116.13 - - [20/Apr/2011:08:20:54 +0200] "GET /viewtopic.php?p=82547 HTTP/1.1" 200 105 "-" "msnbot/2.0b (+http://search.msn.com/msnbot.htm)._"
88.182.148.152 - - [20/Apr/2011:08:20:56 +0200] "GET / HTTP/1.1" 200 1949 "-" "Mozilla/5.0 (Windows NT 6.1; rv:2.0) Gecko/20100101 Firefox/4.0"
157.55.116.13 - - [20/Apr/2011:08:20:57 +0200] "GET /viewtopic.php?p=77830 HTTP/1.1" 200 105 "-" "msnbot/2.0b (+http://search.msn.com/msnbot.htm)._"
157.55.116.13 - - [20/Apr/2011:08:21:01 +0200] "GET /viewtopic.php?p=11076 HTTP/1.1" 200 105 "-" "msnbot/2.0b (+http://search.msn.com/msnbot.htm)._"
157.55.116.13 - - [20/Apr/2011:08:21:03 +0200] "GET /viewtopic.php?p=80801 HTTP/1.1" 200 105 "-" "msnbot/2.0b (+http://search.msn.com/msnbot.htm)._"
157.55.116.13 - - [20/Apr/2011:08:21:06 +0200] "GET /viewtopic.php?p=46141 HTTP/1.1" 200 105 "-" "msnbot/2.0b (+http://search.msn.com/msnbot.htm)._"
157.55.116.13 - - [20/Apr/2011:08:21:08 +0200] "GET /viewtopic.php?p=85890 HTTP/1.1" 200 105 "-" "msnbot/2.0b (+http://search.msn.com/msnbot.htm)._"
157.55.116.13 - - [20/Apr/2011:08:21:10 +0200] "GET /viewtopic.php?p=78718 HTTP/1.1" 200 105 "-" "msnbot/2.0b (+http://search.msn.com/msnbot.htm)._"
157.55.116.13 - - [20/Apr/2011:08:21:13 +0200] "GET /posting.php?mode=quote&p=68116 HTTP/1.1" 200 105 "-" "msnbot/2.0b (+http://search.msn.com/msnbot.htm)._"
157.55.116.13 - - [20/Apr/2011:08:21:15 +0200] "GET /viewtopic.php?p=75086 HTTP/1.1" 200 105 "-" "msnbot/2.0b (+http://search.msn.com/msnbot.htm)._"
157.55.116.13 - - [20/Apr/2011:08:21:20 +0200] "GET /viewtopic.php?p=17288 HTTP/1.1" 200 105 "-" "msnbot/2.0b (+http://search.msn.com/msnbot.htm)._"
157.55.116.13 - - [20/Apr/2011:08:21:23 +0200] "GET /posting.php?mode=quote&p=84677 HTTP/1.1" 200 105 "-" "msnbot/2.0b (+http://search.msn.com/msnbot.htm)._"
157.55.116.13 - - [20/Apr/2011:08:21:27 +0200] "GET /viewtopic.php?p=112858 HTTP/1.1" 200 105 "-" "msnbot/2.0b (+http://search.msn.com/msnbot.htm)._"
157.55.116.13 - - [20/Apr/2011:08:21:30 +0200] "GET /viewtopic.php?p=67732 HTTP/1.1" 200 105 "-" "msnbot/2.0b (+http://search.msn.com/msnbot.htm)._"
157.55.116.13 - - [20/Apr/2011:08:21:32 +0200] "GET /viewtopic.php?p=23315 HTTP/1.1" 200 105 "-" "msnbot/2.0b (+http://search.msn.com/msnbot.htm)._"
157.55.116.13 - - [20/Apr/2011:08:21:36 +0200] "GET /viewtopic.php?p=39524 HTTP/1.1" 200 105 "-" "msnbot/2.0b (+http://search.msn.com/msnbot.htm)._"
157.55.116.13 - - [20/Apr/2011:08:21:39 +0200] "GET /viewtopic.php?p=81285 HTTP/1.1" 200 105 "-" "msnbot/2.0b (+http://search.msn.com/msnbot.htm)._"
157.55.116.13 - - [20/Apr/2011:08:21:43 +0200] "GET /viewtopic.php?p=79741 HTTP/1.1" 200 105 "-" "msnbot/2.0b (+http://search.msn.com/msnbot.htm)._"
157.55.116.13 - - [20/Apr/2011:08:21:46 +0200] "GET /viewtopic.php?p=27012 HTTP/1.1" 200 105 "-" "msnbot/2.0b (+http://search.msn.com/msnbot.htm)._"
157.55.116.13 - - [20/Apr/2011:08:21:49 +0200] "GET /viewtopic.php?p=106726 HTTP/1.1" 200 105 "-" "msnbot/2.0b (+http://search.msn.com/msnbot.htm)._"
157.55.116.13 - - [20/Apr/2011:08:21:51 +0200] "GET /viewtopic.php?p=61397 HTTP/1.1" 200 105 "-" "msnbot/2.0b (+http://search.msn.com/msnbot.htm)._"
157.55.116.13 - - [20/Apr/2011:08:21:53 +0200] "GET /viewtopic.php?p=41709 HTTP/1.1" 200 105 "-" "msnbot/2.0b (+http://search.msn.com/msnbot.htm)._"
157.55.116.13 - - [20/Apr/2011:08:21:57 +0200] "GET /viewtopic.php?p=2757&highlight= HTTP/1.1" 200 105 "-" "msnbot/2.0b (+http://search.msn.com/msnbot.htm)._"
157.55.116.13 - - [20/Apr/2011:08:22:01 +0200] "GET /viewtopic.php?p=84223 HTTP/1.1" 200 105 "-" "msnbot/2.0b (+http://search.msn.com/msnbot.htm)._"
157.55.116.13 - - [20/Apr/2011:08:22:05 +0200] "GET /viewtopic.php?p=93125 HTTP/1.1" 200 105 "-" "msnbot/2.0b (+http://search.msn.com/msnbot.htm)._"
157.55.116.13 - - [20/Apr/2011:08:22:09 +0200] "GET /viewtopic.php?p=3807 HTTP/1.1" 200 105 "-" "msnbot/2.0b (+http://search.msn.com/msnbot.htm)._"
157.55.116.13 - - [20/Apr/2011:08:22:15 +0200] "GET /viewtopic.php?p=40148 HTTP/1.1" 200 105 "-" "msnbot/2.0b (+http://search.msn.com/msnbot.htm)._"
157.55.116.13 - - [20/Apr/2011:08:22:18 +0200] "GET /viewtopic.php?p=31368 HTTP/1.1" 200 105 "-" "msnbot/2.0b (+http://search.msn.com/msnbot.htm)._"
157.55.116.13 - - [20/Apr/2011:08:22:20 +0200] "GET /viewtopic.php?p=94581&highlight= HTTP/1.1" 200 105 "-" "msnbot/2.0b (+http://search.msn.com/msnbot.htm)._"
