93.15.69.230 - - [19/Apr/2011:21:10:00 +0200] "GET /templates/rmstyle/images/favicon.png HTTP/1.1" 200 974 "-" "Mozilla/5.0 (Windows; U; Windows NT 6.1; en-US) AppleWebKit/534.16 (KHTML, like Gecko) Chrome/10.0.648.204 Safari/534.16"
89.170.22.112 - - [19/Apr/2011:21:10:01 +0200] "GET / HTTP/1.1" 200 6189 "-" "Mozilla/5.0 (Windows NT 6.1; WOW64; rv:2.0) Gecko/20100101 Firefox/4.0"
89.170.22.112 - - [19/Apr/2011:21:10:01 +0200] "GET /shoutbox.php HTTP/1.1" 200 736 "http://forum.rally-infernal.info/" "Mozilla/5.0 (Windows NT 6.1; WOW64; rv:2.0) Gecko/20100101 Firefox/4.0"
89.170.22.112 - - [19/Apr/2011:21:10:01 +0200] "GET /shoutbox_view.php?start=0 HTTP/1.1" 200 1329 "http://forum.rally-infernal.info/shoutbox.php" "Mozilla/5.0 (Windows NT 6.1; WOW64; rv:2.0) Gecko/20100101 Firefox/4.0"
88.162.170.178 - - [19/Apr/2011:21:10:05 +0200] "GET /AvatarsManager/joueurs/guiguisr/3.png HTTP/1.1" 404 202 "http://pouletsofdream.com/forum/viewtopic.php?f=5&t=2234&start=25" "Mozilla/5.0 (Windows NT 6.1; WOW64; rv:2.0) Gecko/20100101 Firefox/4.0"
88.162.170.178 - - [19/Apr/2011:21:10:05 +0200] "GET /AvatarsManager/joueurs/guiguisr/3.png HTTP/1.1" 404 202 "http://pouletsofdream.com/forum/viewtopic.php?f=5&t=2234&start=25" "Mozilla/5.0 (Windows NT 6.1; WOW64; rv:2.0) Gecko/20100101 Firefox/4.0"
88.182.148.152 - - [19/Apr/2011:21:10:08 +0200] "GET / HTTP/1.1" 200 6189 "http://forum.rally-infernal.info/" "Mozilla/5.0 (Windows NT 6.1; rv:2.0) Gecko/20100101 Firefox/4.0"
88.182.148.152 - - [19/Apr/2011:21:10:08 +0200] "GET /shoutbox.php HTTP/1.1" 200 736 "http://forum.rally-infernal.info/" "Mozilla/5.0 (Windows NT 6.1; rv:2.0) Gecko/20100101 Firefox/4.0"
88.182.148.152 - - [19/Apr/2011:21:10:08 +0200] "GET /shoutbox_view.php?start=0 HTTP/1.1" 200 1329 "http://forum.rally-infernal.info/shoutbox.php" "Mozilla/5.0 (Windows NT 6.1; rv:2.0) Gecko/20100101 Firefox/4.0"
79.92.69.238 - - [19/Apr/2011:21:10:24 +0200] "GET / HTTP/1.1" 200 1060 "-" "Mozilla/5.0 (Windows NT 6.1; WOW64; rv:2.0) Gecko/20100101 Firefox/4.0"
79.92.69.238 - - [19/Apr/2011:21:10:29 +0200] "GET / HTTP/1.1" 200 6164 "-" "Mozilla/5.0 (Windows NT 6.1; WOW64; rv:2.0) Gecko/20100101 Firefox/4.0"
79.92.69.238 - - [19/Apr/2011:21:10:29 +0200] "GET /templates/rmstyle/rmstyle.css HTTP/1.1" 304 - "-" "Mozilla/5.0 (Windows NT 6.1; WOW64; rv:2.0) Gecko/20100101 Firefox/4.0"
79.92.69.238 - - [19/Apr/2011:21:10:29 +0200] "GET /shoutbox.php HTTP/1.1" 200 992 "-" "Mozilla/5.0 (Windows NT 6.1; WOW64; rv:2.0) Gecko/20100101 Firefox/4.0"
79.92.69.238 - - [19/Apr/2011:21:10:29 +0200] "GET /templates/rmstyle/rmstyle.css HTTP/1.1" 304 - "-" "Mozilla/5.0 (Windows NT 6.1; WOW64; rv:2.0) Gecko/20100101 Firefox/4.0"
79.92.69.238 - - [19/Apr/2011:21:10:29 +0200] "GET /shoutbox_view.php?start=0 HTTP/1.1" 200 1331 "-" "Mozilla/5.0 (Windows NT 6.1; WOW64; rv:2.0) Gecko/20100101 Firefox/4.0"
79.92.69.238 - - [19/Apr/2011:21:10:30 +0200] "GET /templates/rmstyle/rmstyle.css HTTP/1.1" 304 - "-" "Mozilla/5.0 (Windows NT 6.1; WOW64; rv:2.0) Gecko/20100101 Firefox/4.0"
79.92.69.238 - - [19/Apr/2011:21:10:32 +0200] "GET /viewtopic.php?t=3386&view=newest HTTP/1.1" 302 20 "-" "Mozilla/5.0 (Windows NT 6.1; WOW64; rv:2.0) Gecko/20100101 Firefox/4.0"
79.92.69.238 - - [19/Apr/2011:21:10:32 +0200] "GET /viewtopic.php?p=119514 HTTP/1.1" 200 6896 "-" "Mozilla/5.0 (Windows NT 6.1; WOW64; rv:2.0) Gecko/20100101 Firefox/4.0"
79.92.69.238 - - [19/Apr/2011:21:10:32 +0200] "GET /templates/rmstyle/rmstyle.css HTTP/1.1" 304 - "-" "Mozilla/5.0 (Windows NT 6.1; WOW64; rv:2.0) Gecko/20100101 Firefox/4.0"
79.92.69.238 - - [19/Apr/2011:21:10:32 +0200] "GET /AvatarsManager/kajin-kun.jpg HTTP/1.1" 302 20 "-" "Mozilla/5.0 (Windows NT 6.1; WOW64; rv:2.0) Gecko/20100101 Firefox/4.0"
79.92.69.238 - - [19/Apr/2011:21:10:39 +0200] "GET /viewtopic.php?p=119514 HTTP/1.1" 200 6878 "-" "Mozilla/5.0 (Windows NT 6.1; WOW64; rv:2.0) Gecko/20100101 Firefox/4.0"
79.92.69.238 - - [19/Apr/2011:21:10:40 +0200] "GET /templates/rmstyle/rmstyle.css HTTP/1.1" 304 - "-" "Mozilla/5.0 (Windows NT 6.1; WOW64; rv:2.0) Gecko/20100101 Firefox/4.0"
79.92.69.238 - - [19/Apr/2011:21:10:40 +0200] "GET /AvatarsManager/kajin-kun.jpg HTTP/1.1" 302 20 "-" "Mozilla/5.0 (Windows NT 6.1; WOW64; rv:2.0) Gecko/20100101 Firefox/4.0"
79.92.69.238 - - [19/Apr/2011:21:10:40 +0200] "GET /templates/rmstyle/images/bg_body.jpg HTTP/1.1" 304 - "-" "Mozilla/5.0 (Windows NT 6.1; WOW64; rv:2.0) Gecko/20100101 Firefox/4.0"
79.92.69.238 - - [19/Apr/2011:21:10:40 +0200] "GET /templates/rmstyle/images/lang_french/icon_mini_profile.png HTTP/1.1" 304 - "-" "Mozilla/5.0 (Windows NT 6.1; WOW64; rv:2.0) Gecko/20100101 Firefox/4.0"
79.92.69.238 - - [19/Apr/2011:21:10:40 +0200] "GET /templates/rmstyle/images/logo_rmstyle.jpg HTTP/1.1" 304 - "-" "Mozilla/5.0 (Windows NT 6.1; WOW64; rv:2.0) Gecko/20100101 Firefox/4.0"
79.92.69.238 - - [19/Apr/2011:21:10:40 +0200] "GET /templates/rmstyle/images/lang_french/icon_mini_faq.png HTTP/1.1" 304 - "-" "Mozilla/5.0 (Windows NT 6.1; WOW64; rv:2.0) Gecko/20100101 Firefox/4.0"
79.92.69.238 - - [19/Apr/2011:21:10:40 +0200] "GET /templates/rmstyle/images/lang_french/icon_mini_search.png HTTP/1.1" 304 - "-" "Mozilla/5.0 (Windows NT 6.1; WOW64; rv:2.0) Gecko/20100101 Firefox/4.0"
79.92.69.238 - - [19/Apr/2011:21:10:40 +0200] "GET /templates/rmstyle/images/lang_french/icon_mini_members.png HTTP/1.1" 304 - "-" "Mozilla/5.0 (Windows NT 6.1; WOW64; rv:2.0) Gecko/20100101 Firefox/4.0"
79.92.69.238 - - [19/Apr/2011:21:10:40 +0200] "GET /templates/rmstyle/images/lang_french/icon_mini_groups.png HTTP/1.1" 304 - "-" "Mozilla/5.0 (Windows NT 6.1; WOW64; rv:2.0) Gecko/20100101 Firefox/4.0"
79.92.69.238 - - [19/Apr/2011:21:10:40 +0200] "GET /templates/rmstyle/images/lang_french/icon_mini_message.png HTTP/1.1" 304 - "-" "Mozilla/5.0 (Windows NT 6.1; WOW64; rv:2.0) Gecko/20100101 Firefox/4.0"
79.92.69.238 - - [19/Apr/2011:21:10:40 +0200] "GET /templates/rmstyle/images/lang_french/icon_mini_logout.png HTTP/1.1" 304 - "-" "Mozilla/5.0 (Windows NT 6.1; WOW64; rv:2.0) Gecko/20100101 Firefox/4.0"
79.92.69.238 - - [19/Apr/2011:21:10:40 +0200] "GET /templates/rmstyle/images/lang_french/icon_mini_site.png HTTP/1.1" 304 - "-" "Mozilla/5.0 (Windows NT 6.1; WOW64; rv:2.0) Gecko/20100101 Firefox/4.0"
79.92.69.238 - - [19/Apr/2011:21:10:40 +0200] "GET /templates/rmstyle/images/lang_french/post.gif HTTP/1.1" 304 - "-" "Mozilla/5.0 (Windows NT 6.1; WOW64; rv:2.0) Gecko/20100101 Firefox/4.0"
79.92.69.238 - - [19/Apr/2011:21:10:40 +0200] "GET /templates/rmstyle/images/lang_french/reply.gif HTTP/1.1" 304 - "-" "Mozilla/5.0 (Windows NT 6.1; WOW64; rv:2.0) Gecko/20100101 Firefox/4.0"
79.92.69.238 - - [19/Apr/2011:21:10:40 +0200] "GET /templates/rmstyle/images/hd_prev.gif HTTP/1.1" 304 - "-" "Mozilla/5.0 (Windows NT 6.1; WOW64; rv:2.0) Gecko/20100101 Firefox/4.0"
79.92.69.238 - - [19/Apr/2011:21:10:40 +0200] "GET /templates/rmstyle/images/hd_next.gif HTTP/1.1" 304 - "-" "Mozilla/5.0 (Windows NT 6.1; WOW64; rv:2.0) Gecko/20100101 Firefox/4.0"
79.92.69.238 - - [19/Apr/2011:21:10:40 +0200] "GET /templates/rmstyle/images/hd_rgt.jpg HTTP/1.1" 304 - "-" "Mozilla/5.0 (Windows NT 6.1; WOW64; rv:2.0) Gecko/20100101 Firefox/4.0"
79.92.69.238 - - [19/Apr/2011:21:10:40 +0200] "GET /templates/rmstyle/images/icon_minipost.gif HTTP/1.1" 304 - "-" "Mozilla/5.0 (Windows NT 6.1; WOW64; rv:2.0) Gecko/20100101 Firefox/4.0"
79.92.69.238 - - [19/Apr/2011:21:10:40 +0200] "GET /templates/rmstyle/images/lang_french/icon_quote.gif HTTP/1.1" 304 - "-" "Mozilla/5.0 (Windows NT 6.1; WOW64; rv:2.0) Gecko/20100101 Firefox/4.0"
79.92.69.238 - - [19/Apr/2011:21:10:40 +0200] "GET /templates/rmstyle/images/lang_french/icon_edit.gif HTTP/1.1" 304 - "-" "Mozilla/5.0 (Windows NT 6.1; WOW64; rv:2.0) Gecko/20100101 Firefox/4.0"
79.92.69.238 - - [19/Apr/2011:21:10:40 +0200] "GET /templates/rmstyle/images/icon_delete.gif HTTP/1.1" 304 - "-" "Mozilla/5.0 (Windows NT 6.1; WOW64; rv:2.0) Gecko/20100101 Firefox/4.0"
79.92.69.238 - - [19/Apr/2011:21:10:40 +0200] "GET /templates/rmstyle/images/lang_french/icon_ip.gif HTTP/1.1" 304 - "-" "Mozilla/5.0 (Windows NT 6.1; WOW64; rv:2.0) Gecko/20100101 Firefox/4.0"
79.92.69.238 - - [19/Apr/2011:21:10:40 +0200] "GET /templates/rmstyle/images/lang_french/icon_profile.gif HTTP/1.1" 304 - "-" "Mozilla/5.0 (Windows NT 6.1; WOW64; rv:2.0) Gecko/20100101 Firefox/4.0"
79.92.69.238 - - [19/Apr/2011:21:10:40 +0200] "GET /templates/rmstyle/images/lang_french/icon_pm.gif HTTP/1.1" 304 - "-" "Mozilla/5.0 (Windows NT 6.1; WOW64; rv:2.0) Gecko/20100101 Firefox/4.0"
79.92.69.238 - - [19/Apr/2011:21:10:40 +0200] "GET /templates/rmstyle/images/lang_french/icon_email.gif HTTP/1.1" 304 - "-" "Mozilla/5.0 (Windows NT 6.1; WOW64; rv:2.0) Gecko/20100101 Firefox/4.0"
79.92.69.238 - - [19/Apr/2011:21:10:40 +0200] "GET /images/smiles/sm6.gif HTTP/1.1" 304 - "-" "Mozilla/5.0 (Windows NT 6.1; WOW64; rv:2.0) Gecko/20100101 Firefox/4.0"
79.92.69.238 - - [19/Apr/2011:21:10:40 +0200] "GET /templates/rmstyle/images/lang_french/icon_yim.gif HTTP/1.1" 304 - "-" "Mozilla/5.0 (Windows NT 6.1; WOW64; rv:2.0) Gecko/20100101 Firefox/4.0"
79.92.69.238 - - [19/Apr/2011:21:10:40 +0200] "GET /AvatarsManager/joueurs/kajin-kun/3.png HTTP/1.1" 200 65880 "-" "Mozilla/5.0 (Windows NT 6.1; WOW64; rv:2.0) Gecko/20100101 Firefox/4.0"
79.92.69.238 - - [19/Apr/2011:21:10:40 +0200] "GET /templates/rmstyle/images/lang_french/icon_msnm.gif HTTP/1.1" 304 - "-" "Mozilla/5.0 (Windows NT 6.1; WOW64; rv:2.0) Gecko/20100101 Firefox/4.0"
79.92.69.238 - - [19/Apr/2011:21:10:40 +0200] "GET /templates/rmstyle/images/lang_french/icon_www.gif HTTP/1.1" 304 - "-" "Mozilla/5.0 (Windows NT 6.1; WOW64; rv:2.0) Gecko/20100101 Firefox/4.0"
79.92.69.238 - - [19/Apr/2011:21:10:40 +0200] "GET /images/smiles/icon_neutral.gif HTTP/1.1" 304 - "-" "Mozilla/5.0 (Windows NT 6.1; WOW64; rv:2.0) Gecko/20100101 Firefox/4.0"
79.92.69.238 - - [19/Apr/2011:21:10:40 +0200] "GET /images/smiles/icon_hap.gif HTTP/1.1" 304 - "-" "Mozilla/5.0 (Windows NT 6.1; WOW64; rv:2.0) Gecko/20100101 Firefox/4.0"
79.92.69.238 - - [19/Apr/2011:21:10:40 +0200] "GET /templates/rmstyle/images/ft_lft.gif HTTP/1.1" 304 - "-" "Mozilla/5.0 (Windows NT 6.1; WOW64; rv:2.0) Gecko/20100101 Firefox/4.0"
79.92.69.238 - - [19/Apr/2011:21:10:40 +0200] "GET /templates/rmstyle/images/topic_top.gif HTTP/1.1" 304 - "-" "Mozilla/5.0 (Windows NT 6.1; WOW64; rv:2.0) Gecko/20100101 Firefox/4.0"
79.92.69.238 - - [19/Apr/2011:21:10:40 +0200] "GET /templates/rmstyle/images/topic_delete.gif HTTP/1.1" 304 - "-" "Mozilla/5.0 (Windows NT 6.1; WOW64; rv:2.0) Gecko/20100101 Firefox/4.0"
79.92.69.238 - - [19/Apr/2011:21:10:40 +0200] "GET /templates/rmstyle/images/topic_move.gif HTTP/1.1" 304 - "-" "Mozilla/5.0 (Windows NT 6.1; WOW64; rv:2.0) Gecko/20100101 Firefox/4.0"
79.92.69.238 - - [19/Apr/2011:21:10:40 +0200] "GET /templates/rmstyle/images/topic_lock.gif HTTP/1.1" 304 - "-" "Mozilla/5.0 (Windows NT 6.1; WOW64; rv:2.0) Gecko/20100101 Firefox/4.0"
79.92.69.238 - - [19/Apr/2011:21:10:40 +0200] "GET /templates/rmstyle/images/topic_split.gif HTTP/1.1" 304 - "-" "Mozilla/5.0 (Windows NT 6.1; WOW64; rv:2.0) Gecko/20100101 Firefox/4.0"
79.92.69.238 - - [19/Apr/2011:21:10:40 +0200] "GET /templates/rmstyle/images/ft_rgt.gif HTTP/1.1" 304 - "-" "Mozilla/5.0 (Windows NT 6.1; WOW64; rv:2.0) Gecko/20100101 Firefox/4.0"
79.92.69.238 - - [19/Apr/2011:21:10:40 +0200] "GET /templates/rmstyle/images/ft_showhide.gif HTTP/1.1" 304 - "-" "Mozilla/5.0 (Windows NT 6.1; WOW64; rv:2.0) Gecko/20100101 Firefox/4.0"
79.92.69.238 - - [19/Apr/2011:21:10:40 +0200] "GET /images/abq_mod/admin/abq-button.gif HTTP/1.1" 304 - "-" "Mozilla/5.0 (Windows NT 6.1; WOW64; rv:2.0) Gecko/20100101 Firefox/4.0"
79.92.69.238 - - [19/Apr/2011:21:10:40 +0200] "GET /templates/rmstyle/images/ft_bg.gif HTTP/1.1" 304 - "-" "Mozilla/5.0 (Windows NT 6.1; WOW64; rv:2.0) Gecko/20100101 Firefox/4.0"
79.92.69.238 - - [19/Apr/2011:21:10:44 +0200] "GET /index.php HTTP/1.1" 200 6144 "-" "Mozilla/5.0 (Windows NT 6.1; WOW64; rv:2.0) Gecko/20100101 Firefox/4.0"
79.92.69.238 - - [19/Apr/2011:21:10:44 +0200] "GET /templates/rmstyle/rmstyle.css HTTP/1.1" 304 - "-" "Mozilla/5.0 (Windows NT 6.1; WOW64; rv:2.0) Gecko/20100101 Firefox/4.0"
79.92.69.238 - - [19/Apr/2011:21:10:44 +0200] "GET /shoutbox.php HTTP/1.1" 200 992 "-" "Mozilla/5.0 (Windows NT 6.1; WOW64; rv:2.0) Gecko/20100101 Firefox/4.0"
79.92.69.238 - - [19/Apr/2011:21:10:44 +0200] "GET /templates/rmstyle/rmstyle.css HTTP/1.1" 304 - "-" "Mozilla/5.0 (Windows NT 6.1; WOW64; rv:2.0) Gecko/20100101 Firefox/4.0"
79.92.69.238 - - [19/Apr/2011:21:10:44 +0200] "GET /shoutbox_view.php?start=0 HTTP/1.1" 200 1331 "-" "Mozilla/5.0 (Windows NT 6.1; WOW64; rv:2.0) Gecko/20100101 Firefox/4.0"
79.92.69.238 - - [19/Apr/2011:21:10:45 +0200] "GET /templates/rmstyle/rmstyle.css HTTP/1.1" 304 - "-" "Mozilla/5.0 (Windows NT 6.1; WOW64; rv:2.0) Gecko/20100101 Firefox/4.0"
90.49.94.29 - - [19/Apr/2011:21:10:58 +0200] "GET /AvatarsManager/kev717.jpg HTTP/1.1" 302 20 "http://www.trackmania.com/fr/forum/viewtopic.php?t=25877" "Mozilla/5.0 (Windows; U; Windows NT 5.1; en-US) AppleWebKit/534.16 (KHTML, like Gecko) Chrome/10.0.648.205 Safari/534.16"
90.49.94.29 - - [19/Apr/2011:21:10:58 +0200] "GET /AvatarsManager/joueurs/kev717/1.png HTTP/1.1" 200 32187 "http://www.trackmania.com/fr/forum/viewtopic.php?t=25877" "Mozilla/5.0 (Windows; U; Windows NT 5.1; en-US) AppleWebKit/534.16 (KHTML, like Gecko) Chrome/10.0.648.205 Safari/534.16"
92.147.73.62 - - [19/Apr/2011:21:11:10 +0200] "GET / HTTP/1.1" 200 6200 "-" "Mozilla/5.0 (Windows NT 6.1; WOW64; rv:2.0) Gecko/20100101 Firefox/4.0"
92.147.73.62 - - [19/Apr/2011:21:11:10 +0200] "GET /shoutbox.php HTTP/1.1" 200 736 "http://forum.rally-infernal.info/" "Mozilla/5.0 (Windows NT 6.1; WOW64; rv:2.0) Gecko/20100101 Firefox/4.0"
92.147.73.62 - - [19/Apr/2011:21:11:11 +0200] "GET /shoutbox_view.php?start=0 HTTP/1.1" 200 1329 "http://forum.rally-infernal.info/shoutbox.php" "Mozilla/5.0 (Windows NT 6.1; WOW64; rv:2.0) Gecko/20100101 Firefox/4.0"
74.125.16.1 - - [19/Apr/2011:21:11:29 +0200] "GET /AvatarsManager/deug21.jpg HTTP/1.1" 302 20 "http://www.trackmania.com/fr/forum/viewtopic.php?t=36287&sid=0fbd79502710f1d7483f1060826ed26e" "Mozilla/5.0 (en-us) AppleWebKit/525.13 (KHTML, like Gecko; Google Web Preview) Version/3.1 Safari/525.13"
88.127.134.33 - - [19/Apr/2011:21:12:01 +0200] "GET /AvatarsManager/deug21.jpg HTTP/1.1" 302 20 "http://www.trackmania.com/fr/forum/viewtopic.php?t=34755&sid=b5038a70346fd3777ceb29d30a179988" "Mozilla/5.0 (Windows NT 6.1; WOW64; rv:2.0) Gecko/20100101 Firefox/4.0"
88.127.134.33 - - [19/Apr/2011:21:12:02 +0200] "GET /AvatarsManager/joueurs/deug21/1.png HTTP/1.1" 200 48858 "http://www.trackmania.com/fr/forum/viewtopic.php?t=34755&sid=b5038a70346fd3777ceb29d30a179988" "Mozilla/5.0 (Windows NT 6.1; WOW64; rv:2.0) Gecko/20100101 Firefox/4.0"
66.249.66.146 - - [19/Apr/2011:21:12:13 +0200] "GET /viewtopic.php?p=30442&sid=07f97a23e7d756d64e7681735ce141b4 HTTP/1.1" 200 8764 "-" "Mozilla/5.0 (compatible; Googlebot/2.1; +http://www.google.com/bot.html)"
79.95.133.150 - - [19/Apr/2011:21:12:24 +0200] "GET /shoutbox_view.php?0?auto_refresh=1 HTTP/1.1" 200 1329 "http://forum.rally-infernal.info/shoutbox_view.php?0?auto_refresh=1" "Mozilla/5.0 (Windows; U; Windows NT 5.1; en-US) AppleWebKit/534.16 (KHTML, like Gecko) Chrome/10.0.648.205 Safari/534.16"
157.55.116.13 - - [19/Apr/2011:21:12:38 +0200] "GET /search.php HTTP/1.1" 200 1921 "-" "msnbot/2.0b (+http://search.msn.com/msnbot.htm)._"
83.205.79.58 - - [19/Apr/2011:21:12:40 +0200] "GET /shoutbox_view.php?0?auto_refresh=1 HTTP/1.1" 200 1329 "-" "Mozilla/4.0 (compatible; MSIE 7.0; Windows NT 5.1; Trident/4.0; GTB6.6; .NET CLR 2.0.50727; .NET CLR 3.0.4506.2152; .NET CLR 3.5.30729; AskTbCCS/5.11.3.15590)"
83.205.79.58 - - [19/Apr/2011:21:12:40 +0200] "GET /templates/rmstyle/rmstyle.css HTTP/1.1" 304 - "http://forum.rally-infernal.info/shoutbox_view.php?0?auto_refresh=1" "Mozilla/4.0 (compatible; MSIE 7.0; Windows NT 5.1; Trident/4.0; GTB6.6; .NET CLR 2.0.50727; .NET CLR 3.0.4506.2152; .NET CLR 3.5.30729; AskTbCCS/5.11.3.15590)"
157.55.116.13 - - [19/Apr/2011:21:12:41 +0200] "GET /viewtopic.php?t=3112&view=previous HTTP/1.1" 200 1921 "-" "msnbot/2.0b (+http://search.msn.com/msnbot.htm)._"
79.92.69.238 - - [19/Apr/2011:21:12:44 +0200] "GET / HTTP/1.1" 200 6144 "-" "Mozilla/5.0 (Windows NT 6.1; WOW64; rv:2.0) Gecko/20100101 Firefox/4.0"
157.55.116.13 - - [19/Apr/2011:21:12:44 +0200] "GET /viewtopic.php?p=23520 HTTP/1.1" 200 1921 "-" "msnbot/2.0b (+http://search.msn.com/msnbot.htm)._"
79.92.69.238 - - [19/Apr/2011:21:12:44 +0200] "GET /templates/rmstyle/rmstyle.css HTTP/1.1" 304 - "-" "Mozilla/5.0 (Windows NT 6.1; WOW64; rv:2.0) Gecko/20100101 Firefox/4.0"
79.92.69.238 - - [19/Apr/2011:21:12:44 +0200] "GET /shoutbox.php HTTP/1.1" 200 992 "-" "Mozilla/5.0 (Windows NT 6.1; WOW64; rv:2.0) Gecko/20100101 Firefox/4.0"
79.92.69.238 - - [19/Apr/2011:21:12:44 +0200] "GET /templates/rmstyle/rmstyle.css HTTP/1.1" 304 - "-" "Mozilla/5.0 (Windows NT 6.1; WOW64; rv:2.0) Gecko/20100101 Firefox/4.0"
79.92.69.238 - - [19/Apr/2011:21:12:44 +0200] "GET /shoutbox_view.php?start=0 HTTP/1.1" 200 1331 "-" "Mozilla/5.0 (Windows NT 6.1; WOW64; rv:2.0) Gecko/20100101 Firefox/4.0"
79.92.69.238 - - [19/Apr/2011:21:12:45 +0200] "GET /templates/rmstyle/rmstyle.css HTTP/1.1" 304 - "-" "Mozilla/5.0 (Windows NT 6.1; WOW64; rv:2.0) Gecko/20100101 Firefox/4.0"
157.55.116.13 - - [19/Apr/2011:21:12:46 +0200] "GET /viewtopic.php?p=53468 HTTP/1.1" 200 1921 "-" "msnbot/2.0b (+http://search.msn.com/msnbot.htm)._"
157.55.116.13 - - [19/Apr/2011:21:12:49 +0200] "GET /viewtopic.php?p=86220 HTTP/1.1" 200 1921 "-" "msnbot/2.0b (+http://search.msn.com/msnbot.htm)._"
83.205.79.58 - - [19/Apr/2011:21:12:50 +0200] "GET /templates/rmstyle/formIE.css HTTP/1.1" 304 - "http://forum.rally-infernal.info/shoutbox_view.php?0?auto_refresh=1" "Mozilla/4.0 (compatible; MSIE 7.0; Windows NT 5.1; Trident/4.0; GTB6.6; .NET CLR 2.0.50727; .NET CLR 3.0.4506.2152; .NET CLR 3.5.30729; AskTbCCS/5.11.3.15590)"
83.205.79.58 - - [19/Apr/2011:21:12:50 +0200] "GET /images/smiles/icon_hap.gif HTTP/1.1" 304 - "http://forum.rally-infernal.info/shoutbox_view.php?0?auto_refresh=1" "Mozilla/4.0 (compatible; MSIE 7.0; Windows NT 5.1; Trident/4.0; GTB6.6; .NET CLR 2.0.50727; .NET CLR 3.0.4506.2152; .NET CLR 3.5.30729; AskTbCCS/5.11.3.15590)"
83.205.79.58 - - [19/Apr/2011:21:12:50 +0200] "GET /images/smiles/icon_rire.gif HTTP/1.1" 304 - "http://forum.rally-infernal.info/shoutbox_view.php?0?auto_refresh=1" "Mozilla/4.0 (compatible; MSIE 7.0; Windows NT 5.1; Trident/4.0; GTB6.6; .NET CLR 2.0.50727; .NET CLR 3.0.4506.2152; .NET CLR 3.5.30729; AskTbCCS/5.11.3.15590)"
83.205.79.58 - - [19/Apr/2011:21:12:50 +0200] "GET /templates/rmstyle/images/bg_body.jpg HTTP/1.1" 304 - "http://forum.rally-infernal.info/shoutbox_view.php?0?auto_refresh=1" "Mozilla/4.0 (compatible; MSIE 7.0; Windows NT 5.1; Trident/4.0; GTB6.6; .NET CLR 2.0.50727; .NET CLR 3.0.4506.2152; .NET CLR 3.5.30729; AskTbCCS/5.11.3.15590)"
157.55.116.13 - - [19/Apr/2011:21:12:51 +0200] "GET /viewtopic.php?p=82855 HTTP/1.1" 200 1921 "-" "msnbot/2.0b (+http://search.msn.com/msnbot.htm)._"
157.55.116.13 - - [19/Apr/2011:21:12:52 +0200] "GET /viewtopic.php?p=47682 HTTP/1.1" 200 1921 "-" "msnbot/2.0b (+http://search.msn.com/msnbot.htm)._"
157.55.116.13 - - [19/Apr/2011:21:12:53 +0200] "GET /viewtopic.php?p=27806 HTTP/1.1" 200 1921 "-" "msnbot/2.0b (+http://search.msn.com/msnbot.htm)._"
157.55.116.13 - - [19/Apr/2011:21:12:55 +0200] "GET /viewtopic.php?p=26148 HTTP/1.1" 200 1921 "-" "msnbot/2.0b (+http://search.msn.com/msnbot.htm)._"
157.55.116.13 - - [19/Apr/2011:21:12:56 +0200] "GET /viewtopic.php?p=97165 HTTP/1.1" 200 1921 "-" "msnbot/2.0b (+http://search.msn.com/msnbot.htm)._"
157.55.116.13 - - [19/Apr/2011:21:12:58 +0200] "GET /viewtopic.php?p=98034 HTTP/1.1" 200 1921 "-" "msnbot/2.0b (+http://search.msn.com/msnbot.htm)._"
157.55.116.13 - - [19/Apr/2011:21:13:00 +0200] "GET /viewtopic.php?p=69997 HTTP/1.1" 200 1921 "-" "msnbot/2.0b (+http://search.msn.com/msnbot.htm)._"
83.205.79.58 - - [19/Apr/2011:21:13:00 +0200] "GET /images/smiles/icon_ha.gif HTTP/1.1" 304 - "http://forum.rally-infernal.info/shoutbox_view.php?0?auto_refresh=1" "Mozilla/4.0 (compatible; MSIE 7.0; Windows NT 5.1; Trident/4.0; GTB6.6; .NET CLR 2.0.50727; .NET CLR 3.0.4506.2152; .NET CLR 3.5.30729; AskTbCCS/5.11.3.15590)"
157.55.116.13 - - [19/Apr/2011:21:13:02 +0200] "GET /viewtopic.php?p=73962 HTTP/1.1" 200 1921 "-" "msnbot/2.0b (+http://search.msn.com/msnbot.htm)._"
157.55.116.13 - - [19/Apr/2011:21:13:03 +0200] "GET /viewtopic.php?p=37445 HTTP/1.1" 200 1921 "-" "msnbot/2.0b (+http://search.msn.com/msnbot.htm)._"
157.55.116.13 - - [19/Apr/2011:21:13:05 +0200] "GET /viewtopic.php?p=94007 HTTP/1.1" 200 1921 "-" "msnbot/2.0b (+http://search.msn.com/msnbot.htm)._"
79.92.69.238 - - [19/Apr/2011:21:13:05 +0200] "GET / HTTP/1.1" 200 6144 "-" "Mozilla/5.0 (Windows NT 6.1; WOW64; rv:2.0) Gecko/20100101 Firefox/4.0"
79.92.69.238 - - [19/Apr/2011:21:13:05 +0200] "GET /templates/rmstyle/rmstyle.css HTTP/1.1" 304 - "-" "Mozilla/5.0 (Windows NT 6.1; WOW64; rv:2.0) Gecko/20100101 Firefox/4.0"
79.92.69.238 - - [19/Apr/2011:21:13:05 +0200] "GET /templates/rmstyle/images/bg_body.jpg HTTP/1.1" 304 - "-" "Mozilla/5.0 (Windows NT 6.1; WOW64; rv:2.0) Gecko/20100101 Firefox/4.0"
79.92.69.238 - - [19/Apr/2011:21:13:05 +0200] "GET /templates/rmstyle/images/lang_french/icon_mini_faq.png HTTP/1.1" 304 - "-" "Mozilla/5.0 (Windows NT 6.1; WOW64; rv:2.0) Gecko/20100101 Firefox/4.0"
79.92.69.238 - - [19/Apr/2011:21:13:05 +0200] "GET /templates/rmstyle/images/lang_french/icon_mini_search.png HTTP/1.1" 304 - "-" "Mozilla/5.0 (Windows NT 6.1; WOW64; rv:2.0) Gecko/20100101 Firefox/4.0"
79.92.69.238 - - [19/Apr/2011:21:13:05 +0200] "GET /templates/rmstyle/images/logo_rmstyle.jpg HTTP/1.1" 304 - "-" "Mozilla/5.0 (Windows NT 6.1; WOW64; rv:2.0) Gecko/20100101 Firefox/4.0"
79.92.69.238 - - [19/Apr/2011:21:13:05 +0200] "GET /templates/rmstyle/images/lang_french/icon_mini_members.png HTTP/1.1" 304 - "-" "Mozilla/5.0 (Windows NT 6.1; WOW64; rv:2.0) Gecko/20100101 Firefox/4.0"
79.92.69.238 - - [19/Apr/2011:21:13:05 +0200] "GET /templates/rmstyle/images/lang_french/icon_mini_groups.png HTTP/1.1" 304 - "-" "Mozilla/5.0 (Windows NT 6.1; WOW64; rv:2.0) Gecko/20100101 Firefox/4.0"
79.92.69.238 - - [19/Apr/2011:21:13:05 +0200] "GET /shoutbox.php HTTP/1.1" 200 992 "-" "Mozilla/5.0 (Windows NT 6.1; WOW64; rv:2.0) Gecko/20100101 Firefox/4.0"
79.92.69.238 - - [19/Apr/2011:21:13:05 +0200] "GET /templates/rmstyle/images/lang_french/icon_mini_profile.png HTTP/1.1" 304 - "-" "Mozilla/5.0 (Windows NT 6.1; WOW64; rv:2.0) Gecko/20100101 Firefox/4.0"
79.92.69.238 - - [19/Apr/2011:21:13:05 +0200] "GET /templates/rmstyle/images/lang_french/icon_mini_message.png HTTP/1.1" 304 - "-" "Mozilla/5.0 (Windows NT 6.1; WOW64; rv:2.0) Gecko/20100101 Firefox/4.0"
79.92.69.238 - - [19/Apr/2011:21:13:05 +0200] "GET /templates/rmstyle/images/lang_french/icon_mini_logout.png HTTP/1.1" 304 - "-" "Mozilla/5.0 (Windows NT 6.1; WOW64; rv:2.0) Gecko/20100101 Firefox/4.0"
79.92.69.238 - - [19/Apr/2011:21:13:05 +0200] "GET /templates/rmstyle/images/lang_french/icon_mini_site.png HTTP/1.1" 304 - "-" "Mozilla/5.0 (Windows NT 6.1; WOW64; rv:2.0) Gecko/20100101 Firefox/4.0"
79.92.69.238 - - [19/Apr/2011:21:13:05 +0200] "GET /templates/rmstyle/images/ft_showhide.gif HTTP/1.1" 304 - "-" "Mozilla/5.0 (Windows NT 6.1; WOW64; rv:2.0) Gecko/20100101 Firefox/4.0"
79.92.69.238 - - [19/Apr/2011:21:13:05 +0200] "GET /templates/rmstyle/images/folder_sticky.png HTTP/1.1" 304 - "-" "Mozilla/5.0 (Windows NT 6.1; WOW64; rv:2.0) Gecko/20100101 Firefox/4.0"
79.92.69.238 - - [19/Apr/2011:21:13:05 +0200] "GET /templates/rmstyle/rmstyle.css HTTP/1.1" 304 - "-" "Mozilla/5.0 (Windows NT 6.1; WOW64; rv:2.0) Gecko/20100101 Firefox/4.0"
79.92.69.238 - - [19/Apr/2011:21:13:05 +0200] "GET /templates/rmstyle/images/icon_latest_reply.gif HTTP/1.1" 304 - "-" "Mozilla/5.0 (Windows NT 6.1; WOW64; rv:2.0) Gecko/20100101 Firefox/4.0"
79.92.69.238 - - [19/Apr/2011:21:13:05 +0200] "GET /templates/rmstyle/images/folder.png HTTP/1.1" 304 - "-" "Mozilla/5.0 (Windows NT 6.1; WOW64; rv:2.0) Gecko/20100101 Firefox/4.0"
79.92.69.238 - - [19/Apr/2011:21:13:05 +0200] "GET /templates/rmstyle/images/folder_hot.gif HTTP/1.1" 304 - "-" "Mozilla/5.0 (Windows NT 6.1; WOW64; rv:2.0) Gecko/20100101 Firefox/4.0"
79.92.69.238 - - [19/Apr/2011:21:13:05 +0200] "GET /templates/rmstyle/images/hd_rgt.jpg HTTP/1.1" 304 - "-" "Mozilla/5.0 (Windows NT 6.1; WOW64; rv:2.0) Gecko/20100101 Firefox/4.0"
79.92.69.238 - - [19/Apr/2011:21:13:05 +0200] "GET /templates/rmstyle/images/folder_big.png HTTP/1.1" 304 - "-" "Mozilla/5.0 (Windows NT 6.1; WOW64; rv:2.0) Gecko/20100101 Firefox/4.0"
79.92.69.238 - - [19/Apr/2011:21:13:05 +0200] "GET /templates/rmstyle/images/folders_big.png HTTP/1.1" 304 - "-" "Mozilla/5.0 (Windows NT 6.1; WOW64; rv:2.0) Gecko/20100101 Firefox/4.0"
79.92.69.238 - - [19/Apr/2011:21:13:05 +0200] "GET /templates/rmstyle/images/hd_check.png HTTP/1.1" 304 - "-" "Mozilla/5.0 (Windows NT 6.1; WOW64; rv:2.0) Gecko/20100101 Firefox/4.0"
79.92.69.238 - - [19/Apr/2011:21:13:05 +0200] "GET /templates/rmstyle/images/whosonline.png HTTP/1.1" 304 - "-" "Mozilla/5.0 (Windows NT 6.1; WOW64; rv:2.0) Gecko/20100101 Firefox/4.0"
79.92.69.238 - - [19/Apr/2011:21:13:06 +0200] "GET /templates/rmstyle/images/folder_new_big.png HTTP/1.1" 304 - "-" "Mozilla/5.0 (Windows NT 6.1; WOW64; rv:2.0) Gecko/20100101 Firefox/4.0"
79.92.69.238 - - [19/Apr/2011:21:13:06 +0200] "GET /templates/rmstyle/images/folder_locked_big.png HTTP/1.1" 304 - "-" "Mozilla/5.0 (Windows NT 6.1; WOW64; rv:2.0) Gecko/20100101 Firefox/4.0"
79.92.69.238 - - [19/Apr/2011:21:13:06 +0200] "GET /images/abq_mod/admin/abq-button.gif HTTP/1.1" 304 - "-" "Mozilla/5.0 (Windows NT 6.1; WOW64; rv:2.0) Gecko/20100101 Firefox/4.0"
79.92.69.238 - - [19/Apr/2011:21:13:06 +0200] "GET /templates/rmstyle/images/bg_index.jpg HTTP/1.1" 304 - "-" "Mozilla/5.0 (Windows NT 6.1; WOW64; rv:2.0) Gecko/20100101 Firefox/4.0"
79.92.69.238 - - [19/Apr/2011:21:13:06 +0200] "GET /shoutbox_view.php?start=0 HTTP/1.1" 200 1331 "-" "Mozilla/5.0 (Windows NT 6.1; WOW64; rv:2.0) Gecko/20100101 Firefox/4.0"
79.92.69.238 - - [19/Apr/2011:21:13:06 +0200] "GET /templates/rmstyle/rmstyle.css HTTP/1.1" 304 - "-" "Mozilla/5.0 (Windows NT 6.1; WOW64; rv:2.0) Gecko/20100101 Firefox/4.0"
157.55.116.13 - - [19/Apr/2011:21:13:06 +0200] "GET /viewtopic.php?p=94937 HTTP/1.1" 200 1921 "-" "msnbot/2.0b (+http://search.msn.com/msnbot.htm)._"
157.55.116.13 - - [19/Apr/2011:21:13:08 +0200] "GET /viewtopic.php?p=27953 HTTP/1.1" 200 1921 "-" "msnbot/2.0b (+http://search.msn.com/msnbot.htm)._"
157.55.116.13 - - [19/Apr/2011:21:13:09 +0200] "GET /viewtopic.php?p=102283 HTTP/1.1" 200 1921 "-" "msnbot/2.0b (+http://search.msn.com/msnbot.htm)._"
157.55.116.13 - - [19/Apr/2011:21:13:11 +0200] "GET /viewtopic.php?p=20468 HTTP/1.1" 200 1921 "-" "msnbot/2.0b (+http://search.msn.com/msnbot.htm)._"
157.55.116.13 - - [19/Apr/2011:21:13:13 +0200] "GET /viewtopic.php?p=73442 HTTP/1.1" 200 1921 "-" "msnbot/2.0b (+http://search.msn.com/msnbot.htm)._"
157.55.116.13 - - [19/Apr/2011:21:13:14 +0200] "GET /viewtopic.php?p=96180 HTTP/1.1" 200 1921 "-" "msnbot/2.0b (+http://search.msn.com/msnbot.htm)._"
157.55.116.13 - - [19/Apr/2011:21:13:16 +0200] "GET /viewtopic.php?p=103196 HTTP/1.1" 200 1921 "-" "msnbot/2.0b (+http://search.msn.com/msnbot.htm)._"
157.55.116.13 - - [19/Apr/2011:21:13:17 +0200] "GET /viewtopic.php?p=102976 HTTP/1.1" 200 1921 "-" "msnbot/2.0b (+http://search.msn.com/msnbot.htm)._"
157.55.116.13 - - [19/Apr/2011:21:13:19 +0200] "GET /viewtopic.php?p=96179 HTTP/1.1" 200 1921 "-" "msnbot/2.0b (+http://search.msn.com/msnbot.htm)._"
157.55.116.13 - - [19/Apr/2011:21:13:21 +0200] "GET /viewtopic.php?p=17447 HTTP/1.1" 200 1921 "-" "msnbot/2.0b (+http://search.msn.com/msnbot.htm)._"
157.55.116.13 - - [19/Apr/2011:21:13:23 +0200] "GET /viewtopic.php?p=12410 HTTP/1.1" 200 1921 "-" "msnbot/2.0b (+http://search.msn.com/msnbot.htm)._"
157.55.116.13 - - [19/Apr/2011:21:13:24 +0200] "GET /viewtopic.php?p=89002 HTTP/1.1" 200 1921 "-" "msnbot/2.0b (+http://search.msn.com/msnbot.htm)._"
157.55.116.13 - - [19/Apr/2011:21:13:25 +0200] "GET /viewtopic.php?p=39116 HTTP/1.1" 200 1921 "-" "msnbot/2.0b (+http://search.msn.com/msnbot.htm)._"
157.55.116.13 - - [19/Apr/2011:21:13:27 +0200] "GET /viewtopic.php?p=74652 HTTP/1.1" 200 1921 "-" "msnbot/2.0b (+http://search.msn.com/msnbot.htm)._"
157.55.116.13 - - [19/Apr/2011:21:13:29 +0200] "GET /viewtopic.php?t=2108 HTTP/1.1" 200 1921 "-" "msnbot/2.0b (+http://search.msn.com/msnbot.htm)._"
157.55.116.13 - - [19/Apr/2011:21:13:30 +0200] "GET /viewtopic.php?p=101998 HTTP/1.1" 200 1921 "-" "msnbot/2.0b (+http://search.msn.com/msnbot.htm)._"
157.55.116.13 - - [19/Apr/2011:21:13:32 +0200] "GET /viewtopic.php?p=13133 HTTP/1.1" 200 1921 "-" "msnbot/2.0b (+http://search.msn.com/msnbot.htm)._"
157.55.116.13 - - [19/Apr/2011:21:13:34 +0200] "GET /viewtopic.php?t=1617 HTTP/1.1" 200 1921 "-" "msnbot/2.0b (+http://search.msn.com/msnbot.htm)._"
157.55.116.13 - - [19/Apr/2011:21:13:35 +0200] "GET /viewtopic.php?p=17147 HTTP/1.1" 200 1921 "-" "msnbot/2.0b (+http://search.msn.com/msnbot.htm)._"
157.55.116.13 - - [19/Apr/2011:21:13:36 +0200] "GET /viewtopic.php?p=17325 HTTP/1.1" 200 1921 "-" "msnbot/2.0b (+http://search.msn.com/msnbot.htm)._"
157.55.116.13 - - [19/Apr/2011:21:13:38 +0200] "GET /viewtopic.php?p=25902 HTTP/1.1" 200 1921 "-" "msnbot/2.0b (+http://search.msn.com/msnbot.htm)._"
157.55.116.13 - - [19/Apr/2011:21:13:39 +0200] "GET /viewtopic.php?p=55730 HTTP/1.1" 200 1921 "-" "msnbot/2.0b (+http://search.msn.com/msnbot.htm)._"
66.249.66.146 - - [19/Apr/2011:21:13:39 +0200] "GET /viewtopic.php?p=21273&sid=b575904d335a40e178ada402cfad9363 HTTP/1.1" 200 8371 "-" "Mozilla/5.0 (compatible; Googlebot/2.1; +http://www.google.com/bot.html)"
157.55.116.13 - - [19/Apr/2011:21:13:40 +0200] "GET /viewtopic.php?p=12301 HTTP/1.1" 200 1921 "-" "msnbot/2.0b (+http://search.msn.com/msnbot.htm)._"
157.55.116.13 - - [19/Apr/2011:21:13:42 +0200] "GET /viewtopic.php?p=111566 HTTP/1.1" 200 1921 "-" "msnbot/2.0b (+http://search.msn.com/msnbot.htm)._"
157.55.116.13 - - [19/Apr/2011:21:13:44 +0200] "GET /viewtopic.php?p=53852 HTTP/1.1" 200 1921 "-" "msnbot/2.0b (+http://search.msn.com/msnbot.htm)._"
66.249.66.146 - - [19/Apr/2011:21:13:44 +0200] "GET /viewtopic.php?p=10627&sid=7540788e076c5906ccf3893e3c909ed8 HTTP/1.1" 200 6428 "-" "Mozilla/5.0 (compatible; Googlebot/2.1; +http://www.google.com/bot.html)"
79.92.69.238 - - [19/Apr/2011:21:13:45 +0200] "GET /shoutbox_view.php?0?auto_refresh=1 HTTP/1.1" 200 1331 "-" "Mozilla/5.0 (Windows NT 6.1; WOW64; rv:2.0) Gecko/20100101 Firefox/4.0"
157.55.116.13 - - [19/Apr/2011:21:13:45 +0200] "GET /viewtopic.php?p=107881 HTTP/1.1" 200 1921 "-" "msnbot/2.0b (+http://search.msn.com/msnbot.htm)._"
79.92.69.238 - - [19/Apr/2011:21:13:45 +0200] "GET /templates/rmstyle/rmstyle.css HTTP/1.1" 304 - "-" "Mozilla/5.0 (Windows NT 6.1; WOW64; rv:2.0) Gecko/20100101 Firefox/4.0"
79.92.69.238 - - [19/Apr/2011:21:13:45 +0200] "GET /images/smiles/icon_hap.gif HTTP/1.1" 304 - "-" "Mozilla/5.0 (Windows NT 6.1; WOW64; rv:2.0) Gecko/20100101 Firefox/4.0"
79.92.69.238 - - [19/Apr/2011:21:13:45 +0200] "GET /images/smiles/icon_ha.gif HTTP/1.1" 304 - "-" "Mozilla/5.0 (Windows NT 6.1; WOW64; rv:2.0) Gecko/20100101 Firefox/4.0"
79.92.69.238 - - [19/Apr/2011:21:13:45 +0200] "GET /images/smiles/icon_rire.gif HTTP/1.1" 304 - "-" "Mozilla/5.0 (Windows NT 6.1; WOW64; rv:2.0) Gecko/20100101 Firefox/4.0"
79.92.69.238 - - [19/Apr/2011:21:13:45 +0200] "GET /templates/rmstyle/images/bg_body.jpg HTTP/1.1" 304 - "-" "Mozilla/5.0 (Windows NT 6.1; WOW64; rv:2.0) Gecko/20100101 Firefox/4.0"
157.55.116.13 - - [19/Apr/2011:21:13:47 +0200] "GET /viewtopic.php?p=111568 HTTP/1.1" 200 1921 "-" "msnbot/2.0b (+http://search.msn.com/msnbot.htm)._"
157.55.116.13 - - [19/Apr/2011:21:13:48 +0200] "GET /viewtopic.php?t=3059&view=next HTTP/1.1" 200 1921 "-" "msnbot/2.0b (+http://search.msn.com/msnbot.htm)._"
157.55.116.13 - - [19/Apr/2011:21:13:50 +0200] "GET /viewtopic.php?p=65430 HTTP/1.1" 200 1921 "-" "msnbot/2.0b (+http://search.msn.com/msnbot.htm)._"
157.55.116.13 - - [19/Apr/2011:21:13:52 +0200] "GET /viewtopic.php?p=63968 HTTP/1.1" 200 1921 "-" "msnbot/2.0b (+http://search.msn.com/msnbot.htm)._"
157.55.116.13 - - [19/Apr/2011:21:13:55 +0200] "GET /viewtopic.php?p=11916 HTTP/1.1" 200 1921 "-" "msnbot/2.0b (+http://search.msn.com/msnbot.htm)._"
157.55.116.13 - - [19/Apr/2011:21:13:57 +0200] "GET /viewtopic.php?p=11242 HTTP/1.1" 200 1921 "-" "msnbot/2.0b (+http://search.msn.com/msnbot.htm)._"
157.55.116.13 - - [19/Apr/2011:21:13:59 +0200] "GET /viewtopic.php?p=56618 HTTP/1.1" 200 1921 "-" "msnbot/2.0b (+http://search.msn.com/msnbot.htm)._"
88.123.60.194 - - [19/Apr/2011:21:13:59 +0200] "GET /index.php HTTP/1.1" 200 6050 "-" "Mozilla/5.0 (Windows; U; Windows NT 6.1; fr; rv:1.9.2.16) Gecko/20110319 Firefox/3.6.16"
88.123.60.194 - - [19/Apr/2011:21:13:59 +0200] "GET /templates/rmstyle/rmstyle.css HTTP/1.1" 200 3183 "http://forum.rally-infernal.info/index.php" "Mozilla/5.0 (Windows; U; Windows NT 6.1; fr; rv:1.9.2.16) Gecko/20110319 Firefox/3.6.16"
88.123.60.194 - - [19/Apr/2011:21:14:00 +0200] "GET /templates/rmstyle/images/favicon.png HTTP/1.1" 200 974 "-" "Mozilla/5.0 (Windows; U; Windows NT 6.1; fr; rv:1.9.2.16) Gecko/20110319 Firefox/3.6.16"
88.123.60.194 - - [19/Apr/2011:21:14:00 +0200] "GET /templates/rmstyle/images/lang_french/icon_mini_faq.png HTTP/1.1" 200 2638 "http://forum.rally-infernal.info/index.php" "Mozilla/5.0 (Windows; U; Windows NT 6.1; fr; rv:1.9.2.16) Gecko/20110319 Firefox/3.6.16"
88.123.60.194 - - [19/Apr/2011:21:14:00 +0200] "GET /templates/rmstyle/images/lang_french/icon_mini_groups.png HTTP/1.1" 200 3010 "http://forum.rally-infernal.info/index.php" "Mozilla/5.0 (Windows; U; Windows NT 6.1; fr; rv:1.9.2.16) Gecko/20110319 Firefox/3.6.16"
88.123.60.194 - - [19/Apr/2011:21:14:00 +0200] "GET /templates/rmstyle/images/lang_french/icon_mini_search.png HTTP/1.1" 200 2772 "http://forum.rally-infernal.info/index.php" "Mozilla/5.0 (Windows; U; Windows NT 6.1; fr; rv:1.9.2.16) Gecko/20110319 Firefox/3.6.16"
88.123.60.194 - - [19/Apr/2011:21:14:00 +0200] "GET /templates/rmstyle/images/lang_french/icon_mini_members.png HTTP/1.1" 200 3256 "http://forum.rally-infernal.info/index.php" "Mozilla/5.0 (Windows; U; Windows NT 6.1; fr; rv:1.9.2.16) Gecko/20110319 Firefox/3.6.16"
88.123.60.194 - - [19/Apr/2011:21:14:00 +0200] "GET /templates/rmstyle/images/hd_check.png HTTP/1.1" 200 1424 "http://forum.rally-infernal.info/index.php" "Mozilla/5.0 (Windows; U; Windows NT 6.1; fr; rv:1.9.2.16) Gecko/20110319 Firefox/3.6.16"
88.123.60.194 - - [19/Apr/2011:21:14:00 +0200] "GET /images/abq_mod/admin/abq-button.gif HTTP/1.1" 200 225 "http://forum.rally-infernal.info/index.php" "Mozilla/5.0 (Windows; U; Windows NT 6.1; fr; rv:1.9.2.16) Gecko/20110319 Firefox/3.6.16"
88.123.60.194 - - [19/Apr/2011:21:14:00 +0200] "GET /templates/rmstyle/images/lang_french/icon_mini_profile.png HTTP/1.1" 200 2386 "http://forum.rally-infernal.info/index.php" "Mozilla/5.0 (Windows; U; Windows NT 6.1; fr; rv:1.9.2.16) Gecko/20110319 Firefox/3.6.16"
88.123.60.194 - - [19/Apr/2011:21:14:00 +0200] "GET /templates/rmstyle/images/lang_french/icon_mini_message.png HTTP/1.1" 200 2464 "http://forum.rally-infernal.info/index.php" "Mozilla/5.0 (Windows; U; Windows NT 6.1; fr; rv:1.9.2.16) Gecko/20110319 Firefox/3.6.16"
88.123.60.194 - - [19/Apr/2011:21:14:00 +0200] "GET /templates/rmstyle/images/lang_french/icon_mini_logout.png HTTP/1.1" 200 2566 "http://forum.rally-infernal.info/index.php" "Mozilla/5.0 (Windows; U; Windows NT 6.1; fr; rv:1.9.2.16) Gecko/20110319 Firefox/3.6.16"
88.123.60.194 - - [19/Apr/2011:21:14:00 +0200] "GET /templates/rmstyle/images/lang_french/icon_mini_site.png HTTP/1.1" 200 2634 "http://forum.rally-infernal.info/index.php" "Mozilla/5.0 (Windows; U; Windows NT 6.1; fr; rv:1.9.2.16) Gecko/20110319 Firefox/3.6.16"
88.123.60.194 - - [19/Apr/2011:21:14:00 +0200] "GET /templates/rmstyle/images/ft_showhide.gif HTTP/1.1" 200 334 "http://forum.rally-infernal.info/index.php" "Mozilla/5.0 (Windows; U; Windows NT 6.1; fr; rv:1.9.2.16) Gecko/20110319 Firefox/3.6.16"
88.123.60.194 - - [19/Apr/2011:21:14:00 +0200] "GET /templates/rmstyle/images/folder_sticky.png HTTP/1.1" 200 707 "http://forum.rally-infernal.info/index.php" "Mozilla/5.0 (Windows; U; Windows NT 6.1; fr; rv:1.9.2.16) Gecko/20110319 Firefox/3.6.16"
88.123.60.194 - - [19/Apr/2011:21:14:00 +0200] "GET /templates/rmstyle/images/icon_latest_reply.gif HTTP/1.1" 200 155 "http://forum.rally-infernal.info/index.php" "Mozilla/5.0 (Windows; U; Windows NT 6.1; fr; rv:1.9.2.16) Gecko/20110319 Firefox/3.6.16"
88.123.60.194 - - [19/Apr/2011:21:14:00 +0200] "GET /templates/rmstyle/images/folder.png HTTP/1.1" 200 1013 "http://forum.rally-infernal.info/index.php" "Mozilla/5.0 (Windows; U; Windows NT 6.1; fr; rv:1.9.2.16) Gecko/20110319 Firefox/3.6.16"
88.123.60.194 - - [19/Apr/2011:21:14:00 +0200] "GET /templates/rmstyle/images/folder_hot.gif HTTP/1.1" 200 1076 "http://forum.rally-infernal.info/index.php" "Mozilla/5.0 (Windows; U; Windows NT 6.1; fr; rv:1.9.2.16) Gecko/20110319 Firefox/3.6.16"
88.123.60.194 - - [19/Apr/2011:21:14:00 +0200] "GET /templates/rmstyle/images/logo_rmstyle.jpg HTTP/1.1" 200 108363 "http://forum.rally-infernal.info/index.php" "Mozilla/5.0 (Windows; U; Windows NT 6.1; fr; rv:1.9.2.16) Gecko/20110319 Firefox/3.6.16"
88.123.60.194 - - [19/Apr/2011:21:14:00 +0200] "GET /templates/rmstyle/images/hd_rgt.jpg HTTP/1.1" 200 1169 "http://forum.rally-infernal.info/index.php" "Mozilla/5.0 (Windows; U; Windows NT 6.1; fr; rv:1.9.2.16) Gecko/20110319 Firefox/3.6.16"
88.123.60.194 - - [19/Apr/2011:21:14:00 +0200] "GET /templates/rmstyle/images/folder_big.png HTTP/1.1" 200 1800 "http://forum.rally-infernal.info/index.php" "Mozilla/5.0 (Windows; U; Windows NT 6.1; fr; rv:1.9.2.16) Gecko/20110319 Firefox/3.6.16"
88.123.60.194 - - [19/Apr/2011:21:14:00 +0200] "GET /templates/rmstyle/images/folders_big.png HTTP/1.1" 200 1888 "http://forum.rally-infernal.info/index.php" "Mozilla/5.0 (Windows; U; Windows NT 6.1; fr; rv:1.9.2.16) Gecko/20110319 Firefox/3.6.16"
88.123.60.194 - - [19/Apr/2011:21:14:00 +0200] "GET /templates/rmstyle/images/whosonline.png HTTP/1.1" 200 7406 "http://forum.rally-infernal.info/index.php" "Mozilla/5.0 (Windows; U; Windows NT 6.1; fr; rv:1.9.2.16) Gecko/20110319 Firefox/3.6.16"
88.123.60.194 - - [19/Apr/2011:21:14:00 +0200] "GET /templates/rmstyle/images/folder_new_big.png HTTP/1.1" 200 1789 "http://forum.rally-infernal.info/index.php" "Mozilla/5.0 (Windows; U; Windows NT 6.1; fr; rv:1.9.2.16) Gecko/20110319 Firefox/3.6.16"
88.123.60.194 - - [19/Apr/2011:21:14:00 +0200] "GET /templates/rmstyle/images/folder_locked_big.png HTTP/1.1" 200 2171 "http://forum.rally-infernal.info/index.php" "Mozilla/5.0 (Windows; U; Windows NT 6.1; fr; rv:1.9.2.16) Gecko/20110319 Firefox/3.6.16"
88.123.60.194 - - [19/Apr/2011:21:14:00 +0200] "GET /shoutbox.php HTTP/1.1" 200 992 "http://forum.rally-infernal.info/index.php" "Mozilla/5.0 (Windows; U; Windows NT 6.1; fr; rv:1.9.2.16) Gecko/20110319 Firefox/3.6.16"
88.123.60.194 - - [19/Apr/2011:21:14:00 +0200] "GET /templates/rmstyle/images/bg_index.jpg HTTP/1.1" 200 90196 "http://forum.rally-infernal.info/templates/rmstyle/rmstyle.css" "Mozilla/5.0 (Windows; U; Windows NT 6.1; fr; rv:1.9.2.16) Gecko/20110319 Firefox/3.6.16"
88.123.60.194 - - [19/Apr/2011:21:14:00 +0200] "GET /templates/rmstyle/bbcode.js HTTP/1.1" 200 5947 "http://forum.rally-infernal.info/shoutbox.php" "Mozilla/5.0 (Windows; U; Windows NT 6.1; fr; rv:1.9.2.16) Gecko/20110319 Firefox/3.6.16"
88.123.60.194 - - [19/Apr/2011:21:14:00 +0200] "GET /templates/rmstyle/images/bg_body.jpg HTTP/1.1" 200 103373 "http://forum.rally-infernal.info/templates/rmstyle/rmstyle.css" "Mozilla/5.0 (Windows; U; Windows NT 6.1; fr; rv:1.9.2.16) Gecko/20110319 Firefox/3.6.16"
88.123.60.194 - - [19/Apr/2011:21:14:00 +0200] "GET /shoutbox_view.php?start=0 HTTP/1.1" 200 1331 "http://forum.rally-infernal.info/shoutbox.php" "Mozilla/5.0 (Windows; U; Windows NT 6.1; fr; rv:1.9.2.16) Gecko/20110319 Firefox/3.6.16"
88.123.60.194 - - [19/Apr/2011:21:14:01 +0200] "GET /images/smiles/icon_hap.gif HTTP/1.1" 200 178 "http://forum.rally-infernal.info/shoutbox_view.php?start=0" "Mozilla/5.0 (Windows; U; Windows NT 6.1; fr; rv:1.9.2.16) Gecko/20110319 Firefox/3.6.16"
88.123.60.194 - - [19/Apr/2011:21:14:01 +0200] "GET /images/smiles/icon_rire.gif HTTP/1.1" 200 284 "http://forum.rally-infernal.info/shoutbox_view.php?start=0" "Mozilla/5.0 (Windows; U; Windows NT 6.1; fr; rv:1.9.2.16) Gecko/20110319 Firefox/3.6.16"
88.123.60.194 - - [19/Apr/2011:21:14:01 +0200] "GET /images/smiles/icon_ha.gif HTTP/1.1" 200 1147 "http://forum.rally-infernal.info/shoutbox_view.php?start=0" "Mozilla/5.0 (Windows; U; Windows NT 6.1; fr; rv:1.9.2.16) Gecko/20110319 Firefox/3.6.16"
157.55.116.13 - - [19/Apr/2011:21:14:01 +0200] "GET /viewtopic.php?p=91768 HTTP/1.1" 200 1921 "-" "msnbot/2.0b (+http://search.msn.com/msnbot.htm)._"
157.55.116.13 - - [19/Apr/2011:21:14:03 +0200] "GET /viewtopic.php?p=89603 HTTP/1.1" 200 1921 "-" "msnbot/2.0b (+http://search.msn.com/msnbot.htm)._"
157.55.116.13 - - [19/Apr/2011:21:14:04 +0200] "GET /viewtopic.php?p=65384 HTTP/1.1" 200 1921 "-" "msnbot/2.0b (+http://search.msn.com/msnbot.htm)._"
157.55.116.13 - - [19/Apr/2011:21:14:05 +0200] "GET /viewtopic.php?p=40640 HTTP/1.1" 200 1921 "-" "msnbot/2.0b (+http://search.msn.com/msnbot.htm)._"
157.55.116.13 - - [19/Apr/2011:21:14:07 +0200] "GET /viewtopic.php?p=96013 HTTP/1.1" 200 1921 "-" "msnbot/2.0b (+http://search.msn.com/msnbot.htm)._"
157.55.116.13 - - [19/Apr/2011:21:14:09 +0200] "GET /viewtopic.php?p=95676 HTTP/1.1" 200 1921 "-" "msnbot/2.0b (+http://search.msn.com/msnbot.htm)._"
157.55.116.13 - - [19/Apr/2011:21:14:10 +0200] "GET /viewtopic.php?p=40184 HTTP/1.1" 200 1921 "-" "msnbot/2.0b (+http://search.msn.com/msnbot.htm)._"
157.55.116.13 - - [19/Apr/2011:21:14:13 +0200] "GET /viewtopic.php?p=81840 HTTP/1.1" 200 1921 "-" "msnbot/2.0b (+http://search.msn.com/msnbot.htm)._"
157.55.116.13 - - [19/Apr/2011:21:14:14 +0200] "GET /viewtopic.php?p=81631 HTTP/1.1" 200 1921 "-" "msnbot/2.0b (+http://search.msn.com/msnbot.htm)._"
157.55.116.13 - - [19/Apr/2011:21:14:15 +0200] "GET /viewtopic.php?p=104167 HTTP/1.1" 200 1921 "-" "msnbot/2.0b (+http://search.msn.com/msnbot.htm)._"
157.55.116.13 - - [19/Apr/2011:21:14:17 +0200] "GET /viewtopic.php?p=22967 HTTP/1.1" 200 1921 "-" "msnbot/2.0b (+http://search.msn.com/msnbot.htm)._"
157.55.116.13 - - [19/Apr/2011:21:14:19 +0200] "GET /viewtopic.php?p=66622 HTTP/1.1" 200 1921 "-" "msnbot/2.0b (+http://search.msn.com/msnbot.htm)._"
157.55.116.13 - - [19/Apr/2011:21:14:20 +0200] "GET /posting.php?mode=quote&p=84018 HTTP/1.1" 200 1921 "-" "msnbot/2.0b (+http://search.msn.com/msnbot.htm)._"
86.215.251.33 - - [19/Apr/2011:21:14:21 +0200] "GET / HTTP/1.1" 200 6290 "-" "Mozilla/5.0 (Windows; U; Windows NT 6.1; fr; rv:1.9.2.16) Gecko/20110319 Firefox/3.6.16"
86.215.251.33 - - [19/Apr/2011:21:14:21 +0200] "GET /shoutbox.php?sid=412b6078771d62591d60e948bf4d95c2 HTTP/1.1" 200 992 "http://forum.rally-infernal.info/" "Mozilla/5.0 (Windows; U; Windows NT 6.1; fr; rv:1.9.2.16) Gecko/20110319 Firefox/3.6.16"
86.215.251.33 - - [19/Apr/2011:21:14:22 +0200] "GET /shoutbox_view.php?start=0 HTTP/1.1" 200 1329 "http://forum.rally-infernal.info/shoutbox.php?sid=412b6078771d62591d60e948bf4d95c2" "Mozilla/5.0 (Windows; U; Windows NT 6.1; fr; rv:1.9.2.16) Gecko/20110319 Firefox/3.6.16"
157.55.116.13 - - [19/Apr/2011:21:14:22 +0200] "GET /posting.php?mode=quote&p=11251 HTTP/1.1" 200 1921 "-" "msnbot/2.0b (+http://search.msn.com/msnbot.htm)._"
157.55.116.13 - - [19/Apr/2011:21:14:24 +0200] "GET /posting.php?mode=quote&p=21321 HTTP/1.1" 200 1921 "-" "msnbot/2.0b (+http://search.msn.com/msnbot.htm)._"
157.55.116.13 - - [19/Apr/2011:21:14:26 +0200] "GET /viewtopic.php?t=3250&highlight= HTTP/1.1" 200 1921 "-" "msnbot/2.0b (+http://search.msn.com/msnbot.htm)._"
157.55.116.13 - - [19/Apr/2011:21:14:28 +0200] "GET /posting.php?mode=quote&p=58101 HTTP/1.1" 200 1921 "-" "msnbot/2.0b (+http://search.msn.com/msnbot.htm)._"
157.55.116.13 - - [19/Apr/2011:21:14:30 +0200] "GET /posting.php?mode=quote&p=114 HTTP/1.1" 200 1921 "-" "msnbot/2.0b (+http://search.msn.com/msnbot.htm)._"
157.55.116.13 - - [19/Apr/2011:21:14:32 +0200] "GET /posting.php?mode=quote&p=112222 HTTP/1.1" 200 1921 "-" "msnbot/2.0b (+http://search.msn.com/msnbot.htm)._"
157.55.116.13 - - [19/Apr/2011:21:14:33 +0200] "GET /posting.php?mode=quote&p=65389 HTTP/1.1" 200 1921 "-" "msnbot/2.0b (+http://search.msn.com/msnbot.htm)._"
157.55.116.13 - - [19/Apr/2011:21:14:36 +0200] "GET /posting.php?mode=quote&p=3828 HTTP/1.1" 200 1921 "-" "msnbot/2.0b (+http://search.msn.com/msnbot.htm)._"
157.55.116.13 - - [19/Apr/2011:21:14:38 +0200] "GET /posting.php?mode=quote&p=95554 HTTP/1.1" 200 1921 "-" "msnbot/2.0b (+http://search.msn.com/msnbot.htm)._"
157.55.116.13 - - [19/Apr/2011:21:14:39 +0200] "GET /posting.php?mode=quote&p=6527 HTTP/1.1" 200 1921 "-" "msnbot/2.0b (+http://search.msn.com/msnbot.htm)._"
157.55.116.13 - - [19/Apr/2011:21:14:41 +0200] "GET /posting.php?mode=quote&p=60643 HTTP/1.1" 200 1921 "-" "msnbot/2.0b (+http://search.msn.com/msnbot.htm)._"
157.55.116.13 - - [19/Apr/2011:21:14:43 +0200] "GET /posting.php?mode=quote&p=87458 HTTP/1.1" 200 1921 "-" "msnbot/2.0b (+http://search.msn.com/msnbot.htm)._"
157.55.116.13 - - [19/Apr/2011:21:14:45 +0200] "GET /posting.php?mode=quote&p=86192 HTTP/1.1" 200 1921 "-" "msnbot/2.0b (+http://search.msn.com/msnbot.htm)._"
157.55.116.13 - - [19/Apr/2011:21:14:47 +0200] "GET /posting.php?mode=quote&p=57328 HTTP/1.1" 200 1921 "-" "msnbot/2.0b (+http://search.msn.com/msnbot.htm)._"
90.19.73.158 - - [19/Apr/2011:21:14:46 +0200] "GET / HTTP/1.1" 200 6105 "-" "Mozilla/5.0 (Windows; U; Windows NT 6.1; fr; rv:1.9.2.10) Gecko/20100914 Firefox/3.6.10"
90.19.73.158 - - [19/Apr/2011:21:14:47 +0200] "GET /shoutbox.php HTTP/1.1" 200 992 "http://forum.rally-infernal.info/" "Mozilla/5.0 (Windows; U; Windows NT 6.1; fr; rv:1.9.2.10) Gecko/20100914 Firefox/3.6.10"
90.19.73.158 - - [19/Apr/2011:21:14:47 +0200] "GET /shoutbox_view.php?start=0 HTTP/1.1" 200 1331 "http://forum.rally-infernal.info/shoutbox.php" "Mozilla/5.0 (Windows; U; Windows NT 6.1; fr; rv:1.9.2.10) Gecko/20100914 Firefox/3.6.10"
157.55.116.13 - - [19/Apr/2011:21:14:48 +0200] "GET /posting.php?mode=quote&p=25902 HTTP/1.1" 200 1921 "-" "msnbot/2.0b (+http://search.msn.com/msnbot.htm)._"
90.19.73.158 - - [19/Apr/2011:21:14:49 +0200] "GET / HTTP/1.1" 200 6105 "http://forum.rally-infernal.info/" "Mozilla/5.0 (Windows; U; Windows NT 6.1; fr; rv:1.9.2.10) Gecko/20100914 Firefox/3.6.10"
157.55.116.13 - - [19/Apr/2011:21:14:50 +0200] "GET /posting.php?mode=quote&p=22331 HTTP/1.1" 200 1921 "-" "msnbot/2.0b (+http://search.msn.com/msnbot.htm)._"
90.19.73.158 - - [19/Apr/2011:21:14:51 +0200] "GET /shoutbox.php HTTP/1.1" 200 992 "http://forum.rally-infernal.info/" "Mozilla/5.0 (Windows; U; Windows NT 6.1; fr; rv:1.9.2.10) Gecko/20100914 Firefox/3.6.10"
90.19.73.158 - - [19/Apr/2011:21:14:51 +0200] "GET /shoutbox_view.php?start=0 HTTP/1.1" 200 1331 "http://forum.rally-infernal.info/shoutbox.php" "Mozilla/5.0 (Windows; U; Windows NT 6.1; fr; rv:1.9.2.10) Gecko/20100914 Firefox/3.6.10"
157.55.116.13 - - [19/Apr/2011:21:14:52 +0200] "GET /posting.php?mode=quote&p=1241 HTTP/1.1" 200 1921 "-" "msnbot/2.0b (+http://search.msn.com/msnbot.htm)._"
157.55.116.13 - - [19/Apr/2011:21:14:54 +0200] "GET /posting.php?mode=quote&p=46381 HTTP/1.1" 200 1921 "-" "msnbot/2.0b (+http://search.msn.com/msnbot.htm)._"
157.55.116.13 - - [19/Apr/2011:21:14:55 +0200] "GET /posting.php?mode=quote&p=29512 HTTP/1.1" 200 1921 "-" "msnbot/2.0b (+http://search.msn.com/msnbot.htm)._"
157.55.116.13 - - [19/Apr/2011:21:14:57 +0200] "GET /posting.php?mode=quote&p=21450 HTTP/1.1" 200 1921 "-" "msnbot/2.0b (+http://search.msn.com/msnbot.htm)._"
157.55.116.13 - - [19/Apr/2011:21:14:58 +0200] "GET /posting.php?mode=quote&p=106730 HTTP/1.1" 200 1921 "-" "msnbot/2.0b (+http://search.msn.com/msnbot.htm)._"
157.55.116.13 - - [19/Apr/2011:21:15:00 +0200] "GET /posting.php?mode=quote&p=102241 HTTP/1.1" 200 1921 "-" "msnbot/2.0b (+http://search.msn.com/msnbot.htm)._"
88.182.148.152 - - [19/Apr/2011:21:15:01 +0200] "GET / HTTP/1.1" 200 6217 "-" "Mozilla/5.0 (Windows NT 6.1; rv:2.0) Gecko/20100101 Firefox/4.0"
88.182.148.152 - - [19/Apr/2011:21:15:02 +0200] "GET /shoutbox.php HTTP/1.1" 200 736 "http://forum.rally-infernal.info/" "Mozilla/5.0 (Windows NT 6.1; rv:2.0) Gecko/20100101 Firefox/4.0"
88.182.148.152 - - [19/Apr/2011:21:15:02 +0200] "GET /shoutbox_view.php?start=0 HTTP/1.1" 200 1329 "http://forum.rally-infernal.info/shoutbox.php" "Mozilla/5.0 (Windows NT 6.1; rv:2.0) Gecko/20100101 Firefox/4.0"
157.55.116.13 - - [19/Apr/2011:21:15:02 +0200] "GET /posting.php?mode=quote&p=47184 HTTP/1.1" 200 1921 "-" "msnbot/2.0b (+http://search.msn.com/msnbot.htm)._"
157.55.116.13 - - [19/Apr/2011:21:15:05 +0200] "GET /posting.php?mode=quote&p=13408 HTTP/1.1" 200 1921 "-" "msnbot/2.0b (+http://search.msn.com/msnbot.htm)._"
157.55.116.13 - - [19/Apr/2011:21:15:06 +0200] "GET /posting.php?mode=quote&p=165 HTTP/1.1" 200 1921 "-" "msnbot/2.0b (+http://search.msn.com/msnbot.htm)._"
157.55.116.13 - - [19/Apr/2011:21:15:08 +0200] "GET /posting.php?mode=quote&p=37418 HTTP/1.1" 200 1921 "-" "msnbot/2.0b (+http://search.msn.com/msnbot.htm)._"
157.55.116.13 - - [19/Apr/2011:21:15:10 +0200] "GET /posting.php?mode=quote&p=26256 HTTP/1.1" 200 1921 "-" "msnbot/2.0b (+http://search.msn.com/msnbot.htm)._"
157.55.116.13 - - [19/Apr/2011:21:15:11 +0200] "GET /posting.php?mode=quote&p=28683 HTTP/1.1" 200 1921 "-" "msnbot/2.0b (+http://search.msn.com/msnbot.htm)._"
