95.108.158.232 - - [19/Apr/2011:22:28:16 +0200] "GET /images/smiles/icon_andromaque.gif HTTP/1.1" 304 - "-" "Mozilla/5.0 (compatible; YandexImages/3.0; +http://yandex.com/bots)"
157.55.116.13 - - [19/Apr/2011:22:28:17 +0200] "GET /viewtopic.php?p=46920 HTTP/1.1" 200 1921 "-" "msnbot/2.0b (+http://search.msn.com/msnbot.htm)._"
92.147.73.62 - - [19/Apr/2011:22:28:19 +0200] "GET / HTTP/1.1" 200 6223 "-" "Mozilla/5.0 (Windows NT 6.1; WOW64; rv:2.0) Gecko/20100101 Firefox/4.0"
157.55.116.13 - - [19/Apr/2011:22:28:19 +0200] "GET /viewtopic.php?p=21528 HTTP/1.1" 200 1921 "-" "msnbot/2.0b (+http://search.msn.com/msnbot.htm)._"
92.147.73.62 - - [19/Apr/2011:22:28:19 +0200] "GET /shoutbox.php HTTP/1.1" 200 736 "http://forum.rally-infernal.info/" "Mozilla/5.0 (Windows NT 6.1; WOW64; rv:2.0) Gecko/20100101 Firefox/4.0"
92.147.73.62 - - [19/Apr/2011:22:28:19 +0200] "GET /shoutbox_view.php?start=0 HTTP/1.1" 200 1148 "http://forum.rally-infernal.info/shoutbox.php" "Mozilla/5.0 (Windows NT 6.1; WOW64; rv:2.0) Gecko/20100101 Firefox/4.0"
157.55.116.13 - - [19/Apr/2011:22:28:22 +0200] "GET /viewtopic.php?p=33468 HTTP/1.1" 200 1921 "-" "msnbot/2.0b (+http://search.msn.com/msnbot.htm)._"
88.182.148.152 - - [19/Apr/2011:22:28:22 +0200] "GET / HTTP/1.1" 200 6454 "-" "Mozilla/5.0 (Windows NT 6.1; rv:2.0) Gecko/20100101 Firefox/4.0"
88.182.148.152 - - [19/Apr/2011:22:28:22 +0200] "GET /templates/rmstyle/rmstyle.css HTTP/1.1" 200 3183 "http://forum.rally-infernal.info/" "Mozilla/5.0 (Windows NT 6.1; rv:2.0) Gecko/20100101 Firefox/4.0"
88.182.148.152 - - [19/Apr/2011:22:28:22 +0200] "GET /templates/rmstyle/images/lang_french/icon_mini_faq.png HTTP/1.1" 200 2638 "http://forum.rally-infernal.info/" "Mozilla/5.0 (Windows NT 6.1; rv:2.0) Gecko/20100101 Firefox/4.0"
88.182.148.152 - - [19/Apr/2011:22:28:22 +0200] "GET /templates/rmstyle/images/lang_french/icon_mini_members.png HTTP/1.1" 200 3256 "http://forum.rally-infernal.info/" "Mozilla/5.0 (Windows NT 6.1; rv:2.0) Gecko/20100101 Firefox/4.0"
88.182.148.152 - - [19/Apr/2011:22:28:22 +0200] "GET /templates/rmstyle/images/lang_french/icon_mini_profile.png HTTP/1.1" 200 2386 "http://forum.rally-infernal.info/" "Mozilla/5.0 (Windows NT 6.1; rv:2.0) Gecko/20100101 Firefox/4.0"
88.182.148.152 - - [19/Apr/2011:22:28:22 +0200] "GET /templates/rmstyle/images/lang_french/icon_mini_search.png HTTP/1.1" 200 2772 "http://forum.rally-infernal.info/" "Mozilla/5.0 (Windows NT 6.1; rv:2.0) Gecko/20100101 Firefox/4.0"
88.182.148.152 - - [19/Apr/2011:22:28:22 +0200] "GET /templates/rmstyle/images/lang_french/icon_mini_groups.png HTTP/1.1" 200 3010 "http://forum.rally-infernal.info/" "Mozilla/5.0 (Windows NT 6.1; rv:2.0) Gecko/20100101 Firefox/4.0"
88.182.148.152 - - [19/Apr/2011:22:28:22 +0200] "GET /templates/rmstyle/images/lang_french/icon_mini_message.png HTTP/1.1" 200 2464 "http://forum.rally-infernal.info/" "Mozilla/5.0 (Windows NT 6.1; rv:2.0) Gecko/20100101 Firefox/4.0"
88.182.148.152 - - [19/Apr/2011:22:28:22 +0200] "GET /templates/rmstyle/images/lang_french/icon_mini_login.png HTTP/1.1" 200 2281 "http://forum.rally-infernal.info/" "Mozilla/5.0 (Windows NT 6.1; rv:2.0) Gecko/20100101 Firefox/4.0"
88.182.148.152 - - [19/Apr/2011:22:28:22 +0200] "GET /templates/rmstyle/images/lang_french/icon_mini_register.png HTTP/1.1" 200 2755 "http://forum.rally-infernal.info/" "Mozilla/5.0 (Windows NT 6.1; rv:2.0) Gecko/20100101 Firefox/4.0"
88.182.148.152 - - [19/Apr/2011:22:28:22 +0200] "GET /templates/rmstyle/images/lang_french/icon_mini_site.png HTTP/1.1" 200 2634 "http://forum.rally-infernal.info/" "Mozilla/5.0 (Windows NT 6.1; rv:2.0) Gecko/20100101 Firefox/4.0"
88.182.148.152 - - [19/Apr/2011:22:28:22 +0200] "GET /templates/rmstyle/images/ft_showhide.gif HTTP/1.1" 200 334 "http://forum.rally-infernal.info/" "Mozilla/5.0 (Windows NT 6.1; rv:2.0) Gecko/20100101 Firefox/4.0"
88.182.148.152 - - [19/Apr/2011:22:28:22 +0200] "GET /templates/rmstyle/images/folder_sticky_new.png HTTP/1.1" 200 860 "http://forum.rally-infernal.info/" "Mozilla/5.0 (Windows NT 6.1; rv:2.0) Gecko/20100101 Firefox/4.0"
88.182.148.152 - - [19/Apr/2011:22:28:22 +0200] "GET /templates/rmstyle/images/icon_latest_reply.gif HTTP/1.1" 200 155 "http://forum.rally-infernal.info/" "Mozilla/5.0 (Windows NT 6.1; rv:2.0) Gecko/20100101 Firefox/4.0"
88.182.148.152 - - [19/Apr/2011:22:28:22 +0200] "GET /templates/rmstyle/images/folder_new.png HTTP/1.1" 200 1039 "http://forum.rally-infernal.info/" "Mozilla/5.0 (Windows NT 6.1; rv:2.0) Gecko/20100101 Firefox/4.0"
88.182.148.152 - - [19/Apr/2011:22:28:22 +0200] "GET /templates/rmstyle/images/folder_new_hot.png HTTP/1.1" 200 1102 "http://forum.rally-infernal.info/" "Mozilla/5.0 (Windows NT 6.1; rv:2.0) Gecko/20100101 Firefox/4.0"
88.182.148.152 - - [19/Apr/2011:22:28:22 +0200] "GET /templates/rmstyle/images/hd_rgt.jpg HTTP/1.1" 200 1169 "http://forum.rally-infernal.info/" "Mozilla/5.0 (Windows NT 6.1; rv:2.0) Gecko/20100101 Firefox/4.0"
88.182.148.152 - - [19/Apr/2011:22:28:22 +0200] "GET /templates/rmstyle/images/folder_big.png HTTP/1.1" 200 1800 "http://forum.rally-infernal.info/" "Mozilla/5.0 (Windows NT 6.1; rv:2.0) Gecko/20100101 Firefox/4.0"
88.182.148.152 - - [19/Apr/2011:22:28:22 +0200] "GET /templates/rmstyle/images/folders_big.png HTTP/1.1" 200 1888 "http://forum.rally-infernal.info/" "Mozilla/5.0 (Windows NT 6.1; rv:2.0) Gecko/20100101 Firefox/4.0"
88.182.148.152 - - [19/Apr/2011:22:28:22 +0200] "GET /templates/rmstyle/images/hd_check.png HTTP/1.1" 200 1424 "http://forum.rally-infernal.info/" "Mozilla/5.0 (Windows NT 6.1; rv:2.0) Gecko/20100101 Firefox/4.0"
88.182.148.152 - - [19/Apr/2011:22:28:22 +0200] "GET /templates/rmstyle/images/whosonline.png HTTP/1.1" 200 7406 "http://forum.rally-infernal.info/" "Mozilla/5.0 (Windows NT 6.1; rv:2.0) Gecko/20100101 Firefox/4.0"
88.182.148.152 - - [19/Apr/2011:22:28:22 +0200] "GET /templates/rmstyle/images/folder_new_big.png HTTP/1.1" 200 1789 "http://forum.rally-infernal.info/" "Mozilla/5.0 (Windows NT 6.1; rv:2.0) Gecko/20100101 Firefox/4.0"
88.182.148.152 - - [19/Apr/2011:22:28:22 +0200] "GET /templates/rmstyle/images/folder_locked_big.png HTTP/1.1" 200 2171 "http://forum.rally-infernal.info/" "Mozilla/5.0 (Windows NT 6.1; rv:2.0) Gecko/20100101 Firefox/4.0"
88.182.148.152 - - [19/Apr/2011:22:28:22 +0200] "GET /images/abq_mod/admin/abq-button.gif HTTP/1.1" 200 225 "http://forum.rally-infernal.info/" "Mozilla/5.0 (Windows NT 6.1; rv:2.0) Gecko/20100101 Firefox/4.0"
88.182.148.152 - - [19/Apr/2011:22:28:22 +0200] "GET /templates/rmstyle/images/favicon.png HTTP/1.1" 200 974 "-" "Mozilla/5.0 (Windows NT 6.1; rv:2.0) Gecko/20100101 Firefox/4.0"
88.182.148.152 - - [19/Apr/2011:22:28:22 +0200] "GET /shoutbox.php?sid=48243330cba57a254e14f617e88097aa HTTP/1.1" 200 736 "http://forum.rally-infernal.info/" "Mozilla/5.0 (Windows NT 6.1; rv:2.0) Gecko/20100101 Firefox/4.0"
88.182.148.152 - - [19/Apr/2011:22:28:22 +0200] "GET /templates/rmstyle/images/logo_rmstyle.jpg HTTP/1.1" 200 108363 "http://forum.rally-infernal.info/" "Mozilla/5.0 (Windows NT 6.1; rv:2.0) Gecko/20100101 Firefox/4.0"
88.182.148.152 - - [19/Apr/2011:22:28:23 +0200] "GET /templates/rmstyle/bbcode.js HTTP/1.1" 200 5947 "http://forum.rally-infernal.info/shoutbox.php?sid=48243330cba57a254e14f617e88097aa" "Mozilla/5.0 (Windows NT 6.1; rv:2.0) Gecko/20100101 Firefox/4.0"
88.182.148.152 - - [19/Apr/2011:22:28:22 +0200] "GET /templates/rmstyle/images/bg_body.jpg HTTP/1.1" 200 103373 "http://forum.rally-infernal.info/templates/rmstyle/rmstyle.css" "Mozilla/5.0 (Windows NT 6.1; rv:2.0) Gecko/20100101 Firefox/4.0"
88.182.148.152 - - [19/Apr/2011:22:28:22 +0200] "GET /templates/rmstyle/images/bg_index.jpg HTTP/1.1" 200 90196 "http://forum.rally-infernal.info/templates/rmstyle/rmstyle.css" "Mozilla/5.0 (Windows NT 6.1; rv:2.0) Gecko/20100101 Firefox/4.0"
88.182.148.152 - - [19/Apr/2011:22:28:23 +0200] "GET /shoutbox_view.php?start=0 HTTP/1.1" 200 1148 "http://forum.rally-infernal.info/shoutbox.php?sid=48243330cba57a254e14f617e88097aa" "Mozilla/5.0 (Windows NT 6.1; rv:2.0) Gecko/20100101 Firefox/4.0"
88.182.148.152 - - [19/Apr/2011:22:28:23 +0200] "GET /images/smiles/icon_hap.gif HTTP/1.1" 200 178 "http://forum.rally-infernal.info/shoutbox_view.php?start=0" "Mozilla/5.0 (Windows NT 6.1; rv:2.0) Gecko/20100101 Firefox/4.0"
88.182.148.152 - - [19/Apr/2011:22:28:23 +0200] "GET /images/smiles/icon_rire.gif HTTP/1.1" 200 284 "http://forum.rally-infernal.info/shoutbox_view.php?start=0" "Mozilla/5.0 (Windows NT 6.1; rv:2.0) Gecko/20100101 Firefox/4.0"
157.55.116.13 - - [19/Apr/2011:22:28:24 +0200] "GET /viewtopic.php?p=111234 HTTP/1.1" 200 1921 "-" "msnbot/2.0b (+http://search.msn.com/msnbot.htm)._"
157.55.116.13 - - [19/Apr/2011:22:28:27 +0200] "GET /viewtopic.php?p=100058 HTTP/1.1" 200 105 "-" "msnbot/2.0b (+http://search.msn.com/msnbot.htm)._"
157.55.116.13 - - [19/Apr/2011:22:28:29 +0200] "GET /viewtopic.php?p=102995 HTTP/1.1" 200 1921 "-" "msnbot/2.0b (+http://search.msn.com/msnbot.htm)._"
157.55.116.13 - - [19/Apr/2011:22:28:30 +0200] "GET /viewtopic.php?p=20244 HTTP/1.1" 200 1921 "-" "msnbot/2.0b (+http://search.msn.com/msnbot.htm)._"
82.235.55.17 - - [19/Apr/2011:22:28:31 +0200] "GET /AvatarsManager/joueurs/guiguisr/3.png HTTP/1.1" 200 57191 "http://pouletsofdream.com/forum/viewtopic.php?f=5&t=1921" "Mozilla/5.0 (Windows NT 6.0; rv:2.0) Gecko/20100101 Firefox/4.0"
157.55.116.13 - - [19/Apr/2011:22:28:32 +0200] "GET /viewtopic.php?p=25685 HTTP/1.1" 200 1921 "-" "msnbot/2.0b (+http://search.msn.com/msnbot.htm)._"
89.170.22.112 - - [19/Apr/2011:22:28:33 +0200] "GET /shoutbox_view.php?0?auto_refresh=1 HTTP/1.1" 200 1147 "-" "Mozilla/5.0 (Windows NT 6.1; WOW64; rv:2.0) Gecko/20100101 Firefox/4.0"
89.170.22.112 - - [19/Apr/2011:22:28:33 +0200] "GET /templates/rmstyle/rmstyle.css HTTP/1.1" 304 - "http://forum.rally-infernal.info/shoutbox_view.php?0?auto_refresh=1" "Mozilla/5.0 (Windows NT 6.1; WOW64; rv:2.0) Gecko/20100101 Firefox/4.0"
89.170.22.112 - - [19/Apr/2011:22:28:33 +0200] "GET /images/smiles/icon_hap.gif HTTP/1.1" 304 - "http://forum.rally-infernal.info/shoutbox_view.php?0?auto_refresh=1" "Mozilla/5.0 (Windows NT 6.1; WOW64; rv:2.0) Gecko/20100101 Firefox/4.0"
89.170.22.112 - - [19/Apr/2011:22:28:33 +0200] "GET /images/smiles/icon_rire.gif HTTP/1.1" 304 - "http://forum.rally-infernal.info/shoutbox_view.php?0?auto_refresh=1" "Mozilla/5.0 (Windows NT 6.1; WOW64; rv:2.0) Gecko/20100101 Firefox/4.0"
89.170.22.112 - - [19/Apr/2011:22:28:34 +0200] "GET /templates/rmstyle/images/bg_body.jpg HTTP/1.1" 304 - "http://forum.rally-infernal.info/templates/rmstyle/rmstyle.css" "Mozilla/5.0 (Windows NT 6.1; WOW64; rv:2.0) Gecko/20100101 Firefox/4.0"
157.55.116.13 - - [19/Apr/2011:22:28:35 +0200] "GET /viewtopic.php?t=28 HTTP/1.1" 200 1921 "-" "msnbot/2.0b (+http://search.msn.com/msnbot.htm)._"
157.55.116.13 - - [19/Apr/2011:22:28:38 +0200] "GET /viewtopic.php?p=19711 HTTP/1.1" 200 1921 "-" "msnbot/2.0b (+http://search.msn.com/msnbot.htm)._"
157.55.116.13 - - [19/Apr/2011:22:28:40 +0200] "GET /viewtopic.php?p=20621 HTTP/1.1" 200 1921 "-" "msnbot/2.0b (+http://search.msn.com/msnbot.htm)._"
157.55.116.13 - - [19/Apr/2011:22:28:43 +0200] "GET /viewtopic.php?p=111517 HTTP/1.1" 200 1921 "-" "msnbot/2.0b (+http://search.msn.com/msnbot.htm)._"
157.55.116.13 - - [19/Apr/2011:22:28:46 +0200] "GET /viewtopic.php?p=66012 HTTP/1.1" 200 1921 "-" "msnbot/2.0b (+http://search.msn.com/msnbot.htm)._"
157.55.116.13 - - [19/Apr/2011:22:28:49 +0200] "GET /viewtopic.php?p=41557 HTTP/1.1" 200 1921 "-" "msnbot/2.0b (+http://search.msn.com/msnbot.htm)._"
92.147.73.62 - - [19/Apr/2011:22:28:50 +0200] "GET / HTTP/1.1" 200 6223 "-" "Mozilla/5.0 (Windows NT 6.1; WOW64; rv:2.0) Gecko/20100101 Firefox/4.0"
92.147.73.62 - - [19/Apr/2011:22:28:50 +0200] "GET /shoutbox.php HTTP/1.1" 200 736 "http://forum.rally-infernal.info/" "Mozilla/5.0 (Windows NT 6.1; WOW64; rv:2.0) Gecko/20100101 Firefox/4.0"
92.147.73.62 - - [19/Apr/2011:22:28:51 +0200] "GET /shoutbox_view.php?start=0 HTTP/1.1" 200 1148 "http://forum.rally-infernal.info/shoutbox.php" "Mozilla/5.0 (Windows NT 6.1; WOW64; rv:2.0) Gecko/20100101 Firefox/4.0"
157.55.116.13 - - [19/Apr/2011:22:28:51 +0200] "GET /viewtopic.php?p=42960 HTTP/1.1" 200 1921 "-" "msnbot/2.0b (+http://search.msn.com/msnbot.htm)._"
157.55.116.13 - - [19/Apr/2011:22:28:54 +0200] "GET /viewtopic.php?p=18768 HTTP/1.1" 200 1921 "-" "msnbot/2.0b (+http://search.msn.com/msnbot.htm)._"
157.55.116.13 - - [19/Apr/2011:22:28:57 +0200] "GET /viewtopic.php?p=94860 HTTP/1.1" 200 1921 "-" "msnbot/2.0b (+http://search.msn.com/msnbot.htm)._"
157.55.116.13 - - [19/Apr/2011:22:29:00 +0200] "GET /viewtopic.php?t=1842&view=next HTTP/1.1" 200 1921 "-" "msnbot/2.0b (+http://search.msn.com/msnbot.htm)._"
83.205.79.58 - - [19/Apr/2011:22:29:00 +0200] "GET /index.php HTTP/1.1" 200 6136 "-" "Mozilla/4.0 (compatible; MSIE 7.0; Windows NT 5.1; Trident/4.0; GTB6.6; .NET CLR 2.0.50727; .NET CLR 3.0.4506.2152; .NET CLR 3.5.30729; AskTbCCS/5.11.3.15590)"
83.205.79.58 - - [19/Apr/2011:22:29:01 +0200] "GET /templates/rmstyle/rmstyle.css HTTP/1.1" 304 - "http://forum.rally-infernal.info/index.php" "Mozilla/4.0 (compatible; MSIE 7.0; Windows NT 5.1; Trident/4.0; GTB6.6; .NET CLR 2.0.50727; .NET CLR 3.0.4506.2152; .NET CLR 3.5.30729; AskTbCCS/5.11.3.15590)"
83.205.79.58 - - [19/Apr/2011:22:29:01 +0200] "GET /templates/rmstyle/images/logo_rmstyle.jpg HTTP/1.1" 304 - "http://forum.rally-infernal.info/index.php" "Mozilla/4.0 (compatible; MSIE 7.0; Windows NT 5.1; Trident/4.0; GTB6.6; .NET CLR 2.0.50727; .NET CLR 3.0.4506.2152; .NET CLR 3.5.30729; AskTbCCS/5.11.3.15590)"
83.205.79.58 - - [19/Apr/2011:22:29:01 +0200] "GET /templates/rmstyle/images/lang_french/icon_mini_faq.png HTTP/1.1" 304 - "http://forum.rally-infernal.info/index.php" "Mozilla/4.0 (compatible; MSIE 7.0; Windows NT 5.1; Trident/4.0; GTB6.6; .NET CLR 2.0.50727; .NET CLR 3.0.4506.2152; .NET CLR 3.5.30729; AskTbCCS/5.11.3.15590)"
81.51.213.218 - - [19/Apr/2011:22:29:01 +0200] "GET /AvatarsManager/lakse.jpg HTTP/1.1" 302 20 "http://ragemachines.simplygaming.org/t339p15-en-courskaora" "Mozilla/4.0 (compatible; MSIE 8.0; Windows NT 6.1; WOW64; Trident/4.0; GTB6.3; SLCC2; .NET CLR 2.0.50727; .NET CLR 3.5.30729; .NET CLR 3.0.30729; Media Center PC 6.0; .NET4.0C)"
81.51.213.218 - - [19/Apr/2011:22:29:01 +0200] "GET /AvatarsManager/joueurs/lakse/2.png HTTP/1.1" 200 72970 "http://ragemachines.simplygaming.org/t339p15-en-courskaora" "Mozilla/4.0 (compatible; MSIE 8.0; Windows NT 6.1; WOW64; Trident/4.0; GTB6.3; SLCC2; .NET CLR 2.0.50727; .NET CLR 3.5.30729; .NET CLR 3.0.30729; Media Center PC 6.0; .NET4.0C)"
83.205.79.58 - - [19/Apr/2011:22:29:01 +0200] "GET /shoutbox.php HTTP/1.1" 200 992 "http://forum.rally-infernal.info/index.php" "Mozilla/4.0 (compatible; MSIE 7.0; Windows NT 5.1; Trident/4.0; GTB6.6; .NET CLR 2.0.50727; .NET CLR 3.0.4506.2152; .NET CLR 3.5.30729; AskTbCCS/5.11.3.15590)"
83.205.79.58 - - [19/Apr/2011:22:29:02 +0200] "GET /templates/rmstyle/images/lang_french/icon_mini_site.png HTTP/1.1" 304 - "http://forum.rally-infernal.info/index.php" "Mozilla/4.0 (compatible; MSIE 7.0; Windows NT 5.1; Trident/4.0; GTB6.6; .NET CLR 2.0.50727; .NET CLR 3.0.4506.2152; .NET CLR 3.5.30729; AskTbCCS/5.11.3.15590)"
83.205.79.58 - - [19/Apr/2011:22:29:02 +0200] "GET /templates/rmstyle/images/lang_french/icon_mini_members.png HTTP/1.1" 304 - "http://forum.rally-infernal.info/index.php" "Mozilla/4.0 (compatible; MSIE 7.0; Windows NT 5.1; Trident/4.0; GTB6.6; .NET CLR 2.0.50727; .NET CLR 3.0.4506.2152; .NET CLR 3.5.30729; AskTbCCS/5.11.3.15590)"
83.205.79.58 - - [19/Apr/2011:22:29:02 +0200] "GET /templates/rmstyle/images/lang_french/icon_mini_search.png HTTP/1.1" 304 - "http://forum.rally-infernal.info/index.php" "Mozilla/4.0 (compatible; MSIE 7.0; Windows NT 5.1; Trident/4.0; GTB6.6; .NET CLR 2.0.50727; .NET CLR 3.0.4506.2152; .NET CLR 3.5.30729; AskTbCCS/5.11.3.15590)"
83.205.79.58 - - [19/Apr/2011:22:29:02 +0200] "GET /templates/rmstyle/images/lang_french/icon_mini_groups.png HTTP/1.1" 304 - "http://forum.rally-infernal.info/index.php" "Mozilla/4.0 (compatible; MSIE 7.0; Windows NT 5.1; Trident/4.0; GTB6.6; .NET CLR 2.0.50727; .NET CLR 3.0.4506.2152; .NET CLR 3.5.30729; AskTbCCS/5.11.3.15590)"
83.205.79.58 - - [19/Apr/2011:22:29:02 +0200] "GET /templates/rmstyle/images/lang_french/icon_mini_profile.png HTTP/1.1" 304 - "http://forum.rally-infernal.info/index.php" "Mozilla/4.0 (compatible; MSIE 7.0; Windows NT 5.1; Trident/4.0; GTB6.6; .NET CLR 2.0.50727; .NET CLR 3.0.4506.2152; .NET CLR 3.5.30729; AskTbCCS/5.11.3.15590)"
83.205.79.58 - - [19/Apr/2011:22:29:02 +0200] "GET /templates/rmstyle/images/lang_french/icon_mini_message.png HTTP/1.1" 304 - "http://forum.rally-infernal.info/index.php" "Mozilla/4.0 (compatible; MSIE 7.0; Windows NT 5.1; Trident/4.0; GTB6.6; .NET CLR 2.0.50727; .NET CLR 3.0.4506.2152; .NET CLR 3.5.30729; AskTbCCS/5.11.3.15590)"
83.205.79.58 - - [19/Apr/2011:22:29:02 +0200] "GET /templates/rmstyle/images/bg_body.jpg HTTP/1.1" 304 - "http://forum.rally-infernal.info/index.php" "Mozilla/4.0 (compatible; MSIE 7.0; Windows NT 5.1; Trident/4.0; GTB6.6; .NET CLR 2.0.50727; .NET CLR 3.0.4506.2152; .NET CLR 3.5.30729; AskTbCCS/5.11.3.15590)"
83.205.79.58 - - [19/Apr/2011:22:29:02 +0200] "GET /templates/rmstyle/images/lang_french/icon_mini_logout.png HTTP/1.1" 304 - "http://forum.rally-infernal.info/index.php" "Mozilla/4.0 (compatible; MSIE 7.0; Windows NT 5.1; Trident/4.0; GTB6.6; .NET CLR 2.0.50727; .NET CLR 3.0.4506.2152; .NET CLR 3.5.30729; AskTbCCS/5.11.3.15590)"
83.205.79.58 - - [19/Apr/2011:22:29:02 +0200] "GET /templates/rmstyle/images/hd_rgt.jpg HTTP/1.1" 304 - "http://forum.rally-infernal.info/index.php" "Mozilla/4.0 (compatible; MSIE 7.0; Windows NT 5.1; Trident/4.0; GTB6.6; .NET CLR 2.0.50727; .NET CLR 3.0.4506.2152; .NET CLR 3.5.30729; AskTbCCS/5.11.3.15590)"
83.205.79.58 - - [19/Apr/2011:22:29:02 +0200] "GET /templates/rmstyle/images/folder_big.png HTTP/1.1" 304 - "http://forum.rally-infernal.info/index.php" "Mozilla/4.0 (compatible; MSIE 7.0; Windows NT 5.1; Trident/4.0; GTB6.6; .NET CLR 2.0.50727; .NET CLR 3.0.4506.2152; .NET CLR 3.5.30729; AskTbCCS/5.11.3.15590)"
83.205.79.58 - - [19/Apr/2011:22:29:02 +0200] "GET /templates/rmstyle/images/folder_sticky.png HTTP/1.1" 304 - "http://forum.rally-infernal.info/index.php" "Mozilla/4.0 (compatible; MSIE 7.0; Windows NT 5.1; Trident/4.0; GTB6.6; .NET CLR 2.0.50727; .NET CLR 3.0.4506.2152; .NET CLR 3.5.30729; AskTbCCS/5.11.3.15590)"
83.205.79.58 - - [19/Apr/2011:22:29:02 +0200] "GET /templates/rmstyle/images/icon_latest_reply.gif HTTP/1.1" 304 - "http://forum.rally-infernal.info/index.php" "Mozilla/4.0 (compatible; MSIE 7.0; Windows NT 5.1; Trident/4.0; GTB6.6; .NET CLR 2.0.50727; .NET CLR 3.0.4506.2152; .NET CLR 3.5.30729; AskTbCCS/5.11.3.15590)"
83.205.79.58 - - [19/Apr/2011:22:29:02 +0200] "GET /templates/rmstyle/images/folders_big.png HTTP/1.1" 304 - "http://forum.rally-infernal.info/index.php" "Mozilla/4.0 (compatible; MSIE 7.0; Windows NT 5.1; Trident/4.0; GTB6.6; .NET CLR 2.0.50727; .NET CLR 3.0.4506.2152; .NET CLR 3.5.30729; AskTbCCS/5.11.3.15590)"
83.205.79.58 - - [19/Apr/2011:22:29:02 +0200] "GET /templates/rmstyle/images/folders_new_big.png HTTP/1.1" 304 - "http://forum.rally-infernal.info/index.php" "Mozilla/4.0 (compatible; MSIE 7.0; Windows NT 5.1; Trident/4.0; GTB6.6; .NET CLR 2.0.50727; .NET CLR 3.0.4506.2152; .NET CLR 3.5.30729; AskTbCCS/5.11.3.15590)"
83.205.79.58 - - [19/Apr/2011:22:29:02 +0200] "GET /templates/rmstyle/images/hd_check.png HTTP/1.1" 304 - "http://forum.rally-infernal.info/index.php" "Mozilla/4.0 (compatible; MSIE 7.0; Windows NT 5.1; Trident/4.0; GTB6.6; .NET CLR 2.0.50727; .NET CLR 3.0.4506.2152; .NET CLR 3.5.30729; AskTbCCS/5.11.3.15590)"
83.205.79.58 - - [19/Apr/2011:22:29:03 +0200] "GET /templates/rmstyle/images/whosonline.png HTTP/1.1" 304 - "http://forum.rally-infernal.info/index.php" "Mozilla/4.0 (compatible; MSIE 7.0; Windows NT 5.1; Trident/4.0; GTB6.6; .NET CLR 2.0.50727; .NET CLR 3.0.4506.2152; .NET CLR 3.5.30729; AskTbCCS/5.11.3.15590)"
83.205.79.58 - - [19/Apr/2011:22:29:03 +0200] "GET /templates/rmstyle/images/folder_new.png HTTP/1.1" 304 - "http://forum.rally-infernal.info/index.php" "Mozilla/4.0 (compatible; MSIE 7.0; Windows NT 5.1; Trident/4.0; GTB6.6; .NET CLR 2.0.50727; .NET CLR 3.0.4506.2152; .NET CLR 3.5.30729; AskTbCCS/5.11.3.15590)"
83.205.79.58 - - [19/Apr/2011:22:29:03 +0200] "GET /templates/rmstyle/images/folder_hot.gif HTTP/1.1" 304 - "http://forum.rally-infernal.info/index.php" "Mozilla/4.0 (compatible; MSIE 7.0; Windows NT 5.1; Trident/4.0; GTB6.6; .NET CLR 2.0.50727; .NET CLR 3.0.4506.2152; .NET CLR 3.5.30729; AskTbCCS/5.11.3.15590)"
83.205.79.58 - - [19/Apr/2011:22:29:03 +0200] "GET /templates/rmstyle/images/folder_new_big.png HTTP/1.1" 304 - "http://forum.rally-infernal.info/index.php" "Mozilla/4.0 (compatible; MSIE 7.0; Windows NT 5.1; Trident/4.0; GTB6.6; .NET CLR 2.0.50727; .NET CLR 3.0.4506.2152; .NET CLR 3.5.30729; AskTbCCS/5.11.3.15590)"
83.205.79.58 - - [19/Apr/2011:22:29:03 +0200] "GET /templates/rmstyle/images/folder_locked_big.png HTTP/1.1" 304 - "http://forum.rally-infernal.info/index.php" "Mozilla/4.0 (compatible; MSIE 7.0; Windows NT 5.1; Trident/4.0; GTB6.6; .NET CLR 2.0.50727; .NET CLR 3.0.4506.2152; .NET CLR 3.5.30729; AskTbCCS/5.11.3.15590)"
83.205.79.58 - - [19/Apr/2011:22:29:03 +0200] "GET /images/abq_mod/admin/abq-button.gif HTTP/1.1" 304 - "http://forum.rally-infernal.info/index.php" "Mozilla/4.0 (compatible; MSIE 7.0; Windows NT 5.1; Trident/4.0; GTB6.6; .NET CLR 2.0.50727; .NET CLR 3.0.4506.2152; .NET CLR 3.5.30729; AskTbCCS/5.11.3.15590)"
83.205.79.58 - - [19/Apr/2011:22:29:03 +0200] "GET /templates/rmstyle/images/bg_index.jpg HTTP/1.1" 304 - "http://forum.rally-infernal.info/index.php" "Mozilla/4.0 (compatible; MSIE 7.0; Windows NT 5.1; Trident/4.0; GTB6.6; .NET CLR 2.0.50727; .NET CLR 3.0.4506.2152; .NET CLR 3.5.30729; AskTbCCS/5.11.3.15590)"
157.55.116.13 - - [19/Apr/2011:22:29:03 +0200] "GET /viewtopic.php?p=102712 HTTP/1.1" 200 1921 "-" "msnbot/2.0b (+http://search.msn.com/msnbot.htm)._"
83.205.79.58 - - [19/Apr/2011:22:29:03 +0200] "GET /templates/rmstyle/images/ft_showhide.gif HTTP/1.1" 304 - "http://forum.rally-infernal.info/index.php" "Mozilla/4.0 (compatible; MSIE 7.0; Windows NT 5.1; Trident/4.0; GTB6.6; .NET CLR 2.0.50727; .NET CLR 3.0.4506.2152; .NET CLR 3.5.30729; AskTbCCS/5.11.3.15590)"
83.205.79.58 - - [19/Apr/2011:22:29:03 +0200] "GET /templates/rmstyle/rmstyle.css HTTP/1.1" 304 - "http://forum.rally-infernal.info/shoutbox.php" "Mozilla/4.0 (compatible; MSIE 7.0; Windows NT 5.1; Trident/4.0; GTB6.6; .NET CLR 2.0.50727; .NET CLR 3.0.4506.2152; .NET CLR 3.5.30729; AskTbCCS/5.11.3.15590)"
83.205.79.58 - - [19/Apr/2011:22:29:03 +0200] "GET /templates/rmstyle/bbcode.js HTTP/1.1" 304 - "http://forum.rally-infernal.info/shoutbox.php" "Mozilla/4.0 (compatible; MSIE 7.0; Windows NT 5.1; Trident/4.0; GTB6.6; .NET CLR 2.0.50727; .NET CLR 3.0.4506.2152; .NET CLR 3.5.30729; AskTbCCS/5.11.3.15590)"
83.205.79.58 - - [19/Apr/2011:22:29:03 +0200] "GET /shoutbox_view.php?start=0 HTTP/1.1" 200 1148 "http://forum.rally-infernal.info/shoutbox.php" "Mozilla/4.0 (compatible; MSIE 7.0; Windows NT 5.1; Trident/4.0; GTB6.6; .NET CLR 2.0.50727; .NET CLR 3.0.4506.2152; .NET CLR 3.5.30729; AskTbCCS/5.11.3.15590)"
83.205.79.58 - - [19/Apr/2011:22:29:03 +0200] "GET /images/smiles/icon_hap.gif HTTP/1.1" 304 - "http://forum.rally-infernal.info/shoutbox_view.php?start=0" "Mozilla/4.0 (compatible; MSIE 7.0; Windows NT 5.1; Trident/4.0; GTB6.6; .NET CLR 2.0.50727; .NET CLR 3.0.4506.2152; .NET CLR 3.5.30729; AskTbCCS/5.11.3.15590)"
83.205.79.58 - - [19/Apr/2011:22:29:03 +0200] "GET /templates/rmstyle/rmstyle.css HTTP/1.1" 304 - "http://forum.rally-infernal.info/shoutbox_view.php?start=0" "Mozilla/4.0 (compatible; MSIE 7.0; Windows NT 5.1; Trident/4.0; GTB6.6; .NET CLR 2.0.50727; .NET CLR 3.0.4506.2152; .NET CLR 3.5.30729; AskTbCCS/5.11.3.15590)"
83.205.79.58 - - [19/Apr/2011:22:29:03 +0200] "GET /images/smiles/icon_rire.gif HTTP/1.1" 304 - "http://forum.rally-infernal.info/shoutbox_view.php?start=0" "Mozilla/4.0 (compatible; MSIE 7.0; Windows NT 5.1; Trident/4.0; GTB6.6; .NET CLR 2.0.50727; .NET CLR 3.0.4506.2152; .NET CLR 3.5.30729; AskTbCCS/5.11.3.15590)"
83.205.79.58 - - [19/Apr/2011:22:29:04 +0200] "GET /templates/rmstyle/formIE.css HTTP/1.1" 304 - "http://forum.rally-infernal.info/shoutbox_view.php?start=0" "Mozilla/4.0 (compatible; MSIE 7.0; Windows NT 5.1; Trident/4.0; GTB6.6; .NET CLR 2.0.50727; .NET CLR 3.0.4506.2152; .NET CLR 3.5.30729; AskTbCCS/5.11.3.15590)"
157.55.116.13 - - [19/Apr/2011:22:29:05 +0200] "GET /index.php?glance_recent_offset=5 HTTP/1.1" 200 1921 "-" "msnbot/2.0b (+http://search.msn.com/msnbot.htm)._"
83.205.79.58 - - [19/Apr/2011:22:29:06 +0200] "GET /viewtopic.php?t=3386&view=newest HTTP/1.1" 302 20 "http://forum.rally-infernal.info/index.php" "Mozilla/4.0 (compatible; MSIE 7.0; Windows NT 5.1; Trident/4.0; GTB6.6; .NET CLR 2.0.50727; .NET CLR 3.0.4506.2152; .NET CLR 3.5.30729; AskTbCCS/5.11.3.15590)"
83.205.79.58 - - [19/Apr/2011:22:29:06 +0200] "GET /viewtopic.php?p=119517 HTTP/1.1" 200 6658 "http://forum.rally-infernal.info/index.php" "Mozilla/4.0 (compatible; MSIE 7.0; Windows NT 5.1; Trident/4.0; GTB6.6; .NET CLR 2.0.50727; .NET CLR 3.0.4506.2152; .NET CLR 3.5.30729; AskTbCCS/5.11.3.15590)"
83.205.79.58 - - [19/Apr/2011:22:29:06 +0200] "GET /templates/rmstyle/images/lang_french/icon_profile.gif HTTP/1.1" 304 - "http://forum.rally-infernal.info/viewtopic.php?p=119517#119517" "Mozilla/4.0 (compatible; MSIE 7.0; Windows NT 5.1; Trident/4.0; GTB6.6; .NET CLR 2.0.50727; .NET CLR 3.0.4506.2152; .NET CLR 3.5.30729; AskTbCCS/5.11.3.15590)"
157.55.116.13 - - [19/Apr/2011:22:29:06 +0200] "GET /viewtopic.php?p=41694 HTTP/1.1" 200 1921 "-" "msnbot/2.0b (+http://search.msn.com/msnbot.htm)._"
83.205.79.58 - - [19/Apr/2011:22:29:07 +0200] "GET /templates/rmstyle/images/lang_french/reply.gif HTTP/1.1" 304 - "http://forum.rally-infernal.info/viewtopic.php?p=119517#119517" "Mozilla/4.0 (compatible; MSIE 7.0; Windows NT 5.1; Trident/4.0; GTB6.6; .NET CLR 2.0.50727; .NET CLR 3.0.4506.2152; .NET CLR 3.5.30729; AskTbCCS/5.11.3.15590)"
83.205.79.58 - - [19/Apr/2011:22:29:07 +0200] "GET /templates/rmstyle/images/lang_french/post.gif HTTP/1.1" 304 - "http://forum.rally-infernal.info/viewtopic.php?p=119517#119517" "Mozilla/4.0 (compatible; MSIE 7.0; Windows NT 5.1; Trident/4.0; GTB6.6; .NET CLR 2.0.50727; .NET CLR 3.0.4506.2152; .NET CLR 3.5.30729; AskTbCCS/5.11.3.15590)"
83.205.79.58 - - [19/Apr/2011:22:29:07 +0200] "GET /templates/rmstyle/images/hd_prev.gif HTTP/1.1" 304 - "http://forum.rally-infernal.info/viewtopic.php?p=119517#119517" "Mozilla/4.0 (compatible; MSIE 7.0; Windows NT 5.1; Trident/4.0; GTB6.6; .NET CLR 2.0.50727; .NET CLR 3.0.4506.2152; .NET CLR 3.5.30729; AskTbCCS/5.11.3.15590)"
83.205.79.58 - - [19/Apr/2011:22:29:07 +0200] "GET /templates/rmstyle/images/hd_next.gif HTTP/1.1" 304 - "http://forum.rally-infernal.info/viewtopic.php?p=119517#119517" "Mozilla/4.0 (compatible; MSIE 7.0; Windows NT 5.1; Trident/4.0; GTB6.6; .NET CLR 2.0.50727; .NET CLR 3.0.4506.2152; .NET CLR 3.5.30729; AskTbCCS/5.11.3.15590)"
83.205.79.58 - - [19/Apr/2011:22:29:07 +0200] "GET /templates/rmstyle/images/icon_minipost.gif HTTP/1.1" 304 - "http://forum.rally-infernal.info/viewtopic.php?p=119517#119517" "Mozilla/4.0 (compatible; MSIE 7.0; Windows NT 5.1; Trident/4.0; GTB6.6; .NET CLR 2.0.50727; .NET CLR 3.0.4506.2152; .NET CLR 3.5.30729; AskTbCCS/5.11.3.15590)"
83.205.79.58 - - [19/Apr/2011:22:29:07 +0200] "GET /templates/rmstyle/images/lang_french/icon_quote.gif HTTP/1.1" 304 - "http://forum.rally-infernal.info/viewtopic.php?p=119517#119517" "Mozilla/4.0 (compatible; MSIE 7.0; Windows NT 5.1; Trident/4.0; GTB6.6; .NET CLR 2.0.50727; .NET CLR 3.0.4506.2152; .NET CLR 3.5.30729; AskTbCCS/5.11.3.15590)"
83.205.79.58 - - [19/Apr/2011:22:29:07 +0200] "GET /images/smiles/sm6.gif HTTP/1.1" 304 - "http://forum.rally-infernal.info/viewtopic.php?p=119517#119517" "Mozilla/4.0 (compatible; MSIE 7.0; Windows NT 5.1; Trident/4.0; GTB6.6; .NET CLR 2.0.50727; .NET CLR 3.0.4506.2152; .NET CLR 3.5.30729; AskTbCCS/5.11.3.15590)"
83.205.79.58 - - [19/Apr/2011:22:29:07 +0200] "GET /templates/rmstyle/images/lang_french/icon_yim.gif HTTP/1.1" 304 - "http://forum.rally-infernal.info/viewtopic.php?p=119517#119517" "Mozilla/4.0 (compatible; MSIE 7.0; Windows NT 5.1; Trident/4.0; GTB6.6; .NET CLR 2.0.50727; .NET CLR 3.0.4506.2152; .NET CLR 3.5.30729; AskTbCCS/5.11.3.15590)"
83.205.79.58 - - [19/Apr/2011:22:29:07 +0200] "GET /templates/rmstyle/images/lang_french/icon_msnm.gif HTTP/1.1" 304 - "http://forum.rally-infernal.info/viewtopic.php?p=119517#119517" "Mozilla/4.0 (compatible; MSIE 7.0; Windows NT 5.1; Trident/4.0; GTB6.6; .NET CLR 2.0.50727; .NET CLR 3.0.4506.2152; .NET CLR 3.5.30729; AskTbCCS/5.11.3.15590)"
83.205.79.58 - - [19/Apr/2011:22:29:07 +0200] "GET /templates/rmstyle/images/lang_french/icon_www.gif HTTP/1.1" 304 - "http://forum.rally-infernal.info/viewtopic.php?p=119517#119517" "Mozilla/4.0 (compatible; MSIE 7.0; Windows NT 5.1; Trident/4.0; GTB6.6; .NET CLR 2.0.50727; .NET CLR 3.0.4506.2152; .NET CLR 3.5.30729; AskTbCCS/5.11.3.15590)"
83.205.79.58 - - [19/Apr/2011:22:29:07 +0200] "GET /templates/rmstyle/images/icon_minipost_new.gif HTTP/1.1" 304 - "http://forum.rally-infernal.info/viewtopic.php?p=119517#119517" "Mozilla/4.0 (compatible; MSIE 7.0; Windows NT 5.1; Trident/4.0; GTB6.6; .NET CLR 2.0.50727; .NET CLR 3.0.4506.2152; .NET CLR 3.5.30729; AskTbCCS/5.11.3.15590)"
83.205.79.58 - - [19/Apr/2011:22:29:07 +0200] "GET /images/smiles/icon_neutral.gif HTTP/1.1" 304 - "http://forum.rally-infernal.info/viewtopic.php?p=119517#119517" "Mozilla/4.0 (compatible; MSIE 7.0; Windows NT 5.1; Trident/4.0; GTB6.6; .NET CLR 2.0.50727; .NET CLR 3.0.4506.2152; .NET CLR 3.5.30729; AskTbCCS/5.11.3.15590)"
83.205.79.58 - - [19/Apr/2011:22:29:07 +0200] "GET /templates/rmstyle/images/ft_lft.gif HTTP/1.1" 304 - "http://forum.rally-infernal.info/viewtopic.php?p=119517#119517" "Mozilla/4.0 (compatible; MSIE 7.0; Windows NT 5.1; Trident/4.0; GTB6.6; .NET CLR 2.0.50727; .NET CLR 3.0.4506.2152; .NET CLR 3.5.30729; AskTbCCS/5.11.3.15590)"
83.205.79.58 - - [19/Apr/2011:22:29:07 +0200] "GET /templates/rmstyle/images/lang_french/icon_pm.gif HTTP/1.1" 304 - "http://forum.rally-infernal.info/viewtopic.php?p=119517#119517" "Mozilla/4.0 (compatible; MSIE 7.0; Windows NT 5.1; Trident/4.0; GTB6.6; .NET CLR 2.0.50727; .NET CLR 3.0.4506.2152; .NET CLR 3.5.30729; AskTbCCS/5.11.3.15590)"
83.205.79.58 - - [19/Apr/2011:22:29:07 +0200] "GET /templates/rmstyle/images/topic_top.gif HTTP/1.1" 304 - "http://forum.rally-infernal.info/viewtopic.php?p=119517#119517" "Mozilla/4.0 (compatible; MSIE 7.0; Windows NT 5.1; Trident/4.0; GTB6.6; .NET CLR 2.0.50727; .NET CLR 3.0.4506.2152; .NET CLR 3.5.30729; AskTbCCS/5.11.3.15590)"
83.205.79.58 - - [19/Apr/2011:22:29:07 +0200] "GET /AvatarsManager/kajin-kun.jpg HTTP/1.1" 302 20 "http://forum.rally-infernal.info/viewtopic.php?p=119517#119517" "Mozilla/4.0 (compatible; MSIE 7.0; Windows NT 5.1; Trident/4.0; GTB6.6; .NET CLR 2.0.50727; .NET CLR 3.0.4506.2152; .NET CLR 3.5.30729; AskTbCCS/5.11.3.15590)"
83.205.79.58 - - [19/Apr/2011:22:29:07 +0200] "GET /templates/rmstyle/images/ft_rgt.gif HTTP/1.1" 304 - "http://forum.rally-infernal.info/viewtopic.php?p=119517#119517" "Mozilla/4.0 (compatible; MSIE 7.0; Windows NT 5.1; Trident/4.0; GTB6.6; .NET CLR 2.0.50727; .NET CLR 3.0.4506.2152; .NET CLR 3.5.30729; AskTbCCS/5.11.3.15590)"
83.205.79.58 - - [19/Apr/2011:22:29:07 +0200] "GET /templates/rmstyle/images/ft_bg.gif HTTP/1.1" 304 - "http://forum.rally-infernal.info/viewtopic.php?p=119517#119517" "Mozilla/4.0 (compatible; MSIE 7.0; Windows NT 5.1; Trident/4.0; GTB6.6; .NET CLR 2.0.50727; .NET CLR 3.0.4506.2152; .NET CLR 3.5.30729; AskTbCCS/5.11.3.15590)"
83.205.79.58 - - [19/Apr/2011:22:29:08 +0200] "GET /AvatarsManager/joueurs/kajin-kun/2.png HTTP/1.1" 200 67391 "http://forum.rally-infernal.info/viewtopic.php?p=119517#119517" "Mozilla/4.0 (compatible; MSIE 7.0; Windows NT 5.1; Trident/4.0; GTB6.6; .NET CLR 2.0.50727; .NET CLR 3.0.4506.2152; .NET CLR 3.5.30729; AskTbCCS/5.11.3.15590)"
157.55.116.13 - - [19/Apr/2011:22:29:09 +0200] "GET /viewtopic.php?p=97736 HTTP/1.1" 200 1921 "-" "msnbot/2.0b (+http://search.msn.com/msnbot.htm)._"
157.55.116.13 - - [19/Apr/2011:22:29:12 +0200] "GET /viewtopic.php?p=52110 HTTP/1.1" 200 1921 "-" "msnbot/2.0b (+http://search.msn.com/msnbot.htm)._"
79.92.69.238 - - [19/Apr/2011:22:29:13 +0200] "GET / HTTP/1.1" 200 6183 "-" "Mozilla/5.0 (Windows NT 6.1; WOW64; rv:2.0) Gecko/20100101 Firefox/4.0"
79.92.69.238 - - [19/Apr/2011:22:29:13 +0200] "GET /templates/rmstyle/rmstyle.css HTTP/1.1" 304 - "-" "Mozilla/5.0 (Windows NT 6.1; WOW64; rv:2.0) Gecko/20100101 Firefox/4.0"
79.92.69.238 - - [19/Apr/2011:22:29:14 +0200] "GET /shoutbox.php HTTP/1.1" 200 992 "-" "Mozilla/5.0 (Windows NT 6.1; WOW64; rv:2.0) Gecko/20100101 Firefox/4.0"
79.92.69.238 - - [19/Apr/2011:22:29:14 +0200] "GET /templates/rmstyle/rmstyle.css HTTP/1.1" 304 - "-" "Mozilla/5.0 (Windows NT 6.1; WOW64; rv:2.0) Gecko/20100101 Firefox/4.0"
79.92.69.238 - - [19/Apr/2011:22:29:14 +0200] "GET /shoutbox_view.php?start=0 HTTP/1.1" 200 1147 "-" "Mozilla/5.0 (Windows NT 6.1; WOW64; rv:2.0) Gecko/20100101 Firefox/4.0"
157.55.116.13 - - [19/Apr/2011:22:29:14 +0200] "GET /viewtopic.php?p=15227 HTTP/1.1" 200 1921 "-" "msnbot/2.0b (+http://search.msn.com/msnbot.htm)._"
79.92.69.238 - - [19/Apr/2011:22:29:14 +0200] "GET /templates/rmstyle/rmstyle.css HTTP/1.1" 304 - "-" "Mozilla/5.0 (Windows NT 6.1; WOW64; rv:2.0) Gecko/20100101 Firefox/4.0"
157.55.116.13 - - [19/Apr/2011:22:29:17 +0200] "GET /viewtopic.php?p=4927 HTTP/1.1" 200 1921 "-" "msnbot/2.0b (+http://search.msn.com/msnbot.htm)._"
157.55.116.13 - - [19/Apr/2011:22:29:21 +0200] "GET /viewtopic.php?p=106054 HTTP/1.1" 200 1921 "-" "msnbot/2.0b (+http://search.msn.com/msnbot.htm)._"
157.55.116.13 - - [19/Apr/2011:22:29:23 +0200] "GET /viewtopic.php?p=15472 HTTP/1.1" 200 1921 "-" "msnbot/2.0b (+http://search.msn.com/msnbot.htm)._"
157.55.116.13 - - [19/Apr/2011:22:29:25 +0200] "GET /viewtopic.php?p=16109 HTTP/1.1" 200 1921 "-" "msnbot/2.0b (+http://search.msn.com/msnbot.htm)._"
157.55.116.13 - - [19/Apr/2011:22:29:27 +0200] "GET /viewtopic.php?p=70599 HTTP/1.1" 200 1921 "-" "msnbot/2.0b (+http://search.msn.com/msnbot.htm)._"
92.147.73.62 - - [19/Apr/2011:22:29:27 +0200] "GET / HTTP/1.1" 200 6238 "-" "Mozilla/5.0 (Windows NT 6.1; WOW64; rv:2.0) Gecko/20100101 Firefox/4.0"
92.147.73.62 - - [19/Apr/2011:22:29:28 +0200] "GET /shoutbox.php HTTP/1.1" 200 736 "http://forum.rally-infernal.info/" "Mozilla/5.0 (Windows NT 6.1; WOW64; rv:2.0) Gecko/20100101 Firefox/4.0"
92.147.73.62 - - [19/Apr/2011:22:29:28 +0200] "GET /shoutbox_view.php?start=0 HTTP/1.1" 200 1148 "http://forum.rally-infernal.info/shoutbox.php" "Mozilla/5.0 (Windows NT 6.1; WOW64; rv:2.0) Gecko/20100101 Firefox/4.0"
157.55.116.13 - - [19/Apr/2011:22:29:29 +0200] "GET /viewtopic.php?p=4554 HTTP/1.1" 200 1921 "-" "msnbot/2.0b (+http://search.msn.com/msnbot.htm)._"
66.249.66.146 - - [19/Apr/2011:22:29:31 +0200] "GET /viewtopic.php?p=94872&sid=08e08bcef36c15cde5ff2790b8991605 HTTP/1.1" 200 9257 "-" "Mozilla/5.0 (compatible; Googlebot/2.1; +http://www.google.com/bot.html)"
157.55.116.13 - - [19/Apr/2011:22:29:31 +0200] "GET /viewtopic.php?p=16138 HTTP/1.1" 200 1921 "-" "msnbot/2.0b (+http://search.msn.com/msnbot.htm)._"
79.92.69.238 - - [19/Apr/2011:22:29:33 +0200] "GET /admin/index.php?sid=eac6d37ca535283870d7007f358aec94 HTTP/1.1" 200 461 "-" "Mozilla/5.0 (Windows NT 6.1; WOW64; rv:2.0) Gecko/20100101 Firefox/4.0"
79.92.69.238 - - [19/Apr/2011:22:29:34 +0200] "GET /admin/index.php?pane=left&sid=eac6d37ca535283870d7007f358aec94 HTTP/1.1" 200 1906 "-" "Mozilla/5.0 (Windows NT 6.1; WOW64; rv:2.0) Gecko/20100101 Firefox/4.0"
79.92.69.238 - - [19/Apr/2011:22:29:34 +0200] "GET /templates/rmstyle/rmstyle.css HTTP/1.1" 304 - "-" "Mozilla/5.0 (Windows NT 6.1; WOW64; rv:2.0) Gecko/20100101 Firefox/4.0"
157.55.116.13 - - [19/Apr/2011:22:29:34 +0200] "GET /viewtopic.php?t=3115&view=next HTTP/1.1" 200 1921 "-" "msnbot/2.0b (+http://search.msn.com/msnbot.htm)._"
79.92.69.238 - - [19/Apr/2011:22:29:34 +0200] "GET /admin/index.php?pane=right&sid=eac6d37ca535283870d7007f358aec94 HTTP/1.1" 200 2805 "-" "Mozilla/5.0 (Windows NT 6.1; WOW64; rv:2.0) Gecko/20100101 Firefox/4.0"
79.92.69.238 - - [19/Apr/2011:22:29:35 +0200] "GET /templates/rmstyle/rmstyle.css HTTP/1.1" 304 - "-" "Mozilla/5.0 (Windows NT 6.1; WOW64; rv:2.0) Gecko/20100101 Firefox/4.0"
157.55.116.13 - - [19/Apr/2011:22:29:37 +0200] "GET /viewtopic.php?t=2002&start=60 HTTP/1.1" 200 1921 "-" "msnbot/2.0b (+http://search.msn.com/msnbot.htm)._"
157.55.116.13 - - [19/Apr/2011:22:29:39 +0200] "GET /viewtopic.php?p=1143 HTTP/1.1" 200 1921 "-" "msnbot/2.0b (+http://search.msn.com/msnbot.htm)._"
79.92.69.238 - - [19/Apr/2011:22:29:40 +0200] "GET /admin/admin_forums.php?sid=eac6d37ca535283870d7007f358aec94 HTTP/1.1" 200 4048 "-" "Mozilla/5.0 (Windows NT 6.1; WOW64; rv:2.0) Gecko/20100101 Firefox/4.0"
79.92.69.238 - - [19/Apr/2011:22:29:41 +0200] "GET /templates/rmstyle/rmstyle.css HTTP/1.1" 304 - "-" "Mozilla/5.0 (Windows NT 6.1; WOW64; rv:2.0) Gecko/20100101 Firefox/4.0"
157.55.116.13 - - [19/Apr/2011:22:29:42 +0200] "GET /viewtopic.php?p=28886 HTTP/1.1" 200 1921 "-" "msnbot/2.0b (+http://search.msn.com/msnbot.htm)._"
88.126.152.8 - - [19/Apr/2011:22:29:43 +0200] "GET / HTTP/1.1" 200 6163 "-" "Mozilla/5.0 (Windows NT 6.1; WOW64; rv:2.0) Gecko/20100101 Firefox/4.0"
88.126.152.8 - - [19/Apr/2011:22:29:43 +0200] "GET /shoutbox.php HTTP/1.1" 200 992 "http://forum.rally-infernal.info/" "Mozilla/5.0 (Windows NT 6.1; WOW64; rv:2.0) Gecko/20100101 Firefox/4.0"
88.126.152.8 - - [19/Apr/2011:22:29:43 +0200] "GET /shoutbox_view.php?start=0 HTTP/1.1" 200 1147 "http://forum.rally-infernal.info/shoutbox.php" "Mozilla/5.0 (Windows NT 6.1; WOW64; rv:2.0) Gecko/20100101 Firefox/4.0"
157.55.116.13 - - [19/Apr/2011:22:29:45 +0200] "GET /viewtopic.php?p=40713 HTTP/1.1" 200 1921 "-" "msnbot/2.0b (+http://search.msn.com/msnbot.htm)._"
79.92.69.238 - - [19/Apr/2011:22:29:45 +0200] "GET /admin/admin_board.php?sid=eac6d37ca535283870d7007f358aec94 HTTP/1.1" 200 4608 "-" "Mozilla/5.0 (Windows NT 6.1; WOW64; rv:2.0) Gecko/20100101 Firefox/4.0"
79.92.69.238 - - [19/Apr/2011:22:29:46 +0200] "GET /templates/rmstyle/rmstyle.css HTTP/1.1" 304 - "-" "Mozilla/5.0 (Windows NT 6.1; WOW64; rv:2.0) Gecko/20100101 Firefox/4.0"
157.55.116.13 - - [19/Apr/2011:22:29:49 +0200] "GET /viewtopic.php?p=27893 HTTP/1.1" 200 1921 "-" "msnbot/2.0b (+http://search.msn.com/msnbot.htm)._"
157.55.116.13 - - [19/Apr/2011:22:29:52 +0200] "GET /viewtopic.php?p=66144 HTTP/1.1" 200 1921 "-" "msnbot/2.0b (+http://search.msn.com/msnbot.htm)._"
157.55.116.13 - - [19/Apr/2011:22:29:54 +0200] "GET /viewtopic.php?p=47866 HTTP/1.1" 200 1921 "-" "msnbot/2.0b (+http://search.msn.com/msnbot.htm)._"
79.92.69.238 - - [19/Apr/2011:22:29:55 +0200] "POST /admin/admin_board.php?sid=eac6d37ca535283870d7007f358aec94 HTTP/1.1" 200 1324 "-" "Mozilla/5.0 (Windows NT 6.1; WOW64; rv:2.0) Gecko/20100101 Firefox/4.0"
79.92.69.238 - - [19/Apr/2011:22:29:55 +0200] "GET /templates/rmstyle/rmstyle.css HTTP/1.1" 304 - "-" "Mozilla/5.0 (Windows NT 6.1; WOW64; rv:2.0) Gecko/20100101 Firefox/4.0"
157.55.116.13 - - [19/Apr/2011:22:29:58 +0200] "GET /viewtopic.php?p=5308 HTTP/1.1" 200 105 "-" "msnbot/2.0b (+http://search.msn.com/msnbot.htm)._"
157.55.116.13 - - [19/Apr/2011:22:30:01 +0200] "GET /viewtopic.php?p=23747 HTTP/1.1" 200 105 "-" "msnbot/2.0b (+http://search.msn.com/msnbot.htm)._"
88.174.136.152 - - [19/Apr/2011:22:30:03 +0200] "GET /images/smiles/icon_hap.gif HTTP/1.1" 200 178 "http://www.trackmania.com/fr/forum/viewtopic.php?t=34755&postdays=0&postorder=asc&start=1050" "Mozilla/5.0 (Windows; U; Windows NT 5.1; fr; rv:1.9.2.16) Gecko/20110319 Firefox/3.6.16 ( .NET CLR 3.5.30729; .NET4.0C)"
79.92.69.238 - - [19/Apr/2011:22:30:03 +0200] "GET /index.php?sid=eac6d37ca535283870d7007f358aec94 HTTP/1.1" 200 2032 "-" "Mozilla/5.0 (Windows NT 6.1; WOW64; rv:2.0) Gecko/20100101 Firefox/4.0"
79.92.69.238 - - [19/Apr/2011:22:30:04 +0200] "GET /templates/rmstyle/rmstyle.css HTTP/1.1" 304 - "-" "Mozilla/5.0 (Windows NT 6.1; WOW64; rv:2.0) Gecko/20100101 Firefox/4.0"
157.55.116.13 - - [19/Apr/2011:22:30:04 +0200] "GET /viewtopic.php?p=103730 HTTP/1.1" 200 105 "-" "msnbot/2.0b (+http://search.msn.com/msnbot.htm)._"
157.55.116.13 - - [19/Apr/2011:22:30:06 +0200] "GET /viewtopic.php?p=86306 HTTP/1.1" 200 105 "-" "msnbot/2.0b (+http://search.msn.com/msnbot.htm)._"
157.55.116.13 - - [19/Apr/2011:22:30:09 +0200] "GET /viewtopic.php?p=19721 HTTP/1.1" 200 105 "-" "msnbot/2.0b (+http://search.msn.com/msnbot.htm)._"
92.147.73.62 - - [19/Apr/2011:22:30:10 +0200] "GET / HTTP/1.1" 200 1949 "-" "Mozilla/5.0 (Windows NT 6.1; WOW64; rv:2.0) Gecko/20100101 Firefox/4.0"
88.126.152.8 - - [19/Apr/2011:22:30:11 +0200] "GET /admin/index.php?sid=8102ff27eea9cd4a27d1cd5793caf475 HTTP/1.1" 302 20 "http://forum.rally-infernal.info/" "Mozilla/5.0 (Windows NT 6.1; WOW64; rv:2.0) Gecko/20100101 Firefox/4.0"
88.126.152.8 - - [19/Apr/2011:22:30:12 +0200] "GET /login.php?redirect=admin/index.php&admin=1&sid=8102ff27eea9cd4a27d1cd5793caf475 HTTP/1.1" 200 2372 "http://forum.rally-infernal.info/" "Mozilla/5.0 (Windows NT 6.1; WOW64; rv:2.0) Gecko/20100101 Firefox/4.0"
92.147.73.62 - - [19/Apr/2011:22:30:12 +0200] "GET / HTTP/1.1" 200 1949 "-" "Mozilla/5.0 (Windows NT 6.1; WOW64; rv:2.0) Gecko/20100101 Firefox/4.0"
157.55.116.13 - - [19/Apr/2011:22:30:13 +0200] "GET /viewtopic.php?p=56612 HTTP/1.1" 200 105 "-" "msnbot/2.0b (+http://search.msn.com/msnbot.htm)._"
92.147.73.62 - - [19/Apr/2011:22:30:13 +0200] "GET / HTTP/1.1" 200 1949 "-" "Mozilla/5.0 (Windows NT 6.1; WOW64; rv:2.0) Gecko/20100101 Firefox/4.0"
88.126.152.8 - - [19/Apr/2011:22:30:14 +0200] "POST /login.php HTTP/1.1" 302 20 "http://forum.rally-infernal.info/login.php?redirect=admin/index.php&admin=1&sid=8102ff27eea9cd4a27d1cd5793caf475" "Mozilla/5.0 (Windows NT 6.1; WOW64; rv:2.0) Gecko/20100101 Firefox/4.0"
88.126.152.8 - - [19/Apr/2011:22:30:14 +0200] "GET /admin/index.php?admin=1&sid=8102ff27eea9cd4a27d1cd5793caf475 HTTP/1.1" 200 460 "http://forum.rally-infernal.info/login.php?redirect=admin/index.php&admin=1&sid=8102ff27eea9cd4a27d1cd5793caf475" "Mozilla/5.0 (Windows NT 6.1; WOW64; rv:2.0) Gecko/20100101 Firefox/4.0"
88.126.152.8 - - [19/Apr/2011:22:30:14 +0200] "GET /admin/index.php?pane=left&sid=8102ff27eea9cd4a27d1cd5793caf475 HTTP/1.1" 200 1905 "http://forum.rally-infernal.info/admin/index.php?admin=1&sid=8102ff27eea9cd4a27d1cd5793caf475" "Mozilla/5.0 (Windows NT 6.1; WOW64; rv:2.0) Gecko/20100101 Firefox/4.0"
88.126.152.8 - - [19/Apr/2011:22:30:14 +0200] "GET /admin/index.php?pane=right&sid=8102ff27eea9cd4a27d1cd5793caf475 HTTP/1.1" 200 2809 "http://forum.rally-infernal.info/admin/index.php?admin=1&sid=8102ff27eea9cd4a27d1cd5793caf475" "Mozilla/5.0 (Windows NT 6.1; WOW64; rv:2.0) Gecko/20100101 Firefox/4.0"
157.55.116.13 - - [19/Apr/2011:22:30:15 +0200] "GET /viewtopic.php?p=94771 HTTP/1.1" 200 105 "-" "msnbot/2.0b (+http://search.msn.com/msnbot.htm)._"
157.55.116.13 - - [19/Apr/2011:22:30:18 +0200] "GET /viewtopic.php?t=83&start=255 HTTP/1.1" 200 105 "-" "msnbot/2.0b (+http://search.msn.com/msnbot.htm)._"
157.55.116.13 - - [19/Apr/2011:22:30:19 +0200] "GET /viewtopic.php?p=93541 HTTP/1.1" 200 105 "-" "msnbot/2.0b (+http://search.msn.com/msnbot.htm)._"
157.55.116.13 - - [19/Apr/2011:22:30:21 +0200] "GET /viewtopic.php?p=64410 HTTP/1.1" 200 105 "-" "msnbot/2.0b (+http://search.msn.com/msnbot.htm)._"
123.125.71.96 - - [19/Apr/2011:22:30:23 +0200] "GET / HTTP/1.1" 403 202 "-" "Baiduspider+(+http://www.baidu.com/search/spider.htm)"
157.55.116.13 - - [19/Apr/2011:22:30:23 +0200] "GET /viewtopic.php?p=62353 HTTP/1.1" 200 105 "-" "msnbot/2.0b (+http://search.msn.com/msnbot.htm)._"
88.126.152.8 - - [19/Apr/2011:22:30:24 +0200] "GET /admin/admin_account.php?action=inactive&sid=8102ff27eea9cd4a27d1cd5793caf475 HTTP/1.1" 200 2576 "http://forum.rally-infernal.info/admin/index.php?pane=left&sid=8102ff27eea9cd4a27d1cd5793caf475" "Mozilla/5.0 (Windows NT 6.1; WOW64; rv:2.0) Gecko/20100101 Firefox/4.0"
157.55.116.13 - - [19/Apr/2011:22:30:26 +0200] "GET /viewtopic.php?p=62321 HTTP/1.1" 200 105 "-" "msnbot/2.0b (+http://search.msn.com/msnbot.htm)._"
157.55.116.13 - - [19/Apr/2011:22:30:28 +0200] "GET /viewtopic.php?p=28044 HTTP/1.1" 200 105 "-" "msnbot/2.0b (+http://search.msn.com/msnbot.htm)._"
88.126.152.8 - - [19/Apr/2011:22:30:28 +0200] "GET /index.php?sid=8102ff27eea9cd4a27d1cd5793caf475 HTTP/1.1" 200 1958 "http://forum.rally-infernal.info/admin/index.php?pane=left&sid=8102ff27eea9cd4a27d1cd5793caf475" "Mozilla/5.0 (Windows NT 6.1; WOW64; rv:2.0) Gecko/20100101 Firefox/4.0"
157.55.116.13 - - [19/Apr/2011:22:30:30 +0200] "GET /viewtopic.php?p=9719 HTTP/1.1" 200 105 "-" "msnbot/2.0b (+http://search.msn.com/msnbot.htm)._"
157.55.116.13 - - [19/Apr/2011:22:30:31 +0200] "GET /viewtopic.php?p=27932 HTTP/1.1" 200 105 "-" "msnbot/2.0b (+http://search.msn.com/msnbot.htm)._"
157.55.116.13 - - [19/Apr/2011:22:30:33 +0200] "GET /viewtopic.php?p=12103 HTTP/1.1" 200 105 "-" "msnbot/2.0b (+http://search.msn.com/msnbot.htm)._"
157.55.116.13 - - [19/Apr/2011:22:30:35 +0200] "GET /viewtopic.php?p=84605 HTTP/1.1" 200 105 "-" "msnbot/2.0b (+http://search.msn.com/msnbot.htm)._"
79.95.133.150 - - [19/Apr/2011:22:30:36 +0200] "GET /shoutbox_view.php?0?auto_refresh=1 HTTP/1.1" 200 1949 "http://forum.rally-infernal.info/shoutbox_view.php?0?auto_refresh=1" "Mozilla/5.0 (Windows; U; Windows NT 5.1; en-US) AppleWebKit/534.16 (KHTML, like Gecko) Chrome/10.0.648.205 Safari/534.16"
157.55.116.13 - - [19/Apr/2011:22:30:37 +0200] "GET /viewtopic.php?p=114343 HTTP/1.1" 200 105 "-" "msnbot/2.0b (+http://search.msn.com/msnbot.htm)._"
157.55.116.13 - - [19/Apr/2011:22:30:39 +0200] "GET /viewtopic.php?p=48993 HTTP/1.1" 200 105 "-" "msnbot/2.0b (+http://search.msn.com/msnbot.htm)._"
157.55.116.13 - - [19/Apr/2011:22:30:42 +0200] "GET /viewtopic.php?p=71884 HTTP/1.1" 200 105 "-" "msnbot/2.0b (+http://search.msn.com/msnbot.htm)._"
157.55.116.13 - - [19/Apr/2011:22:30:44 +0200] "GET /viewtopic.php?p=83567 HTTP/1.1" 200 105 "-" "msnbot/2.0b (+http://search.msn.com/msnbot.htm)._"
157.55.116.13 - - [19/Apr/2011:22:30:46 +0200] "GET /viewtopic.php?p=41031 HTTP/1.1" 200 105 "-" "msnbot/2.0b (+http://search.msn.com/msnbot.htm)._"
220.181.108.169 - - [19/Apr/2011:22:30:46 +0200] "GET / HTTP/1.1" 403 202 "-" "Baiduspider+(+http://www.baidu.com/search/spider.htm)"
157.55.116.13 - - [19/Apr/2011:22:30:47 +0200] "GET /viewtopic.php?p=27370 HTTP/1.1" 200 105 "-" "msnbot/2.0b (+http://search.msn.com/msnbot.htm)._"
157.55.116.13 - - [19/Apr/2011:22:30:48 +0200] "GET /viewtopic.php?p=2390 HTTP/1.1" 200 105 "-" "msnbot/2.0b (+http://search.msn.com/msnbot.htm)._"
157.55.116.13 - - [19/Apr/2011:22:30:50 +0200] "GET /viewtopic.php?p=106750 HTTP/1.1" 200 105 "-" "msnbot/2.0b (+http://search.msn.com/msnbot.htm)._"
157.55.116.13 - - [19/Apr/2011:22:30:52 +0200] "GET /viewtopic.php?p=46419 HTTP/1.1" 200 105 "-" "msnbot/2.0b (+http://search.msn.com/msnbot.htm)._"
157.55.116.13 - - [19/Apr/2011:22:30:53 +0200] "GET /viewtopic.php?p=26167 HTTP/1.1" 200 105 "-" "msnbot/2.0b (+http://search.msn.com/msnbot.htm)._"
157.55.116.13 - - [19/Apr/2011:22:30:55 +0200] "GET /viewtopic.php?p=29690 HTTP/1.1" 200 105 "-" "msnbot/2.0b (+http://search.msn.com/msnbot.htm)._"
157.55.116.13 - - [19/Apr/2011:22:30:56 +0200] "GET /viewtopic.php?p=85718 HTTP/1.1" 200 105 "-" "msnbot/2.0b (+http://search.msn.com/msnbot.htm)._"
157.55.116.13 - - [19/Apr/2011:22:30:58 +0200] "GET /viewtopic.php?p=88562 HTTP/1.1" 200 105 "-" "msnbot/2.0b (+http://search.msn.com/msnbot.htm)._"
157.55.116.13 - - [19/Apr/2011:22:30:59 +0200] "GET /viewtopic.php?p=65108 HTTP/1.1" 200 105 "-" "msnbot/2.0b (+http://search.msn.com/msnbot.htm)._"
157.55.116.13 - - [19/Apr/2011:22:31:01 +0200] "GET /viewtopic.php?p=98696 HTTP/1.1" 200 105 "-" "msnbot/2.0b (+http://search.msn.com/msnbot.htm)._"
157.55.116.13 - - [19/Apr/2011:22:31:02 +0200] "GET /viewtopic.php?p=41442 HTTP/1.1" 200 105 "-" "msnbot/2.0b (+http://search.msn.com/msnbot.htm)._"
157.55.116.13 - - [19/Apr/2011:22:31:04 +0200] "GET /viewtopic.php?p=97853 HTTP/1.1" 200 105 "-" "msnbot/2.0b (+http://search.msn.com/msnbot.htm)._"
157.55.116.13 - - [19/Apr/2011:22:31:06 +0200] "GET /viewtopic.php?p=56282 HTTP/1.1" 200 105 "-" "msnbot/2.0b (+http://search.msn.com/msnbot.htm)._"
157.55.116.13 - - [19/Apr/2011:22:31:08 +0200] "GET /viewtopic.php?p=89652 HTTP/1.1" 200 105 "-" "msnbot/2.0b (+http://search.msn.com/msnbot.htm)._"
157.55.116.13 - - [19/Apr/2011:22:31:10 +0200] "GET /viewtopic.php?p=25619 HTTP/1.1" 200 105 "-" "msnbot/2.0b (+http://search.msn.com/msnbot.htm)._"
157.55.116.13 - - [19/Apr/2011:22:31:12 +0200] "GET /viewtopic.php?p=61618 HTTP/1.1" 200 105 "-" "msnbot/2.0b (+http://search.msn.com/msnbot.htm)._"
157.55.116.13 - - [19/Apr/2011:22:31:15 +0200] "GET /posting.php?mode=quote&p=111936 HTTP/1.1" 200 105 "-" "msnbot/2.0b (+http://search.msn.com/msnbot.htm)._"
157.55.116.13 - - [19/Apr/2011:22:31:17 +0200] "GET /viewtopic.php?p=15182 HTTP/1.1" 200 105 "-" "msnbot/2.0b (+http://search.msn.com/msnbot.htm)._"
157.55.116.13 - - [19/Apr/2011:22:31:18 +0200] "GET /viewtopic.php?p=17617 HTTP/1.1" 200 105 "-" "msnbot/2.0b (+http://search.msn.com/msnbot.htm)._"
157.55.116.13 - - [19/Apr/2011:22:31:20 +0200] "GET /posting.php?mode=quote&p=92367 HTTP/1.1" 200 105 "-" "msnbot/2.0b (+http://search.msn.com/msnbot.htm)._"
92.147.73.62 - - [19/Apr/2011:22:31:21 +0200] "GET / HTTP/1.1" 200 1949 "-" "Mozilla/5.0 (Windows NT 6.1; WOW64; rv:2.0) Gecko/20100101 Firefox/4.0"
88.126.152.8 - - [19/Apr/2011:22:31:23 +0200] "GET / HTTP/1.1" 200 1958 "-" "Mozilla/5.0 (Windows NT 6.1; WOW64; rv:2.0) Gecko/20100101 Firefox/4.0"
