66.249.66.146 - - [19/Apr/2011:22:14:57 +0200] "GET /viewtopic.php?p=71811&sid=87c9fa1009fdf0c67cf99a4ee7270852 HTTP/1.1" 200 8347 "-" "Mozilla/5.0 (compatible; Googlebot/2.1; +http://www.google.com/bot.html)"
157.55.116.13 - - [19/Apr/2011:22:14:58 +0200] "GET /viewtopic.php?p=26868 HTTP/1.1" 200 1921 "-" "msnbot/2.0b (+http://search.msn.com/msnbot.htm)._"
89.170.22.112 - - [19/Apr/2011:22:14:58 +0200] "GET /login.php?logout=true&sid=b539f6d4770d14ad6b3d120a666176e8 HTTP/1.1" 302 20 "http://forum.rally-infernal.info/" "Mozilla/5.0 (Windows NT 6.1; WOW64; rv:2.0) Gecko/20100101 Firefox/4.0"
89.170.22.112 - - [19/Apr/2011:22:14:58 +0200] "GET /index.php HTTP/1.1" 200 6418 "http://forum.rally-infernal.info/" "Mozilla/5.0 (Windows NT 6.1; WOW64; rv:2.0) Gecko/20100101 Firefox/4.0"
89.170.22.112 - - [19/Apr/2011:22:14:58 +0200] "GET /shoutbox.php?sid=5a8d93b07d389823a643554bdac0fe25 HTTP/1.1" 200 736 "http://forum.rally-infernal.info/index.php" "Mozilla/5.0 (Windows NT 6.1; WOW64; rv:2.0) Gecko/20100101 Firefox/4.0"
89.170.22.112 - - [19/Apr/2011:22:14:58 +0200] "GET /shoutbox_view.php?start=0 HTTP/1.1" 200 1074 "http://forum.rally-infernal.info/shoutbox.php?sid=5a8d93b07d389823a643554bdac0fe25" "Mozilla/5.0 (Windows NT 6.1; WOW64; rv:2.0) Gecko/20100101 Firefox/4.0"
157.55.116.13 - - [19/Apr/2011:22:15:00 +0200] "GET /viewtopic.php?p=2705 HTTP/1.1" 200 1921 "-" "msnbot/2.0b (+http://search.msn.com/msnbot.htm)._"
157.55.116.13 - - [19/Apr/2011:22:15:03 +0200] "GET /viewtopic.php?p=2959 HTTP/1.1" 200 1921 "-" "msnbot/2.0b (+http://search.msn.com/msnbot.htm)._"
157.55.116.13 - - [19/Apr/2011:22:15:07 +0200] "GET /viewtopic.php?p=47507 HTTP/1.1" 200 1921 "-" "msnbot/2.0b (+http://search.msn.com/msnbot.htm)._"
157.55.116.13 - - [19/Apr/2011:22:15:12 +0200] "GET /viewtopic.php?p=34836 HTTP/1.1" 200 1921 "-" "msnbot/2.0b (+http://search.msn.com/msnbot.htm)._"
157.55.116.13 - - [19/Apr/2011:22:15:14 +0200] "GET /viewtopic.php?p=3308 HTTP/1.1" 200 1921 "-" "msnbot/2.0b (+http://search.msn.com/msnbot.htm)._"
92.147.73.62 - - [19/Apr/2011:22:15:14 +0200] "GET / HTTP/1.1" 200 6190 "-" "Mozilla/5.0 (Windows NT 6.1; WOW64; rv:2.0) Gecko/20100101 Firefox/4.0"
92.147.73.62 - - [19/Apr/2011:22:15:15 +0200] "GET /shoutbox.php HTTP/1.1" 200 736 "http://forum.rally-infernal.info/" "Mozilla/5.0 (Windows NT 6.1; WOW64; rv:2.0) Gecko/20100101 Firefox/4.0"
92.147.73.62 - - [19/Apr/2011:22:15:15 +0200] "GET /shoutbox_view.php?start=0 HTTP/1.1" 200 1074 "http://forum.rally-infernal.info/shoutbox.php" "Mozilla/5.0 (Windows NT 6.1; WOW64; rv:2.0) Gecko/20100101 Firefox/4.0"
157.55.116.13 - - [19/Apr/2011:22:15:16 +0200] "GET /viewtopic.php?p=26673 HTTP/1.1" 200 1921 "-" "msnbot/2.0b (+http://search.msn.com/msnbot.htm)._"
92.147.73.62 - - [19/Apr/2011:22:15:19 +0200] "GET /login.php HTTP/1.1" 200 2340 "http://forum.rally-infernal.info/" "Mozilla/5.0 (Windows NT 6.1; WOW64; rv:2.0) Gecko/20100101 Firefox/4.0"
92.147.73.62 - - [19/Apr/2011:22:15:20 +0200] "POST /login.php HTTP/1.1" 302 20 "http://forum.rally-infernal.info/login.php" "Mozilla/5.0 (Windows NT 6.1; WOW64; rv:2.0) Gecko/20100101 Firefox/4.0"
89.170.22.112 - - [19/Apr/2011:22:15:20 +0200] "GET /index.php HTTP/1.1" 200 6198 "http://forum.rally-infernal.info/" "Mozilla/5.0 (Windows NT 6.1; WOW64; rv:2.0) Gecko/20100101 Firefox/4.0"
92.147.73.62 - - [19/Apr/2011:22:15:20 +0200] "GET /index.php?sid=57b6c9eaca24825b973f4716edf64e06 HTTP/1.1" 200 6084 "http://forum.rally-infernal.info/login.php" "Mozilla/5.0 (Windows NT 6.1; WOW64; rv:2.0) Gecko/20100101 Firefox/4.0"
157.55.116.13 - - [19/Apr/2011:22:15:20 +0200] "GET /viewtopic.php?p=109663 HTTP/1.1" 200 1921 "-" "msnbot/2.0b (+http://search.msn.com/msnbot.htm)._"
92.147.73.62 - - [19/Apr/2011:22:15:20 +0200] "GET /shoutbox.php HTTP/1.1" 200 992 "http://forum.rally-infernal.info/index.php?sid=57b6c9eaca24825b973f4716edf64e06" "Mozilla/5.0 (Windows NT 6.1; WOW64; rv:2.0) Gecko/20100101 Firefox/4.0"
92.147.73.62 - - [19/Apr/2011:22:15:20 +0200] "GET /shoutbox_view.php?start=0 HTTP/1.1" 200 1072 "http://forum.rally-infernal.info/shoutbox.php" "Mozilla/5.0 (Windows NT 6.1; WOW64; rv:2.0) Gecko/20100101 Firefox/4.0"
89.170.22.112 - - [19/Apr/2011:22:15:20 +0200] "GET /templates/rmstyle/rmstyle.css HTTP/1.1" 304 - "http://forum.rally-infernal.info/index.php" "Mozilla/5.0 (Windows NT 6.1; WOW64; rv:2.0) Gecko/20100101 Firefox/4.0"
89.170.22.112 - - [19/Apr/2011:22:15:21 +0200] "GET /templates/rmstyle/images/bg_body.jpg HTTP/1.1" 304 - "http://forum.rally-infernal.info/templates/rmstyle/rmstyle.css" "Mozilla/5.0 (Windows NT 6.1; WOW64; rv:2.0) Gecko/20100101 Firefox/4.0"
89.170.22.112 - - [19/Apr/2011:22:15:21 +0200] "GET /templates/rmstyle/images/lang_french/icon_mini_faq.png HTTP/1.1" 304 - "http://forum.rally-infernal.info/index.php" "Mozilla/5.0 (Windows NT 6.1; WOW64; rv:2.0) Gecko/20100101 Firefox/4.0"
89.170.22.112 - - [19/Apr/2011:22:15:21 +0200] "GET /templates/rmstyle/images/lang_french/icon_mini_members.png HTTP/1.1" 304 - "http://forum.rally-infernal.info/index.php" "Mozilla/5.0 (Windows NT 6.1; WOW64; rv:2.0) Gecko/20100101 Firefox/4.0"
89.170.22.112 - - [19/Apr/2011:22:15:21 +0200] "GET /templates/rmstyle/images/lang_french/icon_mini_search.png HTTP/1.1" 304 - "http://forum.rally-infernal.info/index.php" "Mozilla/5.0 (Windows NT 6.1; WOW64; rv:2.0) Gecko/20100101 Firefox/4.0"
89.170.22.112 - - [19/Apr/2011:22:15:21 +0200] "GET /templates/rmstyle/images/logo_rmstyle.jpg HTTP/1.1" 304 - "http://forum.rally-infernal.info/index.php" "Mozilla/5.0 (Windows NT 6.1; WOW64; rv:2.0) Gecko/20100101 Firefox/4.0"
89.170.22.112 - - [19/Apr/2011:22:15:21 +0200] "GET /templates/rmstyle/images/lang_french/icon_mini_groups.png HTTP/1.1" 304 - "http://forum.rally-infernal.info/index.php" "Mozilla/5.0 (Windows NT 6.1; WOW64; rv:2.0) Gecko/20100101 Firefox/4.0"
89.170.22.112 - - [19/Apr/2011:22:15:21 +0200] "GET /shoutbox.php HTTP/1.1" 200 736 "http://forum.rally-infernal.info/index.php" "Mozilla/5.0 (Windows NT 6.1; WOW64; rv:2.0) Gecko/20100101 Firefox/4.0"
89.170.22.112 - - [19/Apr/2011:22:15:21 +0200] "GET /templates/rmstyle/images/lang_french/icon_mini_profile.png HTTP/1.1" 304 - "http://forum.rally-infernal.info/index.php" "Mozilla/5.0 (Windows NT 6.1; WOW64; rv:2.0) Gecko/20100101 Firefox/4.0"
89.170.22.112 - - [19/Apr/2011:22:15:21 +0200] "GET /templates/rmstyle/images/lang_french/icon_mini_message.png HTTP/1.1" 304 - "http://forum.rally-infernal.info/index.php" "Mozilla/5.0 (Windows NT 6.1; WOW64; rv:2.0) Gecko/20100101 Firefox/4.0"
89.170.22.112 - - [19/Apr/2011:22:15:21 +0200] "GET /templates/rmstyle/images/lang_french/icon_mini_login.png HTTP/1.1" 304 - "http://forum.rally-infernal.info/index.php" "Mozilla/5.0 (Windows NT 6.1; WOW64; rv:2.0) Gecko/20100101 Firefox/4.0"
89.170.22.112 - - [19/Apr/2011:22:15:21 +0200] "GET /templates/rmstyle/images/lang_french/icon_mini_register.png HTTP/1.1" 304 - "http://forum.rally-infernal.info/index.php" "Mozilla/5.0 (Windows NT 6.1; WOW64; rv:2.0) Gecko/20100101 Firefox/4.0"
89.170.22.112 - - [19/Apr/2011:22:15:21 +0200] "GET /templates/rmstyle/images/lang_french/icon_mini_site.png HTTP/1.1" 304 - "http://forum.rally-infernal.info/index.php" "Mozilla/5.0 (Windows NT 6.1; WOW64; rv:2.0) Gecko/20100101 Firefox/4.0"
89.170.22.112 - - [19/Apr/2011:22:15:21 +0200] "GET /templates/rmstyle/images/ft_showhide.gif HTTP/1.1" 304 - "http://forum.rally-infernal.info/index.php" "Mozilla/5.0 (Windows NT 6.1; WOW64; rv:2.0) Gecko/20100101 Firefox/4.0"
89.170.22.112 - - [19/Apr/2011:22:15:21 +0200] "GET /templates/rmstyle/images/folder_sticky_new.png HTTP/1.1" 304 - "http://forum.rally-infernal.info/index.php" "Mozilla/5.0 (Windows NT 6.1; WOW64; rv:2.0) Gecko/20100101 Firefox/4.0"
89.170.22.112 - - [19/Apr/2011:22:15:21 +0200] "GET /templates/rmstyle/images/icon_latest_reply.gif HTTP/1.1" 304 - "http://forum.rally-infernal.info/index.php" "Mozilla/5.0 (Windows NT 6.1; WOW64; rv:2.0) Gecko/20100101 Firefox/4.0"
89.170.22.112 - - [19/Apr/2011:22:15:21 +0200] "GET /templates/rmstyle/images/folder_new.png HTTP/1.1" 304 - "http://forum.rally-infernal.info/index.php" "Mozilla/5.0 (Windows NT 6.1; WOW64; rv:2.0) Gecko/20100101 Firefox/4.0"
89.170.22.112 - - [19/Apr/2011:22:15:21 +0200] "GET /templates/rmstyle/images/folder_new_hot.png HTTP/1.1" 304 - "http://forum.rally-infernal.info/index.php" "Mozilla/5.0 (Windows NT 6.1; WOW64; rv:2.0) Gecko/20100101 Firefox/4.0"
89.170.22.112 - - [19/Apr/2011:22:15:21 +0200] "GET /shoutbox_view.php?start=0 HTTP/1.1" 200 1074 "http://forum.rally-infernal.info/shoutbox.php" "Mozilla/5.0 (Windows NT 6.1; WOW64; rv:2.0) Gecko/20100101 Firefox/4.0"
89.170.22.112 - - [19/Apr/2011:22:15:22 +0200] "GET /templates/rmstyle/images/hd_rgt.jpg HTTP/1.1" 304 - "http://forum.rally-infernal.info/index.php" "Mozilla/5.0 (Windows NT 6.1; WOW64; rv:2.0) Gecko/20100101 Firefox/4.0"
89.170.22.112 - - [19/Apr/2011:22:15:22 +0200] "GET /templates/rmstyle/images/folder_big.png HTTP/1.1" 304 - "http://forum.rally-infernal.info/index.php" "Mozilla/5.0 (Windows NT 6.1; WOW64; rv:2.0) Gecko/20100101 Firefox/4.0"
89.170.22.112 - - [19/Apr/2011:22:15:22 +0200] "GET /templates/rmstyle/images/folders_big.png HTTP/1.1" 304 - "http://forum.rally-infernal.info/index.php" "Mozilla/5.0 (Windows NT 6.1; WOW64; rv:2.0) Gecko/20100101 Firefox/4.0"
89.170.22.112 - - [19/Apr/2011:22:15:22 +0200] "GET /templates/rmstyle/images/hd_check.png HTTP/1.1" 304 - "http://forum.rally-infernal.info/index.php" "Mozilla/5.0 (Windows NT 6.1; WOW64; rv:2.0) Gecko/20100101 Firefox/4.0"
89.170.22.112 - - [19/Apr/2011:22:15:22 +0200] "GET /templates/rmstyle/images/whosonline.png HTTP/1.1" 304 - "http://forum.rally-infernal.info/index.php" "Mozilla/5.0 (Windows NT 6.1; WOW64; rv:2.0) Gecko/20100101 Firefox/4.0"
89.170.22.112 - - [19/Apr/2011:22:15:22 +0200] "GET /templates/rmstyle/images/folder_new_big.png HTTP/1.1" 304 - "http://forum.rally-infernal.info/index.php" "Mozilla/5.0 (Windows NT 6.1; WOW64; rv:2.0) Gecko/20100101 Firefox/4.0"
89.170.22.112 - - [19/Apr/2011:22:15:22 +0200] "GET /templates/rmstyle/images/folder_locked_big.png HTTP/1.1" 304 - "http://forum.rally-infernal.info/index.php" "Mozilla/5.0 (Windows NT 6.1; WOW64; rv:2.0) Gecko/20100101 Firefox/4.0"
89.170.22.112 - - [19/Apr/2011:22:15:22 +0200] "GET /images/abq_mod/admin/abq-button.gif HTTP/1.1" 304 - "http://forum.rally-infernal.info/index.php" "Mozilla/5.0 (Windows NT 6.1; WOW64; rv:2.0) Gecko/20100101 Firefox/4.0"
89.170.22.112 - - [19/Apr/2011:22:15:22 +0200] "GET /templates/rmstyle/images/bg_index.jpg HTTP/1.1" 304 - "http://forum.rally-infernal.info/templates/rmstyle/rmstyle.css" "Mozilla/5.0 (Windows NT 6.1; WOW64; rv:2.0) Gecko/20100101 Firefox/4.0"
157.55.116.13 - - [19/Apr/2011:22:15:22 +0200] "GET /viewtopic.php?p=101847 HTTP/1.1" 200 1921 "-" "msnbot/2.0b (+http://search.msn.com/msnbot.htm)._"
157.55.116.13 - - [19/Apr/2011:22:15:23 +0200] "GET /viewtopic.php?p=100082 HTTP/1.1" 200 1921 "-" "msnbot/2.0b (+http://search.msn.com/msnbot.htm)._"
157.55.116.13 - - [19/Apr/2011:22:15:25 +0200] "GET /viewtopic.php?p=114480 HTTP/1.1" 200 1921 "-" "msnbot/2.0b (+http://search.msn.com/msnbot.htm)._"
157.55.116.13 - - [19/Apr/2011:22:15:28 +0200] "GET /viewtopic.php?p=2058 HTTP/1.1" 200 1921 "-" "msnbot/2.0b (+http://search.msn.com/msnbot.htm)._"
157.55.116.13 - - [19/Apr/2011:22:15:30 +0200] "GET /viewtopic.php?p=17687 HTTP/1.1" 200 1921 "-" "msnbot/2.0b (+http://search.msn.com/msnbot.htm)._"
79.95.133.150 - - [19/Apr/2011:22:15:31 +0200] "GET /shoutbox_view.php?0?auto_refresh=1 HTTP/1.1" 200 1074 "http://forum.rally-infernal.info/shoutbox_view.php?0?auto_refresh=1" "Mozilla/5.0 (Windows; U; Windows NT 5.1; en-US) AppleWebKit/534.16 (KHTML, like Gecko) Chrome/10.0.648.205 Safari/534.16"
157.55.116.13 - - [19/Apr/2011:22:15:34 +0200] "GET /viewtopic.php?p=11530 HTTP/1.1" 200 1921 "-" "msnbot/2.0b (+http://search.msn.com/msnbot.htm)._"
157.55.116.13 - - [19/Apr/2011:22:15:36 +0200] "GET /viewtopic.php?p=58542 HTTP/1.1" 200 1921 "-" "msnbot/2.0b (+http://search.msn.com/msnbot.htm)._"
157.55.116.13 - - [19/Apr/2011:22:15:38 +0200] "GET /viewtopic.php?p=85965 HTTP/1.1" 200 1921 "-" "msnbot/2.0b (+http://search.msn.com/msnbot.htm)._"
157.55.116.13 - - [19/Apr/2011:22:15:41 +0200] "GET /viewtopic.php?p=87269 HTTP/1.1" 200 1921 "-" "msnbot/2.0b (+http://search.msn.com/msnbot.htm)._"
92.147.73.62 - - [19/Apr/2011:22:15:41 +0200] "POST /shoutbox.php?start=0 HTTP/1.1" 200 992 "http://forum.rally-infernal.info/shoutbox.php" "Mozilla/5.0 (Windows NT 6.1; WOW64; rv:2.0) Gecko/20100101 Firefox/4.0"
92.147.73.62 - - [19/Apr/2011:22:15:41 +0200] "GET /shoutbox_view.php?start=0 HTTP/1.1" 200 1106 "http://forum.rally-infernal.info/shoutbox.php?start=0" "Mozilla/5.0 (Windows NT 6.1; WOW64; rv:2.0) Gecko/20100101 Firefox/4.0"
157.55.116.13 - - [19/Apr/2011:22:15:43 +0200] "GET /viewtopic.php?p=85254 HTTP/1.1" 200 1921 "-" "msnbot/2.0b (+http://search.msn.com/msnbot.htm)._"
92.147.73.62 - - [19/Apr/2011:22:15:46 +0200] "GET /login.php?logout=true&sid=57b6c9eaca24825b973f4716edf64e06 HTTP/1.1" 302 20 "http://forum.rally-infernal.info/index.php?sid=57b6c9eaca24825b973f4716edf64e06" "Mozilla/5.0 (Windows NT 6.1; WOW64; rv:2.0) Gecko/20100101 Firefox/4.0"
157.55.116.13 - - [19/Apr/2011:22:15:46 +0200] "GET /viewtopic.php?p=8581 HTTP/1.1" 200 1921 "-" "msnbot/2.0b (+http://search.msn.com/msnbot.htm)._"
92.147.73.62 - - [19/Apr/2011:22:15:46 +0200] "GET /index.php HTTP/1.1" 200 6419 "http://forum.rally-infernal.info/index.php?sid=57b6c9eaca24825b973f4716edf64e06" "Mozilla/5.0 (Windows NT 6.1; WOW64; rv:2.0) Gecko/20100101 Firefox/4.0"
92.147.73.62 - - [19/Apr/2011:22:15:46 +0200] "GET /shoutbox.php?sid=1f5c524fd2729f910c92e2dd3fdcbe44 HTTP/1.1" 200 736 "http://forum.rally-infernal.info/index.php" "Mozilla/5.0 (Windows NT 6.1; WOW64; rv:2.0) Gecko/20100101 Firefox/4.0"
92.147.73.62 - - [19/Apr/2011:22:15:46 +0200] "GET /shoutbox_view.php?start=0 HTTP/1.1" 200 1108 "http://forum.rally-infernal.info/shoutbox.php?sid=1f5c524fd2729f910c92e2dd3fdcbe44" "Mozilla/5.0 (Windows NT 6.1; WOW64; rv:2.0) Gecko/20100101 Firefox/4.0"
157.55.116.13 - - [19/Apr/2011:22:15:48 +0200] "GET /viewtopic.php?p=88535 HTTP/1.1" 200 1921 "-" "msnbot/2.0b (+http://search.msn.com/msnbot.htm)._"
157.55.116.13 - - [19/Apr/2011:22:15:50 +0200] "GET /viewtopic.php?p=111938 HTTP/1.1" 200 1921 "-" "msnbot/2.0b (+http://search.msn.com/msnbot.htm)._"
157.55.116.13 - - [19/Apr/2011:22:15:53 +0200] "GET /viewtopic.php?p=87591 HTTP/1.1" 200 1921 "-" "msnbot/2.0b (+http://search.msn.com/msnbot.htm)._"
157.55.116.13 - - [19/Apr/2011:22:15:56 +0200] "GET /viewtopic.php?p=881 HTTP/1.1" 200 1921 "-" "msnbot/2.0b (+http://search.msn.com/msnbot.htm)._"
157.55.116.13 - - [19/Apr/2011:22:15:58 +0200] "GET /viewtopic.php?p=66756 HTTP/1.1" 200 1921 "-" "msnbot/2.0b (+http://search.msn.com/msnbot.htm)._"
157.55.116.13 - - [19/Apr/2011:22:16:00 +0200] "GET /viewtopic.php?p=68990 HTTP/1.1" 200 1921 "-" "msnbot/2.0b (+http://search.msn.com/msnbot.htm)._"
157.55.116.13 - - [19/Apr/2011:22:16:03 +0200] "GET /viewtopic.php?p=61517 HTTP/1.1" 200 1921 "-" "msnbot/2.0b (+http://search.msn.com/msnbot.htm)._"
89.170.22.112 - - [19/Apr/2011:22:16:04 +0200] "GET / HTTP/1.1" 200 6182 "-" "Mozilla/5.0 (Windows NT 6.1; WOW64; rv:2.0) Gecko/20100101 Firefox/4.0"
89.170.22.112 - - [19/Apr/2011:22:16:05 +0200] "GET /shoutbox.php HTTP/1.1" 200 736 "http://forum.rally-infernal.info/" "Mozilla/5.0 (Windows NT 6.1; WOW64; rv:2.0) Gecko/20100101 Firefox/4.0"
89.170.22.112 - - [19/Apr/2011:22:16:05 +0200] "GET /shoutbox_view.php?start=0 HTTP/1.1" 200 1108 "http://forum.rally-infernal.info/shoutbox.php" "Mozilla/5.0 (Windows NT 6.1; WOW64; rv:2.0) Gecko/20100101 Firefox/4.0"
157.55.116.13 - - [19/Apr/2011:22:16:05 +0200] "GET /viewtopic.php?p=66754 HTTP/1.1" 200 1921 "-" "msnbot/2.0b (+http://search.msn.com/msnbot.htm)._"
157.55.116.13 - - [19/Apr/2011:22:16:08 +0200] "GET /viewtopic.php?p=81183 HTTP/1.1" 200 1921 "-" "msnbot/2.0b (+http://search.msn.com/msnbot.htm)._"
157.55.116.13 - - [19/Apr/2011:22:16:11 +0200] "GET /viewtopic.php?p=83945 HTTP/1.1" 200 1921 "-" "msnbot/2.0b (+http://search.msn.com/msnbot.htm)._"
89.170.22.112 - - [19/Apr/2011:22:16:11 +0200] "GET /login.php HTTP/1.1" 200 2340 "http://forum.rally-infernal.info/" "Mozilla/5.0 (Windows NT 6.1; WOW64; rv:2.0) Gecko/20100101 Firefox/4.0"
157.55.116.13 - - [19/Apr/2011:22:16:13 +0200] "GET /viewtopic.php?p=80738 HTTP/1.1" 200 1921 "-" "msnbot/2.0b (+http://search.msn.com/msnbot.htm)._"
157.55.116.13 - - [19/Apr/2011:22:16:15 +0200] "GET /viewtopic.php?p=70854 HTTP/1.1" 200 1921 "-" "msnbot/2.0b (+http://search.msn.com/msnbot.htm)._"
157.55.116.13 - - [19/Apr/2011:22:16:18 +0200] "GET /viewtopic.php?p=20365 HTTP/1.1" 200 1921 "-" "msnbot/2.0b (+http://search.msn.com/msnbot.htm)._"
89.170.22.112 - - [19/Apr/2011:22:16:18 +0200] "POST /login.php HTTP/1.1" 302 20 "http://forum.rally-infernal.info/login.php" "Mozilla/5.0 (Windows NT 6.1; WOW64; rv:2.0) Gecko/20100101 Firefox/4.0"
89.170.22.112 - - [19/Apr/2011:22:16:18 +0200] "GET /index.php?sid=5a8d93b07d389823a643554bdac0fe25 HTTP/1.1" 200 6131 "http://forum.rally-infernal.info/login.php" "Mozilla/5.0 (Windows NT 6.1; WOW64; rv:2.0) Gecko/20100101 Firefox/4.0"
89.170.22.112 - - [19/Apr/2011:22:16:18 +0200] "GET /shoutbox.php HTTP/1.1" 200 992 "http://forum.rally-infernal.info/index.php?sid=5a8d93b07d389823a643554bdac0fe25" "Mozilla/5.0 (Windows NT 6.1; WOW64; rv:2.0) Gecko/20100101 Firefox/4.0"
89.170.22.112 - - [19/Apr/2011:22:16:19 +0200] "GET /shoutbox_view.php?start=0 HTTP/1.1" 200 1106 "http://forum.rally-infernal.info/shoutbox.php" "Mozilla/5.0 (Windows NT 6.1; WOW64; rv:2.0) Gecko/20100101 Firefox/4.0"
92.147.73.62 - - [19/Apr/2011:22:16:20 +0200] "GET / HTTP/1.1" 200 6191 "-" "Mozilla/5.0 (Windows NT 6.1; WOW64; rv:2.0) Gecko/20100101 Firefox/4.0"
92.147.73.62 - - [19/Apr/2011:22:16:20 +0200] "GET /shoutbox.php HTTP/1.1" 200 736 "http://forum.rally-infernal.info/" "Mozilla/5.0 (Windows NT 6.1; WOW64; rv:2.0) Gecko/20100101 Firefox/4.0"
157.55.116.13 - - [19/Apr/2011:22:16:20 +0200] "GET /viewtopic.php?p=16035 HTTP/1.1" 200 1921 "-" "msnbot/2.0b (+http://search.msn.com/msnbot.htm)._"
92.147.73.62 - - [19/Apr/2011:22:16:20 +0200] "GET /shoutbox_view.php?start=0 HTTP/1.1" 200 1108 "http://forum.rally-infernal.info/shoutbox.php" "Mozilla/5.0 (Windows NT 6.1; WOW64; rv:2.0) Gecko/20100101 Firefox/4.0"
157.55.116.13 - - [19/Apr/2011:22:16:23 +0200] "GET /viewtopic.php?p=15894 HTTP/1.1" 200 1921 "-" "msnbot/2.0b (+http://search.msn.com/msnbot.htm)._"
157.55.116.13 - - [19/Apr/2011:22:16:25 +0200] "GET /viewtopic.php?p=18538 HTTP/1.1" 200 1921 "-" "msnbot/2.0b (+http://search.msn.com/msnbot.htm)._"
157.55.116.13 - - [19/Apr/2011:22:16:28 +0200] "GET /viewtopic.php?p=27915 HTTP/1.1" 200 1921 "-" "msnbot/2.0b (+http://search.msn.com/msnbot.htm)._"
157.55.116.13 - - [19/Apr/2011:22:16:30 +0200] "GET /viewtopic.php?p=70675 HTTP/1.1" 200 1921 "-" "msnbot/2.0b (+http://search.msn.com/msnbot.htm)._"
89.170.22.112 - - [19/Apr/2011:22:16:31 +0200] "POST /shoutbox.php?start=0 HTTP/1.1" 200 992 "http://forum.rally-infernal.info/shoutbox.php" "Mozilla/5.0 (Windows NT 6.1; WOW64; rv:2.0) Gecko/20100101 Firefox/4.0"
89.170.22.112 - - [19/Apr/2011:22:16:31 +0200] "GET /shoutbox_view.php?start=0 HTTP/1.1" 200 1128 "http://forum.rally-infernal.info/shoutbox.php?start=0" "Mozilla/5.0 (Windows NT 6.1; WOW64; rv:2.0) Gecko/20100101 Firefox/4.0"
157.55.116.13 - - [19/Apr/2011:22:16:33 +0200] "GET /viewtopic.php?t=2130 HTTP/1.1" 200 1921 "-" "msnbot/2.0b (+http://search.msn.com/msnbot.htm)._"
157.55.116.13 - - [19/Apr/2011:22:16:37 +0200] "GET /viewtopic.php?t=2473 HTTP/1.1" 200 1921 "-" "msnbot/2.0b (+http://search.msn.com/msnbot.htm)._"
157.55.116.13 - - [19/Apr/2011:22:16:40 +0200] "GET /viewtopic.php?t=1959 HTTP/1.1" 200 1921 "-" "msnbot/2.0b (+http://search.msn.com/msnbot.htm)._"
157.55.116.13 - - [19/Apr/2011:22:16:42 +0200] "GET /viewtopic.php?p=110611 HTTP/1.1" 200 1921 "-" "msnbot/2.0b (+http://search.msn.com/msnbot.htm)._"
157.55.116.13 - - [19/Apr/2011:22:16:44 +0200] "GET /viewtopic.php?t=1942 HTTP/1.1" 200 1921 "-" "msnbot/2.0b (+http://search.msn.com/msnbot.htm)._"
157.55.116.13 - - [19/Apr/2011:22:16:46 +0200] "GET /viewtopic.php?p=70183 HTTP/1.1" 200 1921 "-" "msnbot/2.0b (+http://search.msn.com/msnbot.htm)._"
157.55.116.13 - - [19/Apr/2011:22:16:50 +0200] "GET /viewtopic.php?p=70320 HTTP/1.1" 200 1921 "-" "msnbot/2.0b (+http://search.msn.com/msnbot.htm)._"
66.249.72.242 - - [19/Apr/2011:22:16:51 +0200] "GET /viewtopic.php?p=101529&sid=e67fdd26a54719f4fb7d58adc1a212ab HTTP/1.1" 200 8029 "-" "Mozilla/5.0 (compatible; Googlebot/2.1; +http://www.google.com/bot.html)"
157.55.116.13 - - [19/Apr/2011:22:16:53 +0200] "GET /viewtopic.php?p=71778 HTTP/1.1" 200 1921 "-" "msnbot/2.0b (+http://search.msn.com/msnbot.htm)._"
157.55.116.13 - - [19/Apr/2011:22:16:55 +0200] "GET /viewtopic.php?p=28646 HTTP/1.1" 200 1921 "-" "msnbot/2.0b (+http://search.msn.com/msnbot.htm)._"
157.55.116.13 - - [19/Apr/2011:22:16:58 +0200] "GET /viewtopic.php?p=24692 HTTP/1.1" 200 1921 "-" "msnbot/2.0b (+http://search.msn.com/msnbot.htm)._"
157.55.116.13 - - [19/Apr/2011:22:17:00 +0200] "GET /viewtopic.php?p=31110 HTTP/1.1" 200 1921 "-" "msnbot/2.0b (+http://search.msn.com/msnbot.htm)._"
157.55.116.13 - - [19/Apr/2011:22:17:02 +0200] "GET /viewtopic.php?p=28999 HTTP/1.1" 200 1921 "-" "msnbot/2.0b (+http://search.msn.com/msnbot.htm)._"
157.55.116.13 - - [19/Apr/2011:22:17:05 +0200] "GET /viewtopic.php?p=21847 HTTP/1.1" 200 1921 "-" "msnbot/2.0b (+http://search.msn.com/msnbot.htm)._"
66.249.66.146 - - [19/Apr/2011:22:17:05 +0200] "GET /viewtopic.php?p=89572&sid=1c1a2fdefa0a5292aaa3c138af9c2c47 HTTP/1.1" 200 7778 "-" "Mozilla/5.0 (compatible; Googlebot/2.1; +http://www.google.com/bot.html)"
157.55.116.13 - - [19/Apr/2011:22:17:07 +0200] "GET /viewtopic.php?p=18427 HTTP/1.1" 200 1921 "-" "msnbot/2.0b (+http://search.msn.com/msnbot.htm)._"
157.55.116.13 - - [19/Apr/2011:22:17:09 +0200] "GET /posting.php?mode=quote&p=32473 HTTP/1.1" 200 1921 "-" "msnbot/2.0b (+http://search.msn.com/msnbot.htm)._"
157.55.116.13 - - [19/Apr/2011:22:17:12 +0200] "GET /viewtopic.php?p=67781&highlight= HTTP/1.1" 200 1921 "-" "msnbot/2.0b (+http://search.msn.com/msnbot.htm)._"
88.182.148.152 - - [19/Apr/2011:22:17:13 +0200] "GET / HTTP/1.1" 200 6423 "-" "Mozilla/5.0 (Windows NT 6.1; rv:2.0) Gecko/20100101 Firefox/4.0"
88.182.148.152 - - [19/Apr/2011:22:17:14 +0200] "GET /shoutbox.php?sid=e9fa4616f231694136d5d507bb6e7eb9 HTTP/1.1" 200 736 "http://forum.rally-infernal.info/" "Mozilla/5.0 (Windows NT 6.1; rv:2.0) Gecko/20100101 Firefox/4.0"
157.55.116.13 - - [19/Apr/2011:22:17:14 +0200] "GET /viewtopic.php?p=11380 HTTP/1.1" 200 1921 "-" "msnbot/2.0b (+http://search.msn.com/msnbot.htm)._"
88.182.148.152 - - [19/Apr/2011:22:17:14 +0200] "GET /shoutbox_view.php?start=0 HTTP/1.1" 200 1130 "http://forum.rally-infernal.info/shoutbox.php?sid=e9fa4616f231694136d5d507bb6e7eb9" "Mozilla/5.0 (Windows NT 6.1; rv:2.0) Gecko/20100101 Firefox/4.0"
157.55.116.13 - - [19/Apr/2011:22:17:15 +0200] "GET /posting.php?mode=quote&p=92198 HTTP/1.1" 200 1921 "-" "msnbot/2.0b (+http://search.msn.com/msnbot.htm)._"
157.55.116.13 - - [19/Apr/2011:22:17:18 +0200] "GET /viewtopic.php?t=2817&view=next HTTP/1.1" 200 1921 "-" "msnbot/2.0b (+http://search.msn.com/msnbot.htm)._"
157.55.116.13 - - [19/Apr/2011:22:17:21 +0200] "GET /profile.php?mode=viewprofile&u=643 HTTP/1.1" 200 1921 "-" "msnbot/2.0b (+http://search.msn.com/msnbot.htm)._"
157.55.116.13 - - [19/Apr/2011:22:17:24 +0200] "GET /posting.php?mode=quote&p=47101 HTTP/1.1" 200 1921 "-" "msnbot/2.0b (+http://search.msn.com/msnbot.htm)._"
157.55.116.13 - - [19/Apr/2011:22:17:27 +0200] "GET /viewtopic.php?t=2465&view=next HTTP/1.1" 200 1921 "-" "msnbot/2.0b (+http://search.msn.com/msnbot.htm)._"
157.55.116.13 - - [19/Apr/2011:22:17:30 +0200] "GET /posting.php?mode=quote&p=70349 HTTP/1.1" 200 1921 "-" "msnbot/2.0b (+http://search.msn.com/msnbot.htm)._"
157.55.116.13 - - [19/Apr/2011:22:17:34 +0200] "GET /posting.php?mode=quote&p=30839 HTTP/1.1" 200 1921 "-" "msnbot/2.0b (+http://search.msn.com/msnbot.htm)._"
157.55.116.13 - - [19/Apr/2011:22:17:37 +0200] "GET /viewtopic.php?p=75438 HTTP/1.1" 200 1921 "-" "msnbot/2.0b (+http://search.msn.com/msnbot.htm)._"
157.55.116.13 - - [19/Apr/2011:22:17:41 +0200] "GET /posting.php?mode=quote&p=10532 HTTP/1.1" 200 1921 "-" "msnbot/2.0b (+http://search.msn.com/msnbot.htm)._"
157.55.116.13 - - [19/Apr/2011:22:17:44 +0200] "GET /posting.php?mode=quote&p=10815 HTTP/1.1" 200 1921 "-" "msnbot/2.0b (+http://search.msn.com/msnbot.htm)._"
222.91.230.159 - - [19/Apr/2011:22:17:43 +0200] "GET /index.php HTTP/1.0" 200 46652 "http://forum.rally-infernal.info/index.php" "Opera/7.54 (Windows NT 5.1; U) [pl]"
82.232.235.31 - - [19/Apr/2011:22:17:44 +0200] "GET /AvatarsManager/lakse.jpg HTTP/1.1" 302 20 "http://ragemachines.simplygaming.org/t306-lol-lol-en-image" "Mozilla/5.0 (Windows; U; Windows NT 6.1; en-US) AppleWebKit/534.16 (KHTML, like Gecko) Chrome/10.0.648.205 Safari/534.16"
82.232.235.31 - - [19/Apr/2011:22:17:45 +0200] "GET /AvatarsManager/joueurs/lakse/4.png HTTP/1.1" 200 63894 "http://ragemachines.simplygaming.org/t306-lol-lol-en-image" "Mozilla/5.0 (Windows; U; Windows NT 6.1; en-US) AppleWebKit/534.16 (KHTML, like Gecko) Chrome/10.0.648.205 Safari/534.16"
222.91.230.159 - - [19/Apr/2011:22:17:45 +0200] "GET /profile.php?mode=register&sid=0bfaca56daf225b18ff6566d49bd01d5 HTTP/1.0" 200 8984 "http://forum.rally-infernal.info/profile.php?mode=register&sid=0bfaca56daf225b18ff6566d49bd01d5" "Opera/7.54 (Windows NT 5.1; U) [pl]"
157.55.116.13 - - [19/Apr/2011:22:17:46 +0200] "GET /posting.php?mode=quote&p=106103 HTTP/1.1" 200 1921 "-" "msnbot/2.0b (+http://search.msn.com/msnbot.htm)._"
222.91.230.159 - - [19/Apr/2011:22:17:46 +0200] "GET /profile.php?mode=register&ab_var=agreedd611bc5c4259557333b52101cc827699 HTTP/1.0" 200 19101 "http://forum.rally-infernal.info/profile.php?mode=register&ab_var=agreedd611bc5c4259557333b52101cc827699" "Opera/7.54 (Windows NT 5.1; U) [pl]"
222.91.230.159 - - [19/Apr/2011:22:17:48 +0200] "GET /profile.php?mode=confirm&id=6f0627aba2621f4f8851defa84c15cbb HTTP/1.0" 200 14887 "http://forum.rally-infernal.info/profile.php?mode=register&ab_var=agreedd611bc5c4259557333b52101cc827699" "Opera/7.54 (Windows NT 5.1; U) [pl]"
157.55.116.13 - - [19/Apr/2011:22:17:49 +0200] "GET /posting.php?mode=quote&p=19322 HTTP/1.1" 200 1921 "-" "msnbot/2.0b (+http://search.msn.com/msnbot.htm)._"
157.55.116.13 - - [19/Apr/2011:22:17:52 +0200] "GET /posting.php?mode=quote&p=80257 HTTP/1.1" 200 1921 "-" "msnbot/2.0b (+http://search.msn.com/msnbot.htm)._"
222.91.230.159 - - [19/Apr/2011:22:17:53 +0200] "POST /profile.php HTTP/1.0" 200 19744 "http://forum.rally-infernal.info/profile.php?mode=register&ab_var=agreedd611bc5c4259557333b52101cc827699" "Opera/7.54 (Windows NT 5.1; U) [pl]"
157.55.116.13 - - [19/Apr/2011:22:17:54 +0200] "GET /posting.php?mode=quote&p=76583 HTTP/1.1" 200 1921 "-" "msnbot/2.0b (+http://search.msn.com/msnbot.htm)._"
222.91.230.159 - - [19/Apr/2011:22:17:55 +0200] "GET /profile.php?mode=confirm&id=1dc37dbcaf6eb06f78d474494c14001d HTTP/1.0" 200 15013 "http://forum.rally-infernal.info/profile.php?mode=register&ab_var=agreedd611bc5c4259557333b52101cc827699" "Opera/7.54 (Windows NT 5.1; U) [pl]"
157.55.116.13 - - [19/Apr/2011:22:17:58 +0200] "GET /posting.php?mode=quote&p=91955 HTTP/1.1" 200 1921 "-" "msnbot/2.0b (+http://search.msn.com/msnbot.htm)._"
157.55.116.13 - - [19/Apr/2011:22:18:00 +0200] "GET /posting.php?mode=quote&p=97106 HTTP/1.1" 200 1921 "-" "msnbot/2.0b (+http://search.msn.com/msnbot.htm)._"
222.91.230.159 - - [19/Apr/2011:22:18:01 +0200] "POST /profile.php HTTP/1.0" 200 19755 "http://forum.rally-infernal.info/profile.php?mode=register&ab_var=agreedd611bc5c4259557333b52101cc827699" "Opera/7.54 (Windows NT 5.1; U) [pl]"
157.55.116.13 - - [19/Apr/2011:22:18:03 +0200] "GET /posting.php?mode=quote&p=5229 HTTP/1.1" 200 1921 "-" "msnbot/2.0b (+http://search.msn.com/msnbot.htm)._"
222.91.230.159 - - [19/Apr/2011:22:18:02 +0200] "GET /profile.php?mode=confirm&id=49f502aaec37b4764cc6981b43229ee2 HTTP/1.0" 200 14837 "http://forum.rally-infernal.info/profile.php?mode=register&ab_var=agreedd611bc5c4259557333b52101cc827699" "Opera/7.54 (Windows NT 5.1; U) [pl]"
157.55.116.13 - - [19/Apr/2011:22:18:06 +0200] "GET /posting.php?mode=quote&p=47128 HTTP/1.1" 200 1921 "-" "msnbot/2.0b (+http://search.msn.com/msnbot.htm)._"
92.147.73.62 - - [19/Apr/2011:22:18:07 +0200] "GET / HTTP/1.1" 200 6192 "-" "Mozilla/5.0 (Windows NT 6.1; WOW64; rv:2.0) Gecko/20100101 Firefox/4.0"
92.147.73.62 - - [19/Apr/2011:22:18:07 +0200] "GET /shoutbox.php HTTP/1.1" 200 736 "http://forum.rally-infernal.info/" "Mozilla/5.0 (Windows NT 6.1; WOW64; rv:2.0) Gecko/20100101 Firefox/4.0"
92.147.73.62 - - [19/Apr/2011:22:18:07 +0200] "GET /shoutbox_view.php?start=0 HTTP/1.1" 200 1130 "http://forum.rally-infernal.info/shoutbox.php" "Mozilla/5.0 (Windows NT 6.1; WOW64; rv:2.0) Gecko/20100101 Firefox/4.0"
157.55.116.13 - - [19/Apr/2011:22:18:08 +0200] "GET /posting.php?mode=quote&p=80210 HTTP/1.1" 200 1921 "-" "msnbot/2.0b (+http://search.msn.com/msnbot.htm)._"
82.229.120.210 - - [19/Apr/2011:22:18:09 +0200] "GET /index.php HTTP/1.1" 200 6142 "http://forum.rally-infernal.info/viewtopic.php?p=119516" "Mozilla/5.0 (Windows; U; Windows NT 6.0; fr; rv:1.9.2.16) Gecko/20110319 Firefox/3.6.16 ( .NET CLR 3.5.30729; .NET4.0C)"
82.229.120.210 - - [19/Apr/2011:22:18:09 +0200] "GET /shoutbox.php HTTP/1.1" 200 992 "http://forum.rally-infernal.info/index.php" "Mozilla/5.0 (Windows; U; Windows NT 6.0; fr; rv:1.9.2.16) Gecko/20110319 Firefox/3.6.16 ( .NET CLR 3.5.30729; .NET4.0C)"
82.229.120.210 - - [19/Apr/2011:22:18:09 +0200] "GET /shoutbox_view.php?start=0 HTTP/1.1" 200 1128 "http://forum.rally-infernal.info/shoutbox.php" "Mozilla/5.0 (Windows; U; Windows NT 6.0; fr; rv:1.9.2.16) Gecko/20110319 Firefox/3.6.16 ( .NET CLR 3.5.30729; .NET4.0C)"
157.55.116.13 - - [19/Apr/2011:22:18:11 +0200] "GET /profile.php?mode=viewprofile&u=707 HTTP/1.1" 200 1921 "-" "msnbot/2.0b (+http://search.msn.com/msnbot.htm)._"
222.91.230.159 - - [19/Apr/2011:22:18:11 +0200] "POST /profile.php HTTP/1.0" 200 19761 "http://forum.rally-infernal.info/profile.php?mode=register&ab_var=agreedd611bc5c4259557333b52101cc827699" "Opera/7.54 (Windows NT 5.1; U) [pl]"
157.55.116.13 - - [19/Apr/2011:22:18:13 +0200] "GET /viewtopic.php?p=83022 HTTP/1.1" 200 1921 "-" "msnbot/2.0b (+http://search.msn.com/msnbot.htm)._"
222.91.230.159 - - [19/Apr/2011:22:18:13 +0200] "GET /profile.php?mode=confirm&id=8c2108fbdf35ff69b65964623afa466b HTTP/1.0" 200 14901 "http://forum.rally-infernal.info/profile.php?mode=register&ab_var=agreedd611bc5c4259557333b52101cc827699" "Opera/7.54 (Windows NT 5.1; U) [pl]"
157.55.116.13 - - [19/Apr/2011:22:18:16 +0200] "GET /viewtopic.php?p=85083 HTTP/1.1" 200 1921 "-" "msnbot/2.0b (+http://search.msn.com/msnbot.htm)._"
157.55.116.13 - - [19/Apr/2011:22:18:18 +0200] "GET /viewtopic.php?p=81625 HTTP/1.1" 200 1921 "-" "msnbot/2.0b (+http://search.msn.com/msnbot.htm)._"
82.229.120.210 - - [19/Apr/2011:22:18:19 +0200] "POST /posting.php HTTP/1.1" 200 9844 "http://forum.rally-infernal.info/posting.php?mode=reply&t=466" "Mozilla/5.0 (Windows; U; Windows NT 6.0; fr; rv:1.9.2.16) Gecko/20110319 Firefox/3.6.16 ( .NET CLR 3.5.30729; .NET4.0C)"
82.229.120.210 - - [19/Apr/2011:22:18:20 +0200] "GET /templates/rmstyle/images/spacer.gif HTTP/1.1" 200 43 "http://forum.rally-infernal.info/posting.php" "Mozilla/5.0 (Windows; U; Windows NT 6.0; fr; rv:1.9.2.16) Gecko/20110319 Firefox/3.6.16 ( .NET CLR 3.5.30729; .NET4.0C)"
157.55.116.13 - - [19/Apr/2011:22:18:20 +0200] "GET /posting.php?mode=quote&p=28550 HTTP/1.1" 200 1921 "-" "msnbot/2.0b (+http://search.msn.com/msnbot.htm)._"
82.229.120.210 - - [19/Apr/2011:22:18:20 +0200] "GET /posting.php?mode=topicreview&t=466 HTTP/1.1" 200 2998 "http://forum.rally-infernal.info/posting.php" "Mozilla/5.0 (Windows; U; Windows NT 6.0; fr; rv:1.9.2.16) Gecko/20110319 Firefox/3.6.16 ( .NET CLR 3.5.30729; .NET4.0C)"
157.55.116.13 - - [19/Apr/2011:22:18:23 +0200] "GET /viewtopic.php?p=93373 HTTP/1.1" 200 1921 "-" "msnbot/2.0b (+http://search.msn.com/msnbot.htm)._"
222.91.230.159 - - [19/Apr/2011:22:18:22 +0200] "POST /profile.php HTTP/1.0" 200 6080 "http://forum.rally-infernal.info/profile.php?mode=register&ab_var=agreedd611bc5c4259557333b52101cc827699" "Opera/7.54 (Windows NT 5.1; U) [pl]"
88.182.148.152 - - [19/Apr/2011:22:18:23 +0200] "GET / HTTP/1.1" 200 6200 "-" "Mozilla/5.0 (Windows NT 6.1; rv:2.0) Gecko/20100101 Firefox/4.0"
88.182.148.152 - - [19/Apr/2011:22:18:23 +0200] "GET /shoutbox.php HTTP/1.1" 200 736 "http://forum.rally-infernal.info/" "Mozilla/5.0 (Windows NT 6.1; rv:2.0) Gecko/20100101 Firefox/4.0"
88.182.148.152 - - [19/Apr/2011:22:18:23 +0200] "GET /shoutbox_view.php?start=0 HTTP/1.1" 200 1130 "http://forum.rally-infernal.info/shoutbox.php" "Mozilla/5.0 (Windows NT 6.1; rv:2.0) Gecko/20100101 Firefox/4.0"
222.91.230.159 - - [19/Apr/2011:22:18:24 +0200] "GET /index.php HTTP/1.0" 200 40902 "http://forum.rally-infernal.info/index.php" "Opera/7.54 (Windows NT 5.1; U) [pl]"
222.91.230.159 - - [19/Apr/2011:22:18:26 +0200] "GET /index.php HTTP/1.0" 200 40902 "http://forum.rally-infernal.info/index.php" "Opera/7.54 (Windows NT 5.1; U) [pl]"
157.55.116.13 - - [19/Apr/2011:22:18:27 +0200] "GET /viewtopic.php?p=96091 HTTP/1.1" 200 1921 "-" "msnbot/2.0b (+http://search.msn.com/msnbot.htm)._"
82.229.120.210 - - [19/Apr/2011:22:18:27 +0200] "GET /index.php HTTP/1.1" 200 6140 "http://forum.rally-infernal.info/posting.php" "Mozilla/5.0 (Windows; U; Windows NT 6.0; fr; rv:1.9.2.16) Gecko/20110319 Firefox/3.6.16 ( .NET CLR 3.5.30729; .NET4.0C)"
82.229.120.210 - - [19/Apr/2011:22:18:28 +0200] "GET /shoutbox.php HTTP/1.1" 200 992 "http://forum.rally-infernal.info/index.php" "Mozilla/5.0 (Windows; U; Windows NT 6.0; fr; rv:1.9.2.16) Gecko/20110319 Firefox/3.6.16 ( .NET CLR 3.5.30729; .NET4.0C)"
82.229.120.210 - - [19/Apr/2011:22:18:28 +0200] "GET /shoutbox_view.php?start=0 HTTP/1.1" 200 1128 "http://forum.rally-infernal.info/shoutbox.php" "Mozilla/5.0 (Windows; U; Windows NT 6.0; fr; rv:1.9.2.16) Gecko/20110319 Firefox/3.6.16 ( .NET CLR 3.5.30729; .NET4.0C)"
157.55.116.13 - - [19/Apr/2011:22:18:30 +0200] "GET /viewtopic.php?p=93451 HTTP/1.1" 200 1921 "-" "msnbot/2.0b (+http://search.msn.com/msnbot.htm)._"
79.95.133.150 - - [19/Apr/2011:22:18:31 +0200] "GET /shoutbox_view.php?0?auto_refresh=1 HTTP/1.1" 200 1130 "http://forum.rally-infernal.info/shoutbox_view.php?0?auto_refresh=1" "Mozilla/5.0 (Windows; U; Windows NT 5.1; en-US) AppleWebKit/534.16 (KHTML, like Gecko) Chrome/10.0.648.205 Safari/534.16"
92.147.73.62 - - [19/Apr/2011:22:18:32 +0200] "GET /login.php HTTP/1.1" 200 2340 "http://forum.rally-infernal.info/" "Mozilla/5.0 (Windows NT 6.1; WOW64; rv:2.0) Gecko/20100101 Firefox/4.0"
157.55.116.13 - - [19/Apr/2011:22:18:32 +0200] "GET /viewtopic.php?p=95396 HTTP/1.1" 200 1921 "-" "msnbot/2.0b (+http://search.msn.com/msnbot.htm)._"
92.147.73.62 - - [19/Apr/2011:22:18:33 +0200] "POST /login.php HTTP/1.1" 302 20 "http://forum.rally-infernal.info/login.php" "Mozilla/5.0 (Windows NT 6.1; WOW64; rv:2.0) Gecko/20100101 Firefox/4.0"
92.147.73.62 - - [19/Apr/2011:22:18:34 +0200] "GET /index.php?sid=1f5c524fd2729f910c92e2dd3fdcbe44 HTTP/1.1" 200 6091 "http://forum.rally-infernal.info/login.php" "Mozilla/5.0 (Windows NT 6.1; WOW64; rv:2.0) Gecko/20100101 Firefox/4.0"
92.147.73.62 - - [19/Apr/2011:22:18:34 +0200] "GET /shoutbox.php HTTP/1.1" 200 992 "http://forum.rally-infernal.info/index.php?sid=1f5c524fd2729f910c92e2dd3fdcbe44" "Mozilla/5.0 (Windows NT 6.1; WOW64; rv:2.0) Gecko/20100101 Firefox/4.0"
92.147.73.62 - - [19/Apr/2011:22:18:34 +0200] "GET /shoutbox_view.php?start=0 HTTP/1.1" 200 1128 "http://forum.rally-infernal.info/shoutbox.php" "Mozilla/5.0 (Windows NT 6.1; WOW64; rv:2.0) Gecko/20100101 Firefox/4.0"
157.55.116.13 - - [19/Apr/2011:22:18:35 +0200] "GET /viewtopic.php?p=29334 HTTP/1.1" 200 1921 "-" "msnbot/2.0b (+http://search.msn.com/msnbot.htm)._"
92.147.73.62 - - [19/Apr/2011:22:18:35 +0200] "POST /shoutbox.php?start=0 HTTP/1.1" 200 992 "http://forum.rally-infernal.info/shoutbox.php" "Mozilla/5.0 (Windows NT 6.1; WOW64; rv:2.0) Gecko/20100101 Firefox/4.0"
92.147.73.62 - - [19/Apr/2011:22:18:35 +0200] "GET /shoutbox_view.php?start=0 HTTP/1.1" 200 1128 "http://forum.rally-infernal.info/shoutbox.php?start=0" "Mozilla/5.0 (Windows NT 6.1; WOW64; rv:2.0) Gecko/20100101 Firefox/4.0"
157.55.116.13 - - [19/Apr/2011:22:18:38 +0200] "GET /viewtopic.php?p=11461 HTTP/1.1" 200 1921 "-" "msnbot/2.0b (+http://search.msn.com/msnbot.htm)._"
157.55.116.13 - - [19/Apr/2011:22:18:40 +0200] "GET /viewtopic.php?p=39857 HTTP/1.1" 200 1921 "-" "msnbot/2.0b (+http://search.msn.com/msnbot.htm)._"
157.55.116.13 - - [19/Apr/2011:22:18:43 +0200] "GET /viewtopic.php?p=29669 HTTP/1.1" 200 1921 "-" "msnbot/2.0b (+http://search.msn.com/msnbot.htm)._"
157.55.116.13 - - [19/Apr/2011:22:18:46 +0200] "GET /viewtopic.php?p=27159 HTTP/1.1" 200 1921 "-" "msnbot/2.0b (+http://search.msn.com/msnbot.htm)._"
157.55.116.13 - - [19/Apr/2011:22:18:48 +0200] "GET /viewtopic.php?p=75981 HTTP/1.1" 200 1921 "-" "msnbot/2.0b (+http://search.msn.com/msnbot.htm)._"
157.55.116.13 - - [19/Apr/2011:22:18:50 +0200] "GET /viewtopic.php?p=114371&highlight= HTTP/1.1" 200 1921 "-" "msnbot/2.0b (+http://search.msn.com/msnbot.htm)._"
157.55.116.13 - - [19/Apr/2011:22:18:52 +0200] "GET /viewtopic.php?p=41085 HTTP/1.1" 200 1921 "-" "msnbot/2.0b (+http://search.msn.com/msnbot.htm)._"
157.55.116.13 - - [19/Apr/2011:22:18:54 +0200] "GET /viewtopic.php?p=37006 HTTP/1.1" 200 1921 "-" "msnbot/2.0b (+http://search.msn.com/msnbot.htm)._"
157.55.116.13 - - [19/Apr/2011:22:18:56 +0200] "GET /viewtopic.php?p=83295 HTTP/1.1" 200 1921 "-" "msnbot/2.0b (+http://search.msn.com/msnbot.htm)._"
157.55.116.13 - - [19/Apr/2011:22:19:00 +0200] "GET /viewtopic.php?p=21591 HTTP/1.1" 200 1921 "-" "msnbot/2.0b (+http://search.msn.com/msnbot.htm)._"
89.170.22.112 - - [19/Apr/2011:22:19:03 +0200] "GET / HTTP/1.1" 200 6148 "-" "Mozilla/5.0 (Windows NT 6.1; WOW64; rv:2.0) Gecko/20100101 Firefox/4.0"
89.170.22.112 - - [19/Apr/2011:22:19:03 +0200] "GET /shoutbox.php HTTP/1.1" 200 992 "http://forum.rally-infernal.info/" "Mozilla/5.0 (Windows NT 6.1; WOW64; rv:2.0) Gecko/20100101 Firefox/4.0"
157.55.116.13 - - [19/Apr/2011:22:19:03 +0200] "GET /viewtopic.php?p=67678 HTTP/1.1" 200 1921 "-" "msnbot/2.0b (+http://search.msn.com/msnbot.htm)._"
89.170.22.112 - - [19/Apr/2011:22:19:04 +0200] "GET /shoutbox_view.php?start=0 HTTP/1.1" 200 1128 "http://forum.rally-infernal.info/shoutbox.php" "Mozilla/5.0 (Windows NT 6.1; WOW64; rv:2.0) Gecko/20100101 Firefox/4.0"
157.55.116.13 - - [19/Apr/2011:22:19:06 +0200] "GET /viewtopic.php?p=125 HTTP/1.1" 200 1921 "-" "msnbot/2.0b (+http://search.msn.com/msnbot.htm)._"
157.55.116.13 - - [19/Apr/2011:22:19:08 +0200] "GET /viewtopic.php?p=11121 HTTP/1.1" 200 1921 "-" "msnbot/2.0b (+http://search.msn.com/msnbot.htm)._"
157.55.116.13 - - [19/Apr/2011:22:19:11 +0200] "GET /viewtopic.php?p=12776 HTTP/1.1" 200 1921 "-" "msnbot/2.0b (+http://search.msn.com/msnbot.htm)._"
92.147.73.62 - - [19/Apr/2011:22:19:12 +0200] "POST /shoutbox.php?start=0 HTTP/1.1" 200 992 "http://forum.rally-infernal.info/shoutbox.php?start=0" "Mozilla/5.0 (Windows NT 6.1; WOW64; rv:2.0) Gecko/20100101 Firefox/4.0"
92.147.73.62 - - [19/Apr/2011:22:19:12 +0200] "GET /shoutbox_view.php?start=0 HTTP/1.1" 200 1147 "http://forum.rally-infernal.info/shoutbox.php?start=0" "Mozilla/5.0 (Windows NT 6.1; WOW64; rv:2.0) Gecko/20100101 Firefox/4.0"
157.55.116.13 - - [19/Apr/2011:22:19:13 +0200] "GET /viewtopic.php?p=11340 HTTP/1.1" 200 1921 "-" "msnbot/2.0b (+http://search.msn.com/msnbot.htm)._"
157.55.116.13 - - [19/Apr/2011:22:19:14 +0200] "GET /viewtopic.php?p=46854 HTTP/1.1" 200 1921 "-" "msnbot/2.0b (+http://search.msn.com/msnbot.htm)._"
92.147.73.62 - - [19/Apr/2011:22:19:16 +0200] "GET /login.php?logout=true&sid=1f5c524fd2729f910c92e2dd3fdcbe44 HTTP/1.1" 302 20 "http://forum.rally-infernal.info/index.php?sid=1f5c524fd2729f910c92e2dd3fdcbe44" "Mozilla/5.0 (Windows NT 6.1; WOW64; rv:2.0) Gecko/20100101 Firefox/4.0"
92.147.73.62 - - [19/Apr/2011:22:19:16 +0200] "GET /index.php HTTP/1.1" 200 6434 "http://forum.rally-infernal.info/index.php?sid=1f5c524fd2729f910c92e2dd3fdcbe44" "Mozilla/5.0 (Windows NT 6.1; WOW64; rv:2.0) Gecko/20100101 Firefox/4.0"
92.147.73.62 - - [19/Apr/2011:22:19:16 +0200] "GET /shoutbox.php?sid=54d74241405d3c2f3cf42b359df1f8c8 HTTP/1.1" 200 736 "http://forum.rally-infernal.info/index.php" "Mozilla/5.0 (Windows NT 6.1; WOW64; rv:2.0) Gecko/20100101 Firefox/4.0"
92.147.73.62 - - [19/Apr/2011:22:19:17 +0200] "GET /shoutbox_view.php?start=0 HTTP/1.1" 200 1148 "http://forum.rally-infernal.info/shoutbox.php?sid=54d74241405d3c2f3cf42b359df1f8c8" "Mozilla/5.0 (Windows NT 6.1; WOW64; rv:2.0) Gecko/20100101 Firefox/4.0"
157.55.116.13 - - [19/Apr/2011:22:19:18 +0200] "GET /viewtopic.php?p=56637 HTTP/1.1" 200 1921 "-" "msnbot/2.0b (+http://search.msn.com/msnbot.htm)._"
157.55.116.13 - - [19/Apr/2011:22:19:21 +0200] "GET /viewtopic.php?p=1304 HTTP/1.1" 200 1921 "-" "msnbot/2.0b (+http://search.msn.com/msnbot.htm)._"
157.55.116.13 - - [19/Apr/2011:22:19:23 +0200] "GET /viewtopic.php?p=76573 HTTP/1.1" 200 1921 "-" "msnbot/2.0b (+http://search.msn.com/msnbot.htm)._"
157.55.116.13 - - [19/Apr/2011:22:19:26 +0200] "GET /viewtopic.php?p=41368 HTTP/1.1" 200 1921 "-" "msnbot/2.0b (+http://search.msn.com/msnbot.htm)._"
157.55.116.13 - - [19/Apr/2011:22:19:28 +0200] "GET /viewtopic.php?p=17692 HTTP/1.1" 200 1921 "-" "msnbot/2.0b (+http://search.msn.com/msnbot.htm)._"
157.55.116.13 - - [19/Apr/2011:22:19:31 +0200] "GET /viewtopic.php?p=101538 HTTP/1.1" 200 1921 "-" "msnbot/2.0b (+http://search.msn.com/msnbot.htm)._"
89.170.22.112 - - [19/Apr/2011:22:19:31 +0200] "GET /shoutbox_view.php?0?auto_refresh=1 HTTP/1.1" 200 1147 "-" "Mozilla/5.0 (Windows NT 6.1; WOW64; rv:2.0) Gecko/20100101 Firefox/4.0"
89.170.22.112 - - [19/Apr/2011:22:19:31 +0200] "GET /templates/rmstyle/rmstyle.css HTTP/1.1" 304 - "http://forum.rally-infernal.info/shoutbox_view.php?0?auto_refresh=1" "Mozilla/5.0 (Windows NT 6.1; WOW64; rv:2.0) Gecko/20100101 Firefox/4.0"
89.170.22.112 - - [19/Apr/2011:22:19:31 +0200] "GET /images/smiles/icon_hap.gif HTTP/1.1" 304 - "http://forum.rally-infernal.info/shoutbox_view.php?0?auto_refresh=1" "Mozilla/5.0 (Windows NT 6.1; WOW64; rv:2.0) Gecko/20100101 Firefox/4.0"
89.170.22.112 - - [19/Apr/2011:22:19:31 +0200] "GET /images/smiles/icon_rire.gif HTTP/1.1" 304 - "http://forum.rally-infernal.info/shoutbox_view.php?0?auto_refresh=1" "Mozilla/5.0 (Windows NT 6.1; WOW64; rv:2.0) Gecko/20100101 Firefox/4.0"
89.170.22.112 - - [19/Apr/2011:22:19:31 +0200] "GET /templates/rmstyle/images/bg_body.jpg HTTP/1.1" 304 - "http://forum.rally-infernal.info/templates/rmstyle/rmstyle.css" "Mozilla/5.0 (Windows NT 6.1; WOW64; rv:2.0) Gecko/20100101 Firefox/4.0"
157.55.116.13 - - [19/Apr/2011:22:19:34 +0200] "GET /viewtopic.php?p=70289 HTTP/1.1" 200 1921 "-" "msnbot/2.0b (+http://search.msn.com/msnbot.htm)._"
157.55.116.13 - - [19/Apr/2011:22:19:36 +0200] "GET /viewtopic.php?p=111385 HTTP/1.1" 200 1921 "-" "msnbot/2.0b (+http://search.msn.com/msnbot.htm)._"
157.55.116.13 - - [19/Apr/2011:22:19:39 +0200] "GET /viewtopic.php?p=85322 HTTP/1.1" 200 1921 "-" "msnbot/2.0b (+http://search.msn.com/msnbot.htm)._"
157.55.116.13 - - [19/Apr/2011:22:19:41 +0200] "GET /viewtopic.php?p=71096 HTTP/1.1" 200 1921 "-" "msnbot/2.0b (+http://search.msn.com/msnbot.htm)._"
157.55.116.13 - - [19/Apr/2011:22:19:43 +0200] "GET /viewtopic.php?p=74556 HTTP/1.1" 200 1921 "-" "msnbot/2.0b (+http://search.msn.com/msnbot.htm)._"
157.55.116.13 - - [19/Apr/2011:22:19:44 +0200] "GET /viewtopic.php?p=97169 HTTP/1.1" 200 1921 "-" "msnbot/2.0b (+http://search.msn.com/msnbot.htm)._"
157.55.116.13 - - [19/Apr/2011:22:19:47 +0200] "GET /viewtopic.php?p=14854 HTTP/1.1" 200 1921 "-" "msnbot/2.0b (+http://search.msn.com/msnbot.htm)._"
157.55.116.13 - - [19/Apr/2011:22:19:49 +0200] "GET /viewtopic.php?p=80245 HTTP/1.1" 200 1921 "-" "msnbot/2.0b (+http://search.msn.com/msnbot.htm)._"
157.55.116.13 - - [19/Apr/2011:22:19:51 +0200] "GET /viewtopic.php?p=67780 HTTP/1.1" 200 1921 "-" "msnbot/2.0b (+http://search.msn.com/msnbot.htm)._"
157.55.116.13 - - [19/Apr/2011:22:19:53 +0200] "GET /viewtopic.php?p=90206 HTTP/1.1" 200 1921 "-" "msnbot/2.0b (+http://search.msn.com/msnbot.htm)._"
157.55.116.13 - - [19/Apr/2011:22:19:55 +0200] "GET /posting.php?mode=quote&p=564 HTTP/1.1" 200 1921 "-" "msnbot/2.0b (+http://search.msn.com/msnbot.htm)._"
157.55.116.13 - - [19/Apr/2011:22:19:57 +0200] "GET /viewtopic.php?p=8555 HTTP/1.1" 200 1921 "-" "msnbot/2.0b (+http://search.msn.com/msnbot.htm)._"
157.55.116.13 - - [19/Apr/2011:22:19:59 +0200] "GET /viewtopic.php?p=71796 HTTP/1.1" 200 1921 "-" "msnbot/2.0b (+http://search.msn.com/msnbot.htm)._"
157.55.116.13 - - [19/Apr/2011:22:20:02 +0200] "GET /viewtopic.php?p=8994 HTTP/1.1" 200 1921 "-" "msnbot/2.0b (+http://search.msn.com/msnbot.htm)._"
157.55.116.13 - - [19/Apr/2011:22:20:05 +0200] "GET /posting.php?mode=quote&p=28817 HTTP/1.1" 200 1921 "-" "msnbot/2.0b (+http://search.msn.com/msnbot.htm)._"
157.55.116.13 - - [19/Apr/2011:22:20:08 +0200] "GET /viewtopic.php?p=78543 HTTP/1.1" 200 1921 "-" "msnbot/2.0b (+http://search.msn.com/msnbot.htm)._"
157.55.116.13 - - [19/Apr/2011:22:20:10 +0200] "GET /viewtopic.php?p=98741 HTTP/1.1" 200 1921 "-" "msnbot/2.0b (+http://search.msn.com/msnbot.htm)._"
157.55.116.13 - - [19/Apr/2011:22:20:12 +0200] "GET /viewtopic.php?p=74125 HTTP/1.1" 200 1921 "-" "msnbot/2.0b (+http://search.msn.com/msnbot.htm)._"
157.55.116.13 - - [19/Apr/2011:22:20:16 +0200] "GET /viewtopic.php?p=74162 HTTP/1.1" 200 1921 "-" "msnbot/2.0b (+http://search.msn.com/msnbot.htm)._"
157.55.116.13 - - [19/Apr/2011:22:20:18 +0200] "GET /viewtopic.php?p=71571 HTTP/1.1" 200 1921 "-" "msnbot/2.0b (+http://search.msn.com/msnbot.htm)._"
157.55.116.13 - - [19/Apr/2011:22:20:20 +0200] "GET /viewtopic.php?p=71672 HTTP/1.1" 200 1921 "-" "msnbot/2.0b (+http://search.msn.com/msnbot.htm)._"
157.55.116.13 - - [19/Apr/2011:22:20:23 +0200] "GET /viewtopic.php?p=97562 HTTP/1.1" 200 1921 "-" "msnbot/2.0b (+http://search.msn.com/msnbot.htm)._"
157.55.116.13 - - [19/Apr/2011:22:20:25 +0200] "GET /viewtopic.php?p=46122 HTTP/1.1" 200 1921 "-" "msnbot/2.0b (+http://search.msn.com/msnbot.htm)._"
188.143.232.132 - - [19/Apr/2011:22:20:25 +0200] "GET /profile.php?mode=activate&u=829&act_key=b70267636d HTTP/1.0" 200 6387 "http://forum.rally-infernal.info/profile.php?mode=activate&u=829&act_key=b70267636d" "Mozilla/4.0 (compatible; MSIE 6.0; Windows NT 5.1; SV1; YPC 3.0.2; .NET CLR 1.1.4322; yplus 4.4.02b)"
157.55.116.13 - - [19/Apr/2011:22:20:26 +0200] "GET /viewtopic.php?p=98312 HTTP/1.1" 200 1921 "-" "msnbot/2.0b (+http://search.msn.com/msnbot.htm)._"
157.55.116.13 - - [19/Apr/2011:22:20:28 +0200] "GET /viewtopic.php?p=60938 HTTP/1.1" 200 1921 "-" "msnbot/2.0b (+http://search.msn.com/msnbot.htm)._"
157.55.116.13 - - [19/Apr/2011:22:20:30 +0200] "GET /viewtopic.php?p=81129 HTTP/1.1" 200 1921 "-" "msnbot/2.0b (+http://search.msn.com/msnbot.htm)._"
157.55.116.13 - - [19/Apr/2011:22:20:32 +0200] "GET /posting.php?mode=quote&p=68595 HTTP/1.1" 200 1921 "-" "msnbot/2.0b (+http://search.msn.com/msnbot.htm)._"
188.143.232.132 - - [19/Apr/2011:22:20:33 +0200] "GET /login.php?sid=951fbce938c534a18718df5a0e22bc1b HTTP/1.0" 200 7182 "http://forum.rally-infernal.info/login.php?sid=951fbce938c534a18718df5a0e22bc1b" "Mozilla/4.0 (compatible; MSIE 6.0; Windows NT 5.1; SV1; YPC 3.0.2; .NET CLR 1.1.4322; yplus 4.4.02b)"
188.143.232.132 - - [19/Apr/2011:22:20:33 +0200] "POST /login.php HTTP/1.0" 200 6070 "http://forum.rally-infernal.info/login.php?sid=951fbce938c534a18718df5a0e22bc1b" "Mozilla/4.0 (compatible; MSIE 6.0; Windows NT 5.1; SV1; YPC 3.0.2; .NET CLR 1.1.4322; yplus 4.4.02b)"
66.249.72.242 - - [19/Apr/2011:22:20:34 +0200] "GET /viewtopic.php?p=6895&highlight=&sid=94ae4c2a2461774a5ba798e05ad5704a HTTP/1.1" 200 8495 "-" "Mozilla/5.0 (compatible; Googlebot/2.1; +http://www.google.com/bot.html)"
157.55.116.13 - - [19/Apr/2011:22:20:35 +0200] "GET /viewtopic.php?p=86033 HTTP/1.1" 200 1921 "-" "msnbot/2.0b (+http://search.msn.com/msnbot.htm)._"
157.55.116.13 - - [19/Apr/2011:22:20:37 +0200] "GET /viewtopic.php?p=43720 HTTP/1.1" 200 1921 "-" "msnbot/2.0b (+http://search.msn.com/msnbot.htm)._"
66.249.72.242 - - [19/Apr/2011:22:20:38 +0200] "GET /viewtopic.php?p=58602&sid=95e18c55a75d2d8aff6c44d9ba897e4a HTTP/1.1" 200 8065 "-" "Mozilla/5.0 (compatible; Googlebot/2.1; +http://www.google.com/bot.html)"
157.55.116.13 - - [19/Apr/2011:22:20:39 +0200] "GET /viewtopic.php?p=11222 HTTP/1.1" 200 1921 "-" "msnbot/2.0b (+http://search.msn.com/msnbot.htm)._"
157.55.116.13 - - [19/Apr/2011:22:20:42 +0200] "GET /viewtopic.php?p=37820 HTTP/1.1" 200 1921 "-" "msnbot/2.0b (+http://search.msn.com/msnbot.htm)._"
157.55.116.13 - - [19/Apr/2011:22:20:44 +0200] "GET /viewtopic.php?p=2230 HTTP/1.1" 200 1921 "-" "msnbot/2.0b (+http://search.msn.com/msnbot.htm)._"
157.55.116.13 - - [19/Apr/2011:22:20:47 +0200] "GET /viewtopic.php?p=24756 HTTP/1.1" 200 1921 "-" "msnbot/2.0b (+http://search.msn.com/msnbot.htm)._"
157.55.116.13 - - [19/Apr/2011:22:20:49 +0200] "GET /viewtopic.php?p=104940 HTTP/1.1" 200 1921 "-" "msnbot/2.0b (+http://search.msn.com/msnbot.htm)._"
157.55.116.13 - - [19/Apr/2011:22:20:52 +0200] "GET /viewtopic.php?p=48273 HTTP/1.1" 200 1921 "-" "msnbot/2.0b (+http://search.msn.com/msnbot.htm)._"
157.55.116.13 - - [19/Apr/2011:22:20:54 +0200] "GET /viewtopic.php?p=105991 HTTP/1.1" 200 1921 "-" "msnbot/2.0b (+http://search.msn.com/msnbot.htm)._"
157.55.116.13 - - [19/Apr/2011:22:20:56 +0200] "GET /posting.php?mode=quote&p=88562 HTTP/1.1" 200 1921 "-" "msnbot/2.0b (+http://search.msn.com/msnbot.htm)._"
