90.63.92.65 - - [20/Apr/2011:12:21:59 +0200] "GET /templates/rmstyle/images/lang_french/icon_mini_groups.png HTTP/1.1" 200 3010 "http://forum.rally-infernal.info/index.php?sid=490dcdcb33525574a819731fbdceb0b0" "Opera/9.80 (Windows NT 6.0; U; fr) Presto/2.6.30 Version/10.63"
90.63.92.65 - - [20/Apr/2011:12:21:59 +0200] "GET /templates/rmstyle/images/lang_french/icon_mini_profile.png HTTP/1.1" 200 2386 "http://forum.rally-infernal.info/index.php?sid=490dcdcb33525574a819731fbdceb0b0" "Opera/9.80 (Windows NT 6.0; U; fr) Presto/2.6.30 Version/10.63"
90.63.92.65 - - [20/Apr/2011:12:21:59 +0200] "GET /templates/rmstyle/images/lang_french/icon_mini_message.png HTTP/1.1" 200 2464 "http://forum.rally-infernal.info/index.php?sid=490dcdcb33525574a819731fbdceb0b0" "Opera/9.80 (Windows NT 6.0; U; fr) Presto/2.6.30 Version/10.63"
90.63.92.65 - - [20/Apr/2011:12:21:59 +0200] "GET /templates/rmstyle/images/lang_french/icon_mini_logout.png HTTP/1.1" 200 2566 "http://forum.rally-infernal.info/index.php?sid=490dcdcb33525574a819731fbdceb0b0" "Opera/9.80 (Windows NT 6.0; U; fr) Presto/2.6.30 Version/10.63"
90.63.92.65 - - [20/Apr/2011:12:21:59 +0200] "GET /templates/rmstyle/images/lang_french/icon_mini_site.png HTTP/1.1" 200 2634 "http://forum.rally-infernal.info/index.php?sid=490dcdcb33525574a819731fbdceb0b0" "Opera/9.80 (Windows NT 6.0; U; fr) Presto/2.6.30 Version/10.63"
90.63.92.65 - - [20/Apr/2011:12:21:59 +0200] "GET /templates/rmstyle/images/bg_body.jpg HTTP/1.1" 200 103373 "http://forum.rally-infernal.info/index.php?sid=490dcdcb33525574a819731fbdceb0b0" "Opera/9.80 (Windows NT 6.0; U; fr) Presto/2.6.30 Version/10.63"
90.63.92.65 - - [20/Apr/2011:12:22:00 +0200] "GET /templates/rmstyle/images/lang_french/icon_mini_logout.png HTTP/1.1" 200 2566 "http://forum.rally-infernal.info/index.php?sid=490dcdcb33525574a819731fbdceb0b0" "Opera/9.80 (Windows NT 6.0; U; fr) Presto/2.6.30 Version/10.63"
90.63.92.65 - - [20/Apr/2011:12:21:59 +0200] "GET /templates/rmstyle/images/logo_rmstyle.jpg HTTP/1.1" 200 108363 "http://forum.rally-infernal.info/index.php?sid=490dcdcb33525574a819731fbdceb0b0" "Opera/9.80 (Windows NT 6.0; U; fr) Presto/2.6.30 Version/10.63"
90.63.92.65 - - [20/Apr/2011:12:22:00 +0200] "GET /templates/rmstyle/images/lang_french/icon_mini_site.png HTTP/1.1" 200 2634 "http://forum.rally-infernal.info/index.php?sid=490dcdcb33525574a819731fbdceb0b0" "Opera/9.80 (Windows NT 6.0; U; fr) Presto/2.6.30 Version/10.63"
90.63.92.65 - - [20/Apr/2011:12:22:03 +0200] "GET /index.php?sid=490dcdcb33525574a819731fbdceb0b0 HTTP/1.1" 200 1996 "-" "Opera/9.80 (Windows NT 6.0; U; fr) Presto/2.6.30 Version/10.63"
66.249.66.146 - - [20/Apr/2011:12:22:40 +0200] "GET /viewtopic.php?t=3038&start=30&postdays=0&postorder=asc&highlight=&sid=b90f4d87d22a4424099b6f9558ef70d8 HTTP/1.1" 200 2004 "-" "Mozilla/5.0 (compatible; Googlebot/2.1; +http://www.google.com/bot.html)"
66.249.66.146 - - [20/Apr/2011:12:23:49 +0200] "GET /viewtopic.php?p=103768&sid=5b1ac7b3a5362f84239afb8bdb6a027e HTTP/1.1" 200 2000 "-" "Mozilla/5.0 (compatible; Googlebot/2.1; +http://www.google.com/bot.html)"
65.52.110.45 - - [20/Apr/2011:12:23:54 +0200] "GET /robots.txt HTTP/1.1" 404 208 "-" "Mozilla/5.0 (compatible; bingbot/2.0; +http://www.bing.com/bingbot.htm)"
65.52.110.45 - - [20/Apr/2011:12:24:37 +0200] "GET /pdf/edition_4/commentairejury_guiguidu60.pdf HTTP/1.1" 404 208 "-" "Mozilla/5.0 (compatible; bingbot/2.0; +http://www.bing.com/bingbot.htm)"
194.2.155.253 - - [20/Apr/2011:12:25:07 +0200] "GET /AvatarsManager/deug21.jpg HTTP/1.0" 302 20 "http://www.trackmania.com/fr/forum/viewtopic.php?t=34814&postdays=0&postorder=asc&start=75" "Mozilla/4.0 (compatible; MSIE 8.0; Windows NT 6.1; WOW64; Trident/4.0; GTB6.6; SLCC2; .NET CLR 2.0.50727; .NET CLR 3.5.30729; .NET CLR 3.0.30729; Media Center PC 6.0; InfoPath.2; .NET4.0C; .NET4.0E; MS-RTC LM 8)"
81.64.111.98 - - [20/Apr/2011:12:25:14 +0200] "GET /AvatarsManager/deug21.jpg HTTP/1.1" 302 20 "http://www.trackmania.com/fr/forum/viewtopic.php?p=790062&sid=30f7d605f8fe58cbc5922e0374feefb2" "Mozilla/5.0 (Windows; U; Windows NT 6.1; fr; rv:1.9.2.16) Gecko/20110319 Firefox/3.6.16"
81.64.111.98 - - [20/Apr/2011:12:25:17 +0200] "GET /AvatarsManager/joueurs/deug21/1.png HTTP/1.1" 200 48858 "http://www.trackmania.com/fr/forum/viewtopic.php?p=790062&sid=30f7d605f8fe58cbc5922e0374feefb2" "Mozilla/5.0 (Windows; U; Windows NT 6.1; fr; rv:1.9.2.16) Gecko/20110319 Firefox/3.6.16"
157.55.116.13 - - [20/Apr/2011:12:25:48 +0200] "GET /viewtopic.php?p=28388 HTTP/1.1" 200 105 "-" "msnbot/2.0b (+http://search.msn.com/msnbot.htm)._"
157.55.116.13 - - [20/Apr/2011:12:25:58 +0200] "GET /viewtopic.php?p=11175 HTTP/1.1" 200 105 "-" "msnbot/2.0b (+http://search.msn.com/msnbot.htm)._"
157.55.116.13 - - [20/Apr/2011:12:26:03 +0200] "GET /viewtopic.php?p=31231 HTTP/1.1" 200 105 "-" "msnbot/2.0b (+http://search.msn.com/msnbot.htm)._"
194.2.155.253 - - [20/Apr/2011:12:26:04 +0200] "GET /AvatarsManager/deug21.jpg HTTP/1.0" 302 20 "http://www.trackmania.com/fr/forum/viewtopic.php?t=34810" "Mozilla/4.0 (compatible; MSIE 8.0; Windows NT 6.1; WOW64; Trident/4.0; GTB6.6; SLCC2; .NET CLR 2.0.50727; .NET CLR 3.5.30729; .NET CLR 3.0.30729; Media Center PC 6.0; InfoPath.2; .NET4.0C; .NET4.0E; MS-RTC LM 8)"
66.249.72.242 - - [20/Apr/2011:12:26:11 +0200] "GET /viewtopic.php?p=12929&sid=ab63343396c33197bc277cdd520ee1e4 HTTP/1.1" 200 2002 "-" "Mozilla/5.0 (compatible; Googlebot/2.1; +http://www.google.com/bot.html)"
157.55.116.13 - - [20/Apr/2011:12:26:20 +0200] "GET /viewtopic.php?p=21278 HTTP/1.1" 200 105 "-" "msnbot/2.0b (+http://search.msn.com/msnbot.htm)._"
66.249.66.146 - - [20/Apr/2011:12:26:40 +0200] "GET /viewtopic.php?p=26239&sid=13e338f21607e62cdd13d051f975027e HTTP/1.1" 200 2002 "-" "Mozilla/5.0 (compatible; Googlebot/2.1; +http://www.google.com/bot.html)"
157.55.116.13 - - [20/Apr/2011:12:27:11 +0200] "GET /posting.php?mode=quote&p=7453 HTTP/1.1" 200 105 "-" "msnbot/2.0b (+http://search.msn.com/msnbot.htm)._"
157.55.116.13 - - [20/Apr/2011:12:27:20 +0200] "GET /posting.php?mode=quote&p=1594 HTTP/1.1" 200 105 "-" "msnbot/2.0b (+http://search.msn.com/msnbot.htm)._"
95.108.158.232 - - [20/Apr/2011:12:27:21 +0200] "GET /robots.txt HTTP/1.1" 404 208 "-" "Mozilla/5.0 (compatible; YandexImages/3.0; +http://yandex.com/bots)"
157.55.116.13 - - [20/Apr/2011:12:27:22 +0200] "GET /posting.php?mode=quote&p=26999 HTTP/1.1" 200 105 "-" "msnbot/2.0b (+http://search.msn.com/msnbot.htm)._"
157.55.116.13 - - [20/Apr/2011:12:27:27 +0200] "GET /viewtopic.php?p=109218 HTTP/1.1" 200 105 "-" "msnbot/2.0b (+http://search.msn.com/msnbot.htm)._"
157.55.116.13 - - [20/Apr/2011:12:27:32 +0200] "GET /posting.php?mode=quote&p=15777 HTTP/1.1" 200 105 "-" "msnbot/2.0b (+http://search.msn.com/msnbot.htm)._"
157.55.116.13 - - [20/Apr/2011:12:27:42 +0200] "GET /viewtopic.php?p=107674 HTTP/1.1" 200 105 "-" "msnbot/2.0b (+http://search.msn.com/msnbot.htm)._"
157.55.116.13 - - [20/Apr/2011:12:27:48 +0200] "GET /viewtopic.php?p=108268 HTTP/1.1" 200 105 "-" "msnbot/2.0b (+http://search.msn.com/msnbot.htm)._"
157.55.116.13 - - [20/Apr/2011:12:27:53 +0200] "GET /posting.php?mode=quote&p=106108 HTTP/1.1" 200 105 "-" "msnbot/2.0b (+http://search.msn.com/msnbot.htm)._"
157.55.116.13 - - [20/Apr/2011:12:27:58 +0200] "GET /viewtopic.php?p=108398 HTTP/1.1" 200 105 "-" "msnbot/2.0b (+http://search.msn.com/msnbot.htm)._"
157.55.116.13 - - [20/Apr/2011:12:28:01 +0200] "GET /posting.php?mode=quote&p=24043 HTTP/1.1" 200 105 "-" "msnbot/2.0b (+http://search.msn.com/msnbot.htm)._"
157.55.116.13 - - [20/Apr/2011:12:28:09 +0200] "GET /posting.php?mode=quote&p=108923 HTTP/1.1" 200 105 "-" "msnbot/2.0b (+http://search.msn.com/msnbot.htm)._"
157.55.116.13 - - [20/Apr/2011:12:28:11 +0200] "GET /posting.php?mode=quote&p=15178 HTTP/1.1" 200 105 "-" "msnbot/2.0b (+http://search.msn.com/msnbot.htm)._"
62.39.91.69 - - [20/Apr/2011:12:28:14 +0200] "GET /AvatarsManager/lakse.jpg HTTP/1.1" 302 - "http://ragemachines.simplygaming.org/t213-caitlyn-sheriff-de-piltover" "Mozilla/5.0 (Windows; U; Windows NT 5.1; fr; rv:1.9.2.16) Gecko/20110319 Firefox/3.6.16"
62.39.91.69 - - [20/Apr/2011:12:28:14 +0200] "GET /AvatarsManager/joueurs/lakse/3.png HTTP/1.1" 200 71244 "http://ragemachines.simplygaming.org/t213-caitlyn-sheriff-de-piltover" "Mozilla/5.0 (Windows; U; Windows NT 5.1; fr; rv:1.9.2.16) Gecko/20110319 Firefox/3.6.16"
157.55.116.13 - - [20/Apr/2011:12:28:20 +0200] "GET /viewtopic.php?p=111178 HTTP/1.1" 200 105 "-" "msnbot/2.0b (+http://search.msn.com/msnbot.htm)._"
157.55.116.13 - - [20/Apr/2011:12:28:22 +0200] "GET /viewtopic.php?p=19057 HTTP/1.1" 200 105 "-" "msnbot/2.0b (+http://search.msn.com/msnbot.htm)._"
157.55.116.13 - - [20/Apr/2011:12:28:29 +0200] "GET /posting.php?mode=quote&p=38360 HTTP/1.1" 200 105 "-" "msnbot/2.0b (+http://search.msn.com/msnbot.htm)._"
157.55.116.13 - - [20/Apr/2011:12:28:33 +0200] "GET /posting.php?mode=quote&p=68976 HTTP/1.1" 200 105 "-" "msnbot/2.0b (+http://search.msn.com/msnbot.htm)._"
157.55.116.13 - - [20/Apr/2011:12:28:39 +0200] "GET /viewtopic.php?p=112185 HTTP/1.1" 200 105 "-" "msnbot/2.0b (+http://search.msn.com/msnbot.htm)._"
157.55.116.13 - - [20/Apr/2011:12:28:46 +0200] "GET /posting.php?mode=quote&p=16004 HTTP/1.1" 200 105 "-" "msnbot/2.0b (+http://search.msn.com/msnbot.htm)._"
157.55.116.13 - - [20/Apr/2011:12:28:49 +0200] "GET /posting.php?mode=quote&p=70704 HTTP/1.1" 200 105 "-" "msnbot/2.0b (+http://search.msn.com/msnbot.htm)._"
157.55.116.13 - - [20/Apr/2011:12:28:53 +0200] "GET /posting.php?mode=quote&p=21293 HTTP/1.1" 200 105 "-" "msnbot/2.0b (+http://search.msn.com/msnbot.htm)._"
66.249.72.242 - - [20/Apr/2011:12:28:56 +0200] "GET /viewtopic.php?t=2655&view=previous&sid=187813cfacb629b4c895276c0c5800e5 HTTP/1.1" 200 2003 "-" "Mozilla/5.0 (compatible; Googlebot/2.1; +http://www.google.com/bot.html)"
157.55.116.13 - - [20/Apr/2011:12:29:00 +0200] "GET /posting.php?mode=quote&p=21194 HTTP/1.1" 200 105 "-" "msnbot/2.0b (+http://search.msn.com/msnbot.htm)._"
157.55.116.13 - - [20/Apr/2011:12:29:03 +0200] "GET /posting.php?mode=quote&p=46927 HTTP/1.1" 200 105 "-" "msnbot/2.0b (+http://search.msn.com/msnbot.htm)._"
157.55.116.13 - - [20/Apr/2011:12:29:08 +0200] "GET /posting.php?mode=quote&p=1596 HTTP/1.1" 200 105 "-" "msnbot/2.0b (+http://search.msn.com/msnbot.htm)._"
157.55.116.13 - - [20/Apr/2011:12:29:11 +0200] "GET /posting.php?mode=quote&p=20770 HTTP/1.1" 200 105 "-" "msnbot/2.0b (+http://search.msn.com/msnbot.htm)._"
157.55.116.13 - - [20/Apr/2011:12:29:15 +0200] "GET /viewtopic.php?p=107527 HTTP/1.1" 200 105 "-" "msnbot/2.0b (+http://search.msn.com/msnbot.htm)._"
157.55.116.13 - - [20/Apr/2011:12:29:17 +0200] "GET /posting.php?mode=quote&p=4404 HTTP/1.1" 200 105 "-" "msnbot/2.0b (+http://search.msn.com/msnbot.htm)._"
157.55.116.13 - - [20/Apr/2011:12:29:20 +0200] "GET /posting.php?mode=quote&p=57970 HTTP/1.1" 200 105 "-" "msnbot/2.0b (+http://search.msn.com/msnbot.htm)._"
157.55.116.13 - - [20/Apr/2011:12:29:25 +0200] "GET /posting.php?mode=quote&p=59045 HTTP/1.1" 200 105 "-" "msnbot/2.0b (+http://search.msn.com/msnbot.htm)._"
157.55.116.13 - - [20/Apr/2011:12:29:29 +0200] "GET /viewtopic.php?p=110047 HTTP/1.1" 200 105 "-" "msnbot/2.0b (+http://search.msn.com/msnbot.htm)._"
66.249.66.146 - - [20/Apr/2011:12:29:32 +0200] "GET /viewtopic.php?p=29025&sid=2ca9ef7acd3d7efa275ef7eab7def000 HTTP/1.1" 200 2002 "-" "Mozilla/5.0 (compatible; Googlebot/2.1; +http://www.google.com/bot.html)"
157.55.116.13 - - [20/Apr/2011:12:29:33 +0200] "GET /viewtopic.php?p=16223 HTTP/1.1" 200 105 "-" "msnbot/2.0b (+http://search.msn.com/msnbot.htm)._"
157.55.116.13 - - [20/Apr/2011:12:29:38 +0200] "GET /viewtopic.php?p=71372 HTTP/1.1" 200 105 "-" "msnbot/2.0b (+http://search.msn.com/msnbot.htm)._"
157.55.116.13 - - [20/Apr/2011:12:29:41 +0200] "GET /posting.php?mode=quote&p=103102 HTTP/1.1" 200 105 "-" "msnbot/2.0b (+http://search.msn.com/msnbot.htm)._"
157.55.116.13 - - [20/Apr/2011:12:29:44 +0200] "GET /posting.php?mode=quote&p=64174 HTTP/1.1" 200 105 "-" "msnbot/2.0b (+http://search.msn.com/msnbot.htm)._"
157.55.116.13 - - [20/Apr/2011:12:29:47 +0200] "GET /posting.php?mode=quote&p=53769 HTTP/1.1" 200 105 "-" "msnbot/2.0b (+http://search.msn.com/msnbot.htm)._"
157.55.116.13 - - [20/Apr/2011:12:29:51 +0200] "GET /posting.php?mode=quote&p=103217 HTTP/1.1" 200 105 "-" "msnbot/2.0b (+http://search.msn.com/msnbot.htm)._"
157.55.116.13 - - [20/Apr/2011:12:29:54 +0200] "GET /posting.php?mode=quote&p=28137 HTTP/1.1" 200 105 "-" "msnbot/2.0b (+http://search.msn.com/msnbot.htm)._"
157.55.116.13 - - [20/Apr/2011:12:29:56 +0200] "GET /posting.php?mode=quote&p=28816 HTTP/1.1" 200 105 "-" "msnbot/2.0b (+http://search.msn.com/msnbot.htm)._"
94.228.34.237 - - [20/Apr/2011:12:29:57 +0200] "GET /viewforum.php?f=15 HTTP/1.1" 200 2003 "-" "magpie-crawler/1.1 (U; Linux amd64; en-GB; +http://www.brandwatch.net)"
157.55.116.13 - - [20/Apr/2011:12:30:00 +0200] "GET /viewtopic.php?p=53840 HTTP/1.1" 200 105 "-" "msnbot/2.0b (+http://search.msn.com/msnbot.htm)._"
157.55.116.13 - - [20/Apr/2011:12:30:04 +0200] "GET /posting.php?mode=quote&p=102920 HTTP/1.1" 200 105 "-" "msnbot/2.0b (+http://search.msn.com/msnbot.htm)._"
157.55.116.13 - - [20/Apr/2011:12:30:06 +0200] "GET /posting.php?mode=quote&p=43221 HTTP/1.1" 200 105 "-" "msnbot/2.0b (+http://search.msn.com/msnbot.htm)._"
157.55.116.13 - - [20/Apr/2011:12:30:10 +0200] "GET /posting.php?mode=quote&p=6459 HTTP/1.1" 200 105 "-" "msnbot/2.0b (+http://search.msn.com/msnbot.htm)._"
157.55.116.13 - - [20/Apr/2011:12:30:12 +0200] "GET /posting.php?mode=quote&p=102240 HTTP/1.1" 200 105 "-" "msnbot/2.0b (+http://search.msn.com/msnbot.htm)._"
157.55.116.13 - - [20/Apr/2011:12:30:16 +0200] "GET /viewtopic.php?p=10284 HTTP/1.1" 200 105 "-" "msnbot/2.0b (+http://search.msn.com/msnbot.htm)._"
157.55.116.13 - - [20/Apr/2011:12:30:18 +0200] "GET /viewtopic.php?p=105423 HTTP/1.1" 200 105 "-" "msnbot/2.0b (+http://search.msn.com/msnbot.htm)._"
157.55.116.13 - - [20/Apr/2011:12:30:21 +0200] "GET /viewtopic.php?p=17950 HTTP/1.1" 200 105 "-" "msnbot/2.0b (+http://search.msn.com/msnbot.htm)._"
157.55.116.13 - - [20/Apr/2011:12:30:25 +0200] "GET /viewtopic.php?p=61349 HTTP/1.1" 200 105 "-" "msnbot/2.0b (+http://search.msn.com/msnbot.htm)._"
84.99.244.10 - - [20/Apr/2011:12:30:25 +0200] "GET / HTTP/1.1" 200 2004 "-" "Mozilla/5.0 (Windows NT 5.1; rv:2.0) Gecko/20100101 Firefox/4.0"
157.55.116.13 - - [20/Apr/2011:12:30:26 +0200] "GET /posting.php?mode=quote&p=105870 HTTP/1.1" 200 105 "-" "msnbot/2.0b (+http://search.msn.com/msnbot.htm)._"
157.55.116.13 - - [20/Apr/2011:12:30:29 +0200] "GET /viewtopic.php?p=107442 HTTP/1.1" 200 105 "-" "msnbot/2.0b (+http://search.msn.com/msnbot.htm)._"
157.55.116.13 - - [20/Apr/2011:12:30:31 +0200] "GET /viewtopic.php?p=102586 HTTP/1.1" 200 105 "-" "msnbot/2.0b (+http://search.msn.com/msnbot.htm)._"
157.55.116.13 - - [20/Apr/2011:12:30:33 +0200] "GET /posting.php?mode=quote&p=106065 HTTP/1.1" 200 105 "-" "msnbot/2.0b (+http://search.msn.com/msnbot.htm)._"
157.55.116.13 - - [20/Apr/2011:12:30:36 +0200] "GET /posting.php?mode=quote&p=66530 HTTP/1.1" 200 105 "-" "msnbot/2.0b (+http://search.msn.com/msnbot.htm)._"
157.55.116.13 - - [20/Apr/2011:12:30:39 +0200] "GET /posting.php?mode=quote&p=70300 HTTP/1.1" 200 105 "-" "msnbot/2.0b (+http://search.msn.com/msnbot.htm)._"
157.55.116.13 - - [20/Apr/2011:12:30:42 +0200] "GET /viewtopic.php?p=46937 HTTP/1.1" 200 105 "-" "msnbot/2.0b (+http://search.msn.com/msnbot.htm)._"
157.55.116.13 - - [20/Apr/2011:12:30:45 +0200] "GET /posting.php?mode=quote&p=103262 HTTP/1.1" 200 105 "-" "msnbot/2.0b (+http://search.msn.com/msnbot.htm)._"
157.55.116.13 - - [20/Apr/2011:12:30:48 +0200] "GET /viewtopic.php?p=101123 HTTP/1.1" 200 105 "-" "msnbot/2.0b (+http://search.msn.com/msnbot.htm)._"
157.55.116.13 - - [20/Apr/2011:12:30:50 +0200] "GET /viewtopic.php?p=34945 HTTP/1.1" 200 105 "-" "msnbot/2.0b (+http://search.msn.com/msnbot.htm)._"
157.55.116.13 - - [20/Apr/2011:12:30:53 +0200] "GET /posting.php?mode=quote&p=105789 HTTP/1.1" 200 105 "-" "msnbot/2.0b (+http://search.msn.com/msnbot.htm)._"
157.55.116.13 - - [20/Apr/2011:12:30:57 +0200] "GET /viewtopic.php?p=35480 HTTP/1.1" 200 105 "-" "msnbot/2.0b (+http://search.msn.com/msnbot.htm)._"
157.55.116.13 - - [20/Apr/2011:12:30:59 +0200] "GET /viewtopic.php?p=27710 HTTP/1.1" 200 105 "-" "msnbot/2.0b (+http://search.msn.com/msnbot.htm)._"
157.55.116.13 - - [20/Apr/2011:12:31:04 +0200] "GET /viewtopic.php?p=16353 HTTP/1.1" 200 105 "-" "msnbot/2.0b (+http://search.msn.com/msnbot.htm)._"
157.55.116.13 - - [20/Apr/2011:12:31:07 +0200] "GET /viewtopic.php?p=107164 HTTP/1.1" 200 105 "-" "msnbot/2.0b (+http://search.msn.com/msnbot.htm)._"
157.55.116.13 - - [20/Apr/2011:12:31:10 +0200] "GET /viewtopic.php?p=41821 HTTP/1.1" 200 105 "-" "msnbot/2.0b (+http://search.msn.com/msnbot.htm)._"
157.55.116.13 - - [20/Apr/2011:12:31:12 +0200] "GET /viewtopic.php?p=49774 HTTP/1.1" 200 105 "-" "msnbot/2.0b (+http://search.msn.com/msnbot.htm)._"
157.55.116.13 - - [20/Apr/2011:12:31:14 +0200] "GET /posting.php?mode=quote&p=71393 HTTP/1.1" 200 105 "-" "msnbot/2.0b (+http://search.msn.com/msnbot.htm)._"
157.55.116.13 - - [20/Apr/2011:12:31:19 +0200] "GET /viewtopic.php?p=20919 HTTP/1.1" 200 105 "-" "msnbot/2.0b (+http://search.msn.com/msnbot.htm)._"
157.55.116.13 - - [20/Apr/2011:12:31:21 +0200] "GET /viewtopic.php?p=43215 HTTP/1.1" 200 105 "-" "msnbot/2.0b (+http://search.msn.com/msnbot.htm)._"
157.55.116.13 - - [20/Apr/2011:12:31:22 +0200] "GET /viewtopic.php?p=28855 HTTP/1.1" 200 105 "-" "msnbot/2.0b (+http://search.msn.com/msnbot.htm)._"
157.55.116.13 - - [20/Apr/2011:12:31:30 +0200] "GET /viewtopic.php?p=37414 HTTP/1.1" 200 105 "-" "msnbot/2.0b (+http://search.msn.com/msnbot.htm)._"
157.55.116.13 - - [20/Apr/2011:12:31:31 +0200] "GET /viewtopic.php?p=42949 HTTP/1.1" 200 105 "-" "msnbot/2.0b (+http://search.msn.com/msnbot.htm)._"
157.55.116.13 - - [20/Apr/2011:12:31:33 +0200] "GET /viewtopic.php?p=76948 HTTP/1.1" 200 105 "-" "msnbot/2.0b (+http://search.msn.com/msnbot.htm)._"
157.55.116.13 - - [20/Apr/2011:12:31:36 +0200] "GET /viewtopic.php?p=48175&highlight= HTTP/1.1" 200 105 "-" "msnbot/2.0b (+http://search.msn.com/msnbot.htm)._"
157.55.116.13 - - [20/Apr/2011:12:31:39 +0200] "GET /viewtopic.php?p=43204 HTTP/1.1" 200 105 "-" "msnbot/2.0b (+http://search.msn.com/msnbot.htm)._"
157.55.116.13 - - [20/Apr/2011:12:31:41 +0200] "GET /viewtopic.php?p=42611 HTTP/1.1" 200 105 "-" "msnbot/2.0b (+http://search.msn.com/msnbot.htm)._"
157.55.116.13 - - [20/Apr/2011:12:31:45 +0200] "GET /viewtopic.php?p=106999&highlight= HTTP/1.1" 200 105 "-" "msnbot/2.0b (+http://search.msn.com/msnbot.htm)._"
157.55.116.13 - - [20/Apr/2011:12:31:48 +0200] "GET /viewtopic.php?p=42227 HTTP/1.1" 200 105 "-" "msnbot/2.0b (+http://search.msn.com/msnbot.htm)._"
157.55.116.13 - - [20/Apr/2011:12:31:51 +0200] "GET /viewtopic.php?p=42432 HTTP/1.1" 200 105 "-" "msnbot/2.0b (+http://search.msn.com/msnbot.htm)._"
157.55.116.13 - - [20/Apr/2011:12:31:53 +0200] "GET /viewtopic.php?p=43860 HTTP/1.1" 200 105 "-" "msnbot/2.0b (+http://search.msn.com/msnbot.htm)._"
157.55.116.13 - - [20/Apr/2011:12:31:56 +0200] "GET /viewtopic.php?p=97585 HTTP/1.1" 200 105 "-" "msnbot/2.0b (+http://search.msn.com/msnbot.htm)._"
157.55.116.13 - - [20/Apr/2011:12:31:58 +0200] "GET /viewtopic.php?p=108502 HTTP/1.1" 200 105 "-" "msnbot/2.0b (+http://search.msn.com/msnbot.htm)._"
157.55.116.13 - - [20/Apr/2011:12:32:01 +0200] "GET /posting.php?mode=quote&p=15068 HTTP/1.1" 200 105 "-" "msnbot/2.0b (+http://search.msn.com/msnbot.htm)._"
157.55.116.13 - - [20/Apr/2011:12:32:04 +0200] "GET /viewtopic.php?p=15288 HTTP/1.1" 200 105 "-" "msnbot/2.0b (+http://search.msn.com/msnbot.htm)._"
157.55.116.13 - - [20/Apr/2011:12:32:05 +0200] "GET /viewtopic.php?t=539&view=previous HTTP/1.1" 200 105 "-" "msnbot/2.0b (+http://search.msn.com/msnbot.htm)._"
157.55.116.13 - - [20/Apr/2011:12:32:07 +0200] "GET /viewtopic.php?p=1187 HTTP/1.1" 200 105 "-" "msnbot/2.0b (+http://search.msn.com/msnbot.htm)._"
157.55.116.13 - - [20/Apr/2011:12:32:10 +0200] "GET /viewtopic.php?p=114054&highlight= HTTP/1.1" 200 105 "-" "msnbot/2.0b (+http://search.msn.com/msnbot.htm)._"
157.55.116.13 - - [20/Apr/2011:12:32:13 +0200] "GET /viewtopic.php?p=103540 HTTP/1.1" 200 105 "-" "msnbot/2.0b (+http://search.msn.com/msnbot.htm)._"
157.55.116.13 - - [20/Apr/2011:12:32:16 +0200] "GET /posting.php?mode=quote&p=41084 HTTP/1.1" 200 105 "-" "msnbot/2.0b (+http://search.msn.com/msnbot.htm)._"
157.55.116.13 - - [20/Apr/2011:12:32:19 +0200] "GET /viewtopic.php?p=18909 HTTP/1.1" 200 105 "-" "msnbot/2.0b (+http://search.msn.com/msnbot.htm)._"
157.55.116.13 - - [20/Apr/2011:12:32:21 +0200] "GET /viewtopic.php?p=112569 HTTP/1.1" 200 105 "-" "msnbot/2.0b (+http://search.msn.com/msnbot.htm)._"
66.249.66.146 - - [20/Apr/2011:12:32:23 +0200] "GET /viewtopic.php?p=41542&sid=fbd3c06c2bcce73acabb1de53265c2a0 HTTP/1.1" 200 2002 "-" "Mozilla/5.0 (compatible; Googlebot/2.1; +http://www.google.com/bot.html)"
157.55.116.13 - - [20/Apr/2011:12:32:24 +0200] "GET /viewtopic.php?t=2308&view=previous HTTP/1.1" 200 105 "-" "msnbot/2.0b (+http://search.msn.com/msnbot.htm)._"
157.55.116.13 - - [20/Apr/2011:12:32:26 +0200] "GET /viewtopic.php?p=112522 HTTP/1.1" 200 105 "-" "msnbot/2.0b (+http://search.msn.com/msnbot.htm)._"
157.55.116.13 - - [20/Apr/2011:12:32:28 +0200] "GET /viewtopic.php?p=113636 HTTP/1.1" 200 105 "-" "msnbot/2.0b (+http://search.msn.com/msnbot.htm)._"
157.55.116.13 - - [20/Apr/2011:12:32:32 +0200] "GET /viewtopic.php?p=89550 HTTP/1.1" 200 105 "-" "msnbot/2.0b (+http://search.msn.com/msnbot.htm)._"
157.55.116.13 - - [20/Apr/2011:12:32:35 +0200] "GET /viewtopic.php?p=32297 HTTP/1.1" 200 105 "-" "msnbot/2.0b (+http://search.msn.com/msnbot.htm)._"
157.55.116.13 - - [20/Apr/2011:12:32:38 +0200] "GET /viewtopic.php?p=8706 HTTP/1.1" 200 105 "-" "msnbot/2.0b (+http://search.msn.com/msnbot.htm)._"
157.55.116.13 - - [20/Apr/2011:12:32:41 +0200] "GET /viewtopic.php?t=46&view=next HTTP/1.1" 200 105 "-" "msnbot/2.0b (+http://search.msn.com/msnbot.htm)._"
157.55.116.13 - - [20/Apr/2011:12:32:44 +0200] "GET /viewtopic.php?p=11695 HTTP/1.1" 200 105 "-" "msnbot/2.0b (+http://search.msn.com/msnbot.htm)._"
157.55.116.13 - - [20/Apr/2011:12:32:47 +0200] "GET /viewtopic.php?p=55890 HTTP/1.1" 200 105 "-" "msnbot/2.0b (+http://search.msn.com/msnbot.htm)._"
157.55.116.13 - - [20/Apr/2011:12:32:49 +0200] "GET /posting.php?mode=quote&p=74116 HTTP/1.1" 200 105 "-" "msnbot/2.0b (+http://search.msn.com/msnbot.htm)._"
157.55.116.13 - - [20/Apr/2011:12:32:52 +0200] "GET /viewtopic.php?t=1232&view=next HTTP/1.1" 200 105 "-" "msnbot/2.0b (+http://search.msn.com/msnbot.htm)._"
157.55.116.13 - - [20/Apr/2011:12:32:54 +0200] "GET /viewtopic.php?p=23575 HTTP/1.1" 200 105 "-" "msnbot/2.0b (+http://search.msn.com/msnbot.htm)._"
157.55.116.13 - - [20/Apr/2011:12:32:58 +0200] "GET /viewtopic.php?p=9222 HTTP/1.1" 200 105 "-" "msnbot/2.0b (+http://search.msn.com/msnbot.htm)._"
157.55.116.13 - - [20/Apr/2011:12:32:59 +0200] "GET /posting.php?mode=quote&p=97023 HTTP/1.1" 200 105 "-" "msnbot/2.0b (+http://search.msn.com/msnbot.htm)._"
157.55.116.13 - - [20/Apr/2011:12:33:02 +0200] "GET /viewtopic.php?p=47878 HTTP/1.1" 200 105 "-" "msnbot/2.0b (+http://search.msn.com/msnbot.htm)._"
157.55.116.13 - - [20/Apr/2011:12:33:08 +0200] "GET /posting.php?mode=quote&p=109940 HTTP/1.1" 200 105 "-" "msnbot/2.0b (+http://search.msn.com/msnbot.htm)._"
157.55.116.13 - - [20/Apr/2011:12:33:10 +0200] "GET /viewtopic.php?p=46957 HTTP/1.1" 200 105 "-" "msnbot/2.0b (+http://search.msn.com/msnbot.htm)._"
157.55.116.13 - - [20/Apr/2011:12:33:12 +0200] "GET /posting.php?mode=quote&p=112001 HTTP/1.1" 200 105 "-" "msnbot/2.0b (+http://search.msn.com/msnbot.htm)._"
157.55.116.13 - - [20/Apr/2011:12:33:14 +0200] "GET /posting.php?mode=quote&p=111565 HTTP/1.1" 200 105 "-" "msnbot/2.0b (+http://search.msn.com/msnbot.htm)._"
157.55.116.13 - - [20/Apr/2011:12:33:17 +0200] "GET /posting.php?mode=quote&p=88459 HTTP/1.1" 200 105 "-" "msnbot/2.0b (+http://search.msn.com/msnbot.htm)._"
157.55.116.13 - - [20/Apr/2011:12:33:20 +0200] "GET /posting.php?mode=quote&p=74884 HTTP/1.1" 200 105 "-" "msnbot/2.0b (+http://search.msn.com/msnbot.htm)._"
157.55.116.13 - - [20/Apr/2011:12:33:22 +0200] "GET /viewtopic.php?p=71805 HTTP/1.1" 200 105 "-" "msnbot/2.0b (+http://search.msn.com/msnbot.htm)._"
157.55.116.13 - - [20/Apr/2011:12:33:25 +0200] "GET /viewtopic.php?t=2183&view=previous HTTP/1.1" 200 105 "-" "msnbot/2.0b (+http://search.msn.com/msnbot.htm)._"
157.55.116.13 - - [20/Apr/2011:12:33:27 +0200] "GET /viewtopic.php?p=35522 HTTP/1.1" 200 105 "-" "msnbot/2.0b (+http://search.msn.com/msnbot.htm)._"
157.55.116.13 - - [20/Apr/2011:12:33:29 +0200] "GET /viewtopic.php?t=2491&view=next HTTP/1.1" 200 105 "-" "msnbot/2.0b (+http://search.msn.com/msnbot.htm)._"
157.55.116.13 - - [20/Apr/2011:12:33:31 +0200] "GET /viewtopic.php?p=83000 HTTP/1.1" 200 105 "-" "msnbot/2.0b (+http://search.msn.com/msnbot.htm)._"
157.55.116.13 - - [20/Apr/2011:12:33:34 +0200] "GET /viewtopic.php?p=22449 HTTP/1.1" 200 105 "-" "msnbot/2.0b (+http://search.msn.com/msnbot.htm)._"
157.55.116.13 - - [20/Apr/2011:12:33:36 +0200] "GET /viewtopic.php?p=46579 HTTP/1.1" 200 105 "-" "msnbot/2.0b (+http://search.msn.com/msnbot.htm)._"
157.55.116.13 - - [20/Apr/2011:12:33:42 +0200] "GET /posting.php?mode=quote&p=98692 HTTP/1.1" 200 105 "-" "msnbot/2.0b (+http://search.msn.com/msnbot.htm)._"
157.55.116.13 - - [20/Apr/2011:12:33:45 +0200] "GET /posting.php?mode=quote&p=86424 HTTP/1.1" 200 105 "-" "msnbot/2.0b (+http://search.msn.com/msnbot.htm)._"
157.55.116.13 - - [20/Apr/2011:12:33:48 +0200] "GET /viewtopic.php?p=86734 HTTP/1.1" 200 105 "-" "msnbot/2.0b (+http://search.msn.com/msnbot.htm)._"
95.108.158.232 - - [20/Apr/2011:12:33:48 +0200] "GET /AvatarsManager/deug21.jpg HTTP/1.1" 302 - "-" "Mozilla/5.0 (compatible; YandexImages/3.0; +http://yandex.com/bots)"
157.55.116.13 - - [20/Apr/2011:12:33:51 +0200] "GET /viewtopic.php?t=2892 HTTP/1.1" 200 105 "-" "msnbot/2.0b (+http://search.msn.com/msnbot.htm)._"
157.55.116.13 - - [20/Apr/2011:12:33:53 +0200] "GET /viewtopic.php?p=113559 HTTP/1.1" 200 105 "-" "msnbot/2.0b (+http://search.msn.com/msnbot.htm)._"
95.108.158.232 - - [20/Apr/2011:12:33:56 +0200] "GET /AvatarsManager/joueurs/deug21/1.png HTTP/1.1" 200 48858 "-" "Mozilla/5.0 (compatible; YandexImages/3.0; +http://yandex.com/bots)"
157.55.116.13 - - [20/Apr/2011:12:33:56 +0200] "GET /posting.php?mode=quote&p=11702 HTTP/1.1" 200 105 "-" "msnbot/2.0b (+http://search.msn.com/msnbot.htm)._"
157.55.116.13 - - [20/Apr/2011:12:33:58 +0200] "GET /viewtopic.php?t=2764 HTTP/1.1" 200 105 "-" "msnbot/2.0b (+http://search.msn.com/msnbot.htm)._"
157.55.116.13 - - [20/Apr/2011:12:34:01 +0200] "GET /viewtopic.php?p=106018 HTTP/1.1" 200 105 "-" "msnbot/2.0b (+http://search.msn.com/msnbot.htm)._"
109.230.220.223 - - [20/Apr/2011:12:34:03 +0200] "GET / HTTP/1.0" 200 6354 "http://forum.rally-infernal.info/" "Mozilla/4.0 (compatible; MSIE 6.0; Windows NT 5.2; Win64; x64; SV1; .NET CLR 2.0.50727)"
109.230.220.223 - - [20/Apr/2011:12:34:03 +0200] "GET /index.php?sid=ef6b2ccd5fd3c024d8de710186d543ba HTTP/1.0" 200 5861 "http://forum.rally-infernal.info/index.php?sid=ef6b2ccd5fd3c024d8de710186d543ba" "Mozilla/4.0 (compatible; MSIE 6.0; Windows NT 5.2; Win64; x64; SV1; .NET CLR 2.0.50727)"
109.230.220.223 - - [20/Apr/2011:12:34:03 +0200] "GET /index.php HTTP/1.0" 200 5861 "http://forum.rally-infernal.info/index.php" "Mozilla/4.0 (compatible; MSIE 6.0; Windows NT 5.2; Win64; x64; SV1; .NET CLR 2.0.50727)"
157.55.116.13 - - [20/Apr/2011:12:34:03 +0200] "GET /viewtopic.php?p=56866 HTTP/1.1" 200 105 "-" "msnbot/2.0b (+http://search.msn.com/msnbot.htm)._"
78.242.14.86 - - [20/Apr/2011:12:34:04 +0200] "GET / HTTP/1.1" 200 2011 "-" "Mozilla/5.0 (Windows; U; Windows NT 6.1; fr; rv:1.9.2.16) Gecko/20110319 Firefox/3.6.16"
78.242.14.86 - - [20/Apr/2011:12:34:04 +0200] "GET /templates/rmstyle/rmstyle.css HTTP/1.1" 200 3183 "http://forum.rally-infernal.info/" "Mozilla/5.0 (Windows; U; Windows NT 6.1; fr; rv:1.9.2.16) Gecko/20110319 Firefox/3.6.16"
78.242.14.86 - - [20/Apr/2011:12:34:04 +0200] "GET /templates/rmstyle/images/lang_french/icon_mini_groups.png HTTP/1.1" 200 3010 "http://forum.rally-infernal.info/" "Mozilla/5.0 (Windows; U; Windows NT 6.1; fr; rv:1.9.2.16) Gecko/20110319 Firefox/3.6.16"
78.242.14.86 - - [20/Apr/2011:12:34:04 +0200] "GET /templates/rmstyle/images/lang_french/icon_mini_faq.png HTTP/1.1" 200 2638 "http://forum.rally-infernal.info/" "Mozilla/5.0 (Windows; U; Windows NT 6.1; fr; rv:1.9.2.16) Gecko/20110319 Firefox/3.6.16"
78.242.14.86 - - [20/Apr/2011:12:34:04 +0200] "GET /templates/rmstyle/images/favicon.png HTTP/1.1" 200 974 "-" "Mozilla/5.0 (Windows; U; Windows NT 6.1; fr; rv:1.9.2.16) Gecko/20110319 Firefox/3.6.16"
78.242.14.86 - - [20/Apr/2011:12:34:04 +0200] "GET /templates/rmstyle/images/lang_french/icon_mini_search.png HTTP/1.1" 200 2772 "http://forum.rally-infernal.info/" "Mozilla/5.0 (Windows; U; Windows NT 6.1; fr; rv:1.9.2.16) Gecko/20110319 Firefox/3.6.16"
78.242.14.86 - - [20/Apr/2011:12:34:04 +0200] "GET /templates/rmstyle/images/lang_french/icon_mini_members.png HTTP/1.1" 200 3256 "http://forum.rally-infernal.info/" "Mozilla/5.0 (Windows; U; Windows NT 6.1; fr; rv:1.9.2.16) Gecko/20110319 Firefox/3.6.16"
78.242.14.86 - - [20/Apr/2011:12:34:04 +0200] "GET /templates/rmstyle/images/lang_french/icon_mini_profile.png HTTP/1.1" 200 2386 "http://forum.rally-infernal.info/" "Mozilla/5.0 (Windows; U; Windows NT 6.1; fr; rv:1.9.2.16) Gecko/20110319 Firefox/3.6.16"
78.242.14.86 - - [20/Apr/2011:12:34:04 +0200] "GET /templates/rmstyle/images/lang_french/icon_mini_message.png HTTP/1.1" 200 2464 "http://forum.rally-infernal.info/" "Mozilla/5.0 (Windows; U; Windows NT 6.1; fr; rv:1.9.2.16) Gecko/20110319 Firefox/3.6.16"
78.242.14.86 - - [20/Apr/2011:12:34:04 +0200] "GET /templates/rmstyle/images/lang_french/icon_mini_logout.png HTTP/1.1" 200 2566 "http://forum.rally-infernal.info/" "Mozilla/5.0 (Windows; U; Windows NT 6.1; fr; rv:1.9.2.16) Gecko/20110319 Firefox/3.6.16"
78.242.14.86 - - [20/Apr/2011:12:34:04 +0200] "GET /templates/rmstyle/images/lang_french/icon_mini_site.png HTTP/1.1" 200 2634 "http://forum.rally-infernal.info/" "Mozilla/5.0 (Windows; U; Windows NT 6.1; fr; rv:1.9.2.16) Gecko/20110319 Firefox/3.6.16"
78.242.14.86 - - [20/Apr/2011:12:34:04 +0200] "GET /templates/rmstyle/images/bg_body.jpg HTTP/1.1" 200 103373 "http://forum.rally-infernal.info/templates/rmstyle/rmstyle.css" "Mozilla/5.0 (Windows; U; Windows NT 6.1; fr; rv:1.9.2.16) Gecko/20110319 Firefox/3.6.16"
78.242.14.86 - - [20/Apr/2011:12:34:04 +0200] "GET /templates/rmstyle/images/logo_rmstyle.jpg HTTP/1.1" 200 108363 "http://forum.rally-infernal.info/" "Mozilla/5.0 (Windows; U; Windows NT 6.1; fr; rv:1.9.2.16) Gecko/20110319 Firefox/3.6.16"
157.55.116.13 - - [20/Apr/2011:12:34:05 +0200] "GET /viewtopic.php?t=2881&start=15 HTTP/1.1" 200 105 "-" "msnbot/2.0b (+http://search.msn.com/msnbot.htm)._"
157.55.116.13 - - [20/Apr/2011:12:34:08 +0200] "GET /viewtopic.php?p=73748 HTTP/1.1" 200 105 "-" "msnbot/2.0b (+http://search.msn.com/msnbot.htm)._"
157.55.116.13 - - [20/Apr/2011:12:34:11 +0200] "GET /posting.php?mode=quote&p=1681 HTTP/1.1" 200 105 "-" "msnbot/2.0b (+http://search.msn.com/msnbot.htm)._"
157.55.116.13 - - [20/Apr/2011:12:34:13 +0200] "GET /viewtopic.php?p=74372 HTTP/1.1" 200 105 "-" "msnbot/2.0b (+http://search.msn.com/msnbot.htm)._"
157.55.116.13 - - [20/Apr/2011:12:34:16 +0200] "GET /viewtopic.php?p=72151 HTTP/1.1" 200 105 "-" "msnbot/2.0b (+http://search.msn.com/msnbot.htm)._"
157.55.116.13 - - [20/Apr/2011:12:34:18 +0200] "GET /viewtopic.php?p=20900 HTTP/1.1" 200 105 "-" "msnbot/2.0b (+http://search.msn.com/msnbot.htm)._"
157.55.116.13 - - [20/Apr/2011:12:34:20 +0200] "GET /viewtopic.php?p=104361 HTTP/1.1" 200 105 "-" "msnbot/2.0b (+http://search.msn.com/msnbot.htm)._"
157.55.116.13 - - [20/Apr/2011:12:34:23 +0200] "GET /posting.php?mode=quote&p=1094 HTTP/1.1" 200 105 "-" "msnbot/2.0b (+http://search.msn.com/msnbot.htm)._"
157.55.116.13 - - [20/Apr/2011:12:34:25 +0200] "GET /viewtopic.php?p=72942 HTTP/1.1" 200 105 "-" "msnbot/2.0b (+http://search.msn.com/msnbot.htm)._"
157.55.116.13 - - [20/Apr/2011:12:34:28 +0200] "GET /viewtopic.php?p=80808 HTTP/1.1" 200 105 "-" "msnbot/2.0b (+http://search.msn.com/msnbot.htm)._"
157.55.116.13 - - [20/Apr/2011:12:34:29 +0200] "GET /posting.php?mode=quote&p=103791 HTTP/1.1" 200 105 "-" "msnbot/2.0b (+http://search.msn.com/msnbot.htm)._"
157.55.116.13 - - [20/Apr/2011:12:34:31 +0200] "GET /viewtopic.php?p=81970 HTTP/1.1" 200 105 "-" "msnbot/2.0b (+http://search.msn.com/msnbot.htm)._"
157.55.116.13 - - [20/Apr/2011:12:34:33 +0200] "GET /viewtopic.php?p=75674 HTTP/1.1" 200 105 "-" "msnbot/2.0b (+http://search.msn.com/msnbot.htm)._"
157.55.116.13 - - [20/Apr/2011:12:34:35 +0200] "GET /profile.php?mode=viewprofile&u=660 HTTP/1.1" 200 105 "-" "msnbot/2.0b (+http://search.msn.com/msnbot.htm)._"
157.55.116.13 - - [20/Apr/2011:12:34:37 +0200] "GET /posting.php?mode=quote&p=20261 HTTP/1.1" 200 105 "-" "msnbot/2.0b (+http://search.msn.com/msnbot.htm)._"
157.55.116.13 - - [20/Apr/2011:12:34:38 +0200] "GET /viewtopic.php?p=763 HTTP/1.1" 200 105 "-" "msnbot/2.0b (+http://search.msn.com/msnbot.htm)._"
157.55.116.13 - - [20/Apr/2011:12:34:41 +0200] "GET /viewtopic.php?p=45354 HTTP/1.1" 200 105 "-" "msnbot/2.0b (+http://search.msn.com/msnbot.htm)._"
1.82.50.167 - - [20/Apr/2011:12:34:43 +0200] "GET /index.php HTTP/1.0" 200 6354 "http://forum.rally-infernal.info/index.php" "Mozilla/5.0 (Windows NT 5.1; U; en) Opera 8.00"
1.82.50.167 - - [20/Apr/2011:12:34:44 +0200] "GET /profile.php?mode=register&sid=c7e54a5059d4c85adf7f286b3b1cd97e HTTP/1.0" 200 5861 "http://forum.rally-infernal.info/profile.php?mode=register&sid=c7e54a5059d4c85adf7f286b3b1cd97e" "Mozilla/5.0 (Windows NT 5.1; U; en) Opera 8.00"
157.55.116.13 - - [20/Apr/2011:12:34:45 +0200] "GET /posting.php?mode=quote&p=20337 HTTP/1.1" 200 105 "-" "msnbot/2.0b (+http://search.msn.com/msnbot.htm)._"
157.55.116.13 - - [20/Apr/2011:12:34:47 +0200] "GET /viewtopic.php?p=109469 HTTP/1.1" 200 105 "-" "msnbot/2.0b (+http://search.msn.com/msnbot.htm)._"
157.55.116.13 - - [20/Apr/2011:12:34:51 +0200] "GET /posting.php?mode=quote&p=27989 HTTP/1.1" 200 105 "-" "msnbot/2.0b (+http://search.msn.com/msnbot.htm)._"
157.55.116.13 - - [20/Apr/2011:12:34:54 +0200] "GET /viewtopic.php?p=48252&highlight= HTTP/1.1" 200 105 "-" "msnbot/2.0b (+http://search.msn.com/msnbot.htm)._"
157.55.116.13 - - [20/Apr/2011:12:34:56 +0200] "GET /viewtopic.php?p=19056 HTTP/1.1" 200 105 "-" "msnbot/2.0b (+http://search.msn.com/msnbot.htm)._"
157.55.116.13 - - [20/Apr/2011:12:35:00 +0200] "GET /viewtopic.php?p=112441 HTTP/1.1" 200 105 "-" "msnbot/2.0b (+http://search.msn.com/msnbot.htm)._"
157.55.116.13 - - [20/Apr/2011:12:35:02 +0200] "GET /viewtopic.php?p=106197 HTTP/1.1" 200 105 "-" "msnbot/2.0b (+http://search.msn.com/msnbot.htm)._"
157.55.116.13 - - [20/Apr/2011:12:35:05 +0200] "GET /viewtopic.php?p=81554&highlight= HTTP/1.1" 200 105 "-" "msnbot/2.0b (+http://search.msn.com/msnbot.htm)._"
157.55.116.13 - - [20/Apr/2011:12:35:09 +0200] "GET /viewtopic.php?p=111737 HTTP/1.1" 200 105 "-" "msnbot/2.0b (+http://search.msn.com/msnbot.htm)._"
66.249.66.146 - - [20/Apr/2011:12:35:10 +0200] "GET /viewtopic.php?t=2441&sid=634b7ac65b36ab263a237e7358afa72b HTTP/1.1" 200 2002 "-" "Mozilla/5.0 (compatible; Googlebot/2.1; +http://www.google.com/bot.html)"
157.55.116.13 - - [20/Apr/2011:12:35:12 +0200] "GET /viewtopic.php?p=111717 HTTP/1.1" 200 105 "-" "msnbot/2.0b (+http://search.msn.com/msnbot.htm)._"
66.249.66.146 - - [20/Apr/2011:12:35:15 +0200] "GET /viewtopic.php?p=49626&sid=155430095f9f66a0026c396f2caa8ddf HTTP/1.1" 200 2000 "-" "Mozilla/5.0 (compatible; Googlebot/2.1; +http://www.google.com/bot.html)"
78.242.14.86 - - [20/Apr/2011:12:35:17 +0200] "GET / HTTP/1.1" 200 2011 "-" "Mozilla/5.0 (Windows; U; Windows NT 6.1; fr; rv:1.9.2.16) Gecko/20110319 Firefox/3.6.16"
157.55.116.13 - - [20/Apr/2011:12:35:17 +0200] "GET /viewtopic.php?p=78528 HTTP/1.1" 200 105 "-" "msnbot/2.0b (+http://search.msn.com/msnbot.htm)._"
78.242.14.86 - - [20/Apr/2011:12:35:17 +0200] "GET /templates/rmstyle/rmstyle.css HTTP/1.1" 200 3183 "http://forum.rally-infernal.info/" "Mozilla/5.0 (Windows; U; Windows NT 6.1; fr; rv:1.9.2.16) Gecko/20110319 Firefox/3.6.16"
78.242.14.86 - - [20/Apr/2011:12:35:17 +0200] "GET /templates/rmstyle/images/favicon.png HTTP/1.1" 200 974 "-" "Mozilla/5.0 (Windows; U; Windows NT 6.1; fr; rv:1.9.2.16) Gecko/20110319 Firefox/3.6.16"
78.242.14.86 - - [20/Apr/2011:12:35:17 +0200] "GET /templates/rmstyle/images/lang_french/icon_mini_groups.png HTTP/1.1" 200 3010 "http://forum.rally-infernal.info/" "Mozilla/5.0 (Windows; U; Windows NT 6.1; fr; rv:1.9.2.16) Gecko/20110319 Firefox/3.6.16"
78.242.14.86 - - [20/Apr/2011:12:35:17 +0200] "GET /templates/rmstyle/images/lang_french/icon_mini_faq.png HTTP/1.1" 200 2638 "http://forum.rally-infernal.info/" "Mozilla/5.0 (Windows; U; Windows NT 6.1; fr; rv:1.9.2.16) Gecko/20110319 Firefox/3.6.16"
78.242.14.86 - - [20/Apr/2011:12:35:17 +0200] "GET /templates/rmstyle/images/lang_french/icon_mini_search.png HTTP/1.1" 200 2772 "http://forum.rally-infernal.info/" "Mozilla/5.0 (Windows; U; Windows NT 6.1; fr; rv:1.9.2.16) Gecko/20110319 Firefox/3.6.16"
78.242.14.86 - - [20/Apr/2011:12:35:17 +0200] "GET /templates/rmstyle/images/lang_french/icon_mini_members.png HTTP/1.1" 200 3256 "http://forum.rally-infernal.info/" "Mozilla/5.0 (Windows; U; Windows NT 6.1; fr; rv:1.9.2.16) Gecko/20110319 Firefox/3.6.16"
78.242.14.86 - - [20/Apr/2011:12:35:17 +0200] "GET /templates/rmstyle/images/lang_french/icon_mini_profile.png HTTP/1.1" 200 2386 "http://forum.rally-infernal.info/" "Mozilla/5.0 (Windows; U; Windows NT 6.1; fr; rv:1.9.2.16) Gecko/20110319 Firefox/3.6.16"
78.242.14.86 - - [20/Apr/2011:12:35:17 +0200] "GET /templates/rmstyle/images/lang_french/icon_mini_message.png HTTP/1.1" 200 2464 "http://forum.rally-infernal.info/" "Mozilla/5.0 (Windows; U; Windows NT 6.1; fr; rv:1.9.2.16) Gecko/20110319 Firefox/3.6.16"
78.242.14.86 - - [20/Apr/2011:12:35:17 +0200] "GET /templates/rmstyle/images/lang_french/icon_mini_logout.png HTTP/1.1" 200 2566 "http://forum.rally-infernal.info/" "Mozilla/5.0 (Windows; U; Windows NT 6.1; fr; rv:1.9.2.16) Gecko/20110319 Firefox/3.6.16"
78.242.14.86 - - [20/Apr/2011:12:35:17 +0200] "GET /templates/rmstyle/images/lang_french/icon_mini_site.png HTTP/1.1" 200 2634 "http://forum.rally-infernal.info/" "Mozilla/5.0 (Windows; U; Windows NT 6.1; fr; rv:1.9.2.16) Gecko/20110319 Firefox/3.6.16"
78.242.14.86 - - [20/Apr/2011:12:35:17 +0200] "GET /templates/rmstyle/images/logo_rmstyle.jpg HTTP/1.1" 200 108363 "http://forum.rally-infernal.info/" "Mozilla/5.0 (Windows; U; Windows NT 6.1; fr; rv:1.9.2.16) Gecko/20110319 Firefox/3.6.16"
78.242.14.86 - - [20/Apr/2011:12:35:17 +0200] "GET / HTTP/1.1" 200 1995 "-" "Mozilla/5.0 (Windows; U; Windows NT 6.1; fr; rv:1.9.2.16) Gecko/20110319 Firefox/3.6.16"
78.242.14.86 - - [20/Apr/2011:12:35:17 +0200] "GET /templates/rmstyle/images/lang_french/icon_mini_profile.png HTTP/1.1" 200 2386 "http://forum.rally-infernal.info/" "Mozilla/5.0 (Windows; U; Windows NT 6.1; fr; rv:1.9.2.16) Gecko/20110319 Firefox/3.6.16"
78.242.14.86 - - [20/Apr/2011:12:35:17 +0200] "GET /templates/rmstyle/images/lang_french/icon_mini_logout.png HTTP/1.1" 200 2566 "http://forum.rally-infernal.info/" "Mozilla/5.0 (Windows; U; Windows NT 6.1; fr; rv:1.9.2.16) Gecko/20110319 Firefox/3.6.16"
78.242.14.86 - - [20/Apr/2011:12:35:17 +0200] "GET /templates/rmstyle/images/lang_french/icon_mini_message.png HTTP/1.1" 200 2464 "http://forum.rally-infernal.info/" "Mozilla/5.0 (Windows; U; Windows NT 6.1; fr; rv:1.9.2.16) Gecko/20110319 Firefox/3.6.16"
78.242.14.86 - - [20/Apr/2011:12:35:17 +0200] "GET /templates/rmstyle/images/lang_french/icon_mini_site.png HTTP/1.1" 200 2634 "http://forum.rally-infernal.info/" "Mozilla/5.0 (Windows; U; Windows NT 6.1; fr; rv:1.9.2.16) Gecko/20110319 Firefox/3.6.16"
78.242.14.86 - - [20/Apr/2011:12:35:17 +0200] "GET /templates/rmstyle/images/bg_body.jpg HTTP/1.1" 200 103373 "http://forum.rally-infernal.info/templates/rmstyle/rmstyle.css" "Mozilla/5.0 (Windows; U; Windows NT 6.1; fr; rv:1.9.2.16) Gecko/20110319 Firefox/3.6.16"
78.242.14.86 - - [20/Apr/2011:12:35:17 +0200] "GET /templates/rmstyle/images/logo_rmstyle.jpg HTTP/1.1" 200 108363 "http://forum.rally-infernal.info/" "Mozilla/5.0 (Windows; U; Windows NT 6.1; fr; rv:1.9.2.16) Gecko/20110319 Firefox/3.6.16"
157.55.116.13 - - [20/Apr/2011:12:35:18 +0200] "GET /viewtopic.php?p=93293 HTTP/1.1" 200 105 "-" "msnbot/2.0b (+http://search.msn.com/msnbot.htm)._"
157.55.116.13 - - [20/Apr/2011:12:35:21 +0200] "GET /posting.php?mode=quote&p=2209 HTTP/1.1" 200 105 "-" "msnbot/2.0b (+http://search.msn.com/msnbot.htm)._"
157.55.116.13 - - [20/Apr/2011:12:35:24 +0200] "GET /posting.php?mode=quote&p=20859 HTTP/1.1" 200 105 "-" "msnbot/2.0b (+http://search.msn.com/msnbot.htm)._"
157.55.116.13 - - [20/Apr/2011:12:35:27 +0200] "GET /posting.php?mode=quote&p=122 HTTP/1.1" 200 105 "-" "msnbot/2.0b (+http://search.msn.com/msnbot.htm)._"
157.55.116.13 - - [20/Apr/2011:12:35:30 +0200] "GET /viewtopic.php?p=98337 HTTP/1.1" 200 105 "-" "msnbot/2.0b (+http://search.msn.com/msnbot.htm)._"
157.55.116.13 - - [20/Apr/2011:12:35:33 +0200] "GET /viewtopic.php?p=99041 HTTP/1.1" 200 105 "-" "msnbot/2.0b (+http://search.msn.com/msnbot.htm)._"
157.55.116.13 - - [20/Apr/2011:12:35:36 +0200] "GET /viewtopic.php?p=94908 HTTP/1.1" 200 105 "-" "msnbot/2.0b (+http://search.msn.com/msnbot.htm)._"
157.55.116.13 - - [20/Apr/2011:12:35:40 +0200] "GET /viewtopic.php?p=96922 HTTP/1.1" 200 105 "-" "msnbot/2.0b (+http://search.msn.com/msnbot.htm)._"
157.55.116.13 - - [20/Apr/2011:12:35:42 +0200] "GET /posting.php?mode=quote&p=76103 HTTP/1.1" 200 105 "-" "msnbot/2.0b (+http://search.msn.com/msnbot.htm)._"
157.55.116.13 - - [20/Apr/2011:12:35:44 +0200] "GET /posting.php?mode=quote&p=71366 HTTP/1.1" 200 105 "-" "msnbot/2.0b (+http://search.msn.com/msnbot.htm)._"
157.55.116.13 - - [20/Apr/2011:12:35:45 +0200] "GET /viewtopic.php?p=90477 HTTP/1.1" 200 105 "-" "msnbot/2.0b (+http://search.msn.com/msnbot.htm)._"
157.55.116.13 - - [20/Apr/2011:12:35:49 +0200] "GET /posting.php?mode=quote&p=76584 HTTP/1.1" 200 105 "-" "msnbot/2.0b (+http://search.msn.com/msnbot.htm)._"
157.55.116.13 - - [20/Apr/2011:12:35:52 +0200] "GET /viewtopic.php?p=93041 HTTP/1.1" 200 105 "-" "msnbot/2.0b (+http://search.msn.com/msnbot.htm)._"
157.55.116.13 - - [20/Apr/2011:12:35:54 +0200] "GET /posting.php?mode=quote&p=32544 HTTP/1.1" 200 105 "-" "msnbot/2.0b (+http://search.msn.com/msnbot.htm)._"
157.55.116.13 - - [20/Apr/2011:12:35:57 +0200] "GET /posting.php?mode=quote&p=24253 HTTP/1.1" 200 105 "-" "msnbot/2.0b (+http://search.msn.com/msnbot.htm)._"
157.55.116.13 - - [20/Apr/2011:12:36:00 +0200] "GET /posting.php?mode=quote&p=67102 HTTP/1.1" 200 105 "-" "msnbot/2.0b (+http://search.msn.com/msnbot.htm)._"
157.55.116.13 - - [20/Apr/2011:12:36:01 +0200] "GET /posting.php?mode=quote&p=51465 HTTP/1.1" 200 105 "-" "msnbot/2.0b (+http://search.msn.com/msnbot.htm)._"
157.55.116.13 - - [20/Apr/2011:12:36:04 +0200] "GET /viewtopic.php?p=78900 HTTP/1.1" 200 105 "-" "msnbot/2.0b (+http://search.msn.com/msnbot.htm)._"
157.55.116.13 - - [20/Apr/2011:12:36:06 +0200] "GET /posting.php?mode=quote&p=69000 HTTP/1.1" 200 105 "-" "msnbot/2.0b (+http://search.msn.com/msnbot.htm)._"
157.55.116.13 - - [20/Apr/2011:12:36:08 +0200] "GET /posting.php?mode=quote&p=31419 HTTP/1.1" 200 105 "-" "msnbot/2.0b (+http://search.msn.com/msnbot.htm)._"
157.55.116.13 - - [20/Apr/2011:12:36:10 +0200] "GET /posting.php?mode=quote&p=47984 HTTP/1.1" 200 105 "-" "msnbot/2.0b (+http://search.msn.com/msnbot.htm)._"
157.55.116.13 - - [20/Apr/2011:12:36:12 +0200] "GET /posting.php?mode=quote&p=3326 HTTP/1.1" 200 105 "-" "msnbot/2.0b (+http://search.msn.com/msnbot.htm)._"
157.55.116.13 - - [20/Apr/2011:12:36:13 +0200] "GET /posting.php?mode=reply&t=328 HTTP/1.1" 200 105 "-" "msnbot/2.0b (+http://search.msn.com/msnbot.htm)._"
157.55.116.13 - - [20/Apr/2011:12:36:15 +0200] "GET /viewtopic.php?p=22682&highlight= HTTP/1.1" 200 105 "-" "msnbot/2.0b (+http://search.msn.com/msnbot.htm)._"
157.55.116.13 - - [20/Apr/2011:12:36:18 +0200] "GET /posting.php?mode=quote&p=7920 HTTP/1.1" 200 105 "-" "msnbot/2.0b (+http://search.msn.com/msnbot.htm)._"
157.55.116.13 - - [20/Apr/2011:12:36:20 +0200] "GET /posting.php?mode=quote&p=102932 HTTP/1.1" 200 105 "-" "msnbot/2.0b (+http://search.msn.com/msnbot.htm)._"
157.55.116.13 - - [20/Apr/2011:12:36:23 +0200] "GET /posting.php?mode=quote&p=31083 HTTP/1.1" 200 105 "-" "msnbot/2.0b (+http://search.msn.com/msnbot.htm)._"
157.55.116.13 - - [20/Apr/2011:12:36:25 +0200] "GET /viewtopic.php?p=27694&highlight= HTTP/1.1" 200 105 "-" "msnbot/2.0b (+http://search.msn.com/msnbot.htm)._"
157.55.116.13 - - [20/Apr/2011:12:36:28 +0200] "GET /posting.php?mode=quote&p=80144 HTTP/1.1" 200 105 "-" "msnbot/2.0b (+http://search.msn.com/msnbot.htm)._"
157.55.116.13 - - [20/Apr/2011:12:36:29 +0200] "GET /posting.php?mode=quote&p=16158 HTTP/1.1" 200 105 "-" "msnbot/2.0b (+http://search.msn.com/msnbot.htm)._"
157.55.116.13 - - [20/Apr/2011:12:36:30 +0200] "GET /posting.php?mode=quote&p=85941 HTTP/1.1" 200 105 "-" "msnbot/2.0b (+http://search.msn.com/msnbot.htm)._"
157.55.116.13 - - [20/Apr/2011:12:36:33 +0200] "GET /posting.php?mode=quote&p=60432 HTTP/1.1" 200 105 "-" "msnbot/2.0b (+http://search.msn.com/msnbot.htm)._"
157.55.116.13 - - [20/Apr/2011:12:36:35 +0200] "GET /posting.php?mode=quote&p=51348 HTTP/1.1" 200 105 "-" "msnbot/2.0b (+http://search.msn.com/msnbot.htm)._"
157.55.116.13 - - [20/Apr/2011:12:36:38 +0200] "GET /posting.php?mode=quote&p=76752 HTTP/1.1" 200 105 "-" "msnbot/2.0b (+http://search.msn.com/msnbot.htm)._"
157.55.116.13 - - [20/Apr/2011:12:36:41 +0200] "GET /posting.php?mode=quote&p=102480 HTTP/1.1" 200 105 "-" "msnbot/2.0b (+http://search.msn.com/msnbot.htm)._"
157.55.116.13 - - [20/Apr/2011:12:36:43 +0200] "GET /posting.php?mode=quote&p=27741 HTTP/1.1" 200 105 "-" "msnbot/2.0b (+http://search.msn.com/msnbot.htm)._"
157.55.116.13 - - [20/Apr/2011:12:36:46 +0200] "GET /posting.php?mode=quote&p=83097 HTTP/1.1" 200 105 "-" "msnbot/2.0b (+http://search.msn.com/msnbot.htm)._"
157.55.116.13 - - [20/Apr/2011:12:36:48 +0200] "GET /posting.php?mode=quote&p=93627 HTTP/1.1" 200 105 "-" "msnbot/2.0b (+http://search.msn.com/msnbot.htm)._"
157.55.116.13 - - [20/Apr/2011:12:36:51 +0200] "GET /posting.php?mode=quote&p=93857 HTTP/1.1" 200 105 "-" "msnbot/2.0b (+http://search.msn.com/msnbot.htm)._"
157.55.116.13 - - [20/Apr/2011:12:36:53 +0200] "GET /viewtopic.php?p=111641&highlight= HTTP/1.1" 200 105 "-" "msnbot/2.0b (+http://search.msn.com/msnbot.htm)._"
157.55.116.13 - - [20/Apr/2011:12:36:55 +0200] "GET /posting.php?mode=quote&p=78578 HTTP/1.1" 200 105 "-" "msnbot/2.0b (+http://search.msn.com/msnbot.htm)._"
157.55.116.13 - - [20/Apr/2011:12:36:57 +0200] "GET /posting.php?mode=quote&p=78860 HTTP/1.1" 200 105 "-" "msnbot/2.0b (+http://search.msn.com/msnbot.htm)._"
157.55.116.13 - - [20/Apr/2011:12:37:00 +0200] "GET /viewtopic.php?t=111&view=previous HTTP/1.1" 200 105 "-" "msnbot/2.0b (+http://search.msn.com/msnbot.htm)._"
157.55.116.13 - - [20/Apr/2011:12:37:03 +0200] "GET /posting.php?mode=quote&p=33312 HTTP/1.1" 200 105 "-" "msnbot/2.0b (+http://search.msn.com/msnbot.htm)._"
157.55.116.13 - - [20/Apr/2011:12:37:05 +0200] "GET /posting.php?mode=quote&p=27015 HTTP/1.1" 200 105 "-" "msnbot/2.0b (+http://search.msn.com/msnbot.htm)._"
157.55.116.13 - - [20/Apr/2011:12:37:07 +0200] "GET /viewtopic.php?t=1833&view=next HTTP/1.1" 200 105 "-" "msnbot/2.0b (+http://search.msn.com/msnbot.htm)._"
157.55.116.13 - - [20/Apr/2011:12:37:09 +0200] "GET /viewtopic.php?t=2907&start=15 HTTP/1.1" 200 105 "-" "msnbot/2.0b (+http://search.msn.com/msnbot.htm)._"
157.55.116.13 - - [20/Apr/2011:12:37:11 +0200] "GET /posting.php?mode=quote&p=44692 HTTP/1.1" 200 105 "-" "msnbot/2.0b (+http://search.msn.com/msnbot.htm)._"
157.55.116.13 - - [20/Apr/2011:12:37:14 +0200] "GET /posting.php?mode=quote&p=21039 HTTP/1.1" 200 105 "-" "msnbot/2.0b (+http://search.msn.com/msnbot.htm)._"
208.115.111.249 - - [20/Apr/2011:12:37:14 +0200] "GET /robots.txt HTTP/1.1" 404 182 "-" "Mozilla/5.0 (compatible; DotBot/1.1; http://www.dotnetdotcom.org/, crawler@dotnetdotcom.org)"
157.55.116.13 - - [20/Apr/2011:12:37:15 +0200] "GET /posting.php?mode=quote&p=20156 HTTP/1.1" 200 105 "-" "msnbot/2.0b (+http://search.msn.com/msnbot.htm)._"
157.55.116.13 - - [20/Apr/2011:12:37:17 +0200] "GET /posting.php?mode=quote&p=44865 HTTP/1.1" 200 105 "-" "msnbot/2.0b (+http://search.msn.com/msnbot.htm)._"
157.55.116.13 - - [20/Apr/2011:12:37:19 +0200] "GET /posting.php?mode=quote&p=69765 HTTP/1.1" 200 105 "-" "msnbot/2.0b (+http://search.msn.com/msnbot.htm)._"
157.55.116.13 - - [20/Apr/2011:12:37:21 +0200] "GET /posting.php?mode=quote&p=38921 HTTP/1.1" 200 105 "-" "msnbot/2.0b (+http://search.msn.com/msnbot.htm)._"
157.55.116.13 - - [20/Apr/2011:12:37:24 +0200] "GET /posting.php?mode=quote&p=4446 HTTP/1.1" 200 105 "-" "msnbot/2.0b (+http://search.msn.com/msnbot.htm)._"
157.55.116.13 - - [20/Apr/2011:12:37:26 +0200] "GET /posting.php?mode=quote&p=38448 HTTP/1.1" 200 105 "-" "msnbot/2.0b (+http://search.msn.com/msnbot.htm)._"
90.63.92.65 - - [20/Apr/2011:12:37:29 +0200] "GET /images/smiles/icon_hap.gif HTTP/1.1" 200 178 "http://www.trackmania.com/fr/forum/posting.php?mode=topicreview&t=34755" "Opera/9.80 (Windows NT 6.0; U; fr) Presto/2.6.30 Version/10.63"
157.55.116.13 - - [20/Apr/2011:12:37:29 +0200] "GET /posting.php?mode=quote&p=70941 HTTP/1.1" 200 105 "-" "msnbot/2.0b (+http://search.msn.com/msnbot.htm)._"
157.55.116.13 - - [20/Apr/2011:12:37:31 +0200] "GET /posting.php?mode=quote&p=17717 HTTP/1.1" 200 105 "-" "msnbot/2.0b (+http://search.msn.com/msnbot.htm)._"
