157.55.116.13 - - [20/Apr/2011:08:22:23 +0200] "GET /posting.php?mode=quote&p=78789 HTTP/1.1" 200 105 "-" "msnbot/2.0b (+http://search.msn.com/msnbot.htm)._"
157.55.116.13 - - [20/Apr/2011:08:22:29 +0200] "GET /viewtopic.php?p=103873 HTTP/1.1" 200 105 "-" "msnbot/2.0b (+http://search.msn.com/msnbot.htm)._"
157.55.116.13 - - [20/Apr/2011:08:22:33 +0200] "GET /viewtopic.php?p=62096 HTTP/1.1" 200 105 "-" "msnbot/2.0b (+http://search.msn.com/msnbot.htm)._"
157.55.116.13 - - [20/Apr/2011:08:22:35 +0200] "GET /viewtopic.php?p=94351 HTTP/1.1" 200 105 "-" "msnbot/2.0b (+http://search.msn.com/msnbot.htm)._"
157.55.116.13 - - [20/Apr/2011:08:22:38 +0200] "GET /posting.php?mode=quote&p=65834 HTTP/1.1" 200 105 "-" "msnbot/2.0b (+http://search.msn.com/msnbot.htm)._"
157.55.116.13 - - [20/Apr/2011:08:22:41 +0200] "GET /viewtopic.php?p=78491 HTTP/1.1" 200 105 "-" "msnbot/2.0b (+http://search.msn.com/msnbot.htm)._"
88.182.148.152 - - [20/Apr/2011:08:22:41 +0200] "GET / HTTP/1.1" 200 1949 "-" "Mozilla/5.0 (Windows NT 6.1; rv:2.0) Gecko/20100101 Firefox/4.0"
157.55.116.13 - - [20/Apr/2011:08:22:45 +0200] "GET /posting.php?mode=quote&p=2808 HTTP/1.1" 200 105 "-" "msnbot/2.0b (+http://search.msn.com/msnbot.htm)._"
157.55.116.13 - - [20/Apr/2011:08:22:46 +0200] "GET /viewtopic.php?p=67514 HTTP/1.1" 200 105 "-" "msnbot/2.0b (+http://search.msn.com/msnbot.htm)._"
157.55.116.13 - - [20/Apr/2011:08:22:50 +0200] "GET /viewtopic.php?p=2850 HTTP/1.1" 200 105 "-" "msnbot/2.0b (+http://search.msn.com/msnbot.htm)._"
157.55.116.13 - - [20/Apr/2011:08:22:53 +0200] "GET /viewtopic.php?p=11199 HTTP/1.1" 200 105 "-" "msnbot/2.0b (+http://search.msn.com/msnbot.htm)._"
157.55.116.13 - - [20/Apr/2011:08:22:55 +0200] "GET /viewtopic.php?p=43584 HTTP/1.1" 200 105 "-" "msnbot/2.0b (+http://search.msn.com/msnbot.htm)._"
157.55.116.13 - - [20/Apr/2011:08:22:58 +0200] "GET /viewtopic.php?p=84211 HTTP/1.1" 200 105 "-" "msnbot/2.0b (+http://search.msn.com/msnbot.htm)._"
157.55.116.13 - - [20/Apr/2011:08:23:01 +0200] "GET /viewtopic.php?p=75781 HTTP/1.1" 200 105 "-" "msnbot/2.0b (+http://search.msn.com/msnbot.htm)._"
157.55.116.13 - - [20/Apr/2011:08:23:03 +0200] "GET /viewtopic.php?p=59686 HTTP/1.1" 200 105 "-" "msnbot/2.0b (+http://search.msn.com/msnbot.htm)._"
157.55.116.13 - - [20/Apr/2011:08:23:08 +0200] "GET /viewtopic.php?p=7475 HTTP/1.1" 200 105 "-" "msnbot/2.0b (+http://search.msn.com/msnbot.htm)._"
157.55.116.13 - - [20/Apr/2011:08:23:10 +0200] "GET /viewtopic.php?p=105429 HTTP/1.1" 200 105 "-" "msnbot/2.0b (+http://search.msn.com/msnbot.htm)._"
157.55.116.13 - - [20/Apr/2011:08:23:14 +0200] "GET /viewtopic.php?p=112725 HTTP/1.1" 200 105 "-" "msnbot/2.0b (+http://search.msn.com/msnbot.htm)._"
157.55.116.13 - - [20/Apr/2011:08:23:16 +0200] "GET /viewtopic.php?p=53464 HTTP/1.1" 200 105 "-" "msnbot/2.0b (+http://search.msn.com/msnbot.htm)._"
157.55.116.13 - - [20/Apr/2011:08:23:19 +0200] "GET /viewtopic.php?p=93428 HTTP/1.1" 200 105 "-" "msnbot/2.0b (+http://search.msn.com/msnbot.htm)._"
157.55.116.13 - - [20/Apr/2011:08:23:22 +0200] "GET /viewtopic.php?p=2923 HTTP/1.1" 200 105 "-" "msnbot/2.0b (+http://search.msn.com/msnbot.htm)._"
157.55.116.13 - - [20/Apr/2011:08:23:25 +0200] "GET /viewtopic.php?p=78535 HTTP/1.1" 200 105 "-" "msnbot/2.0b (+http://search.msn.com/msnbot.htm)._"
157.55.116.13 - - [20/Apr/2011:08:23:27 +0200] "GET /viewtopic.php?p=98508 HTTP/1.1" 200 105 "-" "msnbot/2.0b (+http://search.msn.com/msnbot.htm)._"
157.55.116.13 - - [20/Apr/2011:08:23:29 +0200] "GET /viewtopic.php?p=52623 HTTP/1.1" 200 105 "-" "msnbot/2.0b (+http://search.msn.com/msnbot.htm)._"
157.55.116.13 - - [20/Apr/2011:08:23:32 +0200] "GET /viewtopic.php?p=92581 HTTP/1.1" 200 105 "-" "msnbot/2.0b (+http://search.msn.com/msnbot.htm)._"
157.55.116.13 - - [20/Apr/2011:08:23:35 +0200] "GET /posting.php?mode=quote&p=99230 HTTP/1.1" 200 105 "-" "msnbot/2.0b (+http://search.msn.com/msnbot.htm)._"
157.55.116.13 - - [20/Apr/2011:08:23:37 +0200] "GET /viewtopic.php?p=104298 HTTP/1.1" 200 105 "-" "msnbot/2.0b (+http://search.msn.com/msnbot.htm)._"
157.55.116.13 - - [20/Apr/2011:08:23:39 +0200] "GET /viewtopic.php?p=104753 HTTP/1.1" 200 105 "-" "msnbot/2.0b (+http://search.msn.com/msnbot.htm)._"
157.55.116.13 - - [20/Apr/2011:08:23:41 +0200] "GET /viewtopic.php?p=76235 HTTP/1.1" 200 105 "-" "msnbot/2.0b (+http://search.msn.com/msnbot.htm)._"
66.249.66.146 - - [20/Apr/2011:08:23:44 +0200] "GET /profile.php?mode=viewprofile&u=439&sid=e8c9c6e2e78b05b12bca3d45058b63ee HTTP/1.1" 200 2003 "-" "Mozilla/5.0 (compatible; Googlebot/2.1; +http://www.google.com/bot.html)"
157.55.116.13 - - [20/Apr/2011:08:23:45 +0200] "GET /viewtopic.php?p=56929 HTTP/1.1" 200 105 "-" "msnbot/2.0b (+http://search.msn.com/msnbot.htm)._"
157.55.116.13 - - [20/Apr/2011:08:23:47 +0200] "GET /viewtopic.php?p=27698 HTTP/1.1" 200 105 "-" "msnbot/2.0b (+http://search.msn.com/msnbot.htm)._"
157.55.116.13 - - [20/Apr/2011:08:23:50 +0200] "GET /viewtopic.php?p=70885 HTTP/1.1" 200 105 "-" "msnbot/2.0b (+http://search.msn.com/msnbot.htm)._"
157.55.116.13 - - [20/Apr/2011:08:23:55 +0200] "GET /viewtopic.php?p=30078 HTTP/1.1" 200 105 "-" "msnbot/2.0b (+http://search.msn.com/msnbot.htm)._"
157.55.116.13 - - [20/Apr/2011:08:23:56 +0200] "GET /posting.php?mode=quote&p=55850 HTTP/1.1" 200 105 "-" "msnbot/2.0b (+http://search.msn.com/msnbot.htm)._"
157.55.116.13 - - [20/Apr/2011:08:23:58 +0200] "GET /viewtopic.php?p=84861 HTTP/1.1" 200 105 "-" "msnbot/2.0b (+http://search.msn.com/msnbot.htm)._"
157.55.116.13 - - [20/Apr/2011:08:24:01 +0200] "GET /viewtopic.php?p=34798 HTTP/1.1" 200 105 "-" "msnbot/2.0b (+http://search.msn.com/msnbot.htm)._"
157.55.116.13 - - [20/Apr/2011:08:24:04 +0200] "GET /viewtopic.php?p=44158 HTTP/1.1" 200 105 "-" "msnbot/2.0b (+http://search.msn.com/msnbot.htm)._"
157.55.116.13 - - [20/Apr/2011:08:24:07 +0200] "GET /viewtopic.php?p=102583 HTTP/1.1" 200 105 "-" "msnbot/2.0b (+http://search.msn.com/msnbot.htm)._"
157.55.116.13 - - [20/Apr/2011:08:24:10 +0200] "GET /posting.php?mode=quote&p=87820 HTTP/1.1" 200 105 "-" "msnbot/2.0b (+http://search.msn.com/msnbot.htm)._"
88.182.148.152 - - [20/Apr/2011:08:24:11 +0200] "GET / HTTP/1.1" 200 1949 "-" "Mozilla/5.0 (Windows NT 6.1; rv:2.0) Gecko/20100101 Firefox/4.0"
157.55.116.13 - - [20/Apr/2011:08:24:12 +0200] "GET /viewtopic.php?p=111409 HTTP/1.1" 200 105 "-" "msnbot/2.0b (+http://search.msn.com/msnbot.htm)._"
157.55.116.13 - - [20/Apr/2011:08:24:16 +0200] "GET /viewtopic.php?p=91202 HTTP/1.1" 200 105 "-" "msnbot/2.0b (+http://search.msn.com/msnbot.htm)._"
95.108.158.232 - - [20/Apr/2011:08:24:18 +0200] "GET /images/smiles/sm6.gif HTTP/1.1" 304 - "-" "Mozilla/5.0 (compatible; YandexImages/3.0; +http://yandex.com/bots)"
157.55.116.13 - - [20/Apr/2011:08:24:18 +0200] "GET /viewtopic.php?p=46283 HTTP/1.1" 200 105 "-" "msnbot/2.0b (+http://search.msn.com/msnbot.htm)._"
157.55.116.13 - - [20/Apr/2011:08:24:21 +0200] "GET /viewtopic.php?p=61443 HTTP/1.1" 200 105 "-" "msnbot/2.0b (+http://search.msn.com/msnbot.htm)._"
157.55.116.13 - - [20/Apr/2011:08:24:24 +0200] "GET /viewtopic.php?p=71444 HTTP/1.1" 200 105 "-" "msnbot/2.0b (+http://search.msn.com/msnbot.htm)._"
157.55.116.13 - - [20/Apr/2011:08:24:25 +0200] "GET /viewtopic.php?p=71801 HTTP/1.1" 200 105 "-" "msnbot/2.0b (+http://search.msn.com/msnbot.htm)._"
157.55.116.13 - - [20/Apr/2011:08:24:29 +0200] "GET /viewtopic.php?p=92259 HTTP/1.1" 200 105 "-" "msnbot/2.0b (+http://search.msn.com/msnbot.htm)._"
157.55.116.13 - - [20/Apr/2011:08:24:33 +0200] "GET /viewtopic.php?p=1629 HTTP/1.1" 200 105 "-" "msnbot/2.0b (+http://search.msn.com/msnbot.htm)._"
157.55.116.13 - - [20/Apr/2011:08:24:34 +0200] "GET /viewtopic.php?p=93652 HTTP/1.1" 200 105 "-" "msnbot/2.0b (+http://search.msn.com/msnbot.htm)._"
157.55.116.13 - - [20/Apr/2011:08:24:36 +0200] "GET /viewtopic.php?p=86070 HTTP/1.1" 200 105 "-" "msnbot/2.0b (+http://search.msn.com/msnbot.htm)._"
157.55.116.13 - - [20/Apr/2011:08:24:38 +0200] "GET /viewtopic.php?p=38462 HTTP/1.1" 200 105 "-" "msnbot/2.0b (+http://search.msn.com/msnbot.htm)._"
157.55.116.13 - - [20/Apr/2011:08:24:40 +0200] "GET /viewtopic.php?p=40665 HTTP/1.1" 200 105 "-" "msnbot/2.0b (+http://search.msn.com/msnbot.htm)._"
157.55.116.13 - - [20/Apr/2011:08:24:42 +0200] "GET /viewtopic.php?p=66115 HTTP/1.1" 200 105 "-" "msnbot/2.0b (+http://search.msn.com/msnbot.htm)._"
157.55.116.13 - - [20/Apr/2011:08:24:44 +0200] "GET /viewtopic.php?p=92841 HTTP/1.1" 200 105 "-" "msnbot/2.0b (+http://search.msn.com/msnbot.htm)._"
157.55.116.13 - - [20/Apr/2011:08:24:46 +0200] "GET /viewtopic.php?p=68972 HTTP/1.1" 200 105 "-" "msnbot/2.0b (+http://search.msn.com/msnbot.htm)._"
157.55.116.13 - - [20/Apr/2011:08:24:49 +0200] "GET /viewtopic.php?p=94952 HTTP/1.1" 200 105 "-" "msnbot/2.0b (+http://search.msn.com/msnbot.htm)._"
157.55.116.13 - - [20/Apr/2011:08:24:50 +0200] "GET /viewtopic.php?p=49202 HTTP/1.1" 200 105 "-" "msnbot/2.0b (+http://search.msn.com/msnbot.htm)._"
157.55.116.13 - - [20/Apr/2011:08:24:53 +0200] "GET /viewtopic.php?p=95008 HTTP/1.1" 200 105 "-" "msnbot/2.0b (+http://search.msn.com/msnbot.htm)._"
157.55.116.13 - - [20/Apr/2011:08:24:55 +0200] "GET /viewtopic.php?p=92213 HTTP/1.1" 200 105 "-" "msnbot/2.0b (+http://search.msn.com/msnbot.htm)._"
157.55.116.13 - - [20/Apr/2011:08:24:58 +0200] "GET /viewtopic.php?p=50180 HTTP/1.1" 200 105 "-" "msnbot/2.0b (+http://search.msn.com/msnbot.htm)._"
157.55.116.13 - - [20/Apr/2011:08:25:00 +0200] "GET /viewtopic.php?p=65966 HTTP/1.1" 200 105 "-" "msnbot/2.0b (+http://search.msn.com/msnbot.htm)._"
157.55.116.13 - - [20/Apr/2011:08:25:02 +0200] "GET /posting.php?mode=quote&p=4395 HTTP/1.1" 200 105 "-" "msnbot/2.0b (+http://search.msn.com/msnbot.htm)._"
157.55.116.13 - - [20/Apr/2011:08:25:04 +0200] "GET /viewtopic.php?p=78853 HTTP/1.1" 200 105 "-" "msnbot/2.0b (+http://search.msn.com/msnbot.htm)._"
157.55.116.13 - - [20/Apr/2011:08:25:07 +0200] "GET /viewtopic.php?p=97765 HTTP/1.1" 200 105 "-" "msnbot/2.0b (+http://search.msn.com/msnbot.htm)._"
157.55.116.13 - - [20/Apr/2011:08:25:10 +0200] "GET /viewtopic.php?p=2575 HTTP/1.1" 200 105 "-" "msnbot/2.0b (+http://search.msn.com/msnbot.htm)._"
157.55.116.13 - - [20/Apr/2011:08:25:13 +0200] "GET /viewtopic.php?p=81906 HTTP/1.1" 200 105 "-" "msnbot/2.0b (+http://search.msn.com/msnbot.htm)._"
157.55.116.13 - - [20/Apr/2011:08:25:15 +0200] "GET /viewtopic.php?p=53508 HTTP/1.1" 200 105 "-" "msnbot/2.0b (+http://search.msn.com/msnbot.htm)._"
157.55.116.13 - - [20/Apr/2011:08:25:19 +0200] "GET /viewtopic.php?p=65235 HTTP/1.1" 200 105 "-" "msnbot/2.0b (+http://search.msn.com/msnbot.htm)._"
157.55.116.13 - - [20/Apr/2011:08:25:22 +0200] "GET /viewtopic.php?p=89638 HTTP/1.1" 200 105 "-" "msnbot/2.0b (+http://search.msn.com/msnbot.htm)._"
157.55.116.13 - - [20/Apr/2011:08:25:25 +0200] "GET /viewtopic.php?p=113182 HTTP/1.1" 200 105 "-" "msnbot/2.0b (+http://search.msn.com/msnbot.htm)._"
157.55.116.13 - - [20/Apr/2011:08:25:29 +0200] "GET /viewtopic.php?p=96079 HTTP/1.1" 200 105 "-" "msnbot/2.0b (+http://search.msn.com/msnbot.htm)._"
157.55.116.13 - - [20/Apr/2011:08:25:30 +0200] "GET /viewtopic.php?p=42327 HTTP/1.1" 200 105 "-" "msnbot/2.0b (+http://search.msn.com/msnbot.htm)._"
157.55.116.13 - - [20/Apr/2011:08:25:34 +0200] "GET /viewtopic.php?p=46531 HTTP/1.1" 200 105 "-" "msnbot/2.0b (+http://search.msn.com/msnbot.htm)._"
157.55.116.13 - - [20/Apr/2011:08:25:37 +0200] "GET /viewtopic.php?p=74755 HTTP/1.1" 200 105 "-" "msnbot/2.0b (+http://search.msn.com/msnbot.htm)._"
157.55.116.13 - - [20/Apr/2011:08:25:40 +0200] "GET /viewtopic.php?p=52814 HTTP/1.1" 200 105 "-" "msnbot/2.0b (+http://search.msn.com/msnbot.htm)._"
157.55.116.13 - - [20/Apr/2011:08:25:44 +0200] "GET /viewtopic.php?p=53478 HTTP/1.1" 200 105 "-" "msnbot/2.0b (+http://search.msn.com/msnbot.htm)._"
157.55.116.13 - - [20/Apr/2011:08:25:47 +0200] "GET /posting.php?mode=quote&p=32121 HTTP/1.1" 200 105 "-" "msnbot/2.0b (+http://search.msn.com/msnbot.htm)._"
157.55.116.13 - - [20/Apr/2011:08:25:49 +0200] "GET /viewtopic.php?p=62057 HTTP/1.1" 200 105 "-" "msnbot/2.0b (+http://search.msn.com/msnbot.htm)._"
157.55.116.13 - - [20/Apr/2011:08:25:52 +0200] "GET /viewtopic.php?p=92929 HTTP/1.1" 200 105 "-" "msnbot/2.0b (+http://search.msn.com/msnbot.htm)._"
157.55.116.13 - - [20/Apr/2011:08:25:54 +0200] "GET /viewtopic.php?p=38818 HTTP/1.1" 200 105 "-" "msnbot/2.0b (+http://search.msn.com/msnbot.htm)._"
66.249.66.146 - - [20/Apr/2011:08:25:55 +0200] "GET /viewtopic.php?t=1838&start=90&sid=a9651a8bfd6861ecfd02978744610a7e HTTP/1.1" 200 2002 "-" "Mozilla/5.0 (compatible; Googlebot/2.1; +http://www.google.com/bot.html)"
157.55.116.13 - - [20/Apr/2011:08:25:58 +0200] "GET /viewtopic.php?p=29061 HTTP/1.1" 200 105 "-" "msnbot/2.0b (+http://search.msn.com/msnbot.htm)._"
157.55.116.13 - - [20/Apr/2011:08:25:59 +0200] "GET /viewtopic.php?p=91469 HTTP/1.1" 200 105 "-" "msnbot/2.0b (+http://search.msn.com/msnbot.htm)._"
157.55.116.13 - - [20/Apr/2011:08:26:02 +0200] "GET /viewtopic.php?p=55895 HTTP/1.1" 200 105 "-" "msnbot/2.0b (+http://search.msn.com/msnbot.htm)._"
157.55.116.13 - - [20/Apr/2011:08:26:03 +0200] "GET /viewtopic.php?p=28179 HTTP/1.1" 200 105 "-" "msnbot/2.0b (+http://search.msn.com/msnbot.htm)._"
157.55.116.13 - - [20/Apr/2011:08:26:05 +0200] "GET /viewtopic.php?p=26974 HTTP/1.1" 200 105 "-" "msnbot/2.0b (+http://search.msn.com/msnbot.htm)._"
157.55.116.13 - - [20/Apr/2011:08:26:07 +0200] "GET /viewtopic.php?p=83851 HTTP/1.1" 200 105 "-" "msnbot/2.0b (+http://search.msn.com/msnbot.htm)._"
157.55.116.13 - - [20/Apr/2011:08:26:09 +0200] "GET /viewtopic.php?p=61424 HTTP/1.1" 200 105 "-" "msnbot/2.0b (+http://search.msn.com/msnbot.htm)._"
157.55.116.13 - - [20/Apr/2011:08:26:12 +0200] "GET /viewtopic.php?p=66728 HTTP/1.1" 200 105 "-" "msnbot/2.0b (+http://search.msn.com/msnbot.htm)._"
157.55.116.13 - - [20/Apr/2011:08:26:14 +0200] "GET /viewtopic.php?p=83106 HTTP/1.1" 200 105 "-" "msnbot/2.0b (+http://search.msn.com/msnbot.htm)._"
157.55.116.13 - - [20/Apr/2011:08:26:18 +0200] "GET /viewtopic.php?p=8630 HTTP/1.1" 200 105 "-" "msnbot/2.0b (+http://search.msn.com/msnbot.htm)._"
157.55.116.13 - - [20/Apr/2011:08:26:20 +0200] "GET /viewtopic.php?p=2561 HTTP/1.1" 200 105 "-" "msnbot/2.0b (+http://search.msn.com/msnbot.htm)._"
157.55.116.13 - - [20/Apr/2011:08:26:23 +0200] "GET /viewtopic.php?p=2603 HTTP/1.1" 200 105 "-" "msnbot/2.0b (+http://search.msn.com/msnbot.htm)._"
157.55.116.13 - - [20/Apr/2011:08:26:26 +0200] "GET /viewtopic.php?p=93002 HTTP/1.1" 200 105 "-" "msnbot/2.0b (+http://search.msn.com/msnbot.htm)._"
157.55.116.13 - - [20/Apr/2011:08:26:29 +0200] "GET /viewtopic.php?p=23467 HTTP/1.1" 200 105 "-" "msnbot/2.0b (+http://search.msn.com/msnbot.htm)._"
157.55.116.13 - - [20/Apr/2011:08:26:31 +0200] "GET /viewtopic.php?p=47954 HTTP/1.1" 200 105 "-" "msnbot/2.0b (+http://search.msn.com/msnbot.htm)._"
157.55.116.13 - - [20/Apr/2011:08:26:34 +0200] "GET /posting.php?mode=quote&p=107578 HTTP/1.1" 200 105 "-" "msnbot/2.0b (+http://search.msn.com/msnbot.htm)._"
66.249.66.146 - - [20/Apr/2011:08:26:36 +0200] "GET /viewtopic.php?p=88656&sid=3fab330b6bc0bd44a6f7f45a2f769dc1 HTTP/1.1" 200 2002 "-" "Mozilla/5.0 (compatible; Googlebot/2.1; +http://www.google.com/bot.html)"
157.55.116.13 - - [20/Apr/2011:08:26:38 +0200] "GET /viewtopic.php?p=98061 HTTP/1.1" 200 105 "-" "msnbot/2.0b (+http://search.msn.com/msnbot.htm)._"
157.55.116.13 - - [20/Apr/2011:08:26:40 +0200] "GET /viewtopic.php?p=69574 HTTP/1.1" 200 105 "-" "msnbot/2.0b (+http://search.msn.com/msnbot.htm)._"
157.55.116.13 - - [20/Apr/2011:08:26:42 +0200] "GET /viewtopic.php?p=56897 HTTP/1.1" 200 105 "-" "msnbot/2.0b (+http://search.msn.com/msnbot.htm)._"
157.55.116.13 - - [20/Apr/2011:08:26:45 +0200] "GET /posting.php?mode=quote&p=93476 HTTP/1.1" 200 105 "-" "msnbot/2.0b (+http://search.msn.com/msnbot.htm)._"
157.55.116.13 - - [20/Apr/2011:08:26:47 +0200] "GET /viewtopic.php?p=55449 HTTP/1.1" 200 105 "-" "msnbot/2.0b (+http://search.msn.com/msnbot.htm)._"
157.55.116.13 - - [20/Apr/2011:08:26:50 +0200] "GET /viewtopic.php?p=86044 HTTP/1.1" 200 105 "-" "msnbot/2.0b (+http://search.msn.com/msnbot.htm)._"
157.55.116.13 - - [20/Apr/2011:08:26:54 +0200] "GET /viewtopic.php?p=60517 HTTP/1.1" 200 105 "-" "msnbot/2.0b (+http://search.msn.com/msnbot.htm)._"
157.55.116.13 - - [20/Apr/2011:08:26:57 +0200] "GET /viewtopic.php?p=18963 HTTP/1.1" 200 105 "-" "msnbot/2.0b (+http://search.msn.com/msnbot.htm)._"
157.55.116.13 - - [20/Apr/2011:08:26:59 +0200] "GET /viewtopic.php?p=54294 HTTP/1.1" 200 105 "-" "msnbot/2.0b (+http://search.msn.com/msnbot.htm)._"
157.55.116.13 - - [20/Apr/2011:08:27:02 +0200] "GET /viewtopic.php?p=107740 HTTP/1.1" 200 105 "-" "msnbot/2.0b (+http://search.msn.com/msnbot.htm)._"
157.55.116.13 - - [20/Apr/2011:08:27:05 +0200] "GET /search.php?search_author=Voj4k HTTP/1.1" 200 105 "-" "msnbot/2.0b (+http://search.msn.com/msnbot.htm)._"
88.182.148.152 - - [20/Apr/2011:08:28:55 +0200] "GET / HTTP/1.1" 200 1949 "-" "Mozilla/5.0 (Windows NT 6.1; rv:2.0) Gecko/20100101 Firefox/4.0"
66.249.72.242 - - [20/Apr/2011:08:29:27 +0200] "GET /viewtopic.php?p=105446&sid=6d31afe6f02150e2a56bad305263274a HTTP/1.1" 200 2000 "-" "Mozilla/5.0 (compatible; Googlebot/2.1; +http://www.google.com/bot.html)"
113.138.132.33 - - [20/Apr/2011:08:30:23 +0200] "GET /index.php HTTP/1.0" 200 6354 "http://forum.rally-infernal.info/index.php" "Mozilla/4.0 (compatible; MSIE 6.0; Windows NT 5.1; SV1; .NET CLR 1.1.4322; XMPP Tiscali Communicator v.10.0.2; .NET CLR 2.0.50727)"
113.138.132.33 - - [20/Apr/2011:08:30:23 +0200] "GET /profile.php?mode=register&sid=62d94753d445b6a5cad5fe41681bd0d9 HTTP/1.0" 200 5861 "http://forum.rally-infernal.info/profile.php?mode=register&sid=62d94753d445b6a5cad5fe41681bd0d9" "Mozilla/4.0 (compatible; MSIE 6.0; Windows NT 5.1; SV1; .NET CLR 1.1.4322; XMPP Tiscali Communicator v.10.0.2; .NET CLR 2.0.50727)"
66.249.66.146 - - [20/Apr/2011:08:31:31 +0200] "GET /viewtopic.php?p=93186&sid=ee5fbadb22ab6945f27d9005de1a0724 HTTP/1.1" 200 2001 "-" "Mozilla/5.0 (compatible; Googlebot/2.1; +http://www.google.com/bot.html)"
66.249.66.146 - - [20/Apr/2011:08:32:19 +0200] "GET /viewtopic.php?p=92268&sid=977b277104b553c16551ca15a4281cd6 HTTP/1.1" 200 2000 "-" "Mozilla/5.0 (compatible; Googlebot/2.1; +http://www.google.com/bot.html)"
66.249.66.146 - - [20/Apr/2011:08:35:10 +0200] "GET /viewtopic.php?p=40598&sid=e8d66cbbb08c456edd31ce2748a22931 HTTP/1.1" 200 2000 "-" "Mozilla/5.0 (compatible; Googlebot/2.1; +http://www.google.com/bot.html)"
79.95.133.150 - - [20/Apr/2011:08:35:36 +0200] "GET / HTTP/1.1" 200 2001 "-" "Mozilla/5.0 (Windows; U; Windows NT 5.1; en-US) AppleWebKit/534.16 (KHTML, like Gecko) Chrome/10.0.648.205 Safari/534.16"
66.249.66.146 - - [20/Apr/2011:08:37:08 +0200] "GET /viewtopic.php?t=3057&postdays=0&postorder=asc&start=30&sid=eff63ddfe0027da0ccc06d59b3ff5e9a HTTP/1.1" 200 2003 "-" "Mozilla/5.0 (compatible; Googlebot/2.1; +http://www.google.com/bot.html)"
66.249.66.146 - - [20/Apr/2011:08:37:20 +0200] "GET /viewtopic.php?t=2759&start=0&postdays=0&postorder=asc&highlight=&sid=408a762b15cd8b6a60c9f8100ecbcd1d HTTP/1.1" 200 2003 "-" "Mozilla/5.0 (compatible; Googlebot/2.1; +http://www.google.com/bot.html)"
66.249.66.146 - - [20/Apr/2011:08:38:02 +0200] "GET /viewtopic.php?p=40600&sid=e8d66cbbb08c456edd31ce2748a22931 HTTP/1.1" 200 2003 "-" "Mozilla/5.0 (compatible; Googlebot/2.1; +http://www.google.com/bot.html)"
82.245.23.161 - - [20/Apr/2011:08:38:16 +0200] "GET / HTTP/1.1" 200 1998 "-" "Mozilla/5.0 (Windows NT 6.1; WOW64; rv:2.0) Gecko/20100101 Firefox/4.0"
199.15.234.8 - - [20/Apr/2011:08:38:29 +0200] "GET /index.php HTTP/1.0" 200 6354 "http://forum.rally-infernal.info/index.php" "Mozilla/4.0 (compatible; MSIE 6.0; Windows NT 5.1; MyIE2; Deepnet Explorer)"
199.15.234.8 - - [20/Apr/2011:08:38:29 +0200] "GET /profile.php?mode=register&sid=0146e1657acc93624237f3f2aea52291 HTTP/1.0" 200 5861 "http://forum.rally-infernal.info/profile.php?mode=register&sid=0146e1657acc93624237f3f2aea52291" "Mozilla/4.0 (compatible; MSIE 6.0; Windows NT 5.1; MyIE2; Deepnet Explorer)"
66.249.66.146 - - [20/Apr/2011:08:38:56 +0200] "GET /viewtopic.php?p=119510&sid=550903174bbac5f8ff3cdc01e94d6ffc HTTP/1.1" 200 2003 "-" "Mozilla/5.0 (compatible; Googlebot/2.1; +http://www.google.com/bot.html)"
95.108.158.232 - - [20/Apr/2011:08:39:26 +0200] "GET /templates/rmstyle/images/lang_french/icon_mini_login.png HTTP/1.1" 304 - "-" "Mozilla/5.0 (compatible; YandexImages/3.0; +http://yandex.com/bots)"
66.249.66.146 - - [20/Apr/2011:08:40:53 +0200] "GET /viewtopic.php?p=40388&sid=e8d66cbbb08c456edd31ce2748a22931 HTTP/1.1" 200 2002 "-" "Mozilla/5.0 (compatible; Googlebot/2.1; +http://www.google.com/bot.html)"
65.52.110.89 - - [20/Apr/2011:08:42:16 +0200] "GET /robots.txt HTTP/1.1" 404 208 "-" "Mozilla/5.0 (compatible; bingbot/2.0; +http://www.bing.com/bingbot.htm)"
66.249.72.242 - - [20/Apr/2011:08:42:44 +0200] "GET /viewtopic.php?t=2971&start=0&sid=a9651a8bfd6861ecfd02978744610a7e HTTP/1.1" 200 2002 "-" "Mozilla/5.0 (compatible; Googlebot/2.1; +http://www.google.com/bot.html)"
65.52.110.89 - - [20/Apr/2011:08:43:06 +0200] "GET /pdf/edition_4/commentairejury_meuh.pdf HTTP/1.1" 404 201 "-" "Mozilla/5.0 (compatible; bingbot/2.0; +http://www.bing.com/bingbot.htm)"
66.249.66.146 - - [20/Apr/2011:08:43:45 +0200] "GET /viewtopic.php?p=92648&sid=dc172e8409ef24f228726ae9c02aac87 HTTP/1.1" 200 2002 "-" "Mozilla/5.0 (compatible; Googlebot/2.1; +http://www.google.com/bot.html)"
193.252.149.15 - - [20/Apr/2011:08:43:59 +0200] "GET /robots.txt HTTP/1.1" 404 182 "-" "Mozilla/5.0 (Windows; U; Windows NT 5.1; fr; rv:1.8.1) VoilaBot BETA 1.2 (support.voilabot@orange-ftgroup.com)"
193.252.149.15 - - [20/Apr/2011:08:44:20 +0200] "GET /viewtopic.php?t=2538 HTTP/1.1" 200 2002 "-" "Mozilla/5.0 (Windows; U; Windows NT 5.1; fr; rv:1.8.1) VoilaBot BETA 1.2 (support.voilabot@orange-ftgroup.com)"
66.249.66.146 - - [20/Apr/2011:08:44:35 +0200] "GET /viewtopic.php?p=119465&sid=30ca6399a5c258b4b004d6e0f4242398 HTTP/1.1" 200 2001 "-" "Mozilla/5.0 (compatible; Googlebot/2.1; +http://www.google.com/bot.html)"
86.208.116.73 - - [20/Apr/2011:08:46:29 +0200] "GET /AvatarsManager/deug21.jpg HTTP/1.1" 302 20 "http://www.trackmania.com/fr/forum/viewtopic.php?p=833778&sid=1f8112ffa74a51f824de95d74856c3e0" "Mozilla/5.0 (Macintosh; U; Intel Mac OS X 10.6; fr; rv:1.9.2.16) Gecko/20110319 Firefox/3.6.16"
86.208.116.73 - - [20/Apr/2011:08:46:31 +0200] "GET /AvatarsManager/joueurs/deug21/1.png HTTP/1.1" 200 48858 "http://www.trackmania.com/fr/forum/viewtopic.php?p=833778&sid=1f8112ffa74a51f824de95d74856c3e0" "Mozilla/5.0 (Macintosh; U; Intel Mac OS X 10.6; fr; rv:1.9.2.16) Gecko/20110319 Firefox/3.6.16"
66.249.72.242 - - [20/Apr/2011:08:46:36 +0200] "GET /viewtopic.php?p=83156&sid=524d6a52b27271f30fcc8e916f8ad032 HTTP/1.1" 200 2002 "-" "Mozilla/5.0 (compatible; Googlebot/2.1; +http://www.google.com/bot.html)"
66.249.72.242 - - [20/Apr/2011:08:48:21 +0200] "GET /viewtopic.php?p=50042&sid=507b3ca5532d9aee5977b1657649b345 HTTP/1.1" 200 2002 "-" "Mozilla/5.0 (compatible; Googlebot/2.1; +http://www.google.com/bot.html)"
66.249.72.242 - - [20/Apr/2011:08:49:28 +0200] "GET /viewtopic.php?p=107481&sid=abf0d9649a0d19c6b1086ab276e89fb9 HTTP/1.1" 200 2000 "-" "Mozilla/5.0 (compatible; Googlebot/2.1; +http://www.google.com/bot.html)"
79.95.133.150 - - [20/Apr/2011:08:49:30 +0200] "GET /faq.php?sid=9a8f22b13b839266e0ea55f94f480aef HTTP/1.1" 200 1949 "http://forum.rally-infernal.info/" "Mozilla/5.0 (Windows; U; Windows NT 5.1; en-US) AppleWebKit/534.16 (KHTML, like Gecko) Chrome/10.0.648.205 Safari/534.16"
79.95.133.150 - - [20/Apr/2011:08:49:35 +0200] "GET / HTTP/1.1" 200 1949 "-" "Mozilla/5.0 (Windows; U; Windows NT 5.1; en-US) AppleWebKit/534.16 (KHTML, like Gecko) Chrome/10.0.648.205 Safari/534.16"
66.249.66.146 - - [20/Apr/2011:08:52:19 +0200] "GET /viewtopic.php?p=85550&sid=9904ff52e0e9f9ab4a66a613f7e9acab HTTP/1.1" 200 2001 "-" "Mozilla/5.0 (compatible; Googlebot/2.1; +http://www.google.com/bot.html)"
66.249.66.146 - - [20/Apr/2011:08:53:08 +0200] "GET /viewtopic.php?p=10783&sid=5f9b8cc4d676e85c8caa5685228f697e HTTP/1.1" 200 2003 "-" "Mozilla/5.0 (compatible; Googlebot/2.1; +http://www.google.com/bot.html)"
66.249.72.242 - - [20/Apr/2011:08:53:50 +0200] "GET /viewtopic.php?p=64152&sid=650c8197ca802e0a1481b48d4632b945 HTTP/1.1" 200 2001 "-" "Mozilla/5.0 (compatible; Googlebot/2.1; +http://www.google.com/bot.html)"
95.108.158.232 - - [20/Apr/2011:08:54:36 +0200] "GET /templates/rmstyle/images/lang_french/icon_msnm.gif HTTP/1.1" 304 - "-" "Mozilla/5.0 (compatible; YandexImages/3.0; +http://yandex.com/bots)"
66.249.66.146 - - [20/Apr/2011:08:55:11 +0200] "GET /viewtopic.php?p=111043&sid=b2ab58695d7b99d868ef2774a192d373 HTTP/1.1" 200 2001 "-" "Mozilla/5.0 (compatible; Googlebot/2.1; +http://www.google.com/bot.html)"
77.243.99.206 - - [20/Apr/2011:08:56:06 +0200] "GET /AvatarsManager/deug21.jpg HTTP/1.1" 302 20 "http://www.trackmania.com/fr/forum/viewtopic.php?t=38387" "Mozilla/5.0 (Windows; U; Windows NT 6.1; en-US) AppleWebKit/534.16 (KHTML, like Gecko) Chrome/10.0.648.205 Safari/534.16"
66.249.66.146 - - [20/Apr/2011:08:58:02 +0200] "GET /viewtopic.php?p=100675&sid=9e55e918b7f90c6a84057e6b234c919b HTTP/1.1" 200 2001 "-" "Mozilla/5.0 (compatible; Googlebot/2.1; +http://www.google.com/bot.html)"
86.214.205.96 - - [20/Apr/2011:08:58:36 +0200] "GET /AvatarsManager/deug21.jpg HTTP/1.1" 302 20 "http://www.trackmania.com/fr/forum/viewtopic.php?t=34755&sid=527b2b43d3db5862b0ebb005bad06b3e" "Mozilla/4.0 (compatible; MSIE 8.0; Windows NT 6.1; WOW64; Trident/4.0; GTB6.6; SLCC2; .NET CLR 2.0.50727; .NET CLR 3.5.30729; .NET CLR 3.0.30729; Media Center PC 6.0; eSobiSubscriber 2.0.4.16; MAAR; .NET4.0C)"
86.214.205.96 - - [20/Apr/2011:08:58:36 +0200] "GET /AvatarsManager/joueurs/deug21/1.png HTTP/1.1" 200 48858 "http://www.trackmania.com/fr/forum/viewtopic.php?t=34755&sid=527b2b43d3db5862b0ebb005bad06b3e" "Mozilla/4.0 (compatible; MSIE 8.0; Windows NT 6.1; WOW64; Trident/4.0; GTB6.6; SLCC2; .NET CLR 2.0.50727; .NET CLR 3.5.30729; .NET CLR 3.0.30729; Media Center PC 6.0; eSobiSubscriber 2.0.4.16; MAAR; .NET4.0C)"
66.249.66.146 - - [20/Apr/2011:08:59:35 +0200] "GET /viewtopic.php?t=2829&start=0&sid=4d596c3b2f250a09e1759149ca118a46 HTTP/1.1" 200 1998 "-" "Mozilla/5.0 (compatible; Googlebot/2.1; +http://www.google.com/bot.html)"
66.249.66.146 - - [20/Apr/2011:09:00:54 +0200] "GET /viewtopic.php?p=43758&sid=5c4e1145eae1b431e1dc885741e4968c HTTP/1.1" 200 2002 "-" "Mozilla/5.0 (compatible; Googlebot/2.1; +http://www.google.com/bot.html)"
91.194.99.8 - - [20/Apr/2011:09:01:13 +0200] "GET / HTTP/1.1" 200 2003 "-" "Mozilla/5.0 (Windows NT 5.1; rv:2.0) Gecko/20100101 Firefox/4.0"
91.194.99.8 - - [20/Apr/2011:09:01:13 +0200] "GET /templates/rmstyle/rmstyle.css HTTP/1.1" 304 - "http://forum.rally-infernal.info/" "Mozilla/5.0 (Windows NT 5.1; rv:2.0) Gecko/20100101 Firefox/4.0"
86.67.104.119 - - [20/Apr/2011:09:01:30 +0200] "GET /AvatarsManager/deug21.jpg HTTP/1.1" 302 20 "http://www.trackmania.com/fr/forum/viewtopic.php?t=35535&postdays=0&postorder=asc&start=15&sid=11e77e1abfd49a27097ba27c184e7e74" "Mozilla/5.0 (Windows; U; Windows NT 5.1; fr; rv:1.9.2.16) Gecko/20110319 Firefox/3.6.16 ( .NET CLR 3.5.30729)"
86.67.104.119 - - [20/Apr/2011:09:01:30 +0200] "GET /AvatarsManager/joueurs/deug21/1.png HTTP/1.1" 200 48858 "http://www.trackmania.com/fr/forum/viewtopic.php?t=35535&postdays=0&postorder=asc&start=15&sid=11e77e1abfd49a27097ba27c184e7e74" "Mozilla/5.0 (Windows; U; Windows NT 5.1; fr; rv:1.9.2.16) Gecko/20110319 Firefox/3.6.16 ( .NET CLR 3.5.30729)"
85.68.39.119 - - [20/Apr/2011:09:02:33 +0200] "GET /images/smiles/icon_hap.gif HTTP/1.1" 200 178 "http://www.trackmania.com/fr/forum/viewtopic.php?t=34755&postdays=0&postorder=asc&start=1050" "Mozilla/5.0 (Windows NT 6.1; WOW64; rv:2.0) Gecko/20100101 Firefox/4.0"
67.195.111.22 - - [20/Apr/2011:09:02:52 +0200] "GET /viewtopic.php?t=2515&start=0&postdays=0&postorder=asc&highlight= HTTP/1.0" 200 2003 "-" "Mozilla/5.0 (compatible; Yahoo! Slurp; http://help.yahoo.com/help/us/ysearch/slurp)"
67.195.111.22 - - [20/Apr/2011:09:02:53 +0200] "GET /templates/rmstyle/rmstyle.css HTTP/1.0" 304 - "http://forum.rally-infernal.info/viewtopic.php?t=2515&start=0&postdays=0&postorder=asc&highlight=" "Mozilla/5.0 (compatible; Yahoo! Slurp; http://help.yahoo.com/help/us/ysearch/slurp)"
66.249.66.146 - - [20/Apr/2011:09:03:45 +0200] "GET /viewtopic.php?p=53481&sid=05f4eaa9d1aa82368596cf39264dfad1 HTTP/1.1" 200 1999 "-" "Mozilla/5.0 (compatible; Googlebot/2.1; +http://www.google.com/bot.html)"
86.214.205.96 - - [20/Apr/2011:09:04:11 +0200] "GET /AvatarsManager/deug21.jpg HTTP/1.1" 302 20 "http://www.trackmania.com/fr/forum/viewtopic.php?t=34762&sid=527b2b43d3db5862b0ebb005bad06b3e" "Mozilla/4.0 (compatible; MSIE 8.0; Windows NT 6.1; WOW64; Trident/4.0; GTB6.6; SLCC2; .NET CLR 2.0.50727; .NET CLR 3.5.30729; .NET CLR 3.0.30729; Media Center PC 6.0; eSobiSubscriber 2.0.4.16; MAAR; .NET4.0C)"
66.249.66.146 - - [20/Apr/2011:09:05:12 +0200] "GET /shoutbox_max.php?dummy=1&start=15&sid=5a25a2bfd79aa0c7049abdc522805216 HTTP/1.1" 200 2001 "-" "Mozilla/5.0 (compatible; Googlebot/2.1; +http://www.google.com/bot.html)"
66.249.66.146 - - [20/Apr/2011:09:06:37 +0200] "GET /viewtopic.php?p=74077&sid=6cde7b4cda1b4f09a18c9af588fab39c HTTP/1.1" 200 2001 "-" "Mozilla/5.0 (compatible; Googlebot/2.1; +http://www.google.com/bot.html)"
66.249.66.146 - - [20/Apr/2011:09:07:39 +0200] "GET /viewtopic.php?p=119435&sid=30ca6399a5c258b4b004d6e0f4242398 HTTP/1.1" 200 2002 "-" "Mozilla/5.0 (compatible; Googlebot/2.1; +http://www.google.com/bot.html)"
66.249.72.242 - - [20/Apr/2011:09:08:56 +0200] "GET /viewtopic.php?t=2718&postdays=0&postorder=asc&start=90&sid=773e74edb1cc506cdb3aaf79c7610eff HTTP/1.1" 200 2002 "-" "Mozilla/5.0 (compatible; Googlebot/2.1; +http://www.google.com/bot.html)"
66.249.72.242 - - [20/Apr/2011:09:09:28 +0200] "GET /viewtopic.php?p=114828&sid=dee0e6677f0fd142931797481fe5ff37 HTTP/1.1" 200 2000 "-" "Mozilla/5.0 (compatible; Googlebot/2.1; +http://www.google.com/bot.html)"
95.108.158.232 - - [20/Apr/2011:09:09:46 +0200] "GET /templates/rmstyle/images/icon_minipost.gif HTTP/1.1" 304 - "-" "Mozilla/5.0 (compatible; YandexImages/3.0; +http://yandex.com/bots)"
66.249.72.242 - - [20/Apr/2011:09:10:49 +0200] "GET /viewtopic.php?t=2828&sid=6bb02ed846dc9030aaa9f03763ea31dc HTTP/1.1" 200 2003 "-" "Mozilla/5.0 (compatible; Googlebot/2.1; +http://www.google.com/bot.html)"
66.249.66.146 - - [20/Apr/2011:09:12:20 +0200] "GET /viewtopic.php?t=2829&start=15&sid=634b7ac65b36ab263a237e7358afa72b HTTP/1.1" 200 2001 "-" "Mozilla/5.0 (compatible; Googlebot/2.1; +http://www.google.com/bot.html)"
86.214.205.96 - - [20/Apr/2011:09:14:10 +0200] "GET /AvatarsManager/deug21.jpg HTTP/1.1" 302 20 "http://www.trackmania.com/fr/forum/viewtopic.php?t=34762&postdays=0&postorder=asc&start=15" "Mozilla/4.0 (compatible; MSIE 8.0; Windows NT 6.1; WOW64; Trident/4.0; GTB6.6; SLCC2; .NET CLR 2.0.50727; .NET CLR 3.5.30729; .NET CLR 3.0.30729; Media Center PC 6.0; eSobiSubscriber 2.0.4.16; MAAR; .NET4.0C)"
86.214.205.96 - - [20/Apr/2011:09:14:11 +0200] "GET /AvatarsManager/joueurs/deug21/1.png HTTP/1.1" 304 - "http://www.trackmania.com/fr/forum/viewtopic.php?t=34762&postdays=0&postorder=asc&start=15" "Mozilla/4.0 (compatible; MSIE 8.0; Windows NT 6.1; WOW64; Trident/4.0; GTB6.6; SLCC2; .NET CLR 2.0.50727; .NET CLR 3.5.30729; .NET CLR 3.0.30729; Media Center PC 6.0; eSobiSubscriber 2.0.4.16; MAAR; .NET4.0C)"
66.249.72.242 - - [20/Apr/2011:09:14:44 +0200] "GET /viewtopic.php?t=3386&view=next&sid=626c4b34dc568156d027f66a029b8c51 HTTP/1.1" 200 1999 "-" "Mozilla/5.0 (compatible; Googlebot/2.1; +http://www.google.com/bot.html)"
160.92.7.69 - - [20/Apr/2011:09:15:04 +0200] "GET / HTTP/1.0" 200 2012 "-" "Mozilla/5.0 (Windows; U; Windows NT 5.1; fr; rv:1.9.2.16) Gecko/20110319 Firefox/3.6.16"
66.249.66.146 - - [20/Apr/2011:09:15:11 +0200] "GET /viewtopic.php?p=111407&sid=4ab35bffb500b382274e614ff4e26180 HTTP/1.1" 200 1999 "-" "Mozilla/5.0 (compatible; Googlebot/2.1; +http://www.google.com/bot.html)"
66.249.66.146 - - [20/Apr/2011:09:16:27 +0200] "GET /groupcp.php?g=1069&sid=72f24417ddb7f62749508786f8b1cf0b HTTP/1.1" 200 2000 "-" "Mozilla/5.0 (compatible; Googlebot/2.1; +http://www.google.com/bot.html)"
66.249.72.242 - - [20/Apr/2011:09:18:03 +0200] "GET /viewtopic.php?p=116845&sid=488e28782a95463c9cd5b26d747a3958 HTTP/1.1" 200 2001 "-" "Mozilla/5.0 (compatible; Googlebot/2.1; +http://www.google.com/bot.html)"
89.78.46.52 - - [20/Apr/2011:09:18:46 +0200] "GET /index.php HTTP/1.0" 200 6354 "http://forum.rally-infernal.info/index.php" "Mozilla/4.0 (compatible; MSIE 6.0; Windows NT) ::ELNSB50::000061100320025802a00111000000000507000900000000"
89.78.46.52 - - [20/Apr/2011:09:18:46 +0200] "GET /profile.php?mode=register&sid=4dc13232044746f59f50f739c4c3ac13 HTTP/1.0" 200 5861 "http://forum.rally-infernal.info/profile.php?mode=register&sid=4dc13232044746f59f50f739c4c3ac13" "Mozilla/4.0 (compatible; MSIE 6.0; Windows NT) ::ELNSB50::000061100320025802a00111000000000507000900000000"
117.23.235.110 - - [20/Apr/2011:09:19:45 +0200] "GET /index.php HTTP/1.0" 200 6354 "http://forum.rally-infernal.info/index.php" "Mozilla/4.0 (compatible; MSIE 6.0; Windows NT 5.1; FREE; .NET CLR 1.1.4322)"
117.23.235.110 - - [20/Apr/2011:09:19:46 +0200] "GET /profile.php?mode=register&sid=39557897c938423d59dddc784541cc89 HTTP/1.0" 200 5861 "http://forum.rally-infernal.info/profile.php?mode=register&sid=39557897c938423d59dddc784541cc89" "Mozilla/4.0 (compatible; MSIE 6.0; Windows NT 5.1; FREE; .NET CLR 1.1.4322)"
66.249.66.146 - - [20/Apr/2011:09:20:54 +0200] "GET /viewtopic.php?p=115425&sid=ad753e6abfb276b49dc870b26d0956fd HTTP/1.1" 200 2002 "-" "Mozilla/5.0 (compatible; Googlebot/2.1; +http://www.google.com/bot.html)"
66.249.66.146 - - [20/Apr/2011:09:22:08 +0200] "GET /viewtopic.php?p=69043&sid=ef8885b23e294094efd720607e692189 HTTP/1.1" 200 2002 "-" "Mozilla/5.0 (compatible; Googlebot/2.1; +http://www.google.com/bot.html)"
66.249.66.146 - - [20/Apr/2011:09:22:56 +0200] "GET /viewtopic.php?t=3386&view=previous&sid=8a1b3ac1cfc09f8c9d0bc835299a2165 HTTP/1.1" 200 2001 "-" "Mozilla/5.0 (compatible; Googlebot/2.1; +http://www.google.com/bot.html)"
66.249.66.146 - - [20/Apr/2011:09:23:46 +0200] "GET /viewtopic.php?t=2757&postdays=0&postorder=asc&start=15&sid=61e51618ca2ceb811b392301a8a5297c HTTP/1.1" 200 2001 "-" "Mozilla/5.0 (compatible; Googlebot/2.1; +http://www.google.com/bot.html)"
66.249.66.146 - - [20/Apr/2011:09:24:44 +0200] "GET /viewtopic.php?p=12801&sid=ab63343396c33197bc277cdd520ee1e4 HTTP/1.1" 200 2002 "-" "Mozilla/5.0 (compatible; Googlebot/2.1; +http://www.google.com/bot.html)"
95.108.158.232 - - [20/Apr/2011:09:24:53 +0200] "GET /images/smiles/icon_hap.gif HTTP/1.1" 304 - "-" "Mozilla/5.0 (compatible; YandexImages/3.0; +http://yandex.com/bots)"
193.252.149.15 - - [20/Apr/2011:09:25:48 +0200] "GET /viewtopic.php?t=2045 HTTP/1.1" 200 2002 "-" "Mozilla/5.0 (Windows; U; Windows NT 5.1; fr; rv:1.8.1) VoilaBot BETA 1.2 (support.voilabot@orange-ftgroup.com)"
160.92.7.69 - - [20/Apr/2011:09:25:58 +0200] "GET / HTTP/1.0" 200 1995 "-" "Mozilla/5.0 (Windows; U; Windows NT 5.1; fr; rv:1.9.2.16) Gecko/20110319 Firefox/3.6.16"
66.249.66.146 - - [20/Apr/2011:09:26:37 +0200] "GET /viewtopic.php?p=114685&sid=31a19fedf43a4c02bc1c4355866505d6 HTTP/1.1" 200 2002 "-" "Mozilla/5.0 (compatible; Googlebot/2.1; +http://www.google.com/bot.html)"
66.249.72.242 - - [20/Apr/2011:09:28:00 +0200] "GET /viewtopic.php?p=86325&sid=2d97f5b08e5d08523ffec9c39c790597 HTTP/1.1" 200 2001 "-" "Mozilla/5.0 (compatible; Googlebot/2.1; +http://www.google.com/bot.html)"
66.249.72.242 - - [20/Apr/2011:09:29:29 +0200] "GET /viewtopic.php?p=110971&sid=3ca77e1662f6ca7da9df60107bc35d7e HTTP/1.1" 200 2001 "-" "Mozilla/5.0 (compatible; Googlebot/2.1; +http://www.google.com/bot.html)"
83.205.79.58 - - [20/Apr/2011:09:30:13 +0200] "GET /index.php HTTP/1.1" 200 2014 "-" "Mozilla/4.0 (compatible; MSIE 7.0; Windows NT 5.1; Trident/4.0; GTB6.6; .NET CLR 2.0.50727; .NET CLR 3.0.4506.2152; .NET CLR 3.5.30729; AskTbCCS/5.11.3.15590)"
83.205.79.58 - - [20/Apr/2011:09:30:13 +0200] "GET /templates/rmstyle/rmstyle.css HTTP/1.1" 304 - "http://forum.rally-infernal.info/index.php" "Mozilla/4.0 (compatible; MSIE 7.0; Windows NT 5.1; Trident/4.0; GTB6.6; .NET CLR 2.0.50727; .NET CLR 3.0.4506.2152; .NET CLR 3.5.30729; AskTbCCS/5.11.3.15590)"
83.205.79.58 - - [20/Apr/2011:09:30:15 +0200] "GET /index.php?sid=54d5869f41f9a364bb4aba5056661766 HTTP/1.1" 200 1997 "http://forum.rally-infernal.info/index.php" "Mozilla/4.0 (compatible; MSIE 7.0; Windows NT 5.1; Trident/4.0; GTB6.6; .NET CLR 2.0.50727; .NET CLR 3.0.4506.2152; .NET CLR 3.5.30729; AskTbCCS/5.11.3.15590)"
66.249.72.242 - - [20/Apr/2011:09:30:19 +0200] "GET /viewtopic.php?t=3386&start=0&postdays=0&postorder=asc&highlight=&sid=626c4b34dc568156d027f66a029b8c51 HTTP/1.1" 200 2002 "-" "Mozilla/5.0 (compatible; Googlebot/2.1; +http://www.google.com/bot.html)"
82.245.23.161 - - [20/Apr/2011:09:31:47 +0200] "GET /templates/rmstyle/images/favicon.png HTTP/1.1" 200 974 "-" "Mozilla/5.0 (Windows; U; Windows NT 6.1; en-US) AppleWebKit/534.16 (KHTML, like Gecko) Chrome/10.0.648.204 Safari/534.16"
82.245.23.161 - - [20/Apr/2011:09:31:51 +0200] "GET / HTTP/1.1" 200 1998 "-" "Mozilla/5.0 (Windows; U; Windows NT 6.1; en-US) AppleWebKit/534.16 (KHTML, like Gecko) Chrome/10.0.648.204 Safari/534.16"
82.245.23.161 - - [20/Apr/2011:09:31:52 +0200] "GET /templates/rmstyle/rmstyle.css HTTP/1.1" 200 3183 "http://forum.rally-infernal.info/" "Mozilla/5.0 (Windows; U; Windows NT 6.1; en-US) AppleWebKit/534.16 (KHTML, like Gecko) Chrome/10.0.648.204 Safari/534.16"
82.245.23.161 - - [20/Apr/2011:09:31:53 +0200] "GET /templates/rmstyle/images/lang_french/icon_mini_faq.png HTTP/1.1" 200 2638 "http://forum.rally-infernal.info/" "Mozilla/5.0 (Windows; U; Windows NT 6.1; en-US) AppleWebKit/534.16 (KHTML, like Gecko) Chrome/10.0.648.204 Safari/534.16"
82.245.23.161 - - [20/Apr/2011:09:31:53 +0200] "GET /templates/rmstyle/images/lang_french/icon_mini_search.png HTTP/1.1" 200 2772 "http://forum.rally-infernal.info/" "Mozilla/5.0 (Windows; U; Windows NT 6.1; en-US) AppleWebKit/534.16 (KHTML, like Gecko) Chrome/10.0.648.204 Safari/534.16"
82.245.23.161 - - [20/Apr/2011:09:31:53 +0200] "GET /templates/rmstyle/images/lang_french/icon_mini_members.png HTTP/1.1" 200 3256 "http://forum.rally-infernal.info/" "Mozilla/5.0 (Windows; U; Windows NT 6.1; en-US) AppleWebKit/534.16 (KHTML, like Gecko) Chrome/10.0.648.204 Safari/534.16"
82.245.23.161 - - [20/Apr/2011:09:31:53 +0200] "GET /templates/rmstyle/images/lang_french/icon_mini_groups.png HTTP/1.1" 200 3010 "http://forum.rally-infernal.info/" "Mozilla/5.0 (Windows; U; Windows NT 6.1; en-US) AppleWebKit/534.16 (KHTML, like Gecko) Chrome/10.0.648.204 Safari/534.16"
82.245.23.161 - - [20/Apr/2011:09:31:53 +0200] "GET /templates/rmstyle/images/lang_french/icon_mini_profile.png HTTP/1.1" 200 2386 "http://forum.rally-infernal.info/" "Mozilla/5.0 (Windows; U; Windows NT 6.1; en-US) AppleWebKit/534.16 (KHTML, like Gecko) Chrome/10.0.648.204 Safari/534.16"
82.245.23.161 - - [20/Apr/2011:09:31:53 +0200] "GET /templates/rmstyle/images/lang_french/icon_mini_message.png HTTP/1.1" 200 2464 "http://forum.rally-infernal.info/" "Mozilla/5.0 (Windows; U; Windows NT 6.1; en-US) AppleWebKit/534.16 (KHTML, like Gecko) Chrome/10.0.648.204 Safari/534.16"
82.245.23.161 - - [20/Apr/2011:09:31:53 +0200] "GET /templates/rmstyle/images/lang_french/icon_mini_login.png HTTP/1.1" 200 2281 "http://forum.rally-infernal.info/" "Mozilla/5.0 (Windows; U; Windows NT 6.1; en-US) AppleWebKit/534.16 (KHTML, like Gecko) Chrome/10.0.648.204 Safari/534.16"
82.245.23.161 - - [20/Apr/2011:09:31:53 +0200] "GET /templates/rmstyle/images/lang_french/icon_mini_register.png HTTP/1.1" 200 2755 "http://forum.rally-infernal.info/" "Mozilla/5.0 (Windows; U; Windows NT 6.1; en-US) AppleWebKit/534.16 (KHTML, like Gecko) Chrome/10.0.648.204 Safari/534.16"
82.245.23.161 - - [20/Apr/2011:09:31:53 +0200] "GET /templates/rmstyle/images/lang_french/icon_mini_site.png HTTP/1.1" 200 2634 "http://forum.rally-infernal.info/" "Mozilla/5.0 (Windows; U; Windows NT 6.1; en-US) AppleWebKit/534.16 (KHTML, like Gecko) Chrome/10.0.648.204 Safari/534.16"
82.245.23.161 - - [20/Apr/2011:09:31:53 +0200] "GET /templates/rmstyle/images/logo_rmstyle.jpg HTTP/1.1" 200 108363 "http://forum.rally-infernal.info/" "Mozilla/5.0 (Windows; U; Windows NT 6.1; en-US) AppleWebKit/534.16 (KHTML, like Gecko) Chrome/10.0.648.204 Safari/534.16"
82.245.23.161 - - [20/Apr/2011:09:31:53 +0200] "GET /templates/rmstyle/images/bg_body.jpg HTTP/1.1" 200 103373 "http://forum.rally-infernal.info/" "Mozilla/5.0 (Windows; U; Windows NT 6.1; en-US) AppleWebKit/534.16 (KHTML, like Gecko) Chrome/10.0.648.204 Safari/534.16"
82.245.23.161 - - [20/Apr/2011:09:32:05 +0200] "GET / HTTP/1.1" 403 179 "-" "Mozilla/5.0 (Windows; U; Windows NT 6.1; en-US) AppleWebKit/534.16 (KHTML, like Gecko) Chrome/10.0.648.204 Safari/534.16"
82.245.23.161 - - [20/Apr/2011:09:32:05 +0200] "GET /favicon.ico HTTP/1.1" 404 183 "-" "Mozilla/5.0 (Windows; U; Windows NT 6.1; en-US) AppleWebKit/534.16 (KHTML, like Gecko) Chrome/10.0.648.204 Safari/534.16"
82.245.23.161 - - [20/Apr/2011:09:32:11 +0200] "GET / HTTP/1.1" 403 179 "-" "Mozilla/5.0 (Windows; U; Windows NT 6.1; en-US) AppleWebKit/534.16 (KHTML, like Gecko) Chrome/10.0.648.204 Safari/534.16"
82.245.23.161 - - [20/Apr/2011:09:32:11 +0200] "GET /favicon.ico HTTP/1.1" 404 183 "-" "Mozilla/5.0 (Windows; U; Windows NT 6.1; en-US) AppleWebKit/534.16 (KHTML, like Gecko) Chrome/10.0.648.204 Safari/534.16"
66.249.66.146 - - [20/Apr/2011:09:32:20 +0200] "GET /viewtopic.php?p=35191&sid=21b791b3d997d8e484d07bd46d422967 HTTP/1.1" 200 2003 "-" "Mozilla/5.0 (compatible; Googlebot/2.1; +http://www.google.com/bot.html)"
66.249.66.146 - - [20/Apr/2011:09:35:11 +0200] "GET /viewtopic.php?p=112294&sid=4fd5c47c83f2638d59f7d188209a077b HTTP/1.1" 200 2003 "-" "Mozilla/5.0 (compatible; Googlebot/2.1; +http://www.google.com/bot.html)"
207.46.204.180 - - [20/Apr/2011:09:36:39 +0200] "GET /pdf/edition_4/commentairejury_sih.pdf HTTP/1.1" 404 201 "-" "Mozilla/5.0 (compatible; bingbot/2.0; +http://www.bing.com/bingbot.htm)"
66.249.66.146 - - [20/Apr/2011:09:38:03 +0200] "GET /viewtopic.php?p=77162&sid=1d50e0bb589c34de5de2ef663b1f4837 HTTP/1.1" 200 2003 "-" "Mozilla/5.0 (compatible; Googlebot/2.1; +http://www.google.com/bot.html)"
188.143.232.110 - - [20/Apr/2011:09:39:07 +0200] "GET /index.php HTTP/1.0" 200 6354 "http://forum.rally-infernal.info/index.php" "Mozilla/4.0 (compatible; MSIE 5.0; Windows 3.1)"
188.143.232.110 - - [20/Apr/2011:09:39:07 +0200] "GET /index.php?sid=2fd2b5127d518241e70478268ad651ed HTTP/1.0" 200 5861 "http://forum.rally-infernal.info/index.php?sid=2fd2b5127d518241e70478268ad651ed" "Mozilla/4.0 (compatible; MSIE 5.0; Windows 3.1)"
188.143.232.110 - - [20/Apr/2011:09:39:07 +0200] "GET /index.php HTTP/1.0" 200 5861 "http://forum.rally-infernal.info/index.php" "Mozilla/4.0 (compatible; MSIE 5.0; Windows 3.1)"
82.246.98.18 - - [20/Apr/2011:09:40:24 +0200] "GET /AvatarsManager/deug21.jpg HTTP/1.1" 302 20 "http://www.trackmania.com/fr/forum/viewtopic.php?t=36492" "Mozilla/5.0 (Windows NT 5.1; rv:2.0) Gecko/20100101 Firefox/4.0"
82.246.98.18 - - [20/Apr/2011:09:40:24 +0200] "GET /AvatarsManager/joueurs/deug21/1.png HTTP/1.1" 200 48858 "http://www.trackmania.com/fr/forum/viewtopic.php?t=36492" "Mozilla/5.0 (Windows NT 5.1; rv:2.0) Gecko/20100101 Firefox/4.0"
66.249.66.146 - - [20/Apr/2011:09:40:32 +0200] "GET /viewtopic.php?p=27771&sid=77c8bf7e0fc1f3e0951e73b62b1866fb HTTP/1.1" 200 2002 "-" "Mozilla/5.0 (compatible; Googlebot/2.1; +http://www.google.com/bot.html)"
66.249.66.146 - - [20/Apr/2011:09:40:54 +0200] "GET /viewtopic.php?p=112474&sid=6ebf6852f33f2f6be2092bcd56a60f66 HTTP/1.1" 200 2002 "-" "Mozilla/5.0 (compatible; Googlebot/2.1; +http://www.google.com/bot.html)"
157.55.116.13 - - [20/Apr/2011:09:41:34 +0200] "GET /viewtopic.php?p=114197 HTTP/1.1" 200 105 "-" "msnbot/2.0b (+http://search.msn.com/msnbot.htm)._"
157.55.116.13 - - [20/Apr/2011:09:42:52 +0200] "GET /viewtopic.php?p=102374 HTTP/1.1" 200 105 "-" "msnbot/2.0b (+http://search.msn.com/msnbot.htm)._"
157.55.116.13 - - [20/Apr/2011:09:43:21 +0200] "GET /posting.php?mode=quote&p=68577 HTTP/1.1" 200 105 "-" "msnbot/2.0b (+http://search.msn.com/msnbot.htm)._"
94.228.34.233 - - [20/Apr/2011:09:43:24 +0200] "GET /viewforum.php?f=3 HTTP/1.1" 200 2002 "-" "magpie-crawler/1.1 (U; Linux amd64; en-GB; +http://www.brandwatch.net)"
94.228.34.233 - - [20/Apr/2011:09:43:24 +0200] "GET /viewforum.php?f=7 HTTP/1.1" 200 2002 "-" "magpie-crawler/1.1 (U; Linux amd64; en-GB; +http://www.brandwatch.net)"
157.55.116.13 - - [20/Apr/2011:09:43:28 +0200] "GET /viewtopic.php?p=9903 HTTP/1.1" 200 105 "-" "msnbot/2.0b (+http://search.msn.com/msnbot.htm)._"
157.55.116.13 - - [20/Apr/2011:09:43:35 +0200] "GET /posting.php?mode=quote&p=30685 HTTP/1.1" 200 105 "-" "msnbot/2.0b (+http://search.msn.com/msnbot.htm)._"
157.55.116.13 - - [20/Apr/2011:09:43:38 +0200] "GET /viewtopic.php?p=19750 HTTP/1.1" 200 105 "-" "msnbot/2.0b (+http://search.msn.com/msnbot.htm)._"
157.55.116.13 - - [20/Apr/2011:09:43:40 +0200] "GET /viewtopic.php?p=28800 HTTP/1.1" 200 105 "-" "msnbot/2.0b (+http://search.msn.com/msnbot.htm)._"
157.55.116.13 - - [20/Apr/2011:09:43:45 +0200] "GET /viewtopic.php?p=19988 HTTP/1.1" 200 105 "-" "msnbot/2.0b (+http://search.msn.com/msnbot.htm)._"
66.249.66.146 - - [20/Apr/2011:09:43:46 +0200] "GET /viewtopic.php?p=112275&sid=cdc2dead8db4c163de7e58adb7fad112 HTTP/1.1" 200 2002 "-" "Mozilla/5.0 (compatible; Googlebot/2.1; +http://www.google.com/bot.html)"
157.55.116.13 - - [20/Apr/2011:09:43:50 +0200] "GET /viewtopic.php?p=24839 HTTP/1.1" 200 105 "-" "msnbot/2.0b (+http://search.msn.com/msnbot.htm)._"
157.55.116.13 - - [20/Apr/2011:09:43:55 +0200] "GET /posting.php?mode=quote&p=61575 HTTP/1.1" 200 105 "-" "msnbot/2.0b (+http://search.msn.com/msnbot.htm)._"
157.55.116.13 - - [20/Apr/2011:09:44:00 +0200] "GET /viewtopic.php?p=27334 HTTP/1.1" 200 105 "-" "msnbot/2.0b (+http://search.msn.com/msnbot.htm)._"
157.55.116.13 - - [20/Apr/2011:09:44:10 +0200] "GET /viewtopic.php?p=26527 HTTP/1.1" 200 105 "-" "msnbot/2.0b (+http://search.msn.com/msnbot.htm)._"
157.55.116.13 - - [20/Apr/2011:09:44:18 +0200] "GET /viewtopic.php?p=17864 HTTP/1.1" 200 105 "-" "msnbot/2.0b (+http://search.msn.com/msnbot.htm)._"
79.81.126.204 - - [20/Apr/2011:09:44:25 +0200] "GET /AvatarsManager/deug21.jpg HTTP/1.1" 302 20 "http://www.trackmania.com/fr/forum/viewtopic.php?t=34755&sid=b5038a70346fd3777ceb29d30a179988" "Mozilla/5.0 (Windows; U; Windows NT 5.1; en-US) AppleWebKit/534.16 (KHTML, like Gecko) Chrome/10.0.648.205 Safari/534.16"
157.55.116.13 - - [20/Apr/2011:09:44:27 +0200] "GET /viewtopic.php?p=28015 HTTP/1.1" 200 105 "-" "msnbot/2.0b (+http://search.msn.com/msnbot.htm)._"
157.55.116.13 - - [20/Apr/2011:09:44:34 +0200] "GET /viewtopic.php?p=25547 HTTP/1.1" 200 105 "-" "msnbot/2.0b (+http://search.msn.com/msnbot.htm)._"
157.55.116.13 - - [20/Apr/2011:09:44:37 +0200] "GET /viewtopic.php?p=21292 HTTP/1.1" 200 105 "-" "msnbot/2.0b (+http://search.msn.com/msnbot.htm)._"
157.55.116.13 - - [20/Apr/2011:09:44:39 +0200] "GET /viewtopic.php?p=103785 HTTP/1.1" 200 105 "-" "msnbot/2.0b (+http://search.msn.com/msnbot.htm)._"
157.55.116.13 - - [20/Apr/2011:09:44:44 +0200] "GET /posting.php?mode=quote&p=21783 HTTP/1.1" 200 105 "-" "msnbot/2.0b (+http://search.msn.com/msnbot.htm)._"
157.55.116.13 - - [20/Apr/2011:09:44:46 +0200] "GET /viewtopic.php?p=2127 HTTP/1.1" 200 105 "-" "msnbot/2.0b (+http://search.msn.com/msnbot.htm)._"
157.55.116.13 - - [20/Apr/2011:09:44:49 +0200] "GET /viewtopic.php?p=21366 HTTP/1.1" 200 105 "-" "msnbot/2.0b (+http://search.msn.com/msnbot.htm)._"
157.55.116.13 - - [20/Apr/2011:09:44:53 +0200] "GET /viewtopic.php?p=21415 HTTP/1.1" 200 105 "-" "msnbot/2.0b (+http://search.msn.com/msnbot.htm)._"
157.55.116.13 - - [20/Apr/2011:09:44:55 +0200] "GET /viewtopic.php?p=1614 HTTP/1.1" 200 105 "-" "msnbot/2.0b (+http://search.msn.com/msnbot.htm)._"
157.55.116.13 - - [20/Apr/2011:09:44:59 +0200] "GET /viewtopic.php?p=24681 HTTP/1.1" 200 105 "-" "msnbot/2.0b (+http://search.msn.com/msnbot.htm)._"
157.55.116.13 - - [20/Apr/2011:09:45:02 +0200] "GET /viewtopic.php?p=23429 HTTP/1.1" 200 105 "-" "msnbot/2.0b (+http://search.msn.com/msnbot.htm)._"
157.55.116.13 - - [20/Apr/2011:09:45:07 +0200] "GET /posting.php?mode=quote&p=1244 HTTP/1.1" 200 105 "-" "msnbot/2.0b (+http://search.msn.com/msnbot.htm)._"
157.55.116.13 - - [20/Apr/2011:09:45:09 +0200] "GET /viewtopic.php?p=82084 HTTP/1.1" 200 105 "-" "msnbot/2.0b (+http://search.msn.com/msnbot.htm)._"
157.55.116.13 - - [20/Apr/2011:09:45:11 +0200] "GET /viewtopic.php?p=22501 HTTP/1.1" 200 105 "-" "msnbot/2.0b (+http://search.msn.com/msnbot.htm)._"
157.55.116.13 - - [20/Apr/2011:09:45:14 +0200] "GET /viewtopic.php?p=41095 HTTP/1.1" 200 105 "-" "msnbot/2.0b (+http://search.msn.com/msnbot.htm)._"
157.55.116.13 - - [20/Apr/2011:09:45:18 +0200] "GET /viewtopic.php?t=2930&start=75 HTTP/1.1" 200 105 "-" "msnbot/2.0b (+http://search.msn.com/msnbot.htm)._"
157.55.116.13 - - [20/Apr/2011:09:45:20 +0200] "GET /viewtopic.php?p=37465 HTTP/1.1" 200 105 "-" "msnbot/2.0b (+http://search.msn.com/msnbot.htm)._"
157.55.116.13 - - [20/Apr/2011:09:45:25 +0200] "GET /viewtopic.php?p=98554 HTTP/1.1" 200 105 "-" "msnbot/2.0b (+http://search.msn.com/msnbot.htm)._"
157.55.116.13 - - [20/Apr/2011:09:45:31 +0200] "GET /viewtopic.php?p=27028 HTTP/1.1" 200 105 "-" "msnbot/2.0b (+http://search.msn.com/msnbot.htm)._"
157.55.116.13 - - [20/Apr/2011:09:45:35 +0200] "GET /viewtopic.php?p=28944 HTTP/1.1" 200 105 "-" "msnbot/2.0b (+http://search.msn.com/msnbot.htm)._"
157.55.116.13 - - [20/Apr/2011:09:45:39 +0200] "GET /viewtopic.php?p=102155 HTTP/1.1" 200 105 "-" "msnbot/2.0b (+http://search.msn.com/msnbot.htm)._"
