157.55.116.13 - - [19/Apr/2011:21:21:07 +0200] "GET /viewtopic.php?p=112153 HTTP/1.1" 200 1921 "-" "msnbot/2.0b (+http://search.msn.com/msnbot.htm)._"
66.249.66.146 - - [19/Apr/2011:21:21:07 +0200] "GET /viewtopic.php?t=2797&start=555&sid=270e573d1018f15abce727c969bcdb0e HTTP/1.1" 200 8196 "-" "Mozilla/5.0 (compatible; Googlebot/2.1; +http://www.google.com/bot.html)"
157.55.116.13 - - [19/Apr/2011:21:21:09 +0200] "GET /viewtopic.php?p=105987 HTTP/1.1" 200 1921 "-" "msnbot/2.0b (+http://search.msn.com/msnbot.htm)._"
157.55.116.13 - - [19/Apr/2011:21:21:13 +0200] "GET /viewtopic.php?p=105764 HTTP/1.1" 200 1921 "-" "msnbot/2.0b (+http://search.msn.com/msnbot.htm)._"
157.55.116.13 - - [19/Apr/2011:21:21:15 +0200] "GET /posting.php?mode=quote&p=30011 HTTP/1.1" 200 1921 "-" "msnbot/2.0b (+http://search.msn.com/msnbot.htm)._"
157.55.116.13 - - [19/Apr/2011:21:21:18 +0200] "GET /posting.php?mode=quote&p=112217 HTTP/1.1" 200 1921 "-" "msnbot/2.0b (+http://search.msn.com/msnbot.htm)._"
157.55.116.13 - - [19/Apr/2011:21:21:21 +0200] "GET /viewtopic.php?p=21696 HTTP/1.1" 200 1921 "-" "msnbot/2.0b (+http://search.msn.com/msnbot.htm)._"
79.95.133.150 - - [19/Apr/2011:21:21:25 +0200] "GET /shoutbox_view.php?0?auto_refresh=1 HTTP/1.1" 200 1329 "http://forum.rally-infernal.info/shoutbox_view.php?0?auto_refresh=1" "Mozilla/5.0 (Windows; U; Windows NT 5.1; en-US) AppleWebKit/534.16 (KHTML, like Gecko) Chrome/10.0.648.205 Safari/534.16"
157.55.116.13 - - [19/Apr/2011:21:21:25 +0200] "GET /viewtopic.php?p=60621 HTTP/1.1" 200 1921 "-" "msnbot/2.0b (+http://search.msn.com/msnbot.htm)._"
157.55.116.13 - - [19/Apr/2011:21:21:29 +0200] "GET /viewtopic.php?p=5829 HTTP/1.1" 200 1921 "-" "msnbot/2.0b (+http://search.msn.com/msnbot.htm)._"
157.55.116.13 - - [19/Apr/2011:21:21:30 +0200] "GET /viewtopic.php?p=58182 HTTP/1.1" 200 1921 "-" "msnbot/2.0b (+http://search.msn.com/msnbot.htm)._"
157.55.116.13 - - [19/Apr/2011:21:21:33 +0200] "GET /viewtopic.php?p=65297 HTTP/1.1" 200 1921 "-" "msnbot/2.0b (+http://search.msn.com/msnbot.htm)._"
157.55.116.13 - - [19/Apr/2011:21:21:35 +0200] "GET /viewtopic.php?p=64448 HTTP/1.1" 200 1921 "-" "msnbot/2.0b (+http://search.msn.com/msnbot.htm)._"
157.55.116.13 - - [19/Apr/2011:21:21:37 +0200] "GET /viewtopic.php?p=63971 HTTP/1.1" 200 1921 "-" "msnbot/2.0b (+http://search.msn.com/msnbot.htm)._"
157.55.116.13 - - [19/Apr/2011:21:21:41 +0200] "GET /viewtopic.php?p=78767 HTTP/1.1" 200 1921 "-" "msnbot/2.0b (+http://search.msn.com/msnbot.htm)._"
157.55.116.13 - - [19/Apr/2011:21:21:46 +0200] "GET /viewtopic.php?p=46964 HTTP/1.1" 200 1921 "-" "msnbot/2.0b (+http://search.msn.com/msnbot.htm)._"
157.55.116.13 - - [19/Apr/2011:21:21:48 +0200] "GET /viewtopic.php?p=40861 HTTP/1.1" 200 1921 "-" "msnbot/2.0b (+http://search.msn.com/msnbot.htm)._"
157.55.116.13 - - [19/Apr/2011:21:21:51 +0200] "GET /viewtopic.php?p=39254 HTTP/1.1" 200 1921 "-" "msnbot/2.0b (+http://search.msn.com/msnbot.htm)._"
157.55.116.13 - - [19/Apr/2011:21:21:54 +0200] "GET /viewtopic.php?p=54848 HTTP/1.1" 200 1921 "-" "msnbot/2.0b (+http://search.msn.com/msnbot.htm)._"
157.55.116.13 - - [19/Apr/2011:21:21:57 +0200] "GET /viewtopic.php?p=5482 HTTP/1.1" 200 1921 "-" "msnbot/2.0b (+http://search.msn.com/msnbot.htm)._"
157.55.116.13 - - [19/Apr/2011:21:22:01 +0200] "GET /viewtopic.php?p=52866 HTTP/1.1" 200 1921 "-" "msnbot/2.0b (+http://search.msn.com/msnbot.htm)._"
157.55.116.13 - - [19/Apr/2011:21:22:03 +0200] "GET /viewtopic.php?p=93627 HTTP/1.1" 200 1921 "-" "msnbot/2.0b (+http://search.msn.com/msnbot.htm)._"
157.55.116.13 - - [19/Apr/2011:21:22:05 +0200] "GET /posting.php?mode=quote&p=66737 HTTP/1.1" 200 1921 "-" "msnbot/2.0b (+http://search.msn.com/msnbot.htm)._"
157.55.116.13 - - [19/Apr/2011:21:22:09 +0200] "GET /viewtopic.php?p=90929 HTTP/1.1" 200 1921 "-" "msnbot/2.0b (+http://search.msn.com/msnbot.htm)._"
157.55.116.13 - - [19/Apr/2011:21:22:14 +0200] "GET /viewtopic.php?p=19740 HTTP/1.1" 200 1921 "-" "msnbot/2.0b (+http://search.msn.com/msnbot.htm)._"
157.55.116.13 - - [19/Apr/2011:21:22:16 +0200] "GET /viewtopic.php?p=99723 HTTP/1.1" 200 1921 "-" "msnbot/2.0b (+http://search.msn.com/msnbot.htm)._"
92.147.73.62 - - [19/Apr/2011:21:22:18 +0200] "GET / HTTP/1.1" 200 6220 "-" "Mozilla/5.0 (Windows NT 6.1; WOW64; rv:2.0) Gecko/20100101 Firefox/4.0"
92.147.73.62 - - [19/Apr/2011:21:22:18 +0200] "GET /shoutbox.php HTTP/1.1" 200 736 "http://forum.rally-infernal.info/" "Mozilla/5.0 (Windows NT 6.1; WOW64; rv:2.0) Gecko/20100101 Firefox/4.0"
92.147.73.62 - - [19/Apr/2011:21:22:18 +0200] "GET /shoutbox_view.php?start=0 HTTP/1.1" 200 1329 "http://forum.rally-infernal.info/shoutbox.php" "Mozilla/5.0 (Windows NT 6.1; WOW64; rv:2.0) Gecko/20100101 Firefox/4.0"
157.55.116.13 - - [19/Apr/2011:21:22:20 +0200] "GET /viewtopic.php?p=94070 HTTP/1.1" 200 1921 "-" "msnbot/2.0b (+http://search.msn.com/msnbot.htm)._"
157.55.116.13 - - [19/Apr/2011:21:22:24 +0200] "GET /viewtopic.php?p=89544 HTTP/1.1" 200 1921 "-" "msnbot/2.0b (+http://search.msn.com/msnbot.htm)._"
157.55.116.13 - - [19/Apr/2011:21:22:26 +0200] "GET /viewtopic.php?p=74228 HTTP/1.1" 200 1921 "-" "msnbot/2.0b (+http://search.msn.com/msnbot.htm)._"
157.55.116.13 - - [19/Apr/2011:21:22:30 +0200] "GET /viewtopic.php?p=86749 HTTP/1.1" 200 1921 "-" "msnbot/2.0b (+http://search.msn.com/msnbot.htm)._"
157.55.116.13 - - [19/Apr/2011:21:22:33 +0200] "GET /viewtopic.php?p=7179 HTTP/1.1" 200 1921 "-" "msnbot/2.0b (+http://search.msn.com/msnbot.htm)._"
157.55.116.13 - - [19/Apr/2011:21:22:35 +0200] "GET /viewtopic.php?p=76462 HTTP/1.1" 200 1921 "-" "msnbot/2.0b (+http://search.msn.com/msnbot.htm)._"
157.55.116.13 - - [19/Apr/2011:21:22:38 +0200] "GET /viewtopic.php?p=76220 HTTP/1.1" 200 1921 "-" "msnbot/2.0b (+http://search.msn.com/msnbot.htm)._"
157.55.116.13 - - [19/Apr/2011:21:22:40 +0200] "GET /viewtopic.php?p=36237 HTTP/1.1" 200 1921 "-" "msnbot/2.0b (+http://search.msn.com/msnbot.htm)._"
82.234.54.202 - - [19/Apr/2011:21:22:40 +0200] "GET /index.php HTTP/1.1" 200 6380 "-" "Mozilla/5.0 (Windows; U; Windows NT 5.1; en-US) AppleWebKit/534.16 (KHTML, like Gecko) Chrome/10.0.648.204 Safari/534.16"
82.234.54.202 - - [19/Apr/2011:21:22:41 +0200] "GET /shoutbox.php?sid=63d16d9c46cc39f5a88e5b8fe66a5347 HTTP/1.1" 200 992 "http://forum.rally-infernal.info/index.php" "Mozilla/5.0 (Windows; U; Windows NT 5.1; en-US) AppleWebKit/534.16 (KHTML, like Gecko) Chrome/10.0.648.204 Safari/534.16"
82.234.54.202 - - [19/Apr/2011:21:22:41 +0200] "GET /shoutbox_view.php?start=0 HTTP/1.1" 200 1331 "http://forum.rally-infernal.info/shoutbox.php?sid=63d16d9c46cc39f5a88e5b8fe66a5347" "Mozilla/5.0 (Windows; U; Windows NT 5.1; en-US) AppleWebKit/534.16 (KHTML, like Gecko) Chrome/10.0.648.204 Safari/534.16"
157.55.116.13 - - [19/Apr/2011:21:22:42 +0200] "GET /viewtopic.php?p=1240 HTTP/1.1" 200 1921 "-" "msnbot/2.0b (+http://search.msn.com/msnbot.htm)._"
79.92.69.238 - - [19/Apr/2011:21:22:46 +0200] "GET /shoutbox_view.php?0?auto_refresh=1 HTTP/1.1" 200 1331 "-" "Mozilla/5.0 (Windows NT 6.1; WOW64; rv:2.0) Gecko/20100101 Firefox/4.0"
79.92.69.238 - - [19/Apr/2011:21:22:46 +0200] "GET /templates/rmstyle/rmstyle.css HTTP/1.1" 304 - "-" "Mozilla/5.0 (Windows NT 6.1; WOW64; rv:2.0) Gecko/20100101 Firefox/4.0"
79.92.69.238 - - [19/Apr/2011:21:22:47 +0200] "GET /images/smiles/icon_hap.gif HTTP/1.1" 304 - "-" "Mozilla/5.0 (Windows NT 6.1; WOW64; rv:2.0) Gecko/20100101 Firefox/4.0"
79.92.69.238 - - [19/Apr/2011:21:22:47 +0200] "GET /images/smiles/icon_rire.gif HTTP/1.1" 304 - "-" "Mozilla/5.0 (Windows NT 6.1; WOW64; rv:2.0) Gecko/20100101 Firefox/4.0"
79.92.69.238 - - [19/Apr/2011:21:22:47 +0200] "GET /images/smiles/icon_ha.gif HTTP/1.1" 304 - "-" "Mozilla/5.0 (Windows NT 6.1; WOW64; rv:2.0) Gecko/20100101 Firefox/4.0"
79.92.69.238 - - [19/Apr/2011:21:22:47 +0200] "GET /templates/rmstyle/images/bg_body.jpg HTTP/1.1" 304 - "-" "Mozilla/5.0 (Windows NT 6.1; WOW64; rv:2.0) Gecko/20100101 Firefox/4.0"
157.55.116.13 - - [19/Apr/2011:21:22:47 +0200] "GET /viewtopic.php?p=14111 HTTP/1.1" 200 1921 "-" "msnbot/2.0b (+http://search.msn.com/msnbot.htm)._"
157.55.116.13 - - [19/Apr/2011:21:22:50 +0200] "GET /viewtopic.php?p=14227 HTTP/1.1" 200 1921 "-" "msnbot/2.0b (+http://search.msn.com/msnbot.htm)._"
157.55.116.13 - - [19/Apr/2011:21:22:53 +0200] "GET /posting.php?mode=quote&p=18443 HTTP/1.1" 200 1921 "-" "msnbot/2.0b (+http://search.msn.com/msnbot.htm)._"
157.55.116.13 - - [19/Apr/2011:21:22:55 +0200] "GET /viewtopic.php?p=114186 HTTP/1.1" 200 1921 "-" "msnbot/2.0b (+http://search.msn.com/msnbot.htm)._"
79.94.98.72 - - [19/Apr/2011:21:22:57 +0200] "GET /index.php HTTP/1.1" 200 6396 "-" "Mozilla/5.0 (Windows; U; Windows NT 6.1; en-US) AppleWebKit/534.16 (KHTML, like Gecko) Chrome/10.0.648.205 Safari/534.16"
79.94.98.72 - - [19/Apr/2011:21:22:57 +0200] "GET /shoutbox.php?sid=5befa938f5f655cb8a74f3223cfdc6a2 HTTP/1.1" 200 992 "http://forum.rally-infernal.info/index.php" "Mozilla/5.0 (Windows; U; Windows NT 6.1; en-US) AppleWebKit/534.16 (KHTML, like Gecko) Chrome/10.0.648.205 Safari/534.16"
157.55.116.13 - - [19/Apr/2011:21:22:57 +0200] "GET /viewtopic.php?p=1155 HTTP/1.1" 200 1921 "-" "msnbot/2.0b (+http://search.msn.com/msnbot.htm)._"
79.94.98.72 - - [19/Apr/2011:21:22:57 +0200] "GET /shoutbox_view.php?start=0 HTTP/1.1" 200 1331 "http://forum.rally-infernal.info/shoutbox.php?sid=5befa938f5f655cb8a74f3223cfdc6a2" "Mozilla/5.0 (Windows; U; Windows NT 6.1; en-US) AppleWebKit/534.16 (KHTML, like Gecko) Chrome/10.0.648.205 Safari/534.16"
157.55.116.13 - - [19/Apr/2011:21:23:00 +0200] "GET /viewtopic.php?p=16125 HTTP/1.1" 200 1921 "-" "msnbot/2.0b (+http://search.msn.com/msnbot.htm)._"
157.55.116.13 - - [19/Apr/2011:21:23:03 +0200] "GET /viewtopic.php?p=16962 HTTP/1.1" 200 1921 "-" "msnbot/2.0b (+http://search.msn.com/msnbot.htm)._"
82.234.54.202 - - [19/Apr/2011:21:23:05 +0200] "GET / HTTP/1.1" 200 6184 "http://forum.rally-infernal.info/index.php" "Mozilla/5.0 (Windows; U; Windows NT 5.1; en-US) AppleWebKit/534.16 (KHTML, like Gecko) Chrome/10.0.648.204 Safari/534.16"
82.234.54.202 - - [19/Apr/2011:21:23:05 +0200] "GET /shoutbox.php HTTP/1.1" 200 992 "http://forum.rally-infernal.info/" "Mozilla/5.0 (Windows; U; Windows NT 5.1; en-US) AppleWebKit/534.16 (KHTML, like Gecko) Chrome/10.0.648.204 Safari/534.16"
82.234.54.202 - - [19/Apr/2011:21:23:05 +0200] "GET /shoutbox_view.php?start=0 HTTP/1.1" 200 1331 "http://forum.rally-infernal.info/shoutbox.php" "Mozilla/5.0 (Windows; U; Windows NT 5.1; en-US) AppleWebKit/534.16 (KHTML, like Gecko) Chrome/10.0.648.204 Safari/534.16"
157.55.116.13 - - [19/Apr/2011:21:23:07 +0200] "GET /viewtopic.php?p=17290 HTTP/1.1" 200 1921 "-" "msnbot/2.0b (+http://search.msn.com/msnbot.htm)._"
83.205.79.58 - - [19/Apr/2011:21:23:08 +0200] "GET /shoutbox_view.php?0?auto_refresh=1 HTTP/1.1" 200 1329 "-" "Mozilla/4.0 (compatible; MSIE 7.0; Windows NT 5.1; Trident/4.0; GTB6.6; .NET CLR 2.0.50727; .NET CLR 3.0.4506.2152; .NET CLR 3.5.30729; AskTbCCS/5.11.3.15590)"
83.205.79.58 - - [19/Apr/2011:21:23:09 +0200] "GET /templates/rmstyle/rmstyle.css HTTP/1.1" 304 - "http://forum.rally-infernal.info/shoutbox_view.php?0?auto_refresh=1" "Mozilla/4.0 (compatible; MSIE 7.0; Windows NT 5.1; Trident/4.0; GTB6.6; .NET CLR 2.0.50727; .NET CLR 3.0.4506.2152; .NET CLR 3.5.30729; AskTbCCS/5.11.3.15590)"
157.55.116.13 - - [19/Apr/2011:21:23:11 +0200] "GET /viewtopic.php?p=18351 HTTP/1.1" 200 1921 "-" "msnbot/2.0b (+http://search.msn.com/msnbot.htm)._"
157.55.116.13 - - [19/Apr/2011:21:23:14 +0200] "GET /viewtopic.php?p=16211 HTTP/1.1" 200 1921 "-" "msnbot/2.0b (+http://search.msn.com/msnbot.htm)._"
157.55.116.13 - - [19/Apr/2011:21:23:16 +0200] "GET /posting.php?mode=quote&p=110417 HTTP/1.1" 200 1921 "-" "msnbot/2.0b (+http://search.msn.com/msnbot.htm)._"
157.55.116.13 - - [19/Apr/2011:21:23:18 +0200] "GET /viewtopic.php?p=1654 HTTP/1.1" 200 1921 "-" "msnbot/2.0b (+http://search.msn.com/msnbot.htm)._"
83.205.79.58 - - [19/Apr/2011:21:23:19 +0200] "GET /templates/rmstyle/formIE.css HTTP/1.1" 304 - "http://forum.rally-infernal.info/shoutbox_view.php?0?auto_refresh=1" "Mozilla/4.0 (compatible; MSIE 7.0; Windows NT 5.1; Trident/4.0; GTB6.6; .NET CLR 2.0.50727; .NET CLR 3.0.4506.2152; .NET CLR 3.5.30729; AskTbCCS/5.11.3.15590)"
83.205.79.58 - - [19/Apr/2011:21:23:19 +0200] "GET /templates/rmstyle/images/bg_body.jpg HTTP/1.1" 304 - "http://forum.rally-infernal.info/shoutbox_view.php?0?auto_refresh=1" "Mozilla/4.0 (compatible; MSIE 7.0; Windows NT 5.1; Trident/4.0; GTB6.6; .NET CLR 2.0.50727; .NET CLR 3.0.4506.2152; .NET CLR 3.5.30729; AskTbCCS/5.11.3.15590)"
83.205.79.58 - - [19/Apr/2011:21:23:19 +0200] "GET /images/smiles/icon_rire.gif HTTP/1.1" 304 - "http://forum.rally-infernal.info/shoutbox_view.php?0?auto_refresh=1" "Mozilla/4.0 (compatible; MSIE 7.0; Windows NT 5.1; Trident/4.0; GTB6.6; .NET CLR 2.0.50727; .NET CLR 3.0.4506.2152; .NET CLR 3.5.30729; AskTbCCS/5.11.3.15590)"
83.205.79.58 - - [19/Apr/2011:21:23:20 +0200] "GET /images/smiles/icon_hap.gif HTTP/1.1" 304 - "http://forum.rally-infernal.info/shoutbox_view.php?0?auto_refresh=1" "Mozilla/4.0 (compatible; MSIE 7.0; Windows NT 5.1; Trident/4.0; GTB6.6; .NET CLR 2.0.50727; .NET CLR 3.0.4506.2152; .NET CLR 3.5.30729; AskTbCCS/5.11.3.15590)"
83.205.79.58 - - [19/Apr/2011:21:23:20 +0200] "GET /images/smiles/icon_ha.gif HTTP/1.1" 304 - "http://forum.rally-infernal.info/shoutbox_view.php?0?auto_refresh=1" "Mozilla/4.0 (compatible; MSIE 7.0; Windows NT 5.1; Trident/4.0; GTB6.6; .NET CLR 2.0.50727; .NET CLR 3.0.4506.2152; .NET CLR 3.5.30729; AskTbCCS/5.11.3.15590)"
157.55.116.13 - - [19/Apr/2011:21:23:21 +0200] "GET /viewtopic.php?p=25912 HTTP/1.1" 200 1921 "-" "msnbot/2.0b (+http://search.msn.com/msnbot.htm)._"
157.55.116.13 - - [19/Apr/2011:21:23:25 +0200] "GET /viewtopic.php?p=21312 HTTP/1.1" 200 1921 "-" "msnbot/2.0b (+http://search.msn.com/msnbot.htm)._"
157.55.116.13 - - [19/Apr/2011:21:23:28 +0200] "GET /viewtopic.php?p=10058 HTTP/1.1" 200 1921 "-" "msnbot/2.0b (+http://search.msn.com/msnbot.htm)._"
157.55.116.13 - - [19/Apr/2011:21:23:31 +0200] "GET /viewtopic.php?p=35788 HTTP/1.1" 200 1921 "-" "msnbot/2.0b (+http://search.msn.com/msnbot.htm)._"
157.55.116.13 - - [19/Apr/2011:21:23:34 +0200] "GET /viewtopic.php?p=31789 HTTP/1.1" 200 1921 "-" "msnbot/2.0b (+http://search.msn.com/msnbot.htm)._"
157.55.116.13 - - [19/Apr/2011:21:23:36 +0200] "GET /viewtopic.php?p=27427 HTTP/1.1" 200 1921 "-" "msnbot/2.0b (+http://search.msn.com/msnbot.htm)._"
66.249.66.146 - - [19/Apr/2011:21:23:38 +0200] "GET /viewtopic.php?p=71523&sid=cec06b7474e23547da3c3b6fef209382 HTTP/1.1" 200 8078 "-" "Mozilla/5.0 (compatible; Googlebot/2.1; +http://www.google.com/bot.html)"
157.55.116.13 - - [19/Apr/2011:21:23:38 +0200] "GET /posting.php?mode=quote&p=107881 HTTP/1.1" 200 1921 "-" "msnbot/2.0b (+http://search.msn.com/msnbot.htm)._"
157.55.116.13 - - [19/Apr/2011:21:23:43 +0200] "GET /viewtopic.php?p=110446 HTTP/1.1" 200 1921 "-" "msnbot/2.0b (+http://search.msn.com/msnbot.htm)._"
80.236.67.164 - - [19/Apr/2011:21:23:44 +0200] "GET /AvatarsManager/deug21.jpg HTTP/1.1" 302 20 "http://www.trackmania.com/fr/forum/viewtopic.php?t=38387" "Mozilla/4.0 (compatible; MSIE 8.0; Windows NT 6.0; Trident/4.0; SIMBAR={F000A4D0-DB21-11DC-B267-001C25523C74}; GTB5; LUDI2; Mozilla/4.0 (compatible; MSIE 6.0; Windows NT 5.1; SV1) ; SLCC1; .NET CLR 2.0.50727; Media Center PC 5.0; .NET CLR 1.1.4322; .NET CLR 3.5.30729; .NET CLR 3.0.30729; OfficeLiveConnector.1.5; OfficeLivePatch.1.3; MEGAUPLOAD 3.0; BRI/2; .NET4.0C)"
80.236.67.164 - - [19/Apr/2011:21:23:44 +0200] "GET /AvatarsManager/joueurs/deug21/1.png HTTP/1.1" 200 48858 "http://www.trackmania.com/fr/forum/viewtopic.php?t=38387" "Mozilla/4.0 (compatible; MSIE 8.0; Windows NT 6.0; Trident/4.0; SIMBAR={F000A4D0-DB21-11DC-B267-001C25523C74}; GTB5; LUDI2; Mozilla/4.0 (compatible; MSIE 6.0; Windows NT 5.1; SV1) ; SLCC1; .NET CLR 2.0.50727; Media Center PC 5.0; .NET CLR 1.1.4322; .NET CLR 3.5.30729; .NET CLR 3.0.30729; OfficeLiveConnector.1.5; OfficeLivePatch.1.3; MEGAUPLOAD 3.0; BRI/2; .NET4.0C)"
157.55.116.13 - - [19/Apr/2011:21:23:45 +0200] "GET /viewtopic.php?p=110536 HTTP/1.1" 200 1921 "-" "msnbot/2.0b (+http://search.msn.com/msnbot.htm)._"
157.55.116.13 - - [19/Apr/2011:21:23:48 +0200] "GET /viewtopic.php?p=110803 HTTP/1.1" 200 1921 "-" "msnbot/2.0b (+http://search.msn.com/msnbot.htm)._"
157.55.116.13 - - [19/Apr/2011:21:23:52 +0200] "GET /posting.php?mode=quote&p=44465 HTTP/1.1" 200 1921 "-" "msnbot/2.0b (+http://search.msn.com/msnbot.htm)._"
157.55.116.13 - - [19/Apr/2011:21:23:57 +0200] "GET /viewtopic.php?p=107618 HTTP/1.1" 200 1921 "-" "msnbot/2.0b (+http://search.msn.com/msnbot.htm)._"
157.55.116.13 - - [19/Apr/2011:21:24:00 +0200] "GET /viewtopic.php?p=109716 HTTP/1.1" 200 1921 "-" "msnbot/2.0b (+http://search.msn.com/msnbot.htm)._"
157.55.116.13 - - [19/Apr/2011:21:24:03 +0200] "GET /viewtopic.php?t=2998 HTTP/1.1" 200 1921 "-" "msnbot/2.0b (+http://search.msn.com/msnbot.htm)._"
157.55.116.13 - - [19/Apr/2011:21:24:05 +0200] "GET /posting.php?mode=quote&p=95839 HTTP/1.1" 200 1921 "-" "msnbot/2.0b (+http://search.msn.com/msnbot.htm)._"
157.55.116.13 - - [19/Apr/2011:21:24:08 +0200] "GET /viewtopic.php?p=15298 HTTP/1.1" 200 1921 "-" "msnbot/2.0b (+http://search.msn.com/msnbot.htm)._"
157.55.116.13 - - [19/Apr/2011:21:24:12 +0200] "GET /viewtopic.php?p=19036 HTTP/1.1" 200 1921 "-" "msnbot/2.0b (+http://search.msn.com/msnbot.htm)._"
157.55.116.13 - - [19/Apr/2011:21:24:14 +0200] "GET /viewtopic.php?p=25196 HTTP/1.1" 200 1921 "-" "msnbot/2.0b (+http://search.msn.com/msnbot.htm)._"
157.55.116.13 - - [19/Apr/2011:21:24:21 +0200] "GET /posting.php?mode=quote&p=62952 HTTP/1.1" 200 1921 "-" "msnbot/2.0b (+http://search.msn.com/msnbot.htm)._"
157.55.116.13 - - [19/Apr/2011:21:24:23 +0200] "GET /viewtopic.php?p=12258 HTTP/1.1" 200 1921 "-" "msnbot/2.0b (+http://search.msn.com/msnbot.htm)._"
79.95.133.150 - - [19/Apr/2011:21:24:25 +0200] "GET /shoutbox_view.php?0?auto_refresh=1 HTTP/1.1" 200 1329 "http://forum.rally-infernal.info/shoutbox_view.php?0?auto_refresh=1" "Mozilla/5.0 (Windows; U; Windows NT 5.1; en-US) AppleWebKit/534.16 (KHTML, like Gecko) Chrome/10.0.648.205 Safari/534.16"
157.55.116.13 - - [19/Apr/2011:21:24:25 +0200] "GET /viewtopic.php?p=11293 HTTP/1.1" 200 1921 "-" "msnbot/2.0b (+http://search.msn.com/msnbot.htm)._"
157.55.116.13 - - [19/Apr/2011:21:24:28 +0200] "GET /profile.php?mode=viewprofile&u=657 HTTP/1.1" 200 1921 "-" "msnbot/2.0b (+http://search.msn.com/msnbot.htm)._"
157.55.116.13 - - [19/Apr/2011:21:24:33 +0200] "GET /posting.php?mode=quote&p=95068 HTTP/1.1" 200 1921 "-" "msnbot/2.0b (+http://search.msn.com/msnbot.htm)._"
157.55.116.13 - - [19/Apr/2011:21:24:36 +0200] "GET /viewtopic.php?p=12158 HTTP/1.1" 200 1921 "-" "msnbot/2.0b (+http://search.msn.com/msnbot.htm)._"
157.55.116.13 - - [19/Apr/2011:21:24:38 +0200] "GET /viewtopic.php?p=7171 HTTP/1.1" 200 1921 "-" "msnbot/2.0b (+http://search.msn.com/msnbot.htm)._"
157.55.116.13 - - [19/Apr/2011:21:24:42 +0200] "GET /viewtopic.php?p=64881 HTTP/1.1" 200 1921 "-" "msnbot/2.0b (+http://search.msn.com/msnbot.htm)._"
157.55.116.13 - - [19/Apr/2011:21:24:44 +0200] "GET /posting.php?mode=quote&p=111439 HTTP/1.1" 200 1921 "-" "msnbot/2.0b (+http://search.msn.com/msnbot.htm)._"
92.129.65.137 - - [19/Apr/2011:21:24:45 +0200] "GET /AvatarsManager/deug21.jpg HTTP/1.1" 302 20 "http://www.trackmania.com/fr/forum/viewtopic.php?t=36492" "Mozilla/5.0 (Windows; U; Windows NT 5.1; fr; rv:1.9.2.16) Gecko/20110319 Firefox/3.6.16 (.NET CLR 3.5.30729)"
92.129.65.137 - - [19/Apr/2011:21:24:45 +0200] "GET /AvatarsManager/joueurs/deug21/1.png HTTP/1.1" 200 48858 "http://www.trackmania.com/fr/forum/viewtopic.php?t=36492" "Mozilla/5.0 (Windows; U; Windows NT 5.1; fr; rv:1.9.2.16) Gecko/20110319 Firefox/3.6.16 (.NET CLR 3.5.30729)"
157.55.116.13 - - [19/Apr/2011:21:24:47 +0200] "GET /viewtopic.php?p=71624 HTTP/1.1" 200 1921 "-" "msnbot/2.0b (+http://search.msn.com/msnbot.htm)._"
157.55.116.13 - - [19/Apr/2011:21:24:50 +0200] "GET /viewtopic.php?p=68323 HTTP/1.1" 200 1921 "-" "msnbot/2.0b (+http://search.msn.com/msnbot.htm)._"
157.55.116.13 - - [19/Apr/2011:21:24:54 +0200] "GET /viewtopic.php?p=6517 HTTP/1.1" 200 1921 "-" "msnbot/2.0b (+http://search.msn.com/msnbot.htm)._"
89.170.22.112 - - [19/Apr/2011:21:24:55 +0200] "GET / HTTP/1.1" 200 6208 "-" "Mozilla/5.0 (Windows NT 6.1; WOW64; rv:2.0) Gecko/20100101 Firefox/4.0"
89.170.22.112 - - [19/Apr/2011:21:24:55 +0200] "GET /shoutbox.php HTTP/1.1" 200 736 "http://forum.rally-infernal.info/" "Mozilla/5.0 (Windows NT 6.1; WOW64; rv:2.0) Gecko/20100101 Firefox/4.0"
89.170.22.112 - - [19/Apr/2011:21:24:55 +0200] "GET /shoutbox_view.php?start=0 HTTP/1.1" 200 1329 "http://forum.rally-infernal.info/shoutbox.php" "Mozilla/5.0 (Windows NT 6.1; WOW64; rv:2.0) Gecko/20100101 Firefox/4.0"
157.55.116.13 - - [19/Apr/2011:21:24:57 +0200] "GET /viewtopic.php?p=111012 HTTP/1.1" 200 1921 "-" "msnbot/2.0b (+http://search.msn.com/msnbot.htm)._"
157.55.116.13 - - [19/Apr/2011:21:25:00 +0200] "GET /viewtopic.php?p=36863 HTTP/1.1" 200 1921 "-" "msnbot/2.0b (+http://search.msn.com/msnbot.htm)._"
79.94.98.72 - - [19/Apr/2011:21:25:01 +0200] "GET /AvatarsManager/lakse.jpg HTTP/1.1" 302 20 "http://ragemachines.simplygaming.org/t60p195-absences-depart-en-vacances" "Mozilla/5.0 (Windows; U; Windows NT 6.1; en-US) AppleWebKit/534.16 (KHTML, like Gecko) Chrome/10.0.648.205 Safari/534.16"
79.94.98.72 - - [19/Apr/2011:21:25:01 +0200] "GET /AvatarsManager/joueurs/lakse/5.png HTTP/1.1" 200 76045 "http://ragemachines.simplygaming.org/t60p195-absences-depart-en-vacances" "Mozilla/5.0 (Windows; U; Windows NT 6.1; en-US) AppleWebKit/534.16 (KHTML, like Gecko) Chrome/10.0.648.205 Safari/534.16"
157.55.116.13 - - [19/Apr/2011:21:25:02 +0200] "GET /viewtopic.php?p=33223 HTTP/1.1" 200 1921 "-" "msnbot/2.0b (+http://search.msn.com/msnbot.htm)._"
157.55.116.13 - - [19/Apr/2011:21:25:06 +0200] "GET /viewtopic.php?p=42330 HTTP/1.1" 200 1921 "-" "msnbot/2.0b (+http://search.msn.com/msnbot.htm)._"
157.55.116.13 - - [19/Apr/2011:21:25:09 +0200] "GET /posting.php?mode=quote&p=103698 HTTP/1.1" 200 1921 "-" "msnbot/2.0b (+http://search.msn.com/msnbot.htm)._"
157.55.116.13 - - [19/Apr/2011:21:25:12 +0200] "GET /viewtopic.php?p=42807 HTTP/1.1" 200 1921 "-" "msnbot/2.0b (+http://search.msn.com/msnbot.htm)._"
157.55.116.13 - - [19/Apr/2011:21:25:14 +0200] "GET /viewtopic.php?p=78313 HTTP/1.1" 200 1921 "-" "msnbot/2.0b (+http://search.msn.com/msnbot.htm)._"
157.55.116.13 - - [19/Apr/2011:21:25:16 +0200] "GET /viewtopic.php?p=79738 HTTP/1.1" 200 1921 "-" "msnbot/2.0b (+http://search.msn.com/msnbot.htm)._"
157.55.116.13 - - [19/Apr/2011:21:25:18 +0200] "GET /viewtopic.php?p=112721 HTTP/1.1" 200 1921 "-" "msnbot/2.0b (+http://search.msn.com/msnbot.htm)._"
89.170.22.112 - - [19/Apr/2011:21:25:19 +0200] "GET / HTTP/1.1" 200 6208 "-" "Mozilla/5.0 (Windows NT 6.1; WOW64; rv:2.0) Gecko/20100101 Firefox/4.0"
89.170.22.112 - - [19/Apr/2011:21:25:19 +0200] "GET /shoutbox.php HTTP/1.1" 200 736 "http://forum.rally-infernal.info/" "Mozilla/5.0 (Windows NT 6.1; WOW64; rv:2.0) Gecko/20100101 Firefox/4.0"
89.170.22.112 - - [19/Apr/2011:21:25:19 +0200] "GET /shoutbox_view.php?start=0 HTTP/1.1" 200 1329 "http://forum.rally-infernal.info/shoutbox.php" "Mozilla/5.0 (Windows NT 6.1; WOW64; rv:2.0) Gecko/20100101 Firefox/4.0"
157.55.116.13 - - [19/Apr/2011:21:25:21 +0200] "GET /viewtopic.php?p=72527 HTTP/1.1" 200 1921 "-" "msnbot/2.0b (+http://search.msn.com/msnbot.htm)._"
157.55.116.13 - - [19/Apr/2011:21:25:23 +0200] "GET /viewtopic.php?p=75909 HTTP/1.1" 200 1921 "-" "msnbot/2.0b (+http://search.msn.com/msnbot.htm)._"
157.55.116.13 - - [19/Apr/2011:21:25:27 +0200] "GET /viewtopic.php?p=77874 HTTP/1.1" 200 1921 "-" "msnbot/2.0b (+http://search.msn.com/msnbot.htm)._"
157.55.116.13 - - [19/Apr/2011:21:25:31 +0200] "GET /posting.php?mode=quote&p=94416 HTTP/1.1" 200 1921 "-" "msnbot/2.0b (+http://search.msn.com/msnbot.htm)._"
89.170.22.112 - - [19/Apr/2011:21:25:32 +0200] "GET / HTTP/1.1" 200 6208 "-" "Mozilla/5.0 (Windows NT 6.1; WOW64; rv:2.0) Gecko/20100101 Firefox/4.0"
89.170.22.112 - - [19/Apr/2011:21:25:32 +0200] "GET /shoutbox.php HTTP/1.1" 200 736 "http://forum.rally-infernal.info/" "Mozilla/5.0 (Windows NT 6.1; WOW64; rv:2.0) Gecko/20100101 Firefox/4.0"
89.170.22.112 - - [19/Apr/2011:21:25:32 +0200] "GET /shoutbox_view.php?start=0 HTTP/1.1" 200 1329 "http://forum.rally-infernal.info/shoutbox.php" "Mozilla/5.0 (Windows NT 6.1; WOW64; rv:2.0) Gecko/20100101 Firefox/4.0"
157.55.116.13 - - [19/Apr/2011:21:25:33 +0200] "GET /viewtopic.php?p=94381 HTTP/1.1" 200 1921 "-" "msnbot/2.0b (+http://search.msn.com/msnbot.htm)._"
157.55.116.13 - - [19/Apr/2011:21:25:35 +0200] "GET /viewtopic.php?p=97552 HTTP/1.1" 200 1921 "-" "msnbot/2.0b (+http://search.msn.com/msnbot.htm)._"
157.55.116.13 - - [19/Apr/2011:21:25:37 +0200] "GET /viewtopic.php?p=88908 HTTP/1.1" 200 1921 "-" "msnbot/2.0b (+http://search.msn.com/msnbot.htm)._"
157.55.116.13 - - [19/Apr/2011:21:25:42 +0200] "GET /posting.php?mode=quote&p=49764 HTTP/1.1" 200 1921 "-" "msnbot/2.0b (+http://search.msn.com/msnbot.htm)._"
88.123.60.194 - - [19/Apr/2011:21:25:43 +0200] "GET /index.php HTTP/1.1" 200 6070 "-" "Mozilla/5.0 (Windows; U; Windows NT 6.1; fr; rv:1.9.2.16) Gecko/20110319 Firefox/3.6.16"
88.123.60.194 - - [19/Apr/2011:21:25:43 +0200] "GET /templates/rmstyle/rmstyle.css HTTP/1.1" 200 3183 "http://forum.rally-infernal.info/index.php" "Mozilla/5.0 (Windows; U; Windows NT 6.1; fr; rv:1.9.2.16) Gecko/20110319 Firefox/3.6.16"
88.123.60.194 - - [19/Apr/2011:21:25:43 +0200] "GET /templates/rmstyle/images/favicon.png HTTP/1.1" 200 974 "-" "Mozilla/5.0 (Windows; U; Windows NT 6.1; fr; rv:1.9.2.16) Gecko/20110319 Firefox/3.6.16"
88.123.60.194 - - [19/Apr/2011:21:25:43 +0200] "GET /templates/rmstyle/images/lang_french/icon_mini_faq.png HTTP/1.1" 200 2638 "http://forum.rally-infernal.info/index.php" "Mozilla/5.0 (Windows; U; Windows NT 6.1; fr; rv:1.9.2.16) Gecko/20110319 Firefox/3.6.16"
88.123.60.194 - - [19/Apr/2011:21:25:43 +0200] "GET /templates/rmstyle/images/lang_french/icon_mini_groups.png HTTP/1.1" 200 3010 "http://forum.rally-infernal.info/index.php" "Mozilla/5.0 (Windows; U; Windows NT 6.1; fr; rv:1.9.2.16) Gecko/20110319 Firefox/3.6.16"
88.123.60.194 - - [19/Apr/2011:21:25:43 +0200] "GET /templates/rmstyle/images/lang_french/icon_mini_search.png HTTP/1.1" 200 2772 "http://forum.rally-infernal.info/index.php" "Mozilla/5.0 (Windows; U; Windows NT 6.1; fr; rv:1.9.2.16) Gecko/20110319 Firefox/3.6.16"
88.123.60.194 - - [19/Apr/2011:21:25:43 +0200] "GET /templates/rmstyle/images/lang_french/icon_mini_members.png HTTP/1.1" 200 3256 "http://forum.rally-infernal.info/index.php" "Mozilla/5.0 (Windows; U; Windows NT 6.1; fr; rv:1.9.2.16) Gecko/20110319 Firefox/3.6.16"
88.123.60.194 - - [19/Apr/2011:21:25:43 +0200] "GET /templates/rmstyle/images/hd_check.png HTTP/1.1" 200 1424 "http://forum.rally-infernal.info/index.php" "Mozilla/5.0 (Windows; U; Windows NT 6.1; fr; rv:1.9.2.16) Gecko/20110319 Firefox/3.6.16"
88.123.60.194 - - [19/Apr/2011:21:25:43 +0200] "GET /images/abq_mod/admin/abq-button.gif HTTP/1.1" 200 225 "http://forum.rally-infernal.info/index.php" "Mozilla/5.0 (Windows; U; Windows NT 6.1; fr; rv:1.9.2.16) Gecko/20110319 Firefox/3.6.16"
88.123.60.194 - - [19/Apr/2011:21:25:43 +0200] "GET /templates/rmstyle/images/lang_french/icon_mini_profile.png HTTP/1.1" 200 2386 "http://forum.rally-infernal.info/index.php" "Mozilla/5.0 (Windows; U; Windows NT 6.1; fr; rv:1.9.2.16) Gecko/20110319 Firefox/3.6.16"
88.123.60.194 - - [19/Apr/2011:21:25:44 +0200] "GET /templates/rmstyle/images/lang_french/icon_mini_message.png HTTP/1.1" 200 2464 "http://forum.rally-infernal.info/index.php" "Mozilla/5.0 (Windows; U; Windows NT 6.1; fr; rv:1.9.2.16) Gecko/20110319 Firefox/3.6.16"
88.123.60.194 - - [19/Apr/2011:21:25:44 +0200] "GET /templates/rmstyle/images/lang_french/icon_mini_logout.png HTTP/1.1" 200 2566 "http://forum.rally-infernal.info/index.php" "Mozilla/5.0 (Windows; U; Windows NT 6.1; fr; rv:1.9.2.16) Gecko/20110319 Firefox/3.6.16"
88.123.60.194 - - [19/Apr/2011:21:25:44 +0200] "GET /templates/rmstyle/images/lang_french/icon_mini_site.png HTTP/1.1" 200 2634 "http://forum.rally-infernal.info/index.php" "Mozilla/5.0 (Windows; U; Windows NT 6.1; fr; rv:1.9.2.16) Gecko/20110319 Firefox/3.6.16"
88.123.60.194 - - [19/Apr/2011:21:25:44 +0200] "GET /templates/rmstyle/images/ft_showhide.gif HTTP/1.1" 200 334 "http://forum.rally-infernal.info/index.php" "Mozilla/5.0 (Windows; U; Windows NT 6.1; fr; rv:1.9.2.16) Gecko/20110319 Firefox/3.6.16"
88.123.60.194 - - [19/Apr/2011:21:25:44 +0200] "GET /templates/rmstyle/images/folder_sticky.png HTTP/1.1" 200 707 "http://forum.rally-infernal.info/index.php" "Mozilla/5.0 (Windows; U; Windows NT 6.1; fr; rv:1.9.2.16) Gecko/20110319 Firefox/3.6.16"
88.123.60.194 - - [19/Apr/2011:21:25:44 +0200] "GET /templates/rmstyle/images/icon_latest_reply.gif HTTP/1.1" 200 155 "http://forum.rally-infernal.info/index.php" "Mozilla/5.0 (Windows; U; Windows NT 6.1; fr; rv:1.9.2.16) Gecko/20110319 Firefox/3.6.16"
88.123.60.194 - - [19/Apr/2011:21:25:44 +0200] "GET /templates/rmstyle/images/folder.png HTTP/1.1" 200 1013 "http://forum.rally-infernal.info/index.php" "Mozilla/5.0 (Windows; U; Windows NT 6.1; fr; rv:1.9.2.16) Gecko/20110319 Firefox/3.6.16"
88.123.60.194 - - [19/Apr/2011:21:25:44 +0200] "GET /templates/rmstyle/images/folder_hot.gif HTTP/1.1" 200 1076 "http://forum.rally-infernal.info/index.php" "Mozilla/5.0 (Windows; U; Windows NT 6.1; fr; rv:1.9.2.16) Gecko/20110319 Firefox/3.6.16"
88.123.60.194 - - [19/Apr/2011:21:25:44 +0200] "GET /templates/rmstyle/images/hd_rgt.jpg HTTP/1.1" 200 1169 "http://forum.rally-infernal.info/index.php" "Mozilla/5.0 (Windows; U; Windows NT 6.1; fr; rv:1.9.2.16) Gecko/20110319 Firefox/3.6.16"
88.123.60.194 - - [19/Apr/2011:21:25:44 +0200] "GET /templates/rmstyle/images/folder_big.png HTTP/1.1" 200 1800 "http://forum.rally-infernal.info/index.php" "Mozilla/5.0 (Windows; U; Windows NT 6.1; fr; rv:1.9.2.16) Gecko/20110319 Firefox/3.6.16"
88.123.60.194 - - [19/Apr/2011:21:25:44 +0200] "GET /templates/rmstyle/images/folders_big.png HTTP/1.1" 200 1888 "http://forum.rally-infernal.info/index.php" "Mozilla/5.0 (Windows; U; Windows NT 6.1; fr; rv:1.9.2.16) Gecko/20110319 Firefox/3.6.16"
88.123.60.194 - - [19/Apr/2011:21:25:44 +0200] "GET /templates/rmstyle/images/whosonline.png HTTP/1.1" 200 7406 "http://forum.rally-infernal.info/index.php" "Mozilla/5.0 (Windows; U; Windows NT 6.1; fr; rv:1.9.2.16) Gecko/20110319 Firefox/3.6.16"
88.123.60.194 - - [19/Apr/2011:21:25:43 +0200] "GET /templates/rmstyle/images/logo_rmstyle.jpg HTTP/1.1" 200 108363 "http://forum.rally-infernal.info/index.php" "Mozilla/5.0 (Windows; U; Windows NT 6.1; fr; rv:1.9.2.16) Gecko/20110319 Firefox/3.6.16"
88.123.60.194 - - [19/Apr/2011:21:25:44 +0200] "GET /templates/rmstyle/images/folder_new_big.png HTTP/1.1" 200 1789 "http://forum.rally-infernal.info/index.php" "Mozilla/5.0 (Windows; U; Windows NT 6.1; fr; rv:1.9.2.16) Gecko/20110319 Firefox/3.6.16"
88.123.60.194 - - [19/Apr/2011:21:25:44 +0200] "GET /templates/rmstyle/images/folder_locked_big.png HTTP/1.1" 200 2171 "http://forum.rally-infernal.info/index.php" "Mozilla/5.0 (Windows; U; Windows NT 6.1; fr; rv:1.9.2.16) Gecko/20110319 Firefox/3.6.16"
88.123.60.194 - - [19/Apr/2011:21:25:44 +0200] "GET /shoutbox.php HTTP/1.1" 200 992 "http://forum.rally-infernal.info/index.php" "Mozilla/5.0 (Windows; U; Windows NT 6.1; fr; rv:1.9.2.16) Gecko/20110319 Firefox/3.6.16"
88.123.60.194 - - [19/Apr/2011:21:25:44 +0200] "GET /templates/rmstyle/bbcode.js HTTP/1.1" 200 5947 "http://forum.rally-infernal.info/shoutbox.php" "Mozilla/5.0 (Windows; U; Windows NT 6.1; fr; rv:1.9.2.16) Gecko/20110319 Firefox/3.6.16"
88.123.60.194 - - [19/Apr/2011:21:25:44 +0200] "GET /templates/rmstyle/images/bg_body.jpg HTTP/1.1" 200 103373 "http://forum.rally-infernal.info/templates/rmstyle/rmstyle.css" "Mozilla/5.0 (Windows; U; Windows NT 6.1; fr; rv:1.9.2.16) Gecko/20110319 Firefox/3.6.16"
88.123.60.194 - - [19/Apr/2011:21:25:44 +0200] "GET /templates/rmstyle/images/bg_index.jpg HTTP/1.1" 200 90196 "http://forum.rally-infernal.info/templates/rmstyle/rmstyle.css" "Mozilla/5.0 (Windows; U; Windows NT 6.1; fr; rv:1.9.2.16) Gecko/20110319 Firefox/3.6.16"
88.123.60.194 - - [19/Apr/2011:21:25:44 +0200] "GET /shoutbox_view.php?start=0 HTTP/1.1" 200 1331 "http://forum.rally-infernal.info/shoutbox.php" "Mozilla/5.0 (Windows; U; Windows NT 6.1; fr; rv:1.9.2.16) Gecko/20110319 Firefox/3.6.16"
88.123.60.194 - - [19/Apr/2011:21:25:44 +0200] "GET /images/smiles/icon_hap.gif HTTP/1.1" 200 178 "http://forum.rally-infernal.info/shoutbox_view.php?start=0" "Mozilla/5.0 (Windows; U; Windows NT 6.1; fr; rv:1.9.2.16) Gecko/20110319 Firefox/3.6.16"
88.123.60.194 - - [19/Apr/2011:21:25:44 +0200] "GET /images/smiles/icon_rire.gif HTTP/1.1" 200 284 "http://forum.rally-infernal.info/shoutbox_view.php?start=0" "Mozilla/5.0 (Windows; U; Windows NT 6.1; fr; rv:1.9.2.16) Gecko/20110319 Firefox/3.6.16"
88.123.60.194 - - [19/Apr/2011:21:25:44 +0200] "GET /images/smiles/icon_ha.gif HTTP/1.1" 200 1147 "http://forum.rally-infernal.info/shoutbox_view.php?start=0" "Mozilla/5.0 (Windows; U; Windows NT 6.1; fr; rv:1.9.2.16) Gecko/20110319 Firefox/3.6.16"
157.55.116.13 - - [19/Apr/2011:21:25:45 +0200] "GET /viewtopic.php?p=91035 HTTP/1.1" 200 1921 "-" "msnbot/2.0b (+http://search.msn.com/msnbot.htm)._"
79.92.69.238 - - [19/Apr/2011:21:25:47 +0200] "GET /shoutbox_view.php?0?auto_refresh=1 HTTP/1.1" 200 1331 "-" "Mozilla/5.0 (Windows NT 6.1; WOW64; rv:2.0) Gecko/20100101 Firefox/4.0"
79.92.69.238 - - [19/Apr/2011:21:25:47 +0200] "GET /templates/rmstyle/rmstyle.css HTTP/1.1" 304 - "-" "Mozilla/5.0 (Windows NT 6.1; WOW64; rv:2.0) Gecko/20100101 Firefox/4.0"
79.92.69.238 - - [19/Apr/2011:21:25:47 +0200] "GET /images/smiles/icon_hap.gif HTTP/1.1" 304 - "-" "Mozilla/5.0 (Windows NT 6.1; WOW64; rv:2.0) Gecko/20100101 Firefox/4.0"
79.92.69.238 - - [19/Apr/2011:21:25:47 +0200] "GET /images/smiles/icon_rire.gif HTTP/1.1" 304 - "-" "Mozilla/5.0 (Windows NT 6.1; WOW64; rv:2.0) Gecko/20100101 Firefox/4.0"
79.92.69.238 - - [19/Apr/2011:21:25:47 +0200] "GET /images/smiles/icon_ha.gif HTTP/1.1" 304 - "-" "Mozilla/5.0 (Windows NT 6.1; WOW64; rv:2.0) Gecko/20100101 Firefox/4.0"
79.92.69.238 - - [19/Apr/2011:21:25:47 +0200] "GET /templates/rmstyle/images/bg_body.jpg HTTP/1.1" 304 - "-" "Mozilla/5.0 (Windows NT 6.1; WOW64; rv:2.0) Gecko/20100101 Firefox/4.0"
157.55.116.13 - - [19/Apr/2011:21:25:47 +0200] "GET /viewtopic.php?p=114359 HTTP/1.1" 200 1921 "-" "msnbot/2.0b (+http://search.msn.com/msnbot.htm)._"
157.55.116.13 - - [19/Apr/2011:21:25:51 +0200] "GET /viewtopic.php?p=62905 HTTP/1.1" 200 1921 "-" "msnbot/2.0b (+http://search.msn.com/msnbot.htm)._"
157.55.116.13 - - [19/Apr/2011:21:25:54 +0200] "GET /posting.php?mode=quote&p=18524 HTTP/1.1" 200 1921 "-" "msnbot/2.0b (+http://search.msn.com/msnbot.htm)._"
157.55.116.13 - - [19/Apr/2011:21:25:57 +0200] "GET /viewtopic.php?p=66610 HTTP/1.1" 200 1921 "-" "msnbot/2.0b (+http://search.msn.com/msnbot.htm)._"
157.55.116.13 - - [19/Apr/2011:21:26:00 +0200] "GET /viewtopic.php?p=42205 HTTP/1.1" 200 1921 "-" "msnbot/2.0b (+http://search.msn.com/msnbot.htm)._"
157.55.116.13 - - [19/Apr/2011:21:26:04 +0200] "GET /viewtopic.php?p=50565 HTTP/1.1" 200 1921 "-" "msnbot/2.0b (+http://search.msn.com/msnbot.htm)._"
157.55.116.13 - - [19/Apr/2011:21:26:07 +0200] "GET /viewtopic.php?p=46938 HTTP/1.1" 200 1921 "-" "msnbot/2.0b (+http://search.msn.com/msnbot.htm)._"
157.55.116.13 - - [19/Apr/2011:21:26:10 +0200] "GET /viewtopic.php?p=19902 HTTP/1.1" 200 1921 "-" "msnbot/2.0b (+http://search.msn.com/msnbot.htm)._"
157.55.116.13 - - [19/Apr/2011:21:26:13 +0200] "GET /viewtopic.php?p=61428 HTTP/1.1" 200 1921 "-" "msnbot/2.0b (+http://search.msn.com/msnbot.htm)._"
157.55.116.13 - - [19/Apr/2011:21:26:15 +0200] "GET /viewtopic.php?p=19393 HTTP/1.1" 200 1921 "-" "msnbot/2.0b (+http://search.msn.com/msnbot.htm)._"
89.170.22.112 - - [19/Apr/2011:21:26:17 +0200] "GET / HTTP/1.1" 200 6215 "-" "Mozilla/5.0 (Windows NT 6.1; WOW64; rv:2.0) Gecko/20100101 Firefox/4.0"
89.170.22.112 - - [19/Apr/2011:21:26:17 +0200] "GET /shoutbox.php HTTP/1.1" 200 736 "http://forum.rally-infernal.info/" "Mozilla/5.0 (Windows NT 6.1; WOW64; rv:2.0) Gecko/20100101 Firefox/4.0"
89.170.22.112 - - [19/Apr/2011:21:26:18 +0200] "GET /shoutbox_view.php?start=0 HTTP/1.1" 200 1329 "http://forum.rally-infernal.info/shoutbox.php" "Mozilla/5.0 (Windows NT 6.1; WOW64; rv:2.0) Gecko/20100101 Firefox/4.0"
157.55.116.13 - - [19/Apr/2011:21:26:18 +0200] "GET /viewtopic.php?p=17440 HTTP/1.1" 200 1921 "-" "msnbot/2.0b (+http://search.msn.com/msnbot.htm)._"
157.55.116.13 - - [19/Apr/2011:21:26:22 +0200] "GET /viewtopic.php?p=103426 HTTP/1.1" 200 1921 "-" "msnbot/2.0b (+http://search.msn.com/msnbot.htm)._"
157.55.116.13 - - [19/Apr/2011:21:26:24 +0200] "GET /viewtopic.php?p=18601 HTTP/1.1" 200 1921 "-" "msnbot/2.0b (+http://search.msn.com/msnbot.htm)._"
157.55.116.13 - - [19/Apr/2011:21:26:28 +0200] "GET /viewtopic.php?p=113255 HTTP/1.1" 200 1921 "-" "msnbot/2.0b (+http://search.msn.com/msnbot.htm)._"
66.249.66.146 - - [19/Apr/2011:21:26:29 +0200] "GET /viewtopic.php?p=1140&highlight=&sid=84a995b237c3991416441d2d6324e316 HTTP/1.1" 200 8547 "-" "Mozilla/5.0 (compatible; Googlebot/2.1; +http://www.google.com/bot.html)"
83.205.79.58 - - [19/Apr/2011:21:26:30 +0200] "GET /shoutbox_view.php?0?auto_refresh=1 HTTP/1.1" 200 1329 "-" "Mozilla/4.0 (compatible; MSIE 7.0; Windows NT 5.1; Trident/4.0; GTB6.6; .NET CLR 2.0.50727; .NET CLR 3.0.4506.2152; .NET CLR 3.5.30729; AskTbCCS/5.11.3.15590)"
83.205.79.58 - - [19/Apr/2011:21:26:31 +0200] "GET /templates/rmstyle/rmstyle.css HTTP/1.1" 304 - "http://forum.rally-infernal.info/shoutbox_view.php?0?auto_refresh=1" "Mozilla/4.0 (compatible; MSIE 7.0; Windows NT 5.1; Trident/4.0; GTB6.6; .NET CLR 2.0.50727; .NET CLR 3.0.4506.2152; .NET CLR 3.5.30729; AskTbCCS/5.11.3.15590)"
157.55.116.13 - - [19/Apr/2011:21:26:31 +0200] "GET /viewtopic.php?p=19074 HTTP/1.1" 200 1921 "-" "msnbot/2.0b (+http://search.msn.com/msnbot.htm)._"
157.55.116.13 - - [19/Apr/2011:21:26:34 +0200] "GET /viewtopic.php?p=103651 HTTP/1.1" 200 1921 "-" "msnbot/2.0b (+http://search.msn.com/msnbot.htm)._"
92.147.73.62 - - [19/Apr/2011:21:26:37 +0200] "GET / HTTP/1.1" 200 6215 "-" "Mozilla/5.0 (Windows NT 6.1; WOW64; rv:2.0) Gecko/20100101 Firefox/4.0"
92.147.73.62 - - [19/Apr/2011:21:26:37 +0200] "GET /shoutbox.php HTTP/1.1" 200 736 "http://forum.rally-infernal.info/" "Mozilla/5.0 (Windows NT 6.1; WOW64; rv:2.0) Gecko/20100101 Firefox/4.0"
92.147.73.62 - - [19/Apr/2011:21:26:37 +0200] "GET /shoutbox_view.php?start=0 HTTP/1.1" 200 1329 "http://forum.rally-infernal.info/shoutbox.php" "Mozilla/5.0 (Windows NT 6.1; WOW64; rv:2.0) Gecko/20100101 Firefox/4.0"
157.55.116.13 - - [19/Apr/2011:21:26:38 +0200] "GET /viewtopic.php?p=102484 HTTP/1.1" 200 1921 "-" "msnbot/2.0b (+http://search.msn.com/msnbot.htm)._"
83.205.79.58 - - [19/Apr/2011:21:26:41 +0200] "GET /templates/rmstyle/formIE.css HTTP/1.1" 304 - "http://forum.rally-infernal.info/shoutbox_view.php?0?auto_refresh=1" "Mozilla/4.0 (compatible; MSIE 7.0; Windows NT 5.1; Trident/4.0; GTB6.6; .NET CLR 2.0.50727; .NET CLR 3.0.4506.2152; .NET CLR 3.5.30729; AskTbCCS/5.11.3.15590)"
83.205.79.58 - - [19/Apr/2011:21:26:41 +0200] "GET /images/smiles/icon_rire.gif HTTP/1.1" 304 - "http://forum.rally-infernal.info/shoutbox_view.php?0?auto_refresh=1" "Mozilla/4.0 (compatible; MSIE 7.0; Windows NT 5.1; Trident/4.0; GTB6.6; .NET CLR 2.0.50727; .NET CLR 3.0.4506.2152; .NET CLR 3.5.30729; AskTbCCS/5.11.3.15590)"
83.205.79.58 - - [19/Apr/2011:21:26:41 +0200] "GET /images/smiles/icon_hap.gif HTTP/1.1" 304 - "http://forum.rally-infernal.info/shoutbox_view.php?0?auto_refresh=1" "Mozilla/4.0 (compatible; MSIE 7.0; Windows NT 5.1; Trident/4.0; GTB6.6; .NET CLR 2.0.50727; .NET CLR 3.0.4506.2152; .NET CLR 3.5.30729; AskTbCCS/5.11.3.15590)"
83.205.79.58 - - [19/Apr/2011:21:26:41 +0200] "GET /templates/rmstyle/images/bg_body.jpg HTTP/1.1" 304 - "http://forum.rally-infernal.info/shoutbox_view.php?0?auto_refresh=1" "Mozilla/4.0 (compatible; MSIE 7.0; Windows NT 5.1; Trident/4.0; GTB6.6; .NET CLR 2.0.50727; .NET CLR 3.0.4506.2152; .NET CLR 3.5.30729; AskTbCCS/5.11.3.15590)"
157.55.116.13 - - [19/Apr/2011:21:26:41 +0200] "GET /viewtopic.php?p=103671 HTTP/1.1" 200 1921 "-" "msnbot/2.0b (+http://search.msn.com/msnbot.htm)._"
157.55.116.13 - - [19/Apr/2011:21:26:43 +0200] "GET /viewtopic.php?p=55459 HTTP/1.1" 200 1921 "-" "msnbot/2.0b (+http://search.msn.com/msnbot.htm)._"
157.55.116.13 - - [19/Apr/2011:21:26:46 +0200] "GET /viewtopic.php?p=103715 HTTP/1.1" 200 1921 "-" "msnbot/2.0b (+http://search.msn.com/msnbot.htm)._"
157.55.116.13 - - [19/Apr/2011:21:26:50 +0200] "GET /viewtopic.php?p=16434 HTTP/1.1" 200 1921 "-" "msnbot/2.0b (+http://search.msn.com/msnbot.htm)._"
83.205.79.58 - - [19/Apr/2011:21:26:51 +0200] "GET /images/smiles/icon_ha.gif HTTP/1.1" 304 - "http://forum.rally-infernal.info/shoutbox_view.php?0?auto_refresh=1" "Mozilla/4.0 (compatible; MSIE 7.0; Windows NT 5.1; Trident/4.0; GTB6.6; .NET CLR 2.0.50727; .NET CLR 3.0.4506.2152; .NET CLR 3.5.30729; AskTbCCS/5.11.3.15590)"
157.55.116.13 - - [19/Apr/2011:21:26:53 +0200] "GET /viewtopic.php?p=103203 HTTP/1.1" 200 1921 "-" "msnbot/2.0b (+http://search.msn.com/msnbot.htm)._"
157.55.116.13 - - [19/Apr/2011:21:26:56 +0200] "GET /viewtopic.php?p=101169 HTTP/1.1" 200 1921 "-" "msnbot/2.0b (+http://search.msn.com/msnbot.htm)._"
157.55.116.13 - - [19/Apr/2011:21:26:58 +0200] "GET /viewtopic.php?p=965 HTTP/1.1" 200 1921 "-" "msnbot/2.0b (+http://search.msn.com/msnbot.htm)._"
157.55.116.13 - - [19/Apr/2011:21:27:01 +0200] "GET /viewtopic.php?p=22692 HTTP/1.1" 200 1921 "-" "msnbot/2.0b (+http://search.msn.com/msnbot.htm)._"
157.55.116.13 - - [19/Apr/2011:21:27:03 +0200] "GET /posting.php?mode=quote&p=105637 HTTP/1.1" 200 1921 "-" "msnbot/2.0b (+http://search.msn.com/msnbot.htm)._"
157.55.116.13 - - [19/Apr/2011:21:27:06 +0200] "GET /viewtopic.php?p=100245 HTTP/1.1" 200 1921 "-" "msnbot/2.0b (+http://search.msn.com/msnbot.htm)._"
157.55.116.13 - - [19/Apr/2011:21:27:08 +0200] "GET /viewtopic.php?p=100693 HTTP/1.1" 200 1921 "-" "msnbot/2.0b (+http://search.msn.com/msnbot.htm)._"
89.170.22.112 - - [19/Apr/2011:21:27:11 +0200] "GET / HTTP/1.1" 200 6216 "-" "Mozilla/5.0 (Windows NT 6.1; WOW64; rv:2.0) Gecko/20100101 Firefox/4.0"
157.55.116.13 - - [19/Apr/2011:21:27:11 +0200] "GET /posting.php?mode=quote&p=56678 HTTP/1.1" 200 1921 "-" "msnbot/2.0b (+http://search.msn.com/msnbot.htm)._"
89.170.22.112 - - [19/Apr/2011:21:27:11 +0200] "GET /shoutbox.php HTTP/1.1" 200 736 "http://forum.rally-infernal.info/" "Mozilla/5.0 (Windows NT 6.1; WOW64; rv:2.0) Gecko/20100101 Firefox/4.0"
89.170.22.112 - - [19/Apr/2011:21:27:11 +0200] "GET /shoutbox_view.php?start=0 HTTP/1.1" 200 1329 "http://forum.rally-infernal.info/shoutbox.php" "Mozilla/5.0 (Windows NT 6.1; WOW64; rv:2.0) Gecko/20100101 Firefox/4.0"
157.55.116.13 - - [19/Apr/2011:21:27:15 +0200] "GET /viewtopic.php?p=107564 HTTP/1.1" 200 1921 "-" "msnbot/2.0b (+http://search.msn.com/msnbot.htm)._"
157.55.116.13 - - [19/Apr/2011:21:27:17 +0200] "GET /viewtopic.php?p=108579 HTTP/1.1" 200 1921 "-" "msnbot/2.0b (+http://search.msn.com/msnbot.htm)._"
157.55.116.13 - - [19/Apr/2011:21:27:19 +0200] "GET /viewtopic.php?p=103213 HTTP/1.1" 200 1921 "-" "msnbot/2.0b (+http://search.msn.com/msnbot.htm)._"
157.55.116.13 - - [19/Apr/2011:21:27:22 +0200] "GET /viewtopic.php?p=108667 HTTP/1.1" 200 1921 "-" "msnbot/2.0b (+http://search.msn.com/msnbot.htm)._"
79.95.133.150 - - [19/Apr/2011:21:27:25 +0200] "GET /shoutbox_view.php?0?auto_refresh=1 HTTP/1.1" 200 1329 "http://forum.rally-infernal.info/shoutbox_view.php?0?auto_refresh=1" "Mozilla/5.0 (Windows; U; Windows NT 5.1; en-US) AppleWebKit/534.16 (KHTML, like Gecko) Chrome/10.0.648.205 Safari/534.16"
157.55.116.13 - - [19/Apr/2011:21:27:27 +0200] "GET /viewtopic.php?p=107452 HTTP/1.1" 200 1921 "-" "msnbot/2.0b (+http://search.msn.com/msnbot.htm)._"
157.55.116.13 - - [19/Apr/2011:21:27:30 +0200] "GET /viewtopic.php?p=18584 HTTP/1.1" 200 1921 "-" "msnbot/2.0b (+http://search.msn.com/msnbot.htm)._"
157.55.116.13 - - [19/Apr/2011:21:27:33 +0200] "GET /viewtopic.php?p=12290 HTTP/1.1" 200 1921 "-" "msnbot/2.0b (+http://search.msn.com/msnbot.htm)._"
157.55.116.13 - - [19/Apr/2011:21:27:36 +0200] "GET /posting.php?mode=quote&p=20167 HTTP/1.1" 200 1921 "-" "msnbot/2.0b (+http://search.msn.com/msnbot.htm)._"
157.55.116.13 - - [19/Apr/2011:21:27:39 +0200] "GET /posting.php?mode=quote&p=93743 HTTP/1.1" 200 1921 "-" "msnbot/2.0b (+http://search.msn.com/msnbot.htm)._"
157.55.116.13 - - [19/Apr/2011:21:27:41 +0200] "GET /viewtopic.php?p=105496 HTTP/1.1" 200 1921 "-" "msnbot/2.0b (+http://search.msn.com/msnbot.htm)._"
157.55.116.13 - - [19/Apr/2011:21:27:44 +0200] "GET /viewtopic.php?p=10626 HTTP/1.1" 200 1921 "-" "msnbot/2.0b (+http://search.msn.com/msnbot.htm)._"
157.55.116.13 - - [19/Apr/2011:21:27:47 +0200] "GET /viewtopic.php?p=19759 HTTP/1.1" 200 1921 "-" "msnbot/2.0b (+http://search.msn.com/msnbot.htm)._"
157.55.116.13 - - [19/Apr/2011:21:27:50 +0200] "GET /viewtopic.php?p=106411 HTTP/1.1" 200 1921 "-" "msnbot/2.0b (+http://search.msn.com/msnbot.htm)._"
157.55.116.13 - - [19/Apr/2011:21:27:53 +0200] "GET /viewtopic.php?p=20784 HTTP/1.1" 200 1921 "-" "msnbot/2.0b (+http://search.msn.com/msnbot.htm)._"
157.55.116.13 - - [19/Apr/2011:21:27:55 +0200] "GET /viewtopic.php?p=103562 HTTP/1.1" 200 1921 "-" "msnbot/2.0b (+http://search.msn.com/msnbot.htm)._"
157.55.116.13 - - [19/Apr/2011:21:27:58 +0200] "GET /posting.php?mode=quote&p=51597 HTTP/1.1" 200 1921 "-" "msnbot/2.0b (+http://search.msn.com/msnbot.htm)._"
157.55.116.13 - - [19/Apr/2011:21:28:01 +0200] "GET /viewtopic.php?p=18483 HTTP/1.1" 200 1921 "-" "msnbot/2.0b (+http://search.msn.com/msnbot.htm)._"
157.55.116.13 - - [19/Apr/2011:21:28:04 +0200] "GET /viewtopic.php?p=35792 HTTP/1.1" 200 1921 "-" "msnbot/2.0b (+http://search.msn.com/msnbot.htm)._"
157.55.116.13 - - [19/Apr/2011:21:28:06 +0200] "GET /viewtopic.php?p=55059 HTTP/1.1" 200 1921 "-" "msnbot/2.0b (+http://search.msn.com/msnbot.htm)._"
157.55.116.13 - - [19/Apr/2011:21:28:09 +0200] "GET /viewtopic.php?p=86729 HTTP/1.1" 200 1921 "-" "msnbot/2.0b (+http://search.msn.com/msnbot.htm)._"
157.55.116.13 - - [19/Apr/2011:21:28:13 +0200] "GET /viewtopic.php?p=50043 HTTP/1.1" 200 1921 "-" "msnbot/2.0b (+http://search.msn.com/msnbot.htm)._"
80.236.67.164 - - [19/Apr/2011:21:28:13 +0200] "GET /AvatarsManager/deug21.jpg HTTP/1.1" 302 20 "http://www.trackmania.com/fr/forum/viewtopic.php?t=38387" "Mozilla/4.0 (compatible; MSIE 8.0; Windows NT 6.0; Trident/4.0; SIMBAR={F000A4D0-DB21-11DC-B267-001C25523C74}; GTB5; LUDI2; Mozilla/4.0 (compatible; MSIE 6.0; Windows NT 5.1; SV1) ; SLCC1; .NET CLR 2.0.50727; Media Center PC 5.0; .NET CLR 1.1.4322; .NET CLR 3.5.30729; .NET CLR 3.0.30729; OfficeLiveConnector.1.5; OfficeLivePatch.1.3; MEGAUPLOAD 3.0; BRI/2; .NET4.0C)"
157.55.116.13 - - [19/Apr/2011:21:28:15 +0200] "GET /viewtopic.php?p=53271 HTTP/1.1" 200 1921 "-" "msnbot/2.0b (+http://search.msn.com/msnbot.htm)._"
157.55.116.13 - - [19/Apr/2011:21:28:17 +0200] "GET /posting.php?mode=quote&p=67746 HTTP/1.1" 200 1921 "-" "msnbot/2.0b (+http://search.msn.com/msnbot.htm)._"
157.55.116.13 - - [19/Apr/2011:21:28:19 +0200] "GET /posting.php?mode=quote&p=19902 HTTP/1.1" 200 1921 "-" "msnbot/2.0b (+http://search.msn.com/msnbot.htm)._"
157.55.116.13 - - [19/Apr/2011:21:28:22 +0200] "GET /viewtopic.php?p=58091 HTTP/1.1" 200 1921 "-" "msnbot/2.0b (+http://search.msn.com/msnbot.htm)._"
157.55.116.13 - - [19/Apr/2011:21:28:25 +0200] "GET /viewtopic.php?t=2968 HTTP/1.1" 200 1921 "-" "msnbot/2.0b (+http://search.msn.com/msnbot.htm)._"
157.55.116.13 - - [19/Apr/2011:21:28:28 +0200] "GET /viewtopic.php?p=49764 HTTP/1.1" 200 1921 "-" "msnbot/2.0b (+http://search.msn.com/msnbot.htm)._"
157.55.116.13 - - [19/Apr/2011:21:28:31 +0200] "GET /viewtopic.php?p=12544 HTTP/1.1" 200 1921 "-" "msnbot/2.0b (+http://search.msn.com/msnbot.htm)._"
157.55.116.13 - - [19/Apr/2011:21:28:34 +0200] "GET /viewtopic.php?p=87847 HTTP/1.1" 200 1921 "-" "msnbot/2.0b (+http://search.msn.com/msnbot.htm)._"
157.55.116.13 - - [19/Apr/2011:21:28:37 +0200] "GET /viewtopic.php?p=81253 HTTP/1.1" 200 1921 "-" "msnbot/2.0b (+http://search.msn.com/msnbot.htm)._"
66.249.66.146 - - [19/Apr/2011:21:28:38 +0200] "GET /viewtopic.php?p=45950&sid=58fcb3e6b21476d40fceeb3dfb51eb96 HTTP/1.1" 200 9743 "-" "Mozilla/5.0 (compatible; Googlebot/2.1; +http://www.google.com/bot.html)"
157.55.116.13 - - [19/Apr/2011:21:28:39 +0200] "GET /viewtopic.php?p=31868 HTTP/1.1" 200 1921 "-" "msnbot/2.0b (+http://search.msn.com/msnbot.htm)._"
157.55.116.13 - - [19/Apr/2011:21:28:42 +0200] "GET /viewtopic.php?p=48920 HTTP/1.1" 200 1921 "-" "msnbot/2.0b (+http://search.msn.com/msnbot.htm)._"
157.55.116.13 - - [19/Apr/2011:21:28:44 +0200] "GET /viewtopic.php?p=1621 HTTP/1.1" 200 1921 "-" "msnbot/2.0b (+http://search.msn.com/msnbot.htm)._"
157.55.116.13 - - [19/Apr/2011:21:28:46 +0200] "GET /viewtopic.php?p=92374 HTTP/1.1" 200 1921 "-" "msnbot/2.0b (+http://search.msn.com/msnbot.htm)._"
79.92.69.238 - - [19/Apr/2011:21:28:47 +0200] "GET /shoutbox_view.php?0?auto_refresh=1 HTTP/1.1" 200 1331 "-" "Mozilla/5.0 (Windows NT 6.1; WOW64; rv:2.0) Gecko/20100101 Firefox/4.0"
79.92.69.238 - - [19/Apr/2011:21:28:47 +0200] "GET /templates/rmstyle/rmstyle.css HTTP/1.1" 304 - "-" "Mozilla/5.0 (Windows NT 6.1; WOW64; rv:2.0) Gecko/20100101 Firefox/4.0"
79.92.69.238 - - [19/Apr/2011:21:28:47 +0200] "GET /images/smiles/icon_hap.gif HTTP/1.1" 304 - "-" "Mozilla/5.0 (Windows NT 6.1; WOW64; rv:2.0) Gecko/20100101 Firefox/4.0"
79.92.69.238 - - [19/Apr/2011:21:28:47 +0200] "GET /images/smiles/icon_rire.gif HTTP/1.1" 304 - "-" "Mozilla/5.0 (Windows NT 6.1; WOW64; rv:2.0) Gecko/20100101 Firefox/4.0"
