66.249.72.242 - - [19/Apr/2011:21:45:17 +0200] "GET /viewtopic.php?p=101522&sid=927d82c1b5be2e691089751356ff42d4 HTTP/1.1" 200 8029 "-" "Mozilla/5.0 (compatible; Googlebot/2.1; +http://www.google.com/bot.html)"
79.95.133.150 - - [19/Apr/2011:21:45:27 +0200] "GET /shoutbox_view.php?0?auto_refresh=1 HTTP/1.1" 200 1328 "http://forum.rally-infernal.info/shoutbox_view.php?0?auto_refresh=1" "Mozilla/5.0 (Windows; U; Windows NT 5.1; en-US) AppleWebKit/534.16 (KHTML, like Gecko) Chrome/10.0.648.205 Safari/534.16"
83.205.79.58 - - [19/Apr/2011:21:46:22 +0200] "GET /shoutbox_view.php?0?auto_refresh=1 HTTP/1.1" 200 1328 "-" "Mozilla/4.0 (compatible; MSIE 7.0; Windows NT 5.1; Trident/4.0; GTB6.6; .NET CLR 2.0.50727; .NET CLR 3.0.4506.2152; .NET CLR 3.5.30729; AskTbCCS/5.11.3.15590)"
83.205.79.58 - - [19/Apr/2011:21:46:23 +0200] "GET /templates/rmstyle/rmstyle.css HTTP/1.1" 304 - "http://forum.rally-infernal.info/shoutbox_view.php?0?auto_refresh=1" "Mozilla/4.0 (compatible; MSIE 7.0; Windows NT 5.1; Trident/4.0; GTB6.6; .NET CLR 2.0.50727; .NET CLR 3.0.4506.2152; .NET CLR 3.5.30729; AskTbCCS/5.11.3.15590)"
83.205.79.58 - - [19/Apr/2011:21:46:23 +0200] "GET /templates/rmstyle/formIE.css HTTP/1.1" 304 - "http://forum.rally-infernal.info/shoutbox_view.php?0?auto_refresh=1" "Mozilla/4.0 (compatible; MSIE 7.0; Windows NT 5.1; Trident/4.0; GTB6.6; .NET CLR 2.0.50727; .NET CLR 3.0.4506.2152; .NET CLR 3.5.30729; AskTbCCS/5.11.3.15590)"
83.205.79.58 - - [19/Apr/2011:21:46:23 +0200] "GET /images/smiles/icon_rire.gif HTTP/1.1" 304 - "http://forum.rally-infernal.info/shoutbox_view.php?0?auto_refresh=1" "Mozilla/4.0 (compatible; MSIE 7.0; Windows NT 5.1; Trident/4.0; GTB6.6; .NET CLR 2.0.50727; .NET CLR 3.0.4506.2152; .NET CLR 3.5.30729; AskTbCCS/5.11.3.15590)"
83.205.79.58 - - [19/Apr/2011:21:46:23 +0200] "GET /images/smiles/icon_hap.gif HTTP/1.1" 304 - "http://forum.rally-infernal.info/shoutbox_view.php?0?auto_refresh=1" "Mozilla/4.0 (compatible; MSIE 7.0; Windows NT 5.1; Trident/4.0; GTB6.6; .NET CLR 2.0.50727; .NET CLR 3.0.4506.2152; .NET CLR 3.5.30729; AskTbCCS/5.11.3.15590)"
83.205.79.58 - - [19/Apr/2011:21:46:23 +0200] "GET /images/smiles/icon_ha.gif HTTP/1.1" 304 - "http://forum.rally-infernal.info/shoutbox_view.php?0?auto_refresh=1" "Mozilla/4.0 (compatible; MSIE 7.0; Windows NT 5.1; Trident/4.0; GTB6.6; .NET CLR 2.0.50727; .NET CLR 3.0.4506.2152; .NET CLR 3.5.30729; AskTbCCS/5.11.3.15590)"
83.205.79.58 - - [19/Apr/2011:21:46:23 +0200] "GET /templates/rmstyle/images/bg_body.jpg HTTP/1.1" 304 - "http://forum.rally-infernal.info/shoutbox_view.php?0?auto_refresh=1" "Mozilla/4.0 (compatible; MSIE 7.0; Windows NT 5.1; Trident/4.0; GTB6.6; .NET CLR 2.0.50727; .NET CLR 3.0.4506.2152; .NET CLR 3.5.30729; AskTbCCS/5.11.3.15590)"
66.249.66.146 - - [19/Apr/2011:21:46:24 +0200] "GET /viewtopic.php?p=39933&sid=0a1912d73e1411626df93fdecc7c56c4 HTTP/1.1" 200 7798 "-" "Mozilla/5.0 (compatible; Googlebot/2.1; +http://www.google.com/bot.html)"
79.92.69.238 - - [19/Apr/2011:21:46:50 +0200] "GET /shoutbox_view.php?0?auto_refresh=1 HTTP/1.1" 200 1329 "-" "Mozilla/5.0 (Windows NT 6.1; WOW64; rv:2.0) Gecko/20100101 Firefox/4.0"
79.92.69.238 - - [19/Apr/2011:21:46:50 +0200] "GET /templates/rmstyle/rmstyle.css HTTP/1.1" 304 - "-" "Mozilla/5.0 (Windows NT 6.1; WOW64; rv:2.0) Gecko/20100101 Firefox/4.0"
79.92.69.238 - - [19/Apr/2011:21:46:50 +0200] "GET /images/smiles/icon_rire.gif HTTP/1.1" 304 - "-" "Mozilla/5.0 (Windows NT 6.1; WOW64; rv:2.0) Gecko/20100101 Firefox/4.0"
79.92.69.238 - - [19/Apr/2011:21:46:50 +0200] "GET /images/smiles/icon_hap.gif HTTP/1.1" 304 - "-" "Mozilla/5.0 (Windows NT 6.1; WOW64; rv:2.0) Gecko/20100101 Firefox/4.0"
79.92.69.238 - - [19/Apr/2011:21:46:50 +0200] "GET /images/smiles/icon_ha.gif HTTP/1.1" 304 - "-" "Mozilla/5.0 (Windows NT 6.1; WOW64; rv:2.0) Gecko/20100101 Firefox/4.0"
79.92.69.238 - - [19/Apr/2011:21:46:50 +0200] "GET /templates/rmstyle/images/bg_body.jpg HTTP/1.1" 304 - "-" "Mozilla/5.0 (Windows NT 6.1; WOW64; rv:2.0) Gecko/20100101 Firefox/4.0"
87.88.30.117 - - [19/Apr/2011:21:46:53 +0200] "GET / HTTP/1.1" 200 6080 "-" "Mozilla/5.0 (Windows NT 6.1; rv:2.0) Gecko/20100101 Firefox/4.0"
87.88.30.117 - - [19/Apr/2011:21:46:53 +0200] "GET /shoutbox.php HTTP/1.1" 200 992 "http://forum.rally-infernal.info/" "Mozilla/5.0 (Windows NT 6.1; rv:2.0) Gecko/20100101 Firefox/4.0"
87.88.30.117 - - [19/Apr/2011:21:46:53 +0200] "GET /shoutbox_view.php?start=0 HTTP/1.1" 200 1329 "http://forum.rally-infernal.info/shoutbox.php" "Mozilla/5.0 (Windows NT 6.1; rv:2.0) Gecko/20100101 Firefox/4.0"
66.249.66.146 - - [19/Apr/2011:21:47:18 +0200] "GET /viewtopic.php?p=2455&highlight=&sid=94ae4c2a2461774a5ba798e05ad5704a HTTP/1.1" 200 6124 "-" "Mozilla/5.0 (compatible; Googlebot/2.1; +http://www.google.com/bot.html)"
82.229.120.210 - - [19/Apr/2011:21:47:35 +0200] "GET /index.php HTTP/1.1" 200 6153 "-" "Mozilla/5.0 (Windows; U; Windows NT 6.0; fr; rv:1.9.2.16) Gecko/20110319 Firefox/3.6.16 ( .NET CLR 3.5.30729; .NET4.0C)"
82.229.120.210 - - [19/Apr/2011:21:47:35 +0200] "GET /shoutbox.php HTTP/1.1" 200 992 "http://forum.rally-infernal.info/index.php" "Mozilla/5.0 (Windows; U; Windows NT 6.0; fr; rv:1.9.2.16) Gecko/20110319 Firefox/3.6.16 ( .NET CLR 3.5.30729; .NET4.0C)"
82.229.120.210 - - [19/Apr/2011:21:47:35 +0200] "GET /shoutbox_view.php?start=0 HTTP/1.1" 200 1329 "http://forum.rally-infernal.info/shoutbox.php" "Mozilla/5.0 (Windows; U; Windows NT 6.0; fr; rv:1.9.2.16) Gecko/20110319 Firefox/3.6.16 ( .NET CLR 3.5.30729; .NET4.0C)"
82.229.120.210 - - [19/Apr/2011:21:47:38 +0200] "GET /viewtopic.php?t=466 HTTP/1.1" 200 9313 "http://forum.rally-infernal.info/index.php" "Mozilla/5.0 (Windows; U; Windows NT 6.0; fr; rv:1.9.2.16) Gecko/20110319 Firefox/3.6.16 ( .NET CLR 3.5.30729; .NET4.0C)"
82.229.120.210 - - [19/Apr/2011:21:47:39 +0200] "GET /images/smiles/icon_lol.gif HTTP/1.1" 200 336 "http://forum.rally-infernal.info/viewtopic.php?t=466" "Mozilla/5.0 (Windows; U; Windows NT 6.0; fr; rv:1.9.2.16) Gecko/20110319 Firefox/3.6.16 ( .NET CLR 3.5.30729; .NET4.0C)"
82.229.120.210 - - [19/Apr/2011:21:47:39 +0200] "GET /templates/rmstyle/images/lang_french/icon_email.gif HTTP/1.1" 200 1408 "http://forum.rally-infernal.info/viewtopic.php?t=466" "Mozilla/5.0 (Windows; U; Windows NT 6.0; fr; rv:1.9.2.16) Gecko/20110319 Firefox/3.6.16 ( .NET CLR 3.5.30729; .NET4.0C)"
82.229.120.210 - - [19/Apr/2011:21:47:39 +0200] "GET /images/avatars/49270748144930b1d69b1d.gif HTTP/1.1" 200 1916 "http://forum.rally-infernal.info/viewtopic.php?t=466" "Mozilla/5.0 (Windows; U; Windows NT 6.0; fr; rv:1.9.2.16) Gecko/20110319 Firefox/3.6.16 ( .NET CLR 3.5.30729; .NET4.0C)"
82.229.120.210 - - [19/Apr/2011:21:47:39 +0200] "GET /images/avatars/5169997844b58d75eca0ba.jpg HTTP/1.1" 200 25089 "http://forum.rally-infernal.info/viewtopic.php?t=466" "Mozilla/5.0 (Windows; U; Windows NT 6.0; fr; rv:1.9.2.16) Gecko/20110319 Firefox/3.6.16 ( .NET CLR 3.5.30729; .NET4.0C)"
82.229.120.210 - - [19/Apr/2011:21:47:39 +0200] "GET /images/smiles/sm39.gif HTTP/1.1" 200 351 "http://forum.rally-infernal.info/viewtopic.php?t=466" "Mozilla/5.0 (Windows; U; Windows NT 6.0; fr; rv:1.9.2.16) Gecko/20110319 Firefox/3.6.16 ( .NET CLR 3.5.30729; .NET4.0C)"
82.229.120.210 - - [19/Apr/2011:21:47:39 +0200] "GET /images/smiles/icon_redface.gif HTTP/1.1" 200 650 "http://forum.rally-infernal.info/viewtopic.php?t=466" "Mozilla/5.0 (Windows; U; Windows NT 6.0; fr; rv:1.9.2.16) Gecko/20110319 Firefox/3.6.16 ( .NET CLR 3.5.30729; .NET4.0C)"
82.229.120.210 - - [19/Apr/2011:21:47:39 +0200] "GET /images/smiles/icon_wink.gif HTTP/1.1" 200 170 "http://forum.rally-infernal.info/viewtopic.php?t=466" "Mozilla/5.0 (Windows; U; Windows NT 6.0; fr; rv:1.9.2.16) Gecko/20110319 Firefox/3.6.16 ( .NET CLR 3.5.30729; .NET4.0C)"
82.229.120.210 - - [19/Apr/2011:21:47:39 +0200] "GET /images/smiles/icon_razz.gif HTTP/1.1" 200 176 "http://forum.rally-infernal.info/viewtopic.php?t=466" "Mozilla/5.0 (Windows; U; Windows NT 6.0; fr; rv:1.9.2.16) Gecko/20110319 Firefox/3.6.16 ( .NET CLR 3.5.30729; .NET4.0C)"
82.229.120.210 - - [19/Apr/2011:21:47:42 +0200] "GET /viewtopic.php?t=466&postdays=0&postorder=asc&start=6360 HTTP/1.1" 200 5632 "http://forum.rally-infernal.info/viewtopic.php?t=466" "Mozilla/5.0 (Windows; U; Windows NT 6.0; fr; rv:1.9.2.16) Gecko/20110319 Firefox/3.6.16 ( .NET CLR 3.5.30729; .NET4.0C)"
82.229.120.210 - - [19/Apr/2011:21:47:42 +0200] "GET /AvatarsManager/fraxrevochx.jpg HTTP/1.1" 403 201 "http://forum.rally-infernal.info/viewtopic.php?t=466&postdays=0&postorder=asc&start=6360" "Mozilla/5.0 (Windows; U; Windows NT 6.0; fr; rv:1.9.2.16) Gecko/20110319 Firefox/3.6.16 ( .NET CLR 3.5.30729; .NET4.0C)"
82.229.120.210 - - [19/Apr/2011:21:47:42 +0200] "GET /AvatarsManager/murcielago1301.jpg HTTP/1.1" 403 203 "http://forum.rally-infernal.info/viewtopic.php?t=466&postdays=0&postorder=asc&start=6360" "Mozilla/5.0 (Windows; U; Windows NT 6.0; fr; rv:1.9.2.16) Gecko/20110319 Firefox/3.6.16 ( .NET CLR 3.5.30729; .NET4.0C)"
82.229.120.210 - - [19/Apr/2011:21:47:45 +0200] "GET /posting.php?mode=reply&t=466 HTTP/1.1" 200 9657 "http://forum.rally-infernal.info/viewtopic.php?t=466&postdays=0&postorder=asc&start=6360" "Mozilla/5.0 (Windows; U; Windows NT 6.0; fr; rv:1.9.2.16) Gecko/20110319 Firefox/3.6.16 ( .NET CLR 3.5.30729; .NET4.0C)"
82.229.120.210 - - [19/Apr/2011:21:47:46 +0200] "GET /images/smiles/icon_sad.gif HTTP/1.1" 200 171 "http://forum.rally-infernal.info/posting.php?mode=reply&t=466" "Mozilla/5.0 (Windows; U; Windows NT 6.0; fr; rv:1.9.2.16) Gecko/20110319 Firefox/3.6.16 ( .NET CLR 3.5.30729; .NET4.0C)"
82.229.120.210 - - [19/Apr/2011:21:47:46 +0200] "GET /images/smiles/icon_surprised.gif HTTP/1.1" 200 174 "http://forum.rally-infernal.info/posting.php?mode=reply&t=466" "Mozilla/5.0 (Windows; U; Windows NT 6.0; fr; rv:1.9.2.16) Gecko/20110319 Firefox/3.6.16 ( .NET CLR 3.5.30729; .NET4.0C)"
82.229.120.210 - - [19/Apr/2011:21:47:46 +0200] "GET /images/smiles/icon_eek.gif HTTP/1.1" 200 170 "http://forum.rally-infernal.info/posting.php?mode=reply&t=466" "Mozilla/5.0 (Windows; U; Windows NT 6.0; fr; rv:1.9.2.16) Gecko/20110319 Firefox/3.6.16 ( .NET CLR 3.5.30729; .NET4.0C)"
82.229.120.210 - - [19/Apr/2011:21:47:46 +0200] "GET /images/smiles/icon_biggrin.gif HTTP/1.1" 200 172 "http://forum.rally-infernal.info/posting.php?mode=reply&t=466" "Mozilla/5.0 (Windows; U; Windows NT 6.0; fr; rv:1.9.2.16) Gecko/20110319 Firefox/3.6.16 ( .NET CLR 3.5.30729; .NET4.0C)"
82.229.120.210 - - [19/Apr/2011:21:47:46 +0200] "GET /images/smiles/icon_smile.gif HTTP/1.1" 200 174 "http://forum.rally-infernal.info/posting.php?mode=reply&t=466" "Mozilla/5.0 (Windows; U; Windows NT 6.0; fr; rv:1.9.2.16) Gecko/20110319 Firefox/3.6.16 ( .NET CLR 3.5.30729; .NET4.0C)"
82.229.120.210 - - [19/Apr/2011:21:47:46 +0200] "GET /images/smiles/icon_confused.gif HTTP/1.1" 200 171 "http://forum.rally-infernal.info/posting.php?mode=reply&t=466" "Mozilla/5.0 (Windows; U; Windows NT 6.0; fr; rv:1.9.2.16) Gecko/20110319 Firefox/3.6.16 ( .NET CLR 3.5.30729; .NET4.0C)"
82.229.120.210 - - [19/Apr/2011:21:47:46 +0200] "GET /templates/rmstyle/images/ft_top.gif HTTP/1.1" 200 1035 "http://forum.rally-infernal.info/posting.php?mode=reply&t=466" "Mozilla/5.0 (Windows; U; Windows NT 6.0; fr; rv:1.9.2.16) Gecko/20110319 Firefox/3.6.16 ( .NET CLR 3.5.30729; .NET4.0C)"
82.229.120.210 - - [19/Apr/2011:21:47:46 +0200] "GET /images/smiles/icon_cool.gif HTTP/1.1" 200 172 "http://forum.rally-infernal.info/posting.php?mode=reply&t=466" "Mozilla/5.0 (Windows; U; Windows NT 6.0; fr; rv:1.9.2.16) Gecko/20110319 Firefox/3.6.16 ( .NET CLR 3.5.30729; .NET4.0C)"
82.229.120.210 - - [19/Apr/2011:21:47:46 +0200] "GET /images/smiles/icon_mad.gif HTTP/1.1" 200 174 "http://forum.rally-infernal.info/posting.php?mode=reply&t=466" "Mozilla/5.0 (Windows; U; Windows NT 6.0; fr; rv:1.9.2.16) Gecko/20110319 Firefox/3.6.16 ( .NET CLR 3.5.30729; .NET4.0C)"
82.229.120.210 - - [19/Apr/2011:21:47:46 +0200] "GET /images/smiles/icon_cry.gif HTTP/1.1" 200 498 "http://forum.rally-infernal.info/posting.php?mode=reply&t=466" "Mozilla/5.0 (Windows; U; Windows NT 6.0; fr; rv:1.9.2.16) Gecko/20110319 Firefox/3.6.16 ( .NET CLR 3.5.30729; .NET4.0C)"
82.229.120.210 - - [19/Apr/2011:21:47:46 +0200] "GET /images/smiles/icon_evil.gif HTTP/1.1" 200 236 "http://forum.rally-infernal.info/posting.php?mode=reply&t=466" "Mozilla/5.0 (Windows; U; Windows NT 6.0; fr; rv:1.9.2.16) Gecko/20110319 Firefox/3.6.16 ( .NET CLR 3.5.30729; .NET4.0C)"
82.229.120.210 - - [19/Apr/2011:21:47:46 +0200] "GET /images/smiles/icon_twisted.gif HTTP/1.1" 200 238 "http://forum.rally-infernal.info/posting.php?mode=reply&t=466" "Mozilla/5.0 (Windows; U; Windows NT 6.0; fr; rv:1.9.2.16) Gecko/20110319 Firefox/3.6.16 ( .NET CLR 3.5.30729; .NET4.0C)"
82.229.120.210 - - [19/Apr/2011:21:47:46 +0200] "GET /images/smiles/icon_rolleyes.gif HTTP/1.1" 200 485 "http://forum.rally-infernal.info/posting.php?mode=reply&t=466" "Mozilla/5.0 (Windows; U; Windows NT 6.0; fr; rv:1.9.2.16) Gecko/20110319 Firefox/3.6.16 ( .NET CLR 3.5.30729; .NET4.0C)"
82.229.120.210 - - [19/Apr/2011:21:47:46 +0200] "GET /images/smiles/icon_exclaim.gif HTTP/1.1" 200 236 "http://forum.rally-infernal.info/posting.php?mode=reply&t=466" "Mozilla/5.0 (Windows; U; Windows NT 6.0; fr; rv:1.9.2.16) Gecko/20110319 Firefox/3.6.16 ( .NET CLR 3.5.30729; .NET4.0C)"
82.229.120.210 - - [19/Apr/2011:21:47:46 +0200] "GET /images/smiles/icon_question.gif HTTP/1.1" 200 248 "http://forum.rally-infernal.info/posting.php?mode=reply&t=466" "Mozilla/5.0 (Windows; U; Windows NT 6.0; fr; rv:1.9.2.16) Gecko/20110319 Firefox/3.6.16 ( .NET CLR 3.5.30729; .NET4.0C)"
82.229.120.210 - - [19/Apr/2011:21:47:46 +0200] "GET /images/smiles/icon_idea.gif HTTP/1.1" 200 176 "http://forum.rally-infernal.info/posting.php?mode=reply&t=466" "Mozilla/5.0 (Windows; U; Windows NT 6.0; fr; rv:1.9.2.16) Gecko/20110319 Firefox/3.6.16 ( .NET CLR 3.5.30729; .NET4.0C)"
82.229.120.210 - - [19/Apr/2011:21:47:46 +0200] "GET /images/smiles/icon_arrow.gif HTTP/1.1" 200 170 "http://forum.rally-infernal.info/posting.php?mode=reply&t=466" "Mozilla/5.0 (Windows; U; Windows NT 6.0; fr; rv:1.9.2.16) Gecko/20110319 Firefox/3.6.16 ( .NET CLR 3.5.30729; .NET4.0C)"
82.229.120.210 - - [19/Apr/2011:21:47:46 +0200] "GET /images/smiles/icon_mrgreen.gif HTTP/1.1" 200 349 "http://forum.rally-infernal.info/posting.php?mode=reply&t=466" "Mozilla/5.0 (Windows; U; Windows NT 6.0; fr; rv:1.9.2.16) Gecko/20110319 Firefox/3.6.16 ( .NET CLR 3.5.30729; .NET4.0C)"
82.229.120.210 - - [19/Apr/2011:21:47:46 +0200] "GET /images/smiles/sm1.gif HTTP/1.1" 200 194 "http://forum.rally-infernal.info/posting.php?mode=reply&t=466" "Mozilla/5.0 (Windows; U; Windows NT 6.0; fr; rv:1.9.2.16) Gecko/20110319 Firefox/3.6.16 ( .NET CLR 3.5.30729; .NET4.0C)"
82.229.120.210 - - [19/Apr/2011:21:47:46 +0200] "GET /images/smiles/sm2.gif HTTP/1.1" 200 4349 "http://forum.rally-infernal.info/posting.php?mode=reply&t=466" "Mozilla/5.0 (Windows; U; Windows NT 6.0; fr; rv:1.9.2.16) Gecko/20110319 Firefox/3.6.16 ( .NET CLR 3.5.30729; .NET4.0C)"
82.229.120.210 - - [19/Apr/2011:21:47:46 +0200] "GET /images/smiles/sm3.gif HTTP/1.1" 200 379 "http://forum.rally-infernal.info/posting.php?mode=reply&t=466" "Mozilla/5.0 (Windows; U; Windows NT 6.0; fr; rv:1.9.2.16) Gecko/20110319 Firefox/3.6.16 ( .NET CLR 3.5.30729; .NET4.0C)"
82.229.120.210 - - [19/Apr/2011:21:47:46 +0200] "GET /images/smiles/sm11.gif HTTP/1.1" 200 557 "http://forum.rally-infernal.info/posting.php?mode=reply&t=466" "Mozilla/5.0 (Windows; U; Windows NT 6.0; fr; rv:1.9.2.16) Gecko/20110319 Firefox/3.6.16 ( .NET CLR 3.5.30729; .NET4.0C)"
82.229.120.210 - - [19/Apr/2011:21:47:46 +0200] "GET /images/smiles/sm10.gif HTTP/1.1" 200 5923 "http://forum.rally-infernal.info/posting.php?mode=reply&t=466" "Mozilla/5.0 (Windows; U; Windows NT 6.0; fr; rv:1.9.2.16) Gecko/20110319 Firefox/3.6.16 ( .NET CLR 3.5.30729; .NET4.0C)"
82.229.120.210 - - [19/Apr/2011:21:47:46 +0200] "GET /images/smiles/sm5.gif HTTP/1.1" 200 442 "http://forum.rally-infernal.info/posting.php?mode=reply&t=466" "Mozilla/5.0 (Windows; U; Windows NT 6.0; fr; rv:1.9.2.16) Gecko/20110319 Firefox/3.6.16 ( .NET CLR 3.5.30729; .NET4.0C)"
82.229.120.210 - - [19/Apr/2011:21:47:46 +0200] "GET /images/smiles/sm4.gif HTTP/1.1" 200 3903 "http://forum.rally-infernal.info/posting.php?mode=reply&t=466" "Mozilla/5.0 (Windows; U; Windows NT 6.0; fr; rv:1.9.2.16) Gecko/20110319 Firefox/3.6.16 ( .NET CLR 3.5.30729; .NET4.0C)"
82.229.120.210 - - [19/Apr/2011:21:47:46 +0200] "GET /posting.php?mode=topicreview&t=466 HTTP/1.1" 200 2998 "http://forum.rally-infernal.info/posting.php?mode=reply&t=466" "Mozilla/5.0 (Windows; U; Windows NT 6.0; fr; rv:1.9.2.16) Gecko/20110319 Firefox/3.6.16 ( .NET CLR 3.5.30729; .NET4.0C)"
79.95.133.150 - - [19/Apr/2011:21:48:27 +0200] "GET /shoutbox_view.php?0?auto_refresh=1 HTTP/1.1" 200 1328 "http://forum.rally-infernal.info/shoutbox_view.php?0?auto_refresh=1" "Mozilla/5.0 (Windows; U; Windows NT 5.1; en-US) AppleWebKit/534.16 (KHTML, like Gecko) Chrome/10.0.648.205 Safari/534.16"
66.249.72.242 - - [19/Apr/2011:21:48:42 +0200] "GET /viewtopic.php?highlight=&p=85851&sid=cdc9b451c1fcc21d535f51752d7712d6 HTTP/1.1" 200 8157 "-" "Mozilla/5.0 (compatible; Googlebot/2.1; +http://www.google.com/bot.html)"
66.249.66.146 - - [19/Apr/2011:21:48:43 +0200] "GET /viewtopic.php?sid=bcf0debc200b7aa39ed1d4541f22225b&t=2545&view=next HTTP/1.1" 200 10834 "-" "Mozilla/5.0 (compatible; Googlebot/2.1; +http://www.google.com/bot.html)"
66.249.66.146 - - [19/Apr/2011:21:48:43 +0200] "GET /viewtopic.php?sid=72f24417ddb7f62749508786f8b1cf0b&start=60&t=3070 HTTP/1.1" 200 8369 "-" "Mozilla/5.0 (compatible; Googlebot/2.1; +http://www.google.com/bot.html)"
66.249.66.146 - - [19/Apr/2011:21:48:44 +0200] "GET /viewtopic.php?sid=196be24c8a1d71b4af5a56d7a5af7961&t=2637&view=next HTTP/1.1" 200 7274 "-" "Mozilla/5.0 (compatible; Googlebot/2.1; +http://www.google.com/bot.html)"
92.147.73.62 - - [19/Apr/2011:21:48:47 +0200] "GET / HTTP/1.1" 200 6210 "-" "Mozilla/5.0 (Windows NT 6.1; WOW64; rv:2.0) Gecko/20100101 Firefox/4.0"
92.147.73.62 - - [19/Apr/2011:21:48:47 +0200] "GET /shoutbox.php HTTP/1.1" 200 736 "http://forum.rally-infernal.info/" "Mozilla/5.0 (Windows NT 6.1; WOW64; rv:2.0) Gecko/20100101 Firefox/4.0"
92.147.73.62 - - [19/Apr/2011:21:48:47 +0200] "GET /shoutbox_view.php?start=0 HTTP/1.1" 200 1328 "http://forum.rally-infernal.info/shoutbox.php" "Mozilla/5.0 (Windows NT 6.1; WOW64; rv:2.0) Gecko/20100101 Firefox/4.0"
92.147.73.62 - - [19/Apr/2011:21:49:13 +0200] "POST /shoutbox.php?start=0 HTTP/1.1" 200 736 "http://forum.rally-infernal.info/shoutbox.php" "Mozilla/5.0 (Windows NT 6.1; WOW64; rv:2.0) Gecko/20100101 Firefox/4.0"
92.147.73.62 - - [19/Apr/2011:21:49:13 +0200] "GET /shoutbox_view.php?start=0 HTTP/1.1" 200 1328 "http://forum.rally-infernal.info/shoutbox.php?start=0" "Mozilla/5.0 (Windows NT 6.1; WOW64; rv:2.0) Gecko/20100101 Firefox/4.0"
92.147.73.62 - - [19/Apr/2011:21:49:17 +0200] "GET /login.php HTTP/1.1" 200 2340 "http://forum.rally-infernal.info/" "Mozilla/5.0 (Windows NT 6.1; WOW64; rv:2.0) Gecko/20100101 Firefox/4.0"
92.147.73.62 - - [19/Apr/2011:21:49:18 +0200] "POST /login.php HTTP/1.1" 302 20 "http://forum.rally-infernal.info/login.php" "Mozilla/5.0 (Windows NT 6.1; WOW64; rv:2.0) Gecko/20100101 Firefox/4.0"
92.147.73.62 - - [19/Apr/2011:21:49:18 +0200] "GET /index.php?sid=e38e4e694216a20233bfc10748047c8a HTTP/1.1" 200 6132 "http://forum.rally-infernal.info/login.php" "Mozilla/5.0 (Windows NT 6.1; WOW64; rv:2.0) Gecko/20100101 Firefox/4.0"
92.147.73.62 - - [19/Apr/2011:21:49:18 +0200] "GET /shoutbox.php HTTP/1.1" 200 992 "http://forum.rally-infernal.info/index.php?sid=e38e4e694216a20233bfc10748047c8a" "Mozilla/5.0 (Windows NT 6.1; WOW64; rv:2.0) Gecko/20100101 Firefox/4.0"
92.147.73.62 - - [19/Apr/2011:21:49:18 +0200] "GET /shoutbox_view.php?start=0 HTTP/1.1" 200 1329 "http://forum.rally-infernal.info/shoutbox.php" "Mozilla/5.0 (Windows NT 6.1; WOW64; rv:2.0) Gecko/20100101 Firefox/4.0"
92.147.73.62 - - [19/Apr/2011:21:49:20 +0200] "GET /viewtopic.php?t=3386&view=newest HTTP/1.1" 302 20 "http://forum.rally-infernal.info/index.php?sid=e38e4e694216a20233bfc10748047c8a" "Mozilla/5.0 (Windows NT 6.1; WOW64; rv:2.0) Gecko/20100101 Firefox/4.0"
92.147.73.62 - - [19/Apr/2011:21:49:20 +0200] "GET /viewtopic.php?p=119517 HTTP/1.1" 200 6384 "http://forum.rally-infernal.info/index.php?sid=e38e4e694216a20233bfc10748047c8a" "Mozilla/5.0 (Windows NT 6.1; WOW64; rv:2.0) Gecko/20100101 Firefox/4.0"
92.147.73.62 - - [19/Apr/2011:21:49:20 +0200] "GET /images/smiles/icon_neutral.gif HTTP/1.1" 200 171 "http://forum.rally-infernal.info/viewtopic.php?p=119517" "Mozilla/5.0 (Windows NT 6.1; WOW64; rv:2.0) Gecko/20100101 Firefox/4.0"
92.147.73.62 - - [19/Apr/2011:21:49:21 +0200] "GET /AvatarsManager/kajin-kun.jpg HTTP/1.1" 403 200 "http://forum.rally-infernal.info/viewtopic.php?p=119517" "Mozilla/5.0 (Windows NT 6.1; WOW64; rv:2.0) Gecko/20100101 Firefox/4.0"
92.147.73.62 - - [19/Apr/2011:21:49:23 +0200] "GET /index.php HTTP/1.1" 200 6113 "http://forum.rally-infernal.info/viewtopic.php?p=119517" "Mozilla/5.0 (Windows NT 6.1; WOW64; rv:2.0) Gecko/20100101 Firefox/4.0"
92.147.73.62 - - [19/Apr/2011:21:49:23 +0200] "GET /shoutbox.php HTTP/1.1" 200 992 "http://forum.rally-infernal.info/index.php" "Mozilla/5.0 (Windows NT 6.1; WOW64; rv:2.0) Gecko/20100101 Firefox/4.0"
92.147.73.62 - - [19/Apr/2011:21:49:23 +0200] "GET /shoutbox_view.php?start=0 HTTP/1.1" 200 1329 "http://forum.rally-infernal.info/shoutbox.php" "Mozilla/5.0 (Windows NT 6.1; WOW64; rv:2.0) Gecko/20100101 Firefox/4.0"
83.205.79.58 - - [19/Apr/2011:21:49:23 +0200] "GET /shoutbox_view.php?0?auto_refresh=1 HTTP/1.1" 200 1328 "-" "Mozilla/4.0 (compatible; MSIE 7.0; Windows NT 5.1; Trident/4.0; GTB6.6; .NET CLR 2.0.50727; .NET CLR 3.0.4506.2152; .NET CLR 3.5.30729; AskTbCCS/5.11.3.15590)"
83.205.79.58 - - [19/Apr/2011:21:49:23 +0200] "GET /templates/rmstyle/rmstyle.css HTTP/1.1" 304 - "http://forum.rally-infernal.info/shoutbox_view.php?0?auto_refresh=1" "Mozilla/4.0 (compatible; MSIE 7.0; Windows NT 5.1; Trident/4.0; GTB6.6; .NET CLR 2.0.50727; .NET CLR 3.0.4506.2152; .NET CLR 3.5.30729; AskTbCCS/5.11.3.15590)"
83.205.79.58 - - [19/Apr/2011:21:49:23 +0200] "GET /templates/rmstyle/formIE.css HTTP/1.1" 304 - "http://forum.rally-infernal.info/shoutbox_view.php?0?auto_refresh=1" "Mozilla/4.0 (compatible; MSIE 7.0; Windows NT 5.1; Trident/4.0; GTB6.6; .NET CLR 2.0.50727; .NET CLR 3.0.4506.2152; .NET CLR 3.5.30729; AskTbCCS/5.11.3.15590)"
83.205.79.58 - - [19/Apr/2011:21:49:23 +0200] "GET /images/smiles/icon_hap.gif HTTP/1.1" 304 - "http://forum.rally-infernal.info/shoutbox_view.php?0?auto_refresh=1" "Mozilla/4.0 (compatible; MSIE 7.0; Windows NT 5.1; Trident/4.0; GTB6.6; .NET CLR 2.0.50727; .NET CLR 3.0.4506.2152; .NET CLR 3.5.30729; AskTbCCS/5.11.3.15590)"
83.205.79.58 - - [19/Apr/2011:21:49:23 +0200] "GET /images/smiles/icon_rire.gif HTTP/1.1" 304 - "http://forum.rally-infernal.info/shoutbox_view.php?0?auto_refresh=1" "Mozilla/4.0 (compatible; MSIE 7.0; Windows NT 5.1; Trident/4.0; GTB6.6; .NET CLR 2.0.50727; .NET CLR 3.0.4506.2152; .NET CLR 3.5.30729; AskTbCCS/5.11.3.15590)"
83.205.79.58 - - [19/Apr/2011:21:49:24 +0200] "GET /images/smiles/icon_ha.gif HTTP/1.1" 304 - "http://forum.rally-infernal.info/shoutbox_view.php?0?auto_refresh=1" "Mozilla/4.0 (compatible; MSIE 7.0; Windows NT 5.1; Trident/4.0; GTB6.6; .NET CLR 2.0.50727; .NET CLR 3.0.4506.2152; .NET CLR 3.5.30729; AskTbCCS/5.11.3.15590)"
83.205.79.58 - - [19/Apr/2011:21:49:24 +0200] "GET /templates/rmstyle/images/bg_body.jpg HTTP/1.1" 304 - "http://forum.rally-infernal.info/shoutbox_view.php?0?auto_refresh=1" "Mozilla/4.0 (compatible; MSIE 7.0; Windows NT 5.1; Trident/4.0; GTB6.6; .NET CLR 2.0.50727; .NET CLR 3.0.4506.2152; .NET CLR 3.5.30729; AskTbCCS/5.11.3.15590)"
92.147.73.62 - - [19/Apr/2011:21:49:25 +0200] "GET /favicon.ico HTTP/1.1" 404 183 "-" "Mozilla/5.0 (Windows NT 6.1; WOW64; rv:2.0) Gecko/20100101 Firefox/4.0"
92.147.73.62 - - [19/Apr/2011:21:49:25 +0200] "GET /favicon.ico HTTP/1.1" 404 183 "-" "Mozilla/5.0 (Windows NT 6.1; WOW64; rv:2.0) Gecko/20100101 Firefox/4.0"
92.147.73.62 - - [19/Apr/2011:21:49:29 +0200] "GET /posting.php?mode=reply&t=3386 HTTP/1.1" 200 9053 "http://forum.rally-infernal.info/viewtopic.php?p=119517" "Mozilla/5.0 (Windows NT 6.1; WOW64; rv:2.0) Gecko/20100101 Firefox/4.0"
92.147.73.62 - - [19/Apr/2011:21:49:30 +0200] "GET /images/smiles/icon_biggrin.gif HTTP/1.1" 200 172 "http://forum.rally-infernal.info/posting.php?mode=reply&t=3386" "Mozilla/5.0 (Windows NT 6.1; WOW64; rv:2.0) Gecko/20100101 Firefox/4.0"
92.147.73.62 - - [19/Apr/2011:21:49:30 +0200] "GET /images/smiles/icon_cry.gif HTTP/1.1" 200 498 "http://forum.rally-infernal.info/posting.php?mode=reply&t=3386" "Mozilla/5.0 (Windows NT 6.1; WOW64; rv:2.0) Gecko/20100101 Firefox/4.0"
92.147.73.62 - - [19/Apr/2011:21:49:30 +0200] "GET /images/smiles/icon_sad.gif HTTP/1.1" 200 171 "http://forum.rally-infernal.info/posting.php?mode=reply&t=3386" "Mozilla/5.0 (Windows NT 6.1; WOW64; rv:2.0) Gecko/20100101 Firefox/4.0"
92.147.73.62 - - [19/Apr/2011:21:49:30 +0200] "GET /images/smiles/icon_confused.gif HTTP/1.1" 200 171 "http://forum.rally-infernal.info/posting.php?mode=reply&t=3386" "Mozilla/5.0 (Windows NT 6.1; WOW64; rv:2.0) Gecko/20100101 Firefox/4.0"
92.147.73.62 - - [19/Apr/2011:21:49:30 +0200] "GET /images/smiles/icon_cool.gif HTTP/1.1" 200 172 "http://forum.rally-infernal.info/posting.php?mode=reply&t=3386" "Mozilla/5.0 (Windows NT 6.1; WOW64; rv:2.0) Gecko/20100101 Firefox/4.0"
92.147.73.62 - - [19/Apr/2011:21:49:30 +0200] "GET /images/smiles/icon_lol.gif HTTP/1.1" 200 336 "http://forum.rally-infernal.info/posting.php?mode=reply&t=3386" "Mozilla/5.0 (Windows NT 6.1; WOW64; rv:2.0) Gecko/20100101 Firefox/4.0"
92.147.73.62 - - [19/Apr/2011:21:49:30 +0200] "GET /images/smiles/icon_redface.gif HTTP/1.1" 200 650 "http://forum.rally-infernal.info/posting.php?mode=reply&t=3386" "Mozilla/5.0 (Windows NT 6.1; WOW64; rv:2.0) Gecko/20100101 Firefox/4.0"
92.147.73.62 - - [19/Apr/2011:21:49:30 +0200] "GET /images/smiles/icon_evil.gif HTTP/1.1" 200 236 "http://forum.rally-infernal.info/posting.php?mode=reply&t=3386" "Mozilla/5.0 (Windows NT 6.1; WOW64; rv:2.0) Gecko/20100101 Firefox/4.0"
92.147.73.62 - - [19/Apr/2011:21:49:30 +0200] "GET /images/smiles/icon_twisted.gif HTTP/1.1" 200 238 "http://forum.rally-infernal.info/posting.php?mode=reply&t=3386" "Mozilla/5.0 (Windows NT 6.1; WOW64; rv:2.0) Gecko/20100101 Firefox/4.0"
92.147.73.62 - - [19/Apr/2011:21:49:30 +0200] "GET /images/smiles/icon_rolleyes.gif HTTP/1.1" 200 485 "http://forum.rally-infernal.info/posting.php?mode=reply&t=3386" "Mozilla/5.0 (Windows NT 6.1; WOW64; rv:2.0) Gecko/20100101 Firefox/4.0"
92.147.73.62 - - [19/Apr/2011:21:49:30 +0200] "GET /images/smiles/icon_exclaim.gif HTTP/1.1" 200 236 "http://forum.rally-infernal.info/posting.php?mode=reply&t=3386" "Mozilla/5.0 (Windows NT 6.1; WOW64; rv:2.0) Gecko/20100101 Firefox/4.0"
92.147.73.62 - - [19/Apr/2011:21:49:30 +0200] "GET /images/smiles/icon_question.gif HTTP/1.1" 200 248 "http://forum.rally-infernal.info/posting.php?mode=reply&t=3386" "Mozilla/5.0 (Windows NT 6.1; WOW64; rv:2.0) Gecko/20100101 Firefox/4.0"
92.147.73.62 - - [19/Apr/2011:21:49:30 +0200] "GET /images/smiles/icon_idea.gif HTTP/1.1" 200 176 "http://forum.rally-infernal.info/posting.php?mode=reply&t=3386" "Mozilla/5.0 (Windows NT 6.1; WOW64; rv:2.0) Gecko/20100101 Firefox/4.0"
92.147.73.62 - - [19/Apr/2011:21:49:30 +0200] "GET /images/smiles/icon_arrow.gif HTTP/1.1" 200 170 "http://forum.rally-infernal.info/posting.php?mode=reply&t=3386" "Mozilla/5.0 (Windows NT 6.1; WOW64; rv:2.0) Gecko/20100101 Firefox/4.0"
92.147.73.62 - - [19/Apr/2011:21:49:30 +0200] "GET /images/smiles/sm1.gif HTTP/1.1" 200 194 "http://forum.rally-infernal.info/posting.php?mode=reply&t=3386" "Mozilla/5.0 (Windows NT 6.1; WOW64; rv:2.0) Gecko/20100101 Firefox/4.0"
92.147.73.62 - - [19/Apr/2011:21:49:30 +0200] "GET /images/smiles/sm11.gif HTTP/1.1" 200 557 "http://forum.rally-infernal.info/posting.php?mode=reply&t=3386" "Mozilla/5.0 (Windows NT 6.1; WOW64; rv:2.0) Gecko/20100101 Firefox/4.0"
92.147.73.62 - - [19/Apr/2011:21:49:30 +0200] "GET /images/smiles/sm10.gif HTTP/1.1" 200 5923 "http://forum.rally-infernal.info/posting.php?mode=reply&t=3386" "Mozilla/5.0 (Windows NT 6.1; WOW64; rv:2.0) Gecko/20100101 Firefox/4.0"
92.147.73.62 - - [19/Apr/2011:21:49:30 +0200] "GET /images/smiles/sm4.gif HTTP/1.1" 200 3903 "http://forum.rally-infernal.info/posting.php?mode=reply&t=3386" "Mozilla/5.0 (Windows NT 6.1; WOW64; rv:2.0) Gecko/20100101 Firefox/4.0"
92.147.73.62 - - [19/Apr/2011:21:49:30 +0200] "GET /images/smiles/sm5.gif HTTP/1.1" 200 442 "http://forum.rally-infernal.info/posting.php?mode=reply&t=3386" "Mozilla/5.0 (Windows NT 6.1; WOW64; rv:2.0) Gecko/20100101 Firefox/4.0"
92.147.73.62 - - [19/Apr/2011:21:49:30 +0200] "GET /templates/rmstyle/images/ft_top.gif HTTP/1.1" 200 1035 "http://forum.rally-infernal.info/posting.php?mode=reply&t=3386" "Mozilla/5.0 (Windows NT 6.1; WOW64; rv:2.0) Gecko/20100101 Firefox/4.0"
92.147.73.62 - - [19/Apr/2011:21:49:30 +0200] "GET /posting.php?mode=topicreview&t=3386 HTTP/1.1" 200 2508 "http://forum.rally-infernal.info/posting.php?mode=reply&t=3386" "Mozilla/5.0 (Windows NT 6.1; WOW64; rv:2.0) Gecko/20100101 Firefox/4.0"
89.78.46.52 - - [19/Apr/2011:21:49:33 +0200] "GET /index.php HTTP/1.0" 200 47051 "http://forum.rally-infernal.info/index.php" "Opera/9.01 (Windows NT 5.1; U; en)"
89.78.46.52 - - [19/Apr/2011:21:49:34 +0200] "GET /profile.php?mode=register&sid=6fc514c54cf3562241f52ebb96de420d HTTP/1.0" 200 8984 "http://forum.rally-infernal.info/profile.php?mode=register&sid=6fc514c54cf3562241f52ebb96de420d" "Opera/9.01 (Windows NT 5.1; U; en)"
89.78.46.52 - - [19/Apr/2011:21:49:34 +0200] "GET /profile.php?mode=register&ab_var=agreed39c11b0772badfb560f4788518282fa4 HTTP/1.0" 200 19101 "http://forum.rally-infernal.info/profile.php?mode=register&ab_var=agreed39c11b0772badfb560f4788518282fa4" "Opera/9.01 (Windows NT 5.1; U; en)"
89.78.46.52 - - [19/Apr/2011:21:49:35 +0200] "GET /profile.php?mode=confirm&id=ad4da52c6cdfe098fe822f52b032c3c5 HTTP/1.0" 200 14937 "http://forum.rally-infernal.info/profile.php?mode=register&ab_var=agreed39c11b0772badfb560f4788518282fa4" "Opera/9.01 (Windows NT 5.1; U; en)"
89.78.46.52 - - [19/Apr/2011:21:49:35 +0200] "POST /profile.php HTTP/1.0" 200 19873 "http://forum.rally-infernal.info/profile.php?mode=register&ab_var=agreed39c11b0772badfb560f4788518282fa4" "Opera/9.01 (Windows NT 5.1; U; en)"
92.147.73.62 - - [19/Apr/2011:21:49:36 +0200] "POST /posting.php HTTP/1.1" 200 2050 "http://forum.rally-infernal.info/posting.php?mode=reply&t=3386" "Mozilla/5.0 (Windows NT 6.1; WOW64; rv:2.0) Gecko/20100101 Firefox/4.0"
89.78.46.52 - - [19/Apr/2011:21:49:36 +0200] "GET /profile.php?mode=confirm&id=8c439d5153af6c1d966e50c906d48c1c HTTP/1.0" 200 15035 "http://forum.rally-infernal.info/profile.php?mode=register&ab_var=agreed39c11b0772badfb560f4788518282fa4" "Opera/9.01 (Windows NT 5.1; U; en)"
89.78.46.52 - - [19/Apr/2011:21:49:37 +0200] "POST /profile.php HTTP/1.0" 200 19873 "http://forum.rally-infernal.info/profile.php?mode=register&ab_var=agreed39c11b0772badfb560f4788518282fa4" "Opera/9.01 (Windows NT 5.1; U; en)"
92.147.73.62 - - [19/Apr/2011:21:49:37 +0200] "GET /viewtopic.php?p=119519 HTTP/1.1" 200 6698 "http://forum.rally-infernal.info/posting.php" "Mozilla/5.0 (Windows NT 6.1; WOW64; rv:2.0) Gecko/20100101 Firefox/4.0"
89.78.46.52 - - [19/Apr/2011:21:49:37 +0200] "GET /profile.php?mode=confirm&id=37d7ce23f50824ce156fc64739fc215a HTTP/1.0" 200 14929 "http://forum.rally-infernal.info/profile.php?mode=register&ab_var=agreed39c11b0772badfb560f4788518282fa4" "Opera/9.01 (Windows NT 5.1; U; en)"
92.147.73.62 - - [19/Apr/2011:21:49:38 +0200] "GET /templates/rmstyle/images/lang_french/icon_edit.gif HTTP/1.1" 200 1392 "http://forum.rally-infernal.info/viewtopic.php?p=119519" "Mozilla/5.0 (Windows NT 6.1; WOW64; rv:2.0) Gecko/20100101 Firefox/4.0"
92.147.73.62 - - [19/Apr/2011:21:49:38 +0200] "GET /templates/rmstyle/images/icon_delete.gif HTTP/1.1" 200 626 "http://forum.rally-infernal.info/viewtopic.php?p=119519" "Mozilla/5.0 (Windows NT 6.1; WOW64; rv:2.0) Gecko/20100101 Firefox/4.0"
92.147.73.62 - - [19/Apr/2011:21:49:38 +0200] "GET /AvatarsManager/kajin-kun.jpg HTTP/1.1" 403 200 "http://forum.rally-infernal.info/viewtopic.php?p=119519" "Mozilla/5.0 (Windows NT 6.1; WOW64; rv:2.0) Gecko/20100101 Firefox/4.0"
89.78.46.52 - - [19/Apr/2011:21:49:38 +0200] "POST /profile.php HTTP/1.0" 200 19873 "http://forum.rally-infernal.info/profile.php?mode=register&ab_var=agreed39c11b0772badfb560f4788518282fa4" "Opera/9.01 (Windows NT 5.1; U; en)"
89.78.46.52 - - [19/Apr/2011:21:49:39 +0200] "GET /profile.php?mode=confirm&id=d30c4ae7760738bc0ca2c11b8e3dcce0 HTTP/1.0" 200 14853 "http://forum.rally-infernal.info/profile.php?mode=register&ab_var=agreed39c11b0772badfb560f4788518282fa4" "Opera/9.01 (Windows NT 5.1; U; en)"
89.78.46.52 - - [19/Apr/2011:21:49:39 +0200] "POST /profile.php HTTP/1.0" 200 6080 "http://forum.rally-infernal.info/profile.php?mode=register&ab_var=agreed39c11b0772badfb560f4788518282fa4" "Opera/9.01 (Windows NT 5.1; U; en)"
89.78.46.52 - - [19/Apr/2011:21:49:40 +0200] "POST /login.php?sid=6fc514c54cf3562241f52ebb96de420d HTTP/1.0" 200 6070 "http://forum.rally-infernal.info/profile.php?mode=register&ab_var=agreed39c11b0772badfb560f4788518282fa4" "Opera/9.01 (Windows NT 5.1; U; en)"
89.78.46.52 - - [19/Apr/2011:21:49:40 +0200] "GET /index.php HTTP/1.0" 200 41084 "http://forum.rally-infernal.info/index.php" "Opera/9.01 (Windows NT 5.1; U; en)"
92.147.73.62 - - [19/Apr/2011:21:49:44 +0200] "GET /index.php HTTP/1.1" 200 6108 "http://forum.rally-infernal.info/viewtopic.php?p=119519" "Mozilla/5.0 (Windows NT 6.1; WOW64; rv:2.0) Gecko/20100101 Firefox/4.0"
92.147.73.62 - - [19/Apr/2011:21:49:45 +0200] "GET /shoutbox.php HTTP/1.1" 200 992 "http://forum.rally-infernal.info/index.php" "Mozilla/5.0 (Windows NT 6.1; WOW64; rv:2.0) Gecko/20100101 Firefox/4.0"
92.147.73.62 - - [19/Apr/2011:21:49:45 +0200] "GET /shoutbox_view.php?start=0 HTTP/1.1" 200 1329 "http://forum.rally-infernal.info/shoutbox.php" "Mozilla/5.0 (Windows NT 6.1; WOW64; rv:2.0) Gecko/20100101 Firefox/4.0"
92.147.73.62 - - [19/Apr/2011:21:49:47 +0200] "GET /login.php?logout=true&sid=e38e4e694216a20233bfc10748047c8a HTTP/1.1" 302 20 "http://forum.rally-infernal.info/index.php" "Mozilla/5.0 (Windows NT 6.1; WOW64; rv:2.0) Gecko/20100101 Firefox/4.0"
92.147.73.62 - - [19/Apr/2011:21:49:47 +0200] "GET /index.php HTTP/1.1" 200 6446 "http://forum.rally-infernal.info/index.php" "Mozilla/5.0 (Windows NT 6.1; WOW64; rv:2.0) Gecko/20100101 Firefox/4.0"
92.147.73.62 - - [19/Apr/2011:21:49:47 +0200] "GET /shoutbox.php?sid=601f078a882c193189b22dde016bd1a7 HTTP/1.1" 200 736 "http://forum.rally-infernal.info/index.php" "Mozilla/5.0 (Windows NT 6.1; WOW64; rv:2.0) Gecko/20100101 Firefox/4.0"
92.147.73.62 - - [19/Apr/2011:21:49:47 +0200] "GET /shoutbox_view.php?start=0 HTTP/1.1" 200 1328 "http://forum.rally-infernal.info/shoutbox.php?sid=601f078a882c193189b22dde016bd1a7" "Mozilla/5.0 (Windows NT 6.1; WOW64; rv:2.0) Gecko/20100101 Firefox/4.0"
79.92.69.238 - - [19/Apr/2011:21:49:51 +0200] "GET /shoutbox_view.php?0?auto_refresh=1 HTTP/1.1" 200 1329 "-" "Mozilla/5.0 (Windows NT 6.1; WOW64; rv:2.0) Gecko/20100101 Firefox/4.0"
79.92.69.238 - - [19/Apr/2011:21:49:51 +0200] "GET /templates/rmstyle/rmstyle.css HTTP/1.1" 304 - "-" "Mozilla/5.0 (Windows NT 6.1; WOW64; rv:2.0) Gecko/20100101 Firefox/4.0"
79.92.69.238 - - [19/Apr/2011:21:49:51 +0200] "GET /images/smiles/icon_rire.gif HTTP/1.1" 304 - "-" "Mozilla/5.0 (Windows NT 6.1; WOW64; rv:2.0) Gecko/20100101 Firefox/4.0"
79.92.69.238 - - [19/Apr/2011:21:49:51 +0200] "GET /images/smiles/icon_hap.gif HTTP/1.1" 304 - "-" "Mozilla/5.0 (Windows NT 6.1; WOW64; rv:2.0) Gecko/20100101 Firefox/4.0"
79.92.69.238 - - [19/Apr/2011:21:49:51 +0200] "GET /images/smiles/icon_ha.gif HTTP/1.1" 304 - "-" "Mozilla/5.0 (Windows NT 6.1; WOW64; rv:2.0) Gecko/20100101 Firefox/4.0"
79.92.69.238 - - [19/Apr/2011:21:49:51 +0200] "GET /templates/rmstyle/images/bg_body.jpg HTTP/1.1" 304 - "-" "Mozilla/5.0 (Windows NT 6.1; WOW64; rv:2.0) Gecko/20100101 Firefox/4.0"
82.229.120.210 - - [19/Apr/2011:21:50:36 +0200] "GET /shoutbox_view.php?0?auto_refresh=1 HTTP/1.1" 200 1329 "-" "Mozilla/5.0 (Windows; U; Windows NT 6.0; fr; rv:1.9.2.16) Gecko/20110319 Firefox/3.6.16 ( .NET CLR 3.5.30729; .NET4.0C)"
82.229.120.210 - - [19/Apr/2011:21:50:36 +0200] "GET /templates/rmstyle/rmstyle.css HTTP/1.1" 304 - "http://forum.rally-infernal.info/shoutbox_view.php?0?auto_refresh=1" "Mozilla/5.0 (Windows; U; Windows NT 6.0; fr; rv:1.9.2.16) Gecko/20110319 Firefox/3.6.16 ( .NET CLR 3.5.30729; .NET4.0C)"
82.229.120.210 - - [19/Apr/2011:21:50:36 +0200] "GET /images/smiles/icon_rire.gif HTTP/1.1" 304 - "http://forum.rally-infernal.info/shoutbox_view.php?0?auto_refresh=1" "Mozilla/5.0 (Windows; U; Windows NT 6.0; fr; rv:1.9.2.16) Gecko/20110319 Firefox/3.6.16 ( .NET CLR 3.5.30729; .NET4.0C)"
82.229.120.210 - - [19/Apr/2011:21:50:36 +0200] "GET /images/smiles/icon_hap.gif HTTP/1.1" 304 - "http://forum.rally-infernal.info/shoutbox_view.php?0?auto_refresh=1" "Mozilla/5.0 (Windows; U; Windows NT 6.0; fr; rv:1.9.2.16) Gecko/20110319 Firefox/3.6.16 ( .NET CLR 3.5.30729; .NET4.0C)"
82.229.120.210 - - [19/Apr/2011:21:50:36 +0200] "GET /images/smiles/icon_ha.gif HTTP/1.1" 304 - "http://forum.rally-infernal.info/shoutbox_view.php?0?auto_refresh=1" "Mozilla/5.0 (Windows; U; Windows NT 6.0; fr; rv:1.9.2.16) Gecko/20110319 Firefox/3.6.16 ( .NET CLR 3.5.30729; .NET4.0C)"
82.229.120.210 - - [19/Apr/2011:21:50:36 +0200] "GET /templates/rmstyle/images/bg_body.jpg HTTP/1.1" 304 - "http://forum.rally-infernal.info/templates/rmstyle/rmstyle.css" "Mozilla/5.0 (Windows; U; Windows NT 6.0; fr; rv:1.9.2.16) Gecko/20110319 Firefox/3.6.16 ( .NET CLR 3.5.30729; .NET4.0C)"
66.249.72.242 - - [19/Apr/2011:21:51:03 +0200] "GET /viewtopic.php?p=57683&sid=1781b396b8ca36f488f2eb33374929bb HTTP/1.1" 200 8404 "-" "Mozilla/5.0 (compatible; Googlebot/2.1; +http://www.google.com/bot.html)"
87.88.30.117 - - [19/Apr/2011:21:51:25 +0200] "GET / HTTP/1.1" 200 6118 "-" "Mozilla/5.0 (Windows NT 6.1; rv:2.0) Gecko/20100101 Firefox/4.0"
87.88.30.117 - - [19/Apr/2011:21:51:25 +0200] "GET /shoutbox.php HTTP/1.1" 200 992 "http://forum.rally-infernal.info/" "Mozilla/5.0 (Windows NT 6.1; rv:2.0) Gecko/20100101 Firefox/4.0"
87.88.30.117 - - [19/Apr/2011:21:51:25 +0200] "GET /shoutbox_view.php?start=0 HTTP/1.1" 200 1329 "http://forum.rally-infernal.info/shoutbox.php" "Mozilla/5.0 (Windows NT 6.1; rv:2.0) Gecko/20100101 Firefox/4.0"
79.95.133.150 - - [19/Apr/2011:21:51:28 +0200] "GET /shoutbox_view.php?0?auto_refresh=1 HTTP/1.1" 200 1328 "http://forum.rally-infernal.info/shoutbox_view.php?0?auto_refresh=1" "Mozilla/5.0 (Windows; U; Windows NT 5.1; en-US) AppleWebKit/534.16 (KHTML, like Gecko) Chrome/10.0.648.205 Safari/534.16"
79.92.69.238 - - [19/Apr/2011:21:51:51 +0200] "GET / HTTP/1.1" 200 6183 "-" "Mozilla/5.0 (Windows NT 6.1; WOW64; rv:2.0) Gecko/20100101 Firefox/4.0"
79.92.69.238 - - [19/Apr/2011:21:51:52 +0200] "GET /templates/rmstyle/rmstyle.css HTTP/1.1" 304 - "-" "Mozilla/5.0 (Windows NT 6.1; WOW64; rv:2.0) Gecko/20100101 Firefox/4.0"
79.92.69.238 - - [19/Apr/2011:21:51:52 +0200] "GET /shoutbox.php HTTP/1.1" 200 992 "-" "Mozilla/5.0 (Windows NT 6.1; WOW64; rv:2.0) Gecko/20100101 Firefox/4.0"
79.92.69.238 - - [19/Apr/2011:21:51:52 +0200] "GET /templates/rmstyle/rmstyle.css HTTP/1.1" 304 - "-" "Mozilla/5.0 (Windows NT 6.1; WOW64; rv:2.0) Gecko/20100101 Firefox/4.0"
79.92.69.238 - - [19/Apr/2011:21:51:52 +0200] "GET /shoutbox_view.php?start=0 HTTP/1.1" 200 1329 "-" "Mozilla/5.0 (Windows NT 6.1; WOW64; rv:2.0) Gecko/20100101 Firefox/4.0"
79.92.69.238 - - [19/Apr/2011:21:51:52 +0200] "GET /templates/rmstyle/rmstyle.css HTTP/1.1" 304 - "-" "Mozilla/5.0 (Windows NT 6.1; WOW64; rv:2.0) Gecko/20100101 Firefox/4.0"
79.92.69.238 - - [19/Apr/2011:21:51:56 +0200] "GET /viewtopic.php?t=3386&view=newest HTTP/1.1" 302 20 "-" "Mozilla/5.0 (Windows NT 6.1; WOW64; rv:2.0) Gecko/20100101 Firefox/4.0"
79.92.69.238 - - [19/Apr/2011:21:51:56 +0200] "GET /viewtopic.php?p=119514 HTTP/1.1" 200 7161 "-" "Mozilla/5.0 (Windows NT 6.1; WOW64; rv:2.0) Gecko/20100101 Firefox/4.0"
79.92.69.238 - - [19/Apr/2011:21:51:56 +0200] "GET /templates/rmstyle/rmstyle.css HTTP/1.1" 304 - "-" "Mozilla/5.0 (Windows NT 6.1; WOW64; rv:2.0) Gecko/20100101 Firefox/4.0"
79.92.69.238 - - [19/Apr/2011:21:51:56 +0200] "GET /AvatarsManager/kajin-kun.jpg HTTP/1.1" 403 200 "-" "Mozilla/5.0 (Windows NT 6.1; WOW64; rv:2.0) Gecko/20100101 Firefox/4.0"
66.249.66.146 - - [19/Apr/2011:21:52:06 +0200] "GET /viewtopic.php?t=3185&start=90&sid=5c6f938706fe0490d89bc2572cc4a21a HTTP/1.1" 200 8731 "-" "Mozilla/5.0 (compatible; Googlebot/2.1; +http://www.google.com/bot.html)"
124.115.1.66 - - [19/Apr/2011:21:52:06 +0200] "GET /viewtopic.php?p=32404&sid=f0054ed74ba31bad424b1c231db4a8ab HTTP/1.1" 200 9178 "-" "Mozilla/4.0 (compatible; MSIE 6.0; Windows NT 5.1)"
79.92.69.238 - - [19/Apr/2011:21:52:51 +0200] "GET /shoutbox_view.php?0?auto_refresh=1 HTTP/1.1" 200 1329 "-" "Mozilla/5.0 (Windows NT 6.1; WOW64; rv:2.0) Gecko/20100101 Firefox/4.0"
79.92.69.238 - - [19/Apr/2011:21:52:51 +0200] "GET /templates/rmstyle/rmstyle.css HTTP/1.1" 304 - "-" "Mozilla/5.0 (Windows NT 6.1; WOW64; rv:2.0) Gecko/20100101 Firefox/4.0"
79.92.69.238 - - [19/Apr/2011:21:52:51 +0200] "GET /images/smiles/icon_rire.gif HTTP/1.1" 304 - "-" "Mozilla/5.0 (Windows NT 6.1; WOW64; rv:2.0) Gecko/20100101 Firefox/4.0"
79.92.69.238 - - [19/Apr/2011:21:52:51 +0200] "GET /images/smiles/icon_hap.gif HTTP/1.1" 304 - "-" "Mozilla/5.0 (Windows NT 6.1; WOW64; rv:2.0) Gecko/20100101 Firefox/4.0"
79.92.69.238 - - [19/Apr/2011:21:52:51 +0200] "GET /images/smiles/icon_ha.gif HTTP/1.1" 304 - "-" "Mozilla/5.0 (Windows NT 6.1; WOW64; rv:2.0) Gecko/20100101 Firefox/4.0"
79.92.69.238 - - [19/Apr/2011:21:52:51 +0200] "GET /templates/rmstyle/images/bg_body.jpg HTTP/1.1" 304 - "-" "Mozilla/5.0 (Windows NT 6.1; WOW64; rv:2.0) Gecko/20100101 Firefox/4.0"
89.170.22.112 - - [19/Apr/2011:21:53:12 +0200] "GET / HTTP/1.1" 200 6449 "-" "Mozilla/5.0 (Windows NT 6.1; WOW64; rv:2.0) Gecko/20100101 Firefox/4.0"
89.170.22.112 - - [19/Apr/2011:21:53:12 +0200] "GET /shoutbox.php?sid=b539f6d4770d14ad6b3d120a666176e8 HTTP/1.1" 200 736 "http://forum.rally-infernal.info/" "Mozilla/5.0 (Windows NT 6.1; WOW64; rv:2.0) Gecko/20100101 Firefox/4.0"
89.170.22.112 - - [19/Apr/2011:21:53:12 +0200] "GET /shoutbox_view.php?start=0 HTTP/1.1" 200 1328 "http://forum.rally-infernal.info/shoutbox.php?sid=b539f6d4770d14ad6b3d120a666176e8" "Mozilla/5.0 (Windows NT 6.1; WOW64; rv:2.0) Gecko/20100101 Firefox/4.0"
89.170.22.112 - - [19/Apr/2011:21:53:28 +0200] "GET /viewtopic.php?p=119519&sid=b539f6d4770d14ad6b3d120a666176e8 HTTP/1.1" 200 6575 "http://forum.rally-infernal.info/" "Mozilla/5.0 (Windows NT 6.1; WOW64; rv:2.0) Gecko/20100101 Firefox/4.0"
89.170.22.112 - - [19/Apr/2011:21:53:29 +0200] "GET /AvatarsManager/kajin-kun.jpg HTTP/1.1" 302 20 "http://forum.rally-infernal.info/viewtopic.php?p=119519&sid=b539f6d4770d14ad6b3d120a666176e8" "Mozilla/5.0 (Windows NT 6.1; WOW64; rv:2.0) Gecko/20100101 Firefox/4.0"
82.229.120.210 - - [19/Apr/2011:21:53:31 +0200] "GET /index.php HTTP/1.1" 200 6181 "-" "Mozilla/5.0 (Windows; U; Windows NT 6.0; fr; rv:1.9.2.16) Gecko/20110319 Firefox/3.6.16 ( .NET CLR 3.5.30729; .NET4.0C)"
82.229.120.210 - - [19/Apr/2011:21:53:31 +0200] "GET /templates/rmstyle/rmstyle.css HTTP/1.1" 304 - "http://forum.rally-infernal.info/index.php" "Mozilla/5.0 (Windows; U; Windows NT 6.0; fr; rv:1.9.2.16) Gecko/20110319 Firefox/3.6.16 ( .NET CLR 3.5.30729; .NET4.0C)"
82.229.120.210 - - [19/Apr/2011:21:53:32 +0200] "GET /templates/rmstyle/images/bg_body.jpg HTTP/1.1" 304 - "http://forum.rally-infernal.info/templates/rmstyle/rmstyle.css" "Mozilla/5.0 (Windows; U; Windows NT 6.0; fr; rv:1.9.2.16) Gecko/20110319 Firefox/3.6.16 ( .NET CLR 3.5.30729; .NET4.0C)"
82.229.120.210 - - [19/Apr/2011:21:53:32 +0200] "GET /templates/rmstyle/images/folder_new.png HTTP/1.1" 304 - "http://forum.rally-infernal.info/index.php" "Mozilla/5.0 (Windows; U; Windows NT 6.0; fr; rv:1.9.2.16) Gecko/20110319 Firefox/3.6.16 ( .NET CLR 3.5.30729; .NET4.0C)"
82.229.120.210 - - [19/Apr/2011:21:53:32 +0200] "GET /templates/rmstyle/images/folders_new_big.png HTTP/1.1" 304 - "http://forum.rally-infernal.info/index.php" "Mozilla/5.0 (Windows; U; Windows NT 6.0; fr; rv:1.9.2.16) Gecko/20110319 Firefox/3.6.16 ( .NET CLR 3.5.30729; .NET4.0C)"
82.229.120.210 - - [19/Apr/2011:21:53:32 +0200] "GET /templates/rmstyle/images/logo_rmstyle.jpg HTTP/1.1" 304 - "http://forum.rally-infernal.info/index.php" "Mozilla/5.0 (Windows; U; Windows NT 6.0; fr; rv:1.9.2.16) Gecko/20110319 Firefox/3.6.16 ( .NET CLR 3.5.30729; .NET4.0C)"
82.229.120.210 - - [19/Apr/2011:21:53:32 +0200] "GET /templates/rmstyle/images/lang_french/icon_mini_faq.png HTTP/1.1" 304 - "http://forum.rally-infernal.info/index.php" "Mozilla/5.0 (Windows; U; Windows NT 6.0; fr; rv:1.9.2.16) Gecko/20110319 Firefox/3.6.16 ( .NET CLR 3.5.30729; .NET4.0C)"
82.229.120.210 - - [19/Apr/2011:21:53:32 +0200] "GET /templates/rmstyle/images/lang_french/icon_mini_search.png HTTP/1.1" 304 - "http://forum.rally-infernal.info/index.php" "Mozilla/5.0 (Windows; U; Windows NT 6.0; fr; rv:1.9.2.16) Gecko/20110319 Firefox/3.6.16 ( .NET CLR 3.5.30729; .NET4.0C)"
82.229.120.210 - - [19/Apr/2011:21:53:32 +0200] "GET /templates/rmstyle/images/lang_french/icon_mini_members.png HTTP/1.1" 304 - "http://forum.rally-infernal.info/index.php" "Mozilla/5.0 (Windows; U; Windows NT 6.0; fr; rv:1.9.2.16) Gecko/20110319 Firefox/3.6.16 ( .NET CLR 3.5.30729; .NET4.0C)"
82.229.120.210 - - [19/Apr/2011:21:53:32 +0200] "GET /templates/rmstyle/images/lang_french/icon_mini_groups.png HTTP/1.1" 304 - "http://forum.rally-infernal.info/index.php" "Mozilla/5.0 (Windows; U; Windows NT 6.0; fr; rv:1.9.2.16) Gecko/20110319 Firefox/3.6.16 ( .NET CLR 3.5.30729; .NET4.0C)"
82.229.120.210 - - [19/Apr/2011:21:53:32 +0200] "GET /shoutbox.php HTTP/1.1" 200 992 "http://forum.rally-infernal.info/index.php" "Mozilla/5.0 (Windows; U; Windows NT 6.0; fr; rv:1.9.2.16) Gecko/20110319 Firefox/3.6.16 ( .NET CLR 3.5.30729; .NET4.0C)"
82.229.120.210 - - [19/Apr/2011:21:53:32 +0200] "GET /templates/rmstyle/images/lang_french/icon_mini_profile.png HTTP/1.1" 304 - "http://forum.rally-infernal.info/index.php" "Mozilla/5.0 (Windows; U; Windows NT 6.0; fr; rv:1.9.2.16) Gecko/20110319 Firefox/3.6.16 ( .NET CLR 3.5.30729; .NET4.0C)"
82.229.120.210 - - [19/Apr/2011:21:53:32 +0200] "GET /templates/rmstyle/images/lang_french/icon_mini_message.png HTTP/1.1" 304 - "http://forum.rally-infernal.info/index.php" "Mozilla/5.0 (Windows; U; Windows NT 6.0; fr; rv:1.9.2.16) Gecko/20110319 Firefox/3.6.16 ( .NET CLR 3.5.30729; .NET4.0C)"
82.229.120.210 - - [19/Apr/2011:21:53:32 +0200] "GET /templates/rmstyle/images/lang_french/icon_mini_logout.png HTTP/1.1" 304 - "http://forum.rally-infernal.info/index.php" "Mozilla/5.0 (Windows; U; Windows NT 6.0; fr; rv:1.9.2.16) Gecko/20110319 Firefox/3.6.16 ( .NET CLR 3.5.30729; .NET4.0C)"
82.229.120.210 - - [19/Apr/2011:21:53:32 +0200] "GET /templates/rmstyle/images/lang_french/icon_mini_site.png HTTP/1.1" 304 - "http://forum.rally-infernal.info/index.php" "Mozilla/5.0 (Windows; U; Windows NT 6.0; fr; rv:1.9.2.16) Gecko/20110319 Firefox/3.6.16 ( .NET CLR 3.5.30729; .NET4.0C)"
82.229.120.210 - - [19/Apr/2011:21:53:32 +0200] "GET /templates/rmstyle/images/ft_showhide.gif HTTP/1.1" 304 - "http://forum.rally-infernal.info/index.php" "Mozilla/5.0 (Windows; U; Windows NT 6.0; fr; rv:1.9.2.16) Gecko/20110319 Firefox/3.6.16 ( .NET CLR 3.5.30729; .NET4.0C)"
82.229.120.210 - - [19/Apr/2011:21:53:32 +0200] "GET /templates/rmstyle/images/folder_sticky.png HTTP/1.1" 304 - "http://forum.rally-infernal.info/index.php" "Mozilla/5.0 (Windows; U; Windows NT 6.0; fr; rv:1.9.2.16) Gecko/20110319 Firefox/3.6.16 ( .NET CLR 3.5.30729; .NET4.0C)"
82.229.120.210 - - [19/Apr/2011:21:53:32 +0200] "GET /templates/rmstyle/images/icon_latest_reply.gif HTTP/1.1" 304 - "http://forum.rally-infernal.info/index.php" "Mozilla/5.0 (Windows; U; Windows NT 6.0; fr; rv:1.9.2.16) Gecko/20110319 Firefox/3.6.16 ( .NET CLR 3.5.30729; .NET4.0C)"
82.229.120.210 - - [19/Apr/2011:21:53:32 +0200] "GET /templates/rmstyle/images/folder_hot.gif HTTP/1.1" 304 - "http://forum.rally-infernal.info/index.php" "Mozilla/5.0 (Windows; U; Windows NT 6.0; fr; rv:1.9.2.16) Gecko/20110319 Firefox/3.6.16 ( .NET CLR 3.5.30729; .NET4.0C)"
82.229.120.210 - - [19/Apr/2011:21:53:32 +0200] "GET /templates/rmstyle/images/hd_rgt.jpg HTTP/1.1" 304 - "http://forum.rally-infernal.info/index.php" "Mozilla/5.0 (Windows; U; Windows NT 6.0; fr; rv:1.9.2.16) Gecko/20110319 Firefox/3.6.16 ( .NET CLR 3.5.30729; .NET4.0C)"
82.229.120.210 - - [19/Apr/2011:21:53:32 +0200] "GET /templates/rmstyle/images/folder_big.png HTTP/1.1" 304 - "http://forum.rally-infernal.info/index.php" "Mozilla/5.0 (Windows; U; Windows NT 6.0; fr; rv:1.9.2.16) Gecko/20110319 Firefox/3.6.16 ( .NET CLR 3.5.30729; .NET4.0C)"
82.229.120.210 - - [19/Apr/2011:21:53:32 +0200] "GET /templates/rmstyle/images/folders_big.png HTTP/1.1" 304 - "http://forum.rally-infernal.info/index.php" "Mozilla/5.0 (Windows; U; Windows NT 6.0; fr; rv:1.9.2.16) Gecko/20110319 Firefox/3.6.16 ( .NET CLR 3.5.30729; .NET4.0C)"
82.229.120.210 - - [19/Apr/2011:21:53:32 +0200] "GET /templates/rmstyle/images/hd_check.png HTTP/1.1" 304 - "http://forum.rally-infernal.info/index.php" "Mozilla/5.0 (Windows; U; Windows NT 6.0; fr; rv:1.9.2.16) Gecko/20110319 Firefox/3.6.16 ( .NET CLR 3.5.30729; .NET4.0C)"
