82.232.41.38 - - [19/Apr/2011:23:54:07 +0200] "GET / HTTP/1.1" 200 1949 "http://forum.rally-infernal.info/viewforum.php?f=17" "Mozilla/5.0 (Windows; U; Windows NT 6.1; en-US) AppleWebKit/534.16 (KHTML, like Gecko) Chrome/10.0.648.205 Safari/534.16"
88.172.36.176 - - [19/Apr/2011:23:54:19 +0200] "GET /images/smiles/icon_hap.gif HTTP/1.1" 200 178 "http://www.trackmania.com/fr/forum/viewtopic.php?t=34755&postdays=0&postorder=asc&start=1050" "Mozilla/5.0 (Windows NT 6.1; rv:2.0) Gecko/20100101 Firefox/4.0"
78.242.14.86 - - [19/Apr/2011:23:54:55 +0200] "GET / HTTP/1.1" 200 1997 "-" "Mozilla/5.0 (Windows; U; Windows NT 6.1; fr; rv:1.9.2.16) Gecko/20110319 Firefox/3.6.16"
66.249.72.242 - - [19/Apr/2011:23:55:53 +0200] "GET /viewtopic.php?t=1053&view=previous&sid=68e91b3c32f60c7a6670e170c3bba91a HTTP/1.1" 200 2003 "-" "Mozilla/5.0 (compatible; Googlebot/2.1; +http://www.google.com/bot.html)"
66.249.66.146 - - [19/Apr/2011:23:57:27 +0200] "GET /viewtopic.php?p=61678&sid=94bb0316f7b1b0864aafa8f32c73c7cc HTTP/1.1" 200 2001 "-" "Mozilla/5.0 (compatible; Googlebot/2.1; +http://www.google.com/bot.html)"
46.118.72.71 - - [19/Apr/2011:23:58:12 +0200] "GET /index.php HTTP/1.0" 200 6354 "http://forum.rally-infernal.info/index.php" "Mozilla/4.0 (compatible; MSIE 6.0; Windows NT 5.0; Avant Browser [avantbrowser.com]; Hotbar 4.4.5.0)"
46.118.72.71 - - [19/Apr/2011:23:58:12 +0200] "GET /profile.php?mode=register&sid=70593dad4a8fea92372ddc42d3c06310 HTTP/1.0" 200 5861 "http://forum.rally-infernal.info/profile.php?mode=register&sid=70593dad4a8fea92372ddc42d3c06310" "Mozilla/4.0 (compatible; MSIE 6.0; Windows NT 5.0; Avant Browser [avantbrowser.com]; Hotbar 4.4.5.0)"
78.242.14.86 - - [19/Apr/2011:23:58:32 +0200] "GET / HTTP/1.1" 200 2012 "-" "Mozilla/5.0 (Windows; U; Windows NT 6.1; fr; rv:1.9.2.16) Gecko/20110319 Firefox/3.6.16"
78.242.14.86 - - [19/Apr/2011:23:58:32 +0200] "GET /templates/rmstyle/rmstyle.css HTTP/1.1" 200 3183 "http://forum.rally-infernal.info/" "Mozilla/5.0 (Windows; U; Windows NT 6.1; fr; rv:1.9.2.16) Gecko/20110319 Firefox/3.6.16"
78.242.14.86 - - [19/Apr/2011:23:58:32 +0200] "GET /templates/rmstyle/images/lang_french/icon_mini_groups.png HTTP/1.1" 200 3010 "http://forum.rally-infernal.info/" "Mozilla/5.0 (Windows; U; Windows NT 6.1; fr; rv:1.9.2.16) Gecko/20110319 Firefox/3.6.16"
78.242.14.86 - - [19/Apr/2011:23:58:32 +0200] "GET /templates/rmstyle/images/favicon.png HTTP/1.1" 200 974 "-" "Mozilla/5.0 (Windows; U; Windows NT 6.1; fr; rv:1.9.2.16) Gecko/20110319 Firefox/3.6.16"
78.242.14.86 - - [19/Apr/2011:23:58:32 +0200] "GET /templates/rmstyle/images/lang_french/icon_mini_faq.png HTTP/1.1" 200 2638 "http://forum.rally-infernal.info/" "Mozilla/5.0 (Windows; U; Windows NT 6.1; fr; rv:1.9.2.16) Gecko/20110319 Firefox/3.6.16"
78.242.14.86 - - [19/Apr/2011:23:58:32 +0200] "GET /templates/rmstyle/images/lang_french/icon_mini_search.png HTTP/1.1" 200 2772 "http://forum.rally-infernal.info/" "Mozilla/5.0 (Windows; U; Windows NT 6.1; fr; rv:1.9.2.16) Gecko/20110319 Firefox/3.6.16"
78.242.14.86 - - [19/Apr/2011:23:58:32 +0200] "GET /templates/rmstyle/images/lang_french/icon_mini_members.png HTTP/1.1" 200 3256 "http://forum.rally-infernal.info/" "Mozilla/5.0 (Windows; U; Windows NT 6.1; fr; rv:1.9.2.16) Gecko/20110319 Firefox/3.6.16"
78.242.14.86 - - [19/Apr/2011:23:58:32 +0200] "GET /templates/rmstyle/images/lang_french/icon_mini_profile.png HTTP/1.1" 200 2386 "http://forum.rally-infernal.info/" "Mozilla/5.0 (Windows; U; Windows NT 6.1; fr; rv:1.9.2.16) Gecko/20110319 Firefox/3.6.16"
78.242.14.86 - - [19/Apr/2011:23:58:32 +0200] "GET /templates/rmstyle/images/lang_french/icon_mini_message.png HTTP/1.1" 200 2464 "http://forum.rally-infernal.info/" "Mozilla/5.0 (Windows; U; Windows NT 6.1; fr; rv:1.9.2.16) Gecko/20110319 Firefox/3.6.16"
78.242.14.86 - - [19/Apr/2011:23:58:32 +0200] "GET /templates/rmstyle/images/lang_french/icon_mini_logout.png HTTP/1.1" 200 2566 "http://forum.rally-infernal.info/" "Mozilla/5.0 (Windows; U; Windows NT 6.1; fr; rv:1.9.2.16) Gecko/20110319 Firefox/3.6.16"
78.242.14.86 - - [19/Apr/2011:23:58:32 +0200] "GET /templates/rmstyle/images/lang_french/icon_mini_site.png HTTP/1.1" 200 2634 "http://forum.rally-infernal.info/" "Mozilla/5.0 (Windows; U; Windows NT 6.1; fr; rv:1.9.2.16) Gecko/20110319 Firefox/3.6.16"
78.242.14.86 - - [19/Apr/2011:23:58:32 +0200] "GET /templates/rmstyle/images/logo_rmstyle.jpg HTTP/1.1" 200 108363 "http://forum.rally-infernal.info/" "Mozilla/5.0 (Windows; U; Windows NT 6.1; fr; rv:1.9.2.16) Gecko/20110319 Firefox/3.6.16"
78.242.14.86 - - [19/Apr/2011:23:58:32 +0200] "GET /templates/rmstyle/images/bg_body.jpg HTTP/1.1" 200 103373 "http://forum.rally-infernal.info/templates/rmstyle/rmstyle.css" "Mozilla/5.0 (Windows; U; Windows NT 6.1; fr; rv:1.9.2.16) Gecko/20110319 Firefox/3.6.16"
78.242.14.86 - - [19/Apr/2011:23:58:40 +0200] "GET / HTTP/1.1" 200 1995 "http://forum.rally-infernal.info/" "Mozilla/5.0 (Windows; U; Windows NT 6.1; fr; rv:1.9.2.16) Gecko/20110319 Firefox/3.6.16"
92.147.73.62 - - [19/Apr/2011:23:59:54 +0200] "GET / HTTP/1.1" 200 1949 "-" "Mozilla/5.0 (Windows NT 6.1; WOW64; rv:2.0) Gecko/20100101 Firefox/4.0"
124.115.1.66 - - [20/Apr/2011:00:00:12 +0200] "GET /viewtopic.php?p=98370&sid=377f32795a58cfd5484ffa19b0f28c58 HTTP/1.1" 200 2002 "-" "Mozilla/4.0 (compatible; MSIE 6.0; Windows NT 5.1)"
173.242.124.158 - - [20/Apr/2011:00:00:33 +0200] "GET /index.php HTTP/1.0" 200 6354 "http://forum.rally-infernal.info/index.php" "Mozilla/4.0 (compatible; MSIE 6.0; Windows NT 5.1; Q312461)"
173.242.124.158 - - [20/Apr/2011:00:00:33 +0200] "GET /profile.php?mode=register&sid=d93ef3e1c5645db4cad829058719730b HTTP/1.0" 200 5861 "http://forum.rally-infernal.info/profile.php?mode=register&sid=d93ef3e1c5645db4cad829058719730b" "Mozilla/4.0 (compatible; MSIE 6.0; Windows NT 5.1; Q312461)"
92.147.73.62 - - [20/Apr/2011:00:00:42 +0200] "GET / HTTP/1.1" 200 1949 "-" "Mozilla/5.0 (Windows NT 6.1; WOW64; rv:2.0) Gecko/20100101 Firefox/4.0"
67.195.111.22 - - [20/Apr/2011:00:01:16 +0200] "GET /robots.txt HTTP/1.0" 404 182 "-" "Mozilla/5.0 (compatible; Yahoo! Slurp; http://help.yahoo.com/help/us/ysearch/slurp)"
67.195.111.22 - - [20/Apr/2011:00:01:17 +0200] "GET /viewtopic.php?p=118246 HTTP/1.0" 200 2000 "-" "Mozilla/5.0 (compatible; Yahoo! Slurp; http://help.yahoo.com/help/us/ysearch/slurp)"
66.249.66.146 - - [20/Apr/2011:00:01:58 +0200] "GET /viewtopic.php?p=111409&sid=4ab35bffb500b382274e614ff4e26180 HTTP/1.1" 200 2001 "-" "Mozilla/5.0 (compatible; Googlebot/2.1; +http://www.google.com/bot.html)"
87.88.30.117 - - [20/Apr/2011:00:02:53 +0200] "GET / HTTP/1.1" 200 2011 "-" "Mozilla/5.0 (Windows NT 6.1; rv:2.0) Gecko/20100101 Firefox/4.0"
87.88.30.117 - - [20/Apr/2011:00:02:58 +0200] "GET / HTTP/1.1" 200 1995 "http://forum.rally-infernal.info/" "Mozilla/5.0 (Windows NT 6.1; rv:2.0) Gecko/20100101 Firefox/4.0"
66.249.66.146 - - [20/Apr/2011:00:03:08 +0200] "GET /viewtopic.php?p=23637&sid=5201dba0b0d6c3aaec6a7381eda86840 HTTP/1.1" 200 2002 "-" "Mozilla/5.0 (compatible; Googlebot/2.1; +http://www.google.com/bot.html)"
88.126.152.8 - - [20/Apr/2011:00:03:35 +0200] "GET /AvatarsManager/kev717.jpg HTTP/1.1" 302 20 "http://rm.webtof.org/forum/viewtopic.php?f=6&t=2031" "Mozilla/5.0 (Windows NT 6.1; WOW64; rv:2.0) Gecko/20100101 Firefox/4.0"
88.126.152.8 - - [20/Apr/2011:00:03:35 +0200] "GET /AvatarsManager/kev717.jpg HTTP/1.1" 302 20 "http://rm.webtof.org/forum/viewtopic.php?f=6&t=2031" "Mozilla/5.0 (Windows NT 6.1; WOW64; rv:2.0) Gecko/20100101 Firefox/4.0"
94.228.34.233 - - [20/Apr/2011:00:03:38 +0200] "GET /viewforum.php?f=14 HTTP/1.1" 200 2002 "-" "magpie-crawler/1.1 (U; Linux amd64; en-GB; +http://www.brandwatch.net)"
94.228.34.233 - - [20/Apr/2011:00:03:38 +0200] "GET /viewforum.php?f=19 HTTP/1.1" 200 2000 "-" "magpie-crawler/1.1 (U; Linux amd64; en-GB; +http://www.brandwatch.net)"
92.147.73.62 - - [20/Apr/2011:00:05:18 +0200] "GET / HTTP/1.1" 200 1949 "-" "Mozilla/5.0 (Windows NT 6.1; WOW64; rv:2.0) Gecko/20100101 Firefox/4.0"
88.126.152.8 - - [20/Apr/2011:00:05:26 +0200] "GET / HTTP/1.1" 200 2001 "-" "Mozilla/5.0 (Windows NT 6.1; WOW64; rv:2.0) Gecko/20100101 Firefox/4.0"
66.249.66.146 - - [20/Apr/2011:00:05:31 +0200] "GET /viewtopic.php?t=1095&highlight=&sid=0a030923fc87756ce46bc0ee0eb07bcd HTTP/1.1" 200 2002 "-" "Mozilla/5.0 (compatible; Googlebot/2.1; +http://www.google.com/bot.html)"
88.126.152.8 - - [20/Apr/2011:00:05:35 +0200] "GET / HTTP/1.1" 200 1949 "-" "Mozilla/5.0 (Windows NT 6.1; WOW64; rv:2.0) Gecko/20100101 Firefox/4.0"
83.199.79.170 - - [20/Apr/2011:00:07:07 +0200] "GET /AvatarsManager/deug21.jpg HTTP/1.1" 302 20 "http://www.trackmania.com/fr/forum/viewtopic.php?t=29239&postdays=0&postorder=asc&start=885" "Opera/9.80 (Windows NT 6.1; U; fr) Presto/2.8.131 Version/11.10"
83.199.79.170 - - [20/Apr/2011:00:07:08 +0200] "GET /AvatarsManager/joueurs/deug21/1.png HTTP/1.1" 200 48858 "http://www.trackmania.com/fr/forum/viewtopic.php?t=29239&postdays=0&postorder=asc&start=885" "Opera/9.80 (Windows NT 6.1; U; fr) Presto/2.8.131 Version/11.10"
66.249.66.146 - - [20/Apr/2011:00:07:18 +0200] "GET /viewtopic.php?p=101533&sid=e67fdd26a54719f4fb7d58adc1a212ab HTTP/1.1" 200 2001 "-" "Mozilla/5.0 (compatible; Googlebot/2.1; +http://www.google.com/bot.html)"
83.199.79.170 - - [20/Apr/2011:00:07:54 +0200] "GET /AvatarsManager/deug21.jpg HTTP/1.1" 302 20 "http://www.trackmania.com/fr/forum/viewtopic.php?t=29239&postdays=0&postorder=asc&start=855" "Opera/9.80 (Windows NT 6.1; U; fr) Presto/2.8.131 Version/11.10"
83.199.79.170 - - [20/Apr/2011:00:07:55 +0200] "GET /AvatarsManager/joueurs/deug21/1.png HTTP/1.1" 304 - "http://www.trackmania.com/fr/forum/viewtopic.php?t=29239&postdays=0&postorder=asc&start=855" "Opera/9.80 (Windows NT 6.1; U; fr) Presto/2.8.131 Version/11.10"
66.249.66.146 - - [20/Apr/2011:00:08:00 +0200] "GET /viewtopic.php?p=94859&sid=fca6cbef4d3867494362cb0dc561e37f HTTP/1.1" 200 2001 "-" "Mozilla/5.0 (compatible; Googlebot/2.1; +http://www.google.com/bot.html)"
66.249.66.146 - - [20/Apr/2011:00:08:50 +0200] "GET /viewtopic.php?p=45432&sid=106e0a099a985e518b1d23098bb1d4d1 HTTP/1.1" 200 2001 "-" "Mozilla/5.0 (compatible; Googlebot/2.1; +http://www.google.com/bot.html)"
85.171.180.53 - - [20/Apr/2011:00:09:26 +0200] "GET /AvatarsManager/deug21.jpg HTTP/1.1" 302 20 "http://www.trackmania.com/fr/forum/viewtopic.php?t=34755&sid=b5038a70346fd3777ceb29d30a179988" "Mozilla/4.0 (compatible; MSIE 8.0; Windows NT 6.1; WOW64; Trident/4.0; SLCC2; .NET CLR 2.0.50727; .NET CLR 3.5.30729; .NET CLR 3.0.30729; Media Center PC 6.0; .NET4.0C; InfoPath.2)"
85.171.180.53 - - [20/Apr/2011:00:09:26 +0200] "GET /AvatarsManager/joueurs/deug21/1.png HTTP/1.1" 200 48858 "http://www.trackmania.com/fr/forum/viewtopic.php?t=34755&sid=b5038a70346fd3777ceb29d30a179988" "Mozilla/4.0 (compatible; MSIE 8.0; Windows NT 6.1; WOW64; Trident/4.0; SLCC2; .NET CLR 2.0.50727; .NET CLR 3.5.30729; .NET CLR 3.0.30729; Media Center PC 6.0; .NET4.0C; InfoPath.2)"
62.35.114.204 - - [20/Apr/2011:00:10:01 +0200] "GET /AvatarsManager/lakse.jpg HTTP/1.1" 302 20 "http://ragemachines.simplygaming.org/t331-un-guide-brillant-lux-dame-de-lumiere" "Mozilla/5.0 (Windows; U; Windows NT 6.1; fr; rv:1.9.2.16) Gecko/20110319 Firefox/3.6.16"
62.35.114.204 - - [20/Apr/2011:00:10:02 +0200] "GET /AvatarsManager/joueurs/lakse/2.png HTTP/1.1" 200 72970 "http://ragemachines.simplygaming.org/t331-un-guide-brillant-lux-dame-de-lumiere" "Mozilla/5.0 (Windows; U; Windows NT 6.1; fr; rv:1.9.2.16) Gecko/20110319 Firefox/3.6.16"
62.35.114.204 - - [20/Apr/2011:00:10:07 +0200] "GET /AvatarsManager/lakse.jpg HTTP/1.1" 302 20 "http://ragemachines.simplygaming.org/t331-un-guide-brillant-lux-dame-de-lumiere" "Mozilla/5.0 (Windows; U; Windows NT 6.1; fr; rv:1.9.2.16) Gecko/20110319 Firefox/3.6.16"
95.108.158.232 - - [20/Apr/2011:00:11:55 +0200] "GET /images/smiles/icon_glomp.gif HTTP/1.1" 304 - "-" "Mozilla/5.0 (compatible; YandexImages/3.0; +http://yandex.com/bots)"
89.78.46.52 - - [20/Apr/2011:00:12:02 +0200] "GET /index.php HTTP/1.0" 200 6354 "http://forum.rally-infernal.info/index.php" "Mozilla/4.0 (compatible; MSIE 6.0; Windows NT 5.1; en) Opera 9.0"
89.78.46.52 - - [20/Apr/2011:00:12:02 +0200] "GET /profile.php?mode=register&sid=c456efd33220395dafd5adfd31137768 HTTP/1.0" 200 5861 "http://forum.rally-infernal.info/profile.php?mode=register&sid=c456efd33220395dafd5adfd31137768" "Mozilla/4.0 (compatible; MSIE 6.0; Windows NT 5.1; en) Opera 9.0"
66.249.66.146 - - [20/Apr/2011:00:14:04 +0200] "GET /viewtopic.php?p=32421&sid=4c97a6a69d527ade4d3efd8f271153fe HTTP/1.1" 200 2002 "-" "Mozilla/5.0 (compatible; Googlebot/2.1; +http://www.google.com/bot.html)"
66.249.66.146 - - [20/Apr/2011:00:14:31 +0200] "GET /viewtopic.php?p=54296&sid=983ea201345a494b16a2d8e6488deafb HTTP/1.1" 200 2002 "-" "Mozilla/5.0 (compatible; Googlebot/2.1; +http://www.google.com/bot.html)"
66.249.66.146 - - [20/Apr/2011:00:16:37 +0200] "GET /viewtopic.php?p=6670&highlight=&sid=6e4a68fe0a8d60d7dff18d5e7830764f HTTP/1.1" 200 2002 "-" "Mozilla/5.0 (compatible; Googlebot/2.1; +http://www.google.com/bot.html)"
90.50.176.75 - - [20/Apr/2011:00:17:00 +0200] "GET /AvatarsManager/lakse.jpg HTTP/1.1" 302 20 "http://ragemachines.simplygaming.org/t60p195-absences-depart-en-vacances" "Mozilla/5.0 (Windows; U; Windows NT 6.1; fr; rv:1.9.2.16) Gecko/20110319 Firefox/3.6.16"
90.50.176.75 - - [20/Apr/2011:00:17:00 +0200] "GET /AvatarsManager/lakse.jpg HTTP/1.1" 302 20 "http://ragemachines.simplygaming.org/t60p195-absences-depart-en-vacances" "Mozilla/5.0 (Windows; U; Windows NT 6.1; fr; rv:1.9.2.16) Gecko/20110319 Firefox/3.6.16"
89.170.22.112 - - [20/Apr/2011:00:17:17 +0200] "GET / HTTP/1.1" 200 1997 "-" "Mozilla/5.0 (Windows NT 6.1; WOW64; rv:2.0) Gecko/20100101 Firefox/4.0"
89.170.22.112 - - [20/Apr/2011:00:17:18 +0200] "GET /index.php HTTP/1.1" 200 1997 "http://forum.rally-infernal.info/" "Mozilla/5.0 (Windows NT 6.1; WOW64; rv:2.0) Gecko/20100101 Firefox/4.0"
89.170.22.112 - - [20/Apr/2011:00:17:20 +0200] "GET /profile.php?mode=editprofile HTTP/1.1" 200 1997 "http://forum.rally-infernal.info/index.php" "Mozilla/5.0 (Windows NT 6.1; WOW64; rv:2.0) Gecko/20100101 Firefox/4.0"
89.170.22.112 - - [20/Apr/2011:00:17:21 +0200] "GET /groupcp.php HTTP/1.1" 200 1997 "http://forum.rally-infernal.info/profile.php?mode=editprofile" "Mozilla/5.0 (Windows NT 6.1; WOW64; rv:2.0) Gecko/20100101 Firefox/4.0"
90.50.176.75 - - [20/Apr/2011:00:17:27 +0200] "GET /AvatarsManager/lakse.jpg HTTP/1.1" 302 20 "http://ragemachines.simplygaming.org/t339p15-en-courskaora" "Mozilla/5.0 (Windows; U; Windows NT 6.1; fr; rv:1.9.2.16) Gecko/20110319 Firefox/3.6.16"
90.50.176.75 - - [20/Apr/2011:00:17:27 +0200] "GET /AvatarsManager/lakse.jpg HTTP/1.1" 302 20 "http://ragemachines.simplygaming.org/t339p15-en-courskaora" "Mozilla/5.0 (Windows; U; Windows NT 6.1; fr; rv:1.9.2.16) Gecko/20110319 Firefox/3.6.16"
90.50.176.75 - - [20/Apr/2011:00:17:27 +0200] "GET /AvatarsManager/joueurs/lakse/5.png HTTP/1.1" 200 76045 "http://ragemachines.simplygaming.org/t339p15-en-courskaora" "Mozilla/5.0 (Windows; U; Windows NT 6.1; fr; rv:1.9.2.16) Gecko/20110319 Firefox/3.6.16"
79.94.98.72 - - [20/Apr/2011:00:17:56 +0200] "GET /index.php HTTP/1.1" 200 2014 "-" "Mozilla/5.0 (Windows; U; Windows NT 6.1; en-US) AppleWebKit/534.16 (KHTML, like Gecko) Chrome/10.0.648.205 Safari/534.16"
79.94.98.72 - - [20/Apr/2011:00:18:11 +0200] "GET / HTTP/1.1" 200 1997 "http://forum.rally-infernal.info/index.php" "Mozilla/5.0 (Windows; U; Windows NT 6.1; en-US) AppleWebKit/534.16 (KHTML, like Gecko) Chrome/10.0.648.205 Safari/534.16"
90.60.9.38 - - [20/Apr/2011:00:18:43 +0200] "GET /AvatarsManager/deug21.jpg HTTP/1.1" 302 20 "http://www.trackmania.com/fr/forum/viewtopic.php?t=38088&postdays=0&postorder=asc&start=15" "Mozilla/5.0 (Windows; U; Windows NT 5.1; en-US) AppleWebKit/534.16 (KHTML, like Gecko) Chrome/10.0.648.204 Safari/534.16"
90.60.9.38 - - [20/Apr/2011:00:18:46 +0200] "GET /AvatarsManager/joueurs/deug21/1.png HTTP/1.1" 200 48858 "http://www.trackmania.com/fr/forum/viewtopic.php?t=38088&postdays=0&postorder=asc&start=15" "Mozilla/5.0 (Windows; U; Windows NT 5.1; en-US) AppleWebKit/534.16 (KHTML, like Gecko) Chrome/10.0.648.204 Safari/534.16"
70.83.77.122 - - [20/Apr/2011:00:18:55 +0200] "GET /viewtopic.php?t=2515 HTTP/1.1" 200 2003 "http://www.google.ca/imgres?imgurl=http://supapeper.free.fr/Perso/Rally-infernal/Tutorial/Carbon-1024x768.png&imgrefurl=http://forum.rally-infernal.info/viewtopic.php%3Ft%3D2515&usg=__tzh2bAwBJK4EU9RxUKZHiGng47M=&h=768&w=1024&sz=153&hl=fr&start=0&zoom=1&tbnid=Xla3p4h_jwvvhM:&tbnh=162&tbnw=244&ei=PAquTZqQFMXX0QG5hPCnCw&prev=/search%3Fq%3Dtexture%2Bcarbon%26um%3D1%26hl%3Dfr%26safe%3Doff%26sa%3DX%26biw%3D1366%26bih%3D677%26tbs%3Disz:l%26tbm%3Disch0%2C37&um=1&itbs=1&iact=hc&vpx=161&vpy=115&dur=2138&hovh=194&hovw=259&tx=155&ty=107&oei=PAquTZqQFMXX0QG5hPCnCw&page=1&ndsp=15&ved=1t:429,r:0,s:0&biw=1366&bih=677" "Mozilla/5.0 (Windows; U; Windows NT 6.0; en-US) AppleWebKit/534.16 (KHTML, like Gecko) Chrome/10.0.648.204 Safari/534.16"
70.83.77.122 - - [20/Apr/2011:00:18:56 +0200] "GET /templates/rmstyle/rmstyle.css HTTP/1.1" 200 3183 "http://forum.rally-infernal.info/viewtopic.php?t=2515" "Mozilla/5.0 (Windows; U; Windows NT 6.0; en-US) AppleWebKit/534.16 (KHTML, like Gecko) Chrome/10.0.648.204 Safari/534.16"
70.83.77.122 - - [20/Apr/2011:00:18:56 +0200] "GET /templates/rmstyle/images/lang_french/icon_mini_faq.png HTTP/1.1" 200 2638 "http://forum.rally-infernal.info/viewtopic.php?t=2515" "Mozilla/5.0 (Windows; U; Windows NT 6.0; en-US) AppleWebKit/534.16 (KHTML, like Gecko) Chrome/10.0.648.204 Safari/534.16"
70.83.77.122 - - [20/Apr/2011:00:18:56 +0200] "GET /templates/rmstyle/images/lang_french/icon_mini_search.png HTTP/1.1" 200 2772 "http://forum.rally-infernal.info/viewtopic.php?t=2515" "Mozilla/5.0 (Windows; U; Windows NT 6.0; en-US) AppleWebKit/534.16 (KHTML, like Gecko) Chrome/10.0.648.204 Safari/534.16"
70.83.77.122 - - [20/Apr/2011:00:18:56 +0200] "GET /templates/rmstyle/images/lang_french/icon_mini_members.png HTTP/1.1" 200 3256 "http://forum.rally-infernal.info/viewtopic.php?t=2515" "Mozilla/5.0 (Windows; U; Windows NT 6.0; en-US) AppleWebKit/534.16 (KHTML, like Gecko) Chrome/10.0.648.204 Safari/534.16"
70.83.77.122 - - [20/Apr/2011:00:18:56 +0200] "GET /templates/rmstyle/images/lang_french/icon_mini_groups.png HTTP/1.1" 200 3010 "http://forum.rally-infernal.info/viewtopic.php?t=2515" "Mozilla/5.0 (Windows; U; Windows NT 6.0; en-US) AppleWebKit/534.16 (KHTML, like Gecko) Chrome/10.0.648.204 Safari/534.16"
70.83.77.122 - - [20/Apr/2011:00:18:56 +0200] "GET /templates/rmstyle/images/lang_french/icon_mini_profile.png HTTP/1.1" 200 2386 "http://forum.rally-infernal.info/viewtopic.php?t=2515" "Mozilla/5.0 (Windows; U; Windows NT 6.0; en-US) AppleWebKit/534.16 (KHTML, like Gecko) Chrome/10.0.648.204 Safari/534.16"
70.83.77.122 - - [20/Apr/2011:00:18:57 +0200] "GET /templates/rmstyle/images/lang_french/icon_mini_message.png HTTP/1.1" 200 2464 "http://forum.rally-infernal.info/viewtopic.php?t=2515" "Mozilla/5.0 (Windows; U; Windows NT 6.0; en-US) AppleWebKit/534.16 (KHTML, like Gecko) Chrome/10.0.648.204 Safari/534.16"
70.83.77.122 - - [20/Apr/2011:00:18:57 +0200] "GET /templates/rmstyle/images/lang_french/icon_mini_login.png HTTP/1.1" 200 2281 "http://forum.rally-infernal.info/viewtopic.php?t=2515" "Mozilla/5.0 (Windows; U; Windows NT 6.0; en-US) AppleWebKit/534.16 (KHTML, like Gecko) Chrome/10.0.648.204 Safari/534.16"
70.83.77.122 - - [20/Apr/2011:00:18:57 +0200] "GET /templates/rmstyle/images/lang_french/icon_mini_register.png HTTP/1.1" 200 2755 "http://forum.rally-infernal.info/viewtopic.php?t=2515" "Mozilla/5.0 (Windows; U; Windows NT 6.0; en-US) AppleWebKit/534.16 (KHTML, like Gecko) Chrome/10.0.648.204 Safari/534.16"
70.83.77.122 - - [20/Apr/2011:00:18:57 +0200] "GET /templates/rmstyle/images/lang_french/icon_mini_site.png HTTP/1.1" 200 2634 "http://forum.rally-infernal.info/viewtopic.php?t=2515" "Mozilla/5.0 (Windows; U; Windows NT 6.0; en-US) AppleWebKit/534.16 (KHTML, like Gecko) Chrome/10.0.648.204 Safari/534.16"
70.83.77.122 - - [20/Apr/2011:00:18:56 +0200] "GET /templates/rmstyle/images/bg_body.jpg HTTP/1.1" 200 103373 "http://forum.rally-infernal.info/viewtopic.php?t=2515" "Mozilla/5.0 (Windows; U; Windows NT 6.0; en-US) AppleWebKit/534.16 (KHTML, like Gecko) Chrome/10.0.648.204 Safari/534.16"
70.83.77.122 - - [20/Apr/2011:00:18:56 +0200] "GET /templates/rmstyle/images/logo_rmstyle.jpg HTTP/1.1" 200 108363 "http://forum.rally-infernal.info/viewtopic.php?t=2515" "Mozilla/5.0 (Windows; U; Windows NT 6.0; en-US) AppleWebKit/534.16 (KHTML, like Gecko) Chrome/10.0.648.204 Safari/534.16"
70.83.77.122 - - [20/Apr/2011:00:19:00 +0200] "GET /viewtopic.php?t=2515 HTTP/1.1" 200 1949 "http://www.google.ca/imgres?imgurl=http://supapeper.free.fr/Perso/Rally-infernal/Tutorial/Carbon-1024x768.png&imgrefurl=http://forum.rally-infernal.info/viewtopic.php%3Ft%3D2515&usg=__tzh2bAwBJK4EU9RxUKZHiGng47M=&h=768&w=1024&sz=153&hl=fr&start=0&zoom=1&tbnid=Xla3p4h_jwvvhM:&tbnh=162&tbnw=244&ei=PAquTZqQFMXX0QG5hPCnCw&prev=/search%3Fq%3Dtexture%2Bcarbon%26um%3D1%26hl%3Dfr%26safe%3Doff%26sa%3DX%26biw%3D1366%26bih%3D677%26tbs%3Disz:l%26tbm%3Disch0%2C37&um=1&itbs=1&iact=hc&vpx=161&vpy=115&dur=2138&hovh=194&hovw=259&tx=155&ty=107&oei=PAquTZqQFMXX0QG5hPCnCw&page=1&ndsp=15&ved=1t:429,r:0,s:0&biw=1366&bih=677" "Mozilla/5.0 (Windows; U; Windows NT 6.0; en-US) AppleWebKit/534.16 (KHTML, like Gecko) Chrome/10.0.648.204 Safari/534.16"
70.83.77.122 - - [20/Apr/2011:00:19:01 +0200] "GET /templates/rmstyle/images/lang_french/icon_mini_site.png HTTP/1.1" 200 2634 "http://forum.rally-infernal.info/viewtopic.php?t=2515" "Mozilla/5.0 (Windows; U; Windows NT 6.0; en-US) AppleWebKit/534.16 (KHTML, like Gecko) Chrome/10.0.648.204 Safari/534.16"
70.83.77.122 - - [20/Apr/2011:00:19:01 +0200] "GET /templates/rmstyle/images/logo_rmstyle.jpg HTTP/1.1" 200 108363 "http://forum.rally-infernal.info/viewtopic.php?t=2515" "Mozilla/5.0 (Windows; U; Windows NT 6.0; en-US) AppleWebKit/534.16 (KHTML, like Gecko) Chrome/10.0.648.204 Safari/534.16"
70.83.77.122 - - [20/Apr/2011:00:19:01 +0200] "GET /templates/rmstyle/images/bg_body.jpg HTTP/1.1" 206 75428 "http://forum.rally-infernal.info/viewtopic.php?t=2515" "Mozilla/5.0 (Windows; U; Windows NT 6.0; en-US) AppleWebKit/534.16 (KHTML, like Gecko) Chrome/10.0.648.204 Safari/534.16"
84.99.244.10 - - [20/Apr/2011:00:19:45 +0200] "GET /AvatarsManager/deug21.jpg HTTP/1.1" 302 20 "http://www.trackmania.com/fr/forum/viewtopic.php?t=34755" "Mozilla/5.0 (iPhone; U; CPU iPhone OS 4_1 like Mac OS X; fr-fr) AppleWebKit/532.9 (KHTML, like Gecko) Version/4.0.5 Mobile/8B117 Safari/6531.22.7"
84.99.244.10 - - [20/Apr/2011:00:19:45 +0200] "GET /AvatarsManager/joueurs/deug21/1.png HTTP/1.1" 200 48858 "http://www.trackmania.com/fr/forum/viewtopic.php?t=34755" "Mozilla/5.0 (iPhone; U; CPU iPhone OS 4_1 like Mac OS X; fr-fr) AppleWebKit/532.9 (KHTML, like Gecko) Version/4.0.5 Mobile/8B117 Safari/6531.22.7"
90.50.176.75 - - [20/Apr/2011:00:19:53 +0200] "GET /AvatarsManager/lakse.jpg HTTP/1.1" 302 20 "http://ragemachines.simplygaming.org/t324-topic-steam" "Mozilla/5.0 (Windows; U; Windows NT 6.1; fr; rv:1.9.2.16) Gecko/20110319 Firefox/3.6.16"
90.50.176.75 - - [20/Apr/2011:00:19:53 +0200] "GET /AvatarsManager/lakse.jpg HTTP/1.1" 302 20 "http://ragemachines.simplygaming.org/t324-topic-steam" "Mozilla/5.0 (Windows; U; Windows NT 6.1; fr; rv:1.9.2.16) Gecko/20110319 Firefox/3.6.16"
90.50.176.75 - - [20/Apr/2011:00:19:53 +0200] "GET /AvatarsManager/joueurs/lakse/4.png HTTP/1.1" 200 63894 "http://ragemachines.simplygaming.org/t324-topic-steam" "Mozilla/5.0 (Windows; U; Windows NT 6.1; fr; rv:1.9.2.16) Gecko/20110319 Firefox/3.6.16"
66.249.66.146 - - [20/Apr/2011:00:20:03 +0200] "GET /viewtopic.php?t=2475&sid=9773446f3f5887233f1c08d2ab884c77 HTTP/1.1" 200 2002 "-" "Mozilla/5.0 (compatible; Googlebot/2.1; +http://www.google.com/bot.html)"
66.249.66.146 - - [20/Apr/2011:00:20:04 +0200] "GET /viewtopic.php?t=1980&postdays=0&postorder=asc&start=15&sid=1a864f15575fb8dcb15aa6ebd5b06d04 HTTP/1.1" 200 2002 "-" "Mozilla/5.0 (compatible; Googlebot/2.1; +http://www.google.com/bot.html)"
66.249.66.146 - - [20/Apr/2011:00:20:04 +0200] "GET /viewtopic.php?p=101681&sid=1c4f74a388c09931d0a83af6a258f20d HTTP/1.1" 200 2003 "-" "Mozilla/5.0 (compatible; Googlebot/2.1; +http://www.google.com/bot.html)"
89.2.251.242 - - [20/Apr/2011:00:20:19 +0200] "GET /AvatarsManager/deug21.jpg HTTP/1.1" 302 20 "http://www.trackmania.com/fr/forum/viewtopic.php?t=34755&sid=b5038a70346fd3777ceb29d30a179988" "Mozilla/5.0 (Windows NT 6.1; WOW64; rv:2.0) Gecko/20100101 Firefox/4.0"
89.2.251.242 - - [20/Apr/2011:00:20:19 +0200] "GET /AvatarsManager/joueurs/deug21/1.png HTTP/1.1" 200 48858 "http://www.trackmania.com/fr/forum/viewtopic.php?t=34755&sid=b5038a70346fd3777ceb29d30a179988" "Mozilla/5.0 (Windows NT 6.1; WOW64; rv:2.0) Gecko/20100101 Firefox/4.0"
66.249.66.146 - - [20/Apr/2011:00:21:44 +0200] "GET /viewtopic.php?t=1374&highlight=&sid=21d41393c8737c9b64d06fd80608c8da HTTP/1.1" 200 2001 "-" "Mozilla/5.0 (compatible; Googlebot/2.1; +http://www.google.com/bot.html)"
41.230.182.122 - - [20/Apr/2011:00:21:54 +0200] "GET /AvatarsManager/deug21.jpg HTTP/1.1" 302 20 "http://www.trackmania.com/fr/forum/viewtopic.php?t=35461&sid=ce9f703b58ebc357d0d96ef50770341b" "Mozilla/5.0 (Windows; U; Windows NT 6.1; en-US) AppleWebKit/525.19 (KHTML, like Gecko) Chrome/1.0.154.53 Safari/525.19"
78.242.14.86 - - [20/Apr/2011:00:21:56 +0200] "GET / HTTP/1.1" 200 2011 "-" "Mozilla/5.0 (Windows; U; Windows NT 6.1; fr; rv:1.9.2.16) Gecko/20110319 Firefox/3.6.16"
78.242.14.86 - - [20/Apr/2011:00:21:56 +0200] "GET /templates/rmstyle/rmstyle.css HTTP/1.1" 200 3183 "http://forum.rally-infernal.info/" "Mozilla/5.0 (Windows; U; Windows NT 6.1; fr; rv:1.9.2.16) Gecko/20110319 Firefox/3.6.16"
78.242.14.86 - - [20/Apr/2011:00:21:56 +0200] "GET /templates/rmstyle/images/favicon.png HTTP/1.1" 200 974 "-" "Mozilla/5.0 (Windows; U; Windows NT 6.1; fr; rv:1.9.2.16) Gecko/20110319 Firefox/3.6.16"
78.242.14.86 - - [20/Apr/2011:00:21:56 +0200] "GET /templates/rmstyle/images/lang_french/icon_mini_faq.png HTTP/1.1" 200 2638 "http://forum.rally-infernal.info/" "Mozilla/5.0 (Windows; U; Windows NT 6.1; fr; rv:1.9.2.16) Gecko/20110319 Firefox/3.6.16"
78.242.14.86 - - [20/Apr/2011:00:21:56 +0200] "GET /templates/rmstyle/images/lang_french/icon_mini_search.png HTTP/1.1" 200 2772 "http://forum.rally-infernal.info/" "Mozilla/5.0 (Windows; U; Windows NT 6.1; fr; rv:1.9.2.16) Gecko/20110319 Firefox/3.6.16"
78.242.14.86 - - [20/Apr/2011:00:21:56 +0200] "GET /templates/rmstyle/images/lang_french/icon_mini_members.png HTTP/1.1" 200 3256 "http://forum.rally-infernal.info/" "Mozilla/5.0 (Windows; U; Windows NT 6.1; fr; rv:1.9.2.16) Gecko/20110319 Firefox/3.6.16"
78.242.14.86 - - [20/Apr/2011:00:21:56 +0200] "GET /templates/rmstyle/images/lang_french/icon_mini_groups.png HTTP/1.1" 200 3010 "http://forum.rally-infernal.info/" "Mozilla/5.0 (Windows; U; Windows NT 6.1; fr; rv:1.9.2.16) Gecko/20110319 Firefox/3.6.16"
78.242.14.86 - - [20/Apr/2011:00:21:56 +0200] "GET /templates/rmstyle/images/lang_french/icon_mini_profile.png HTTP/1.1" 200 2386 "http://forum.rally-infernal.info/" "Mozilla/5.0 (Windows; U; Windows NT 6.1; fr; rv:1.9.2.16) Gecko/20110319 Firefox/3.6.16"
78.242.14.86 - - [20/Apr/2011:00:21:56 +0200] "GET /templates/rmstyle/images/lang_french/icon_mini_message.png HTTP/1.1" 200 2464 "http://forum.rally-infernal.info/" "Mozilla/5.0 (Windows; U; Windows NT 6.1; fr; rv:1.9.2.16) Gecko/20110319 Firefox/3.6.16"
78.242.14.86 - - [20/Apr/2011:00:21:56 +0200] "GET /templates/rmstyle/images/lang_french/icon_mini_logout.png HTTP/1.1" 200 2566 "http://forum.rally-infernal.info/" "Mozilla/5.0 (Windows; U; Windows NT 6.1; fr; rv:1.9.2.16) Gecko/20110319 Firefox/3.6.16"
78.242.14.86 - - [20/Apr/2011:00:21:56 +0200] "GET /templates/rmstyle/images/lang_french/icon_mini_site.png HTTP/1.1" 200 2634 "http://forum.rally-infernal.info/" "Mozilla/5.0 (Windows; U; Windows NT 6.1; fr; rv:1.9.2.16) Gecko/20110319 Firefox/3.6.16"
78.242.14.86 - - [20/Apr/2011:00:21:56 +0200] "GET /templates/rmstyle/images/logo_rmstyle.jpg HTTP/1.1" 200 108363 "http://forum.rally-infernal.info/" "Mozilla/5.0 (Windows; U; Windows NT 6.1; fr; rv:1.9.2.16) Gecko/20110319 Firefox/3.6.16"
78.242.14.86 - - [20/Apr/2011:00:21:56 +0200] "GET /templates/rmstyle/images/bg_body.jpg HTTP/1.1" 200 103373 "http://forum.rally-infernal.info/templates/rmstyle/rmstyle.css" "Mozilla/5.0 (Windows; U; Windows NT 6.1; fr; rv:1.9.2.16) Gecko/20110319 Firefox/3.6.16"
41.230.182.122 - - [20/Apr/2011:00:21:55 +0200] "GET /AvatarsManager/joueurs/deug21/1.png HTTP/1.1" 200 48858 "http://www.trackmania.com/fr/forum/viewtopic.php?t=35461&sid=ce9f703b58ebc357d0d96ef50770341b" "Mozilla/5.0 (Windows; U; Windows NT 6.1; en-US) AppleWebKit/525.19 (KHTML, like Gecko) Chrome/1.0.154.53 Safari/525.19"
78.127.228.145 - - [20/Apr/2011:00:22:36 +0200] "GET /AvatarsManager/deug21.jpg HTTP/1.1" 302 20 "http://www.trackmania.com/fr/forum/viewtopic.php?t=34762" "Mozilla/5.0 (Windows; U; Windows NT 6.1; fr; rv:1.9.2.16) Gecko/20110319 Firefox/3.6.16 ( .NET CLR 3.5.30729; .NET4.0C)"
78.127.228.145 - - [20/Apr/2011:00:22:36 +0200] "GET /AvatarsManager/joueurs/deug21/1.png HTTP/1.1" 200 48858 "http://www.trackmania.com/fr/forum/viewtopic.php?t=34762" "Mozilla/5.0 (Windows; U; Windows NT 6.1; fr; rv:1.9.2.16) Gecko/20110319 Firefox/3.6.16 ( .NET CLR 3.5.30729; .NET4.0C)"
66.249.66.146 - - [20/Apr/2011:00:23:05 +0200] "GET /viewtopic.php?p=10529&sid=5f9b8cc4d676e85c8caa5685228f697e HTTP/1.1" 200 2003 "-" "Mozilla/5.0 (compatible; Googlebot/2.1; +http://www.google.com/bot.html)"
92.148.116.74 - - [20/Apr/2011:00:24:30 +0200] "GET /AvatarsManager/deug21.jpg HTTP/1.1" 302 20 "http://www.trackmania.com/fr/forum/viewtopic.php?t=34303&postdays=0&postorder=asc&start=105" "Mozilla/5.0 (Windows NT 6.1; WOW64; rv:2.0) Gecko/20100101 Firefox/4.0"
92.148.116.74 - - [20/Apr/2011:00:24:30 +0200] "GET /AvatarsManager/joueurs/deug21/1.png HTTP/1.1" 200 48858 "http://www.trackmania.com/fr/forum/viewtopic.php?t=34303&postdays=0&postorder=asc&start=105" "Mozilla/5.0 (Windows NT 6.1; WOW64; rv:2.0) Gecko/20100101 Firefox/4.0"
90.19.73.158 - - [20/Apr/2011:00:24:39 +0200] "GET / HTTP/1.1" 200 2011 "http://forum.rally-infernal.info/" "Mozilla/5.0 (Windows; U; Windows NT 6.1; fr; rv:1.9.2.10) Gecko/20100914 Firefox/3.6.10"
90.19.73.158 - - [20/Apr/2011:00:24:40 +0200] "GET / HTTP/1.1" 200 1994 "http://forum.rally-infernal.info/" "Mozilla/5.0 (Windows; U; Windows NT 6.1; fr; rv:1.9.2.10) Gecko/20100914 Firefox/3.6.10"
90.19.73.158 - - [20/Apr/2011:00:24:54 +0200] "GET / HTTP/1.1" 200 1994 "http://forum.rally-infernal.info/" "Mozilla/5.0 (Windows; U; Windows NT 6.1; fr; rv:1.9.2.10) Gecko/20100914 Firefox/3.6.10"
66.249.66.146 - - [20/Apr/2011:00:24:59 +0200] "GET /viewtopic.php?p=28798&sid=fb552f224e487a97ccadfb616257beb2 HTTP/1.1" 200 2002 "-" "Mozilla/5.0 (compatible; Googlebot/2.1; +http://www.google.com/bot.html)"
66.249.66.146 - - [20/Apr/2011:00:25:44 +0200] "GET /viewtopic.php?p=71391&sid=0ad42e610b49f4d425c6e9535383ed4f HTTP/1.1" 200 2002 "-" "Mozilla/5.0 (compatible; Googlebot/2.1; +http://www.google.com/bot.html)"
90.19.73.158 - - [20/Apr/2011:00:26:01 +0200] "GET / HTTP/1.1" 200 1994 "-" "Mozilla/5.0 (Windows; U; Windows NT 6.1; fr; rv:1.9.2.10) Gecko/20100914 Firefox/3.6.10"
92.148.116.74 - - [20/Apr/2011:00:26:03 +0200] "GET /AvatarsManager/deug21.jpg HTTP/1.1" 302 20 "http://www.trackmania.com/fr/forum/viewtopic.php?t=34303&postdays=0&postorder=asc&start=120" "Mozilla/5.0 (Windows NT 6.1; WOW64; rv:2.0) Gecko/20100101 Firefox/4.0"
90.19.73.158 - - [20/Apr/2011:00:27:23 +0200] "GET / HTTP/1.1" 200 1994 "-" "Mozilla/5.0 (Windows; U; Windows NT 6.1; fr; rv:1.9.2.10) Gecko/20100914 Firefox/3.6.10"
90.63.92.65 - - [20/Apr/2011:00:27:54 +0200] "GET /index.php?sid=490dcdcb33525574a819731fbdceb0b0 HTTP/1.1" 200 2008 "-" "Opera/9.80 (Windows NT 6.0; U; fr) Presto/2.6.30 Version/10.63"
90.63.92.65 - - [20/Apr/2011:00:27:55 +0200] "GET /templates/rmstyle/images/favicon.png HTTP/1.1" 200 974 "http://forum.rally-infernal.info/index.php?sid=490dcdcb33525574a819731fbdceb0b0" "Opera/9.80 (Windows NT 6.0; U; fr) Presto/2.6.30 Version/10.63"
90.63.92.65 - - [20/Apr/2011:00:27:55 +0200] "GET /templates/rmstyle/rmstyle.css HTTP/1.1" 200 3183 "http://forum.rally-infernal.info/index.php?sid=490dcdcb33525574a819731fbdceb0b0" "Opera/9.80 (Windows NT 6.0; U; fr) Presto/2.6.30 Version/10.63"
90.63.92.65 - - [20/Apr/2011:00:27:55 +0200] "GET /templates/rmstyle/images/lang_french/icon_mini_faq.png HTTP/1.1" 200 2638 "http://forum.rally-infernal.info/index.php?sid=490dcdcb33525574a819731fbdceb0b0" "Opera/9.80 (Windows NT 6.0; U; fr) Presto/2.6.30 Version/10.63"
90.63.92.65 - - [20/Apr/2011:00:27:55 +0200] "GET /templates/rmstyle/images/lang_french/icon_mini_search.png HTTP/1.1" 200 2772 "http://forum.rally-infernal.info/index.php?sid=490dcdcb33525574a819731fbdceb0b0" "Opera/9.80 (Windows NT 6.0; U; fr) Presto/2.6.30 Version/10.63"
90.63.92.65 - - [20/Apr/2011:00:27:55 +0200] "GET /templates/rmstyle/images/lang_french/icon_mini_members.png HTTP/1.1" 200 3256 "http://forum.rally-infernal.info/index.php?sid=490dcdcb33525574a819731fbdceb0b0" "Opera/9.80 (Windows NT 6.0; U; fr) Presto/2.6.30 Version/10.63"
90.63.92.65 - - [20/Apr/2011:00:27:55 +0200] "GET /templates/rmstyle/images/lang_french/icon_mini_groups.png HTTP/1.1" 200 3010 "http://forum.rally-infernal.info/index.php?sid=490dcdcb33525574a819731fbdceb0b0" "Opera/9.80 (Windows NT 6.0; U; fr) Presto/2.6.30 Version/10.63"
90.63.92.65 - - [20/Apr/2011:00:27:55 +0200] "GET /templates/rmstyle/images/lang_french/icon_mini_profile.png HTTP/1.1" 200 2386 "http://forum.rally-infernal.info/index.php?sid=490dcdcb33525574a819731fbdceb0b0" "Opera/9.80 (Windows NT 6.0; U; fr) Presto/2.6.30 Version/10.63"
90.63.92.65 - - [20/Apr/2011:00:27:55 +0200] "GET /templates/rmstyle/images/lang_french/icon_mini_message.png HTTP/1.1" 200 2464 "http://forum.rally-infernal.info/index.php?sid=490dcdcb33525574a819731fbdceb0b0" "Opera/9.80 (Windows NT 6.0; U; fr) Presto/2.6.30 Version/10.63"
90.63.92.65 - - [20/Apr/2011:00:27:55 +0200] "GET /templates/rmstyle/images/lang_french/icon_mini_logout.png HTTP/1.1" 200 2566 "http://forum.rally-infernal.info/index.php?sid=490dcdcb33525574a819731fbdceb0b0" "Opera/9.80 (Windows NT 6.0; U; fr) Presto/2.6.30 Version/10.63"
90.63.92.65 - - [20/Apr/2011:00:27:55 +0200] "GET /templates/rmstyle/images/lang_french/icon_mini_site.png HTTP/1.1" 200 2634 "http://forum.rally-infernal.info/index.php?sid=490dcdcb33525574a819731fbdceb0b0" "Opera/9.80 (Windows NT 6.0; U; fr) Presto/2.6.30 Version/10.63"
90.63.92.65 - - [20/Apr/2011:00:27:55 +0200] "GET /templates/rmstyle/images/bg_body.jpg HTTP/1.1" 200 103373 "http://forum.rally-infernal.info/index.php?sid=490dcdcb33525574a819731fbdceb0b0" "Opera/9.80 (Windows NT 6.0; U; fr) Presto/2.6.30 Version/10.63"
90.63.92.65 - - [20/Apr/2011:00:27:55 +0200] "GET /templates/rmstyle/images/lang_french/icon_mini_logout.png HTTP/1.1" 200 2566 "http://forum.rally-infernal.info/index.php?sid=490dcdcb33525574a819731fbdceb0b0" "Opera/9.80 (Windows NT 6.0; U; fr) Presto/2.6.30 Version/10.63"
90.63.92.65 - - [20/Apr/2011:00:27:55 +0200] "GET /templates/rmstyle/images/logo_rmstyle.jpg HTTP/1.1" 200 108363 "http://forum.rally-infernal.info/index.php?sid=490dcdcb33525574a819731fbdceb0b0" "Opera/9.80 (Windows NT 6.0; U; fr) Presto/2.6.30 Version/10.63"
90.63.92.65 - - [20/Apr/2011:00:27:55 +0200] "GET /templates/rmstyle/images/lang_french/icon_mini_site.png HTTP/1.1" 200 2634 "http://forum.rally-infernal.info/index.php?sid=490dcdcb33525574a819731fbdceb0b0" "Opera/9.80 (Windows NT 6.0; U; fr) Presto/2.6.30 Version/10.63"
90.63.92.65 - - [20/Apr/2011:00:28:01 +0200] "GET /index.php?sid=490dcdcb33525574a819731fbdceb0b0 HTTP/1.1" 200 1991 "-" "Opera/9.80 (Windows NT 6.0; U; fr) Presto/2.6.30 Version/10.63"
90.63.92.65 - - [20/Apr/2011:00:28:01 +0200] "GET /templates/rmstyle/images/favicon.png HTTP/1.1" 304 - "http://forum.rally-infernal.info/index.php?sid=490dcdcb33525574a819731fbdceb0b0" "Opera/9.80 (Windows NT 6.0; U; fr) Presto/2.6.30 Version/10.63"
90.63.92.65 - - [20/Apr/2011:00:28:01 +0200] "GET /templates/rmstyle/rmstyle.css HTTP/1.1" 304 - "http://forum.rally-infernal.info/index.php?sid=490dcdcb33525574a819731fbdceb0b0" "Opera/9.80 (Windows NT 6.0; U; fr) Presto/2.6.30 Version/10.63"
90.63.92.65 - - [20/Apr/2011:00:28:01 +0200] "GET /templates/rmstyle/images/bg_body.jpg HTTP/1.1" 304 - "http://forum.rally-infernal.info/index.php?sid=490dcdcb33525574a819731fbdceb0b0" "Opera/9.80 (Windows NT 6.0; U; fr) Presto/2.6.30 Version/10.63"
90.63.92.65 - - [20/Apr/2011:00:28:01 +0200] "GET /templates/rmstyle/images/logo_rmstyle.jpg HTTP/1.1" 304 - "http://forum.rally-infernal.info/index.php?sid=490dcdcb33525574a819731fbdceb0b0" "Opera/9.80 (Windows NT 6.0; U; fr) Presto/2.6.30 Version/10.63"
90.63.92.65 - - [20/Apr/2011:00:28:01 +0200] "GET /templates/rmstyle/images/lang_french/icon_mini_faq.png HTTP/1.1" 304 - "http://forum.rally-infernal.info/index.php?sid=490dcdcb33525574a819731fbdceb0b0" "Opera/9.80 (Windows NT 6.0; U; fr) Presto/2.6.30 Version/10.63"
90.63.92.65 - - [20/Apr/2011:00:28:01 +0200] "GET /templates/rmstyle/images/lang_french/icon_mini_search.png HTTP/1.1" 304 - "http://forum.rally-infernal.info/index.php?sid=490dcdcb33525574a819731fbdceb0b0" "Opera/9.80 (Windows NT 6.0; U; fr) Presto/2.6.30 Version/10.63"
90.63.92.65 - - [20/Apr/2011:00:28:01 +0200] "GET /templates/rmstyle/images/lang_french/icon_mini_members.png HTTP/1.1" 304 - "http://forum.rally-infernal.info/index.php?sid=490dcdcb33525574a819731fbdceb0b0" "Opera/9.80 (Windows NT 6.0; U; fr) Presto/2.6.30 Version/10.63"
90.63.92.65 - - [20/Apr/2011:00:28:01 +0200] "GET /templates/rmstyle/images/lang_french/icon_mini_groups.png HTTP/1.1" 304 - "http://forum.rally-infernal.info/index.php?sid=490dcdcb33525574a819731fbdceb0b0" "Opera/9.80 (Windows NT 6.0; U; fr) Presto/2.6.30 Version/10.63"
90.63.92.65 - - [20/Apr/2011:00:28:01 +0200] "GET /templates/rmstyle/images/lang_french/icon_mini_logout.png HTTP/1.1" 304 - "http://forum.rally-infernal.info/index.php?sid=490dcdcb33525574a819731fbdceb0b0" "Opera/9.80 (Windows NT 6.0; U; fr) Presto/2.6.30 Version/10.63"
90.63.92.65 - - [20/Apr/2011:00:28:01 +0200] "GET /templates/rmstyle/images/lang_french/icon_mini_site.png HTTP/1.1" 304 - "http://forum.rally-infernal.info/index.php?sid=490dcdcb33525574a819731fbdceb0b0" "Opera/9.80 (Windows NT 6.0; U; fr) Presto/2.6.30 Version/10.63"
90.63.92.65 - - [20/Apr/2011:00:28:01 +0200] "GET /templates/rmstyle/images/lang_french/icon_mini_profile.png HTTP/1.1" 304 - "http://forum.rally-infernal.info/index.php?sid=490dcdcb33525574a819731fbdceb0b0" "Opera/9.80 (Windows NT 6.0; U; fr) Presto/2.6.30 Version/10.63"
90.63.92.65 - - [20/Apr/2011:00:28:01 +0200] "GET /templates/rmstyle/images/lang_french/icon_mini_message.png HTTP/1.1" 304 - "http://forum.rally-infernal.info/index.php?sid=490dcdcb33525574a819731fbdceb0b0" "Opera/9.80 (Windows NT 6.0; U; fr) Presto/2.6.30 Version/10.63"
93.27.231.213 - - [20/Apr/2011:00:28:17 +0200] "GET /AvatarsManager/deug21.jpg HTTP/1.1" 302 20 "http://www.trackmania.com/fr/forum/viewtopic.php?t=33233&start=30&sid=d3d9587c1e979021d007a058f20bfeb4" "Mozilla/5.0 (iPad; U; CPU OS 3_2_2 like Mac OS X; fr-fr) AppleWebKit/531.21.10 (KHTML, like Gecko) Version/4.0.4 Mobile/7B500 Safari/531.21.10"
93.27.231.213 - - [20/Apr/2011:00:28:18 +0200] "GET /AvatarsManager/joueurs/deug21/1.png HTTP/1.1" 200 48858 "http://www.trackmania.com/fr/forum/viewtopic.php?t=33233&start=30&sid=d3d9587c1e979021d007a058f20bfeb4" "Mozilla/5.0 (iPad; U; CPU OS 3_2_2 like Mac OS X; fr-fr) AppleWebKit/531.21.10 (KHTML, like Gecko) Version/4.0.4 Mobile/7B500 Safari/531.21.10"
66.249.72.242 - - [20/Apr/2011:00:28:20 +0200] "GET /viewtopic.php?p=43027&sid=1c4f74a388c09931d0a83af6a258f20d HTTP/1.1" 200 2002 "-" "Mozilla/5.0 (compatible; Googlebot/2.1; +http://www.google.com/bot.html)"
213.245.171.67 - - [20/Apr/2011:00:29:18 +0200] "GET /AvatarsManager/lakse.jpg HTTP/1.1" 302 20 "http://ragemachines.simplygaming.org/t220-notes-de-maj-v100108" "Mozilla/4.0 (compatible; MSIE 8.0; Windows NT 5.1; Trident/4.0; GTB6.6; .NET CLR 1.0.3705; .NET CLR 1.1.4322; .NET CLR 2.0.50727; Media Center PC 4.0; MSN Optimized;FR; .NET CLR 3.0.4506.2152; .NET CLR 3.5.30729; MSN Optimized;FR)"
213.245.171.67 - - [20/Apr/2011:00:29:18 +0200] "GET /AvatarsManager/joueurs/lakse/5.png HTTP/1.1" 200 76045 "http://ragemachines.simplygaming.org/t220-notes-de-maj-v100108" "Mozilla/4.0 (compatible; MSIE 8.0; Windows NT 5.1; Trident/4.0; GTB6.6; .NET CLR 1.0.3705; .NET CLR 1.1.4322; .NET CLR 2.0.50727; Media Center PC 4.0; MSN Optimized;FR; .NET CLR 3.0.4506.2152; .NET CLR 3.5.30729; MSN Optimized;FR)"
92.156.39.94 - - [20/Apr/2011:00:29:29 +0200] "GET /AvatarsManager/deug21.jpg HTTP/1.1" 302 20 "http://www.trackmania.com/fr/forum/viewtopic.php?t=34762" "Mozilla/5.0 (Windows; U; Windows NT 6.1; fr; rv:1.9.2.16) Gecko/20110319 Firefox/3.6.16"
92.156.39.94 - - [20/Apr/2011:00:29:30 +0200] "GET /AvatarsManager/joueurs/deug21/1.png HTTP/1.1" 200 48858 "http://www.trackmania.com/fr/forum/viewtopic.php?t=34762" "Mozilla/5.0 (Windows; U; Windows NT 6.1; fr; rv:1.9.2.16) Gecko/20110319 Firefox/3.6.16"
93.27.231.213 - - [20/Apr/2011:00:29:36 +0200] "GET /AvatarsManager/deug21.jpg HTTP/1.1" 302 20 "http://www.trackmania.com/fr/forum/viewtopic.php?t=33233&start=30&sid=d3d9587c1e979021d007a058f20bfeb4" "Mozilla/5.0 (iPad; U; CPU OS 3_2_2 like Mac OS X; fr-fr) AppleWebKit/531.21.10 (KHTML, like Gecko) Version/4.0.4 Mobile/7B500 Safari/531.21.10"
93.27.231.213 - - [20/Apr/2011:00:29:37 +0200] "GET /AvatarsManager/joueurs/deug21/1.png HTTP/1.1" 200 48858 "http://www.trackmania.com/fr/forum/viewtopic.php?t=33233&start=30&sid=d3d9587c1e979021d007a058f20bfeb4" "Mozilla/5.0 (iPad; U; CPU OS 3_2_2 like Mac OS X; fr-fr) AppleWebKit/531.21.10 (KHTML, like Gecko) Version/4.0.4 Mobile/7B500 Safari/531.21.10"
2.1.236.203 - - [20/Apr/2011:00:30:09 +0200] "GET /AvatarsManager/lakse.jpg HTTP/1.1" 302 20 "http://ragemachines.simplygaming.org/t339-en-courskaora" "Mozilla/5.0 (Windows; U; Windows NT 6.1; fr; rv:1.9.2.16) Gecko/20110319 Firefox/3.6.16"
2.1.236.203 - - [20/Apr/2011:00:30:09 +0200] "GET /AvatarsManager/joueurs/lakse/3.png HTTP/1.1" 200 71244 "http://ragemachines.simplygaming.org/t339-en-courskaora" "Mozilla/5.0 (Windows; U; Windows NT 6.1; fr; rv:1.9.2.16) Gecko/20110319 Firefox/3.6.16"
89.170.22.112 - - [20/Apr/2011:00:30:21 +0200] "GET / HTTP/1.1" 200 1997 "-" "Mozilla/5.0 (Windows NT 6.1; WOW64; rv:2.0) Gecko/20100101 Firefox/4.0"
2.1.236.203 - - [20/Apr/2011:00:30:31 +0200] "GET /AvatarsManager/lakse.jpg HTTP/1.1" 302 20 "http://ragemachines.simplygaming.org/t339p15-en-courskaora" "Mozilla/5.0 (Windows; U; Windows NT 6.1; fr; rv:1.9.2.16) Gecko/20110319 Firefox/3.6.16"
2.1.236.203 - - [20/Apr/2011:00:30:31 +0200] "GET /AvatarsManager/lakse.jpg HTTP/1.1" 302 20 "http://ragemachines.simplygaming.org/t339p15-en-courskaora" "Mozilla/5.0 (Windows; U; Windows NT 6.1; fr; rv:1.9.2.16) Gecko/20110319 Firefox/3.6.16"
2.1.236.203 - - [20/Apr/2011:00:30:31 +0200] "GET /AvatarsManager/joueurs/lakse/1.png HTTP/1.1" 200 69328 "http://ragemachines.simplygaming.org/t339p15-en-courskaora" "Mozilla/5.0 (Windows; U; Windows NT 6.1; fr; rv:1.9.2.16) Gecko/20110319 Firefox/3.6.16"
2.1.236.203 - - [20/Apr/2011:00:30:31 +0200] "GET /AvatarsManager/joueurs/lakse/5.png HTTP/1.1" 200 76045 "http://ragemachines.simplygaming.org/t339p15-en-courskaora" "Mozilla/5.0 (Windows; U; Windows NT 6.1; fr; rv:1.9.2.16) Gecko/20110319 Firefox/3.6.16"
66.249.66.146 - - [20/Apr/2011:00:30:39 +0200] "GET /viewtopic.php?p=2060&highlight=&sid=62e55d690d631f6dbd42c017dadd7293 HTTP/1.1" 200 1999 "-" "Mozilla/5.0 (compatible; Googlebot/2.1; +http://www.google.com/bot.html)"
89.170.22.112 - - [20/Apr/2011:00:30:42 +0200] "GET / HTTP/1.1" 200 1997 "-" "Mozilla/5.0 (Windows NT 6.1; WOW64; rv:2.0) Gecko/20100101 Firefox/4.0"
66.249.66.146 - - [20/Apr/2011:00:30:42 +0200] "GET /viewtopic.php?p=80711&sid=eecd1addd5a29c93e554173359130273 HTTP/1.1" 200 2002 "-" "Mozilla/5.0 (compatible; Googlebot/2.1; +http://www.google.com/bot.html)"
89.170.22.112 - - [20/Apr/2011:00:30:43 +0200] "GET /index.php HTTP/1.1" 200 1997 "http://forum.rally-infernal.info/" "Mozilla/5.0 (Windows NT 6.1; WOW64; rv:2.0) Gecko/20100101 Firefox/4.0"
66.249.66.146 - - [20/Apr/2011:00:31:37 +0200] "GET /viewtopic.php?p=108263&sid=3f04ad45eca9e8bf2a663b56326dda29 HTTP/1.1" 200 2002 "-" "Mozilla/5.0 (compatible; Googlebot/2.1; +http://www.google.com/bot.html)"
193.252.118.174 - - [20/Apr/2011:00:33:07 +0200] "GET /viewtopic.php?t=2567 HTTP/1.1" 200 2001 "-" "Mozilla/5.0 (Windows; U; Windows NT 5.1; fr; rv:1.8.1) VoilaBot BETA 1.2 (support.voilabot@orange-ftgroup.com)"
66.249.72.242 - - [20/Apr/2011:00:36:29 +0200] "GET /viewtopic.php?t=1616&sid=634b7ac65b36ab263a237e7358afa72b HTTP/1.1" 200 2001 "-" "Mozilla/5.0 (compatible; Googlebot/2.1; +http://www.google.com/bot.html)"
95.108.158.232 - - [20/Apr/2011:00:37:02 +0200] "GET /templates/rmstyle/images/topic_top.gif HTTP/1.1" 304 - "-" "Mozilla/5.0 (compatible; YandexImages/3.0; +http://yandex.com/bots)"
222.91.240.163 - - [20/Apr/2011:00:37:12 +0200] "GET /index.php HTTP/1.0" 200 6354 "http://forum.rally-infernal.info/index.php" "Mozilla/4.0 (compatible; MSIE 6.0; Windows NT 5.2; SV1; .NET CLR 1.1.4322; .NET CLR 2.0.50727)"
222.91.240.163 - - [20/Apr/2011:00:37:13 +0200] "GET /profile.php?mode=register&sid=afb2f17c0707f3b20c83a71817e129f8 HTTP/1.0" 200 5861 "http://forum.rally-infernal.info/profile.php?mode=register&sid=afb2f17c0707f3b20c83a71817e129f8" "Mozilla/4.0 (compatible; MSIE 6.0; Windows NT 5.2; SV1; .NET CLR 1.1.4322; .NET CLR 2.0.50727)"
66.249.66.146 - - [20/Apr/2011:00:37:25 +0200] "GET /viewtopic.php?p=10520&sid=5f9b8cc4d676e85c8caa5685228f697e HTTP/1.1" 200 2002 "-" "Mozilla/5.0 (compatible; Googlebot/2.1; +http://www.google.com/bot.html)"
66.249.66.146 - - [20/Apr/2011:00:37:30 +0200] "GET /viewtopic.php?p=107183&sid=56ad567dfab9a7fe5228ad0c0052eb10 HTTP/1.1" 200 2001 "-" "Mozilla/5.0 (compatible; Googlebot/2.1; +http://www.google.com/bot.html)"
90.19.73.158 - - [20/Apr/2011:00:37:42 +0200] "GET / HTTP/1.1" 200 1994 "http://forum.rally-infernal.info/" "Mozilla/5.0 (Windows; U; Windows NT 6.1; fr; rv:1.9.2.10) Gecko/20100914 Firefox/3.6.10"
66.249.72.242 - - [20/Apr/2011:00:38:25 +0200] "GET /viewtopic.php?p=1621&highlight=&sid=0149a5576321351908a69ef816b7d6e1 HTTP/1.1" 200 2002 "-" "Mozilla/5.0 (compatible; Googlebot/2.1; +http://www.google.com/bot.html)"
95.71.68.255 - - [20/Apr/2011:00:38:49 +0200] "GET /profile.php?mode=register&ab_var=agreed0ebbc8513f9ff1c8e75712d2e0b0768b HTTP/1.0" 200 6354 "http://forum.rally-infernal.info/profile.php?mode=register&ab_var=agreed0ebbc8513f9ff1c8e75712d2e0b0768b" "Mozilla/4.0 (compatible; MSIE 6.0; Windows NT 5.1; SV1; .NET CLR 1.1.4322)"
95.71.68.255 - - [20/Apr/2011:00:38:49 +0200] "GET /profile.php?mode=register&sid=a5cd802da55e200afdd695a473ce3319 HTTP/1.0" 200 5861 "http://forum.rally-infernal.info/profile.php?mode=register&sid=a5cd802da55e200afdd695a473ce3319" "Mozilla/4.0 (compatible; MSIE 6.0; Windows NT 5.1; SV1; .NET CLR 1.1.4322)"
90.19.73.158 - - [20/Apr/2011:00:39:08 +0200] "GET / HTTP/1.1" 200 1994 "http://forum.rally-infernal.info/" "Mozilla/5.0 (Windows; U; Windows NT 6.1; fr; rv:1.9.2.10) Gecko/20100914 Firefox/3.6.10"
94.228.34.233 - - [20/Apr/2011:00:41:14 +0200] "GET /viewforum.php?f=1 HTTP/1.1" 200 2001 "-" "magpie-crawler/1.1 (U; Linux amd64; en-GB; +http://www.brandwatch.net)"
94.228.34.233 - - [20/Apr/2011:00:41:14 +0200] "GET /viewforum.php?f=18 HTTP/1.1" 200 2001 "-" "magpie-crawler/1.1 (U; Linux amd64; en-GB; +http://www.brandwatch.net)"
66.249.66.146 - - [20/Apr/2011:00:41:30 +0200] "GET /viewtopic.php?t=2718&postdays=0&postorder=asc&start=90&sid=463411ddcfbe121554b8402ceac1e572 HTTP/1.1" 200 2003 "-" "Mozilla/5.0 (compatible; Googlebot/2.1; +http://www.google.com/bot.html)"
66.249.66.146 - - [20/Apr/2011:00:42:06 +0200] "GET /viewtopic.php?p=77920&sid=634b7ac65b36ab263a237e7358afa72b HTTP/1.1" 200 1998 "-" "Mozilla/5.0 (compatible; Googlebot/2.1; +http://www.google.com/bot.html)"
66.249.66.146 - - [20/Apr/2011:00:43:24 +0200] "GET /viewtopic.php?p=118972&sid=c117174447d69a79fad1942260baa4c3 HTTP/1.1" 200 2000 "-" "Mozilla/5.0 (compatible; Googlebot/2.1; +http://www.google.com/bot.html)"
90.19.73.158 - - [20/Apr/2011:00:43:43 +0200] "GET / HTTP/1.1" 200 1994 "-" "Mozilla/5.0 (Windows; U; Windows NT 6.1; fr; rv:1.9.2.10) Gecko/20100914 Firefox/3.6.10"
90.19.73.158 - - [20/Apr/2011:00:46:54 +0200] "GET / HTTP/1.1" 200 1994 "-" "Mozilla/5.0 (Windows; U; Windows NT 6.1; fr; rv:1.9.2.10) Gecko/20100914 Firefox/3.6.10"
87.88.30.117 - - [20/Apr/2011:00:47:48 +0200] "GET / HTTP/1.1" 200 1995 "-" "Mozilla/5.0 (Windows NT 6.1; rv:2.0) Gecko/20100101 Firefox/4.0"
66.249.66.146 - - [20/Apr/2011:00:47:55 +0200] "GET /viewtopic.php?p=18641&sid=6c5db5df47604f8ae9dd93467c10a996 HTTP/1.1" 200 2002 "-" "Mozilla/5.0 (compatible; Googlebot/2.1; +http://www.google.com/bot.html)"
66.249.72.242 - - [20/Apr/2011:00:49:17 +0200] "GET /search.php?search_author=FiteFfecy&sid=c0e48250dcac6180cdac78063f781a43 HTTP/1.1" 200 2003 "-" "Mozilla/5.0 (compatible; Googlebot/2.1; +http://www.google.com/bot.html)"
94.228.34.233 - - [20/Apr/2011:00:49:23 +0200] "GET /viewforum.php?f=13 HTTP/1.1" 200 2003 "-" "magpie-crawler/1.1 (U; Linux amd64; en-GB; +http://www.brandwatch.net)"
94.228.34.233 - - [20/Apr/2011:00:49:23 +0200] "GET /viewforum.php?f=20 HTTP/1.1" 200 2002 "-" "magpie-crawler/1.1 (U; Linux amd64; en-GB; +http://www.brandwatch.net)"
94.228.34.233 - - [20/Apr/2011:00:49:23 +0200] "GET /viewforum.php?f=8 HTTP/1.1" 200 2002 "-" "magpie-crawler/1.1 (U; Linux amd64; en-GB; +http://www.brandwatch.net)"
