84.103.190.97 - - [20/Apr/2011:01:51:22 +0200] "GET /AvatarsManager/deug21.jpg HTTP/1.1" 302 20 "http://www.trackmania.com/fr/forum/viewtopic.php?t=34755&sid=b5038a70346fd3777ceb29d30a179988" "Mozilla/5.0 (Windows; U; Windows NT 6.0; en-US) AppleWebKit/534.16 (KHTML, like Gecko) Chrome/10.0.648.204 Safari/534.16"
84.103.190.97 - - [20/Apr/2011:01:51:22 +0200] "GET /AvatarsManager/joueurs/deug21/1.png HTTP/1.1" 200 48858 "http://www.trackmania.com/fr/forum/viewtopic.php?t=34755&sid=b5038a70346fd3777ceb29d30a179988" "Mozilla/5.0 (Windows; U; Windows NT 6.0; en-US) AppleWebKit/534.16 (KHTML, like Gecko) Chrome/10.0.648.204 Safari/534.16"
89.170.22.112 - - [20/Apr/2011:01:53:09 +0200] "GET / HTTP/1.1" 200 2002 "-" "Mozilla/5.0 (Windows NT 6.1; WOW64; rv:2.0) Gecko/20100101 Firefox/4.0"
109.230.246.129 - - [20/Apr/2011:01:53:31 +0200] "GET /index.php HTTP/1.0" 200 6354 "http://forum.rally-infernal.info/index.php" "Mozilla/4.0 (compatible; MSIE 6.0; Windows 98; Win 9x 4.90)"
109.230.246.129 - - [20/Apr/2011:01:53:31 +0200] "GET /profile.php?mode=register&sid=6f60e7181c1aac40d68a8708e018c8c4 HTTP/1.0" 200 5861 "http://forum.rally-infernal.info/profile.php?mode=register&sid=6f60e7181c1aac40d68a8708e018c8c4" "Mozilla/4.0 (compatible; MSIE 6.0; Windows 98; Win 9x 4.90)"
66.249.66.146 - - [20/Apr/2011:01:53:47 +0200] "GET /viewtopic.php?p=99375&sid=94cd78dfbe51873ee9d08a3b884dd067 HTTP/1.1" 200 2002 "-" "Mozilla/5.0 (compatible; Googlebot/2.1; +http://www.google.com/bot.html)"
66.249.66.146 - - [20/Apr/2011:01:54:36 +0200] "GET /viewtopic.php?p=48694&highlight=&sid=88a43cb1ea1a70f00cf981623e0d2d3f HTTP/1.1" 200 2001 "-" "Mozilla/5.0 (compatible; Googlebot/2.1; +http://www.google.com/bot.html)"
84.103.122.233 - - [20/Apr/2011:01:54:44 +0200] "GET /AvatarsManager/deug21.jpg HTTP/1.1" 302 20 "http://www.trackmania.com/fr/forum/viewtopic.php?t=34762" "Mozilla/5.0 (Windows; U; Windows NT 6.1; fr; rv:1.9.2.16) Gecko/20110319 Firefox/3.6.16"
84.103.122.233 - - [20/Apr/2011:01:54:44 +0200] "GET /AvatarsManager/joueurs/deug21/1.png HTTP/1.1" 200 48858 "http://www.trackmania.com/fr/forum/viewtopic.php?t=34762" "Mozilla/5.0 (Windows; U; Windows NT 6.1; fr; rv:1.9.2.16) Gecko/20110319 Firefox/3.6.16"
66.249.72.242 - - [20/Apr/2011:01:55:37 +0200] "GET /viewtopic.php?p=101609&sid=746612f3d1a795ccab0a3a120436f4ab HTTP/1.1" 200 2002 "-" "Mozilla/5.0 (compatible; Googlebot/2.1; +http://www.google.com/bot.html)"
79.94.98.72 - - [20/Apr/2011:01:56:00 +0200] "GET /index.php HTTP/1.1" 200 2012 "-" "Mozilla/5.0 (Windows; U; Windows NT 6.1; en-US) AppleWebKit/534.16 (KHTML, like Gecko) Chrome/10.0.648.205 Safari/534.16"
66.249.66.146 - - [20/Apr/2011:01:56:28 +0200] "GET /viewtopic.php?p=86870&sid=cd959a09b1a4cec928e5a690a978a085 HTTP/1.1" 200 2001 "-" "Mozilla/5.0 (compatible; Googlebot/2.1; +http://www.google.com/bot.html)"
95.133.52.217 - - [20/Apr/2011:01:59:06 +0200] "GET /index.php HTTP/1.0" 200 6354 "http://forum.rally-infernal.info/index.php" "Opera/9.0 (Windows NT 5.1; U; en)"
95.133.52.217 - - [20/Apr/2011:01:59:07 +0200] "GET /index.php?sid=6225485d9a7a364f7dba41586b133b05 HTTP/1.0" 200 5861 "http://forum.rally-infernal.info/index.php?sid=6225485d9a7a364f7dba41586b133b05" "Opera/9.0 (Windows NT 5.1; U; en)"
95.133.52.217 - - [20/Apr/2011:01:59:07 +0200] "GET /index.php HTTP/1.0" 200 5861 "http://forum.rally-infernal.info/index.php" "Opera/9.0 (Windows NT 5.1; U; en)"
66.249.66.146 - - [20/Apr/2011:01:59:24 +0200] "GET /viewtopic.php?p=71730&highlight=&sid=a72441ced225c43129cf98a9ea768edc HTTP/1.1" 200 2002 "-" "Mozilla/5.0 (compatible; Googlebot/2.1; +http://www.google.com/bot.html)"
66.249.66.146 - - [20/Apr/2011:01:59:32 +0200] "GET /viewtopic.php?t=3154&postdays=0&postorder=asc&start=360&sid=824c89749faee84169c4a3e0d5ac4ce5 HTTP/1.1" 200 2003 "-" "Mozilla/5.0 (compatible; Googlebot/2.1; +http://www.google.com/bot.html)"
199.15.234.8 - - [20/Apr/2011:02:00:48 +0200] "GET /index.php HTTP/1.0" 200 6354 "http://forum.rally-infernal.info/index.php" "Mozilla/4.79 [en] (Windows NT 5.0; U)"
199.15.234.8 - - [20/Apr/2011:02:00:49 +0200] "GET /profile.php?mode=register&sid=575d1e39e6fad5b8f4b8110b086a623d HTTP/1.0" 200 5861 "http://forum.rally-infernal.info/profile.php?mode=register&sid=575d1e39e6fad5b8f4b8110b086a623d" "Mozilla/4.79 [en] (Windows NT 5.0; U)"
66.249.66.146 - - [20/Apr/2011:02:02:16 +0200] "GET /viewtopic.php?t=76&view=next&sid=7f8528a97fc42cf7520503c99f8bd315 HTTP/1.1" 200 2001 "-" "Mozilla/5.0 (compatible; Googlebot/2.1; +http://www.google.com/bot.html)"
84.103.122.233 - - [20/Apr/2011:02:02:21 +0200] "GET /AvatarsManager/deug21.jpg HTTP/1.1" 302 20 "http://www.trackmania.com/fr/forum/viewtopic.php?t=36492" "Mozilla/5.0 (Windows; U; Windows NT 6.1; fr; rv:1.9.2.16) Gecko/20110319 Firefox/3.6.16"
79.94.98.72 - - [20/Apr/2011:02:04:04 +0200] "GET /index.php HTTP/1.1" 200 1995 "-" "Mozilla/5.0 (Windows; U; Windows NT 6.1; en-US) AppleWebKit/534.16 (KHTML, like Gecko) Chrome/10.0.648.205 Safari/534.16"
67.195.111.22 - - [20/Apr/2011:02:04:35 +0200] "GET /viewtopic.php?t=2515&postdays=0&postorder=asc&start=30 HTTP/1.0" 200 2003 "-" "Mozilla/5.0 (compatible; Yahoo! Slurp; http://help.yahoo.com/help/us/ysearch/slurp)"
66.249.72.242 - - [20/Apr/2011:02:05:17 +0200] "GET /viewtopic.php?p=119298&sid=47f4dbaa845eb6d06072e76bec05752e HTTP/1.1" 200 1999 "-" "Mozilla/5.0 (compatible; Googlebot/2.1; +http://www.google.com/bot.html)"
94.228.34.233 - - [20/Apr/2011:02:05:35 +0200] "GET /viewforum.php?f=25 HTTP/1.1" 200 2001 "-" "magpie-crawler/1.1 (U; Linux amd64; en-GB; +http://www.brandwatch.net)"
66.249.66.146 - - [20/Apr/2011:02:07:59 +0200] "GET /viewtopic.php?p=119183&sid=0515c6835bdb8ccc06bd53480062b6d7 HTTP/1.1" 200 2002 "-" "Mozilla/5.0 (compatible; Googlebot/2.1; +http://www.google.com/bot.html)"
94.228.34.237 - - [20/Apr/2011:02:09:04 +0200] "GET /viewforum.php?f=32 HTTP/1.1" 200 2002 "-" "magpie-crawler/1.1 (U; Linux amd64; en-GB; +http://www.brandwatch.net)"
117.23.229.23 - - [20/Apr/2011:02:10:21 +0200] "GET /index.php HTTP/1.0" 200 6354 "http://forum.rally-infernal.info/index.php" "Mozilla/4.0 (compatible; MSIE 6.0; MSIE 5.5; Windows NT 4.0) Opera 7.0 [en]"
117.23.229.23 - - [20/Apr/2011:02:10:22 +0200] "GET /profile.php?mode=register&sid=ede0baa89aed232a37d72067db005233 HTTP/1.0" 200 5861 "http://forum.rally-infernal.info/profile.php?mode=register&sid=ede0baa89aed232a37d72067db005233" "Mozilla/4.0 (compatible; MSIE 6.0; MSIE 5.5; Windows NT 4.0) Opera 7.0 [en]"
66.249.72.242 - - [20/Apr/2011:02:11:02 +0200] "GET /viewtopic.php?p=113537&sid=bb6a58bf0401a7288fba84fdaa84990d HTTP/1.1" 200 2001 "-" "Mozilla/5.0 (compatible; Googlebot/2.1; +http://www.google.com/bot.html)"
66.249.66.146 - - [20/Apr/2011:02:11:24 +0200] "GET /viewtopic.php?p=101615&sid=e67fdd26a54719f4fb7d58adc1a212ab HTTP/1.1" 200 2000 "-" "Mozilla/5.0 (compatible; Googlebot/2.1; +http://www.google.com/bot.html)"
66.249.66.146 - - [20/Apr/2011:02:12:57 +0200] "GET /viewtopic.php?p=13865&highlight=&sid=d0be3b5a1f083ed53d5f8ba7ed09abed HTTP/1.1" 200 2001 "-" "Mozilla/5.0 (compatible; Googlebot/2.1; +http://www.google.com/bot.html)"
66.249.72.242 - - [20/Apr/2011:02:13:42 +0200] "GET /viewtopic.php?p=102681&sid=673d4ffda35778084d80a2284cf11b13 HTTP/1.1" 200 2001 "-" "Mozilla/5.0 (compatible; Googlebot/2.1; +http://www.google.com/bot.html)"
157.55.116.13 - - [20/Apr/2011:02:16:45 +0200] "GET /viewtopic.php?p=98548 HTTP/1.1" 200 105 "-" "msnbot/2.0b (+http://search.msn.com/msnbot.htm)._"
66.249.66.146 - - [20/Apr/2011:02:16:46 +0200] "GET /viewtopic.php?p=107674&sid=e8e2642a14c6d0fe9983b9039765df7f HTTP/1.1" 200 2002 "-" "Mozilla/5.0 (compatible; Googlebot/2.1; +http://www.google.com/bot.html)"
157.55.116.13 - - [20/Apr/2011:02:17:02 +0200] "GET /viewtopic.php?p=93301 HTTP/1.1" 200 105 "-" "msnbot/2.0b (+http://search.msn.com/msnbot.htm)._"
157.55.116.13 - - [20/Apr/2011:02:17:06 +0200] "GET /viewtopic.php?p=41222 HTTP/1.1" 200 105 "-" "msnbot/2.0b (+http://search.msn.com/msnbot.htm)._"
157.55.116.13 - - [20/Apr/2011:02:17:13 +0200] "GET /viewtopic.php?t=1008&view=next HTTP/1.1" 200 105 "-" "msnbot/2.0b (+http://search.msn.com/msnbot.htm)._"
91.201.67.63 - - [20/Apr/2011:02:17:20 +0200] "GET /profile.php?mode=register&ab_var=agreed95f41c90c1801f33c5399eb3c51aad83 HTTP/1.0" 200 6354 "http://forum.rally-infernal.info/profile.php?mode=register&ab_var=agreed95f41c90c1801f33c5399eb3c51aad83" "Opera/7.60 (Windows NT 5.2; U) [en] (IBM EVV/3.0/EAK01AG9/LE)"
91.201.67.63 - - [20/Apr/2011:02:17:20 +0200] "GET /login.php?sid=0dfc768d498254d02deff2945ad7140d HTTP/1.0" 200 7182 "http://forum.rally-infernal.info/login.php?sid=0dfc768d498254d02deff2945ad7140d" "Opera/7.60 (Windows NT 5.2; U) [en] (IBM EVV/3.0/EAK01AG9/LE)"
91.201.67.63 - - [20/Apr/2011:02:17:20 +0200] "POST /login.php HTTP/1.0" 200 6070 "http://forum.rally-infernal.info/login.php?sid=0dfc768d498254d02deff2945ad7140d" "Opera/7.60 (Windows NT 5.2; U) [en] (IBM EVV/3.0/EAK01AG9/LE)"
157.55.116.13 - - [20/Apr/2011:02:17:30 +0200] "GET /login.php?redirect=posting.php&mode=quote&p=63686 HTTP/1.1" 200 1921 "-" "msnbot/2.0b (+http://search.msn.com/msnbot.htm)._"
157.55.116.13 - - [20/Apr/2011:02:17:32 +0200] "GET /posting.php?mode=quote&p=1888 HTTP/1.1" 200 105 "-" "msnbot/2.0b (+http://search.msn.com/msnbot.htm)._"
157.55.116.13 - - [20/Apr/2011:02:17:36 +0200] "GET /viewtopic.php?p=35577 HTTP/1.1" 200 105 "-" "msnbot/2.0b (+http://search.msn.com/msnbot.htm)._"
157.55.116.13 - - [20/Apr/2011:02:17:39 +0200] "GET /viewtopic.php?p=48012 HTTP/1.1" 200 105 "-" "msnbot/2.0b (+http://search.msn.com/msnbot.htm)._"
157.55.116.13 - - [20/Apr/2011:02:17:47 +0200] "GET /posting.php?mode=quote&p=3585 HTTP/1.1" 200 105 "-" "msnbot/2.0b (+http://search.msn.com/msnbot.htm)._"
157.55.116.13 - - [20/Apr/2011:02:17:52 +0200] "GET /viewtopic.php?p=53446 HTTP/1.1" 200 105 "-" "msnbot/2.0b (+http://search.msn.com/msnbot.htm)._"
157.55.116.13 - - [20/Apr/2011:02:17:56 +0200] "GET /viewtopic.php?p=55089 HTTP/1.1" 200 105 "-" "msnbot/2.0b (+http://search.msn.com/msnbot.htm)._"
157.55.116.13 - - [20/Apr/2011:02:18:02 +0200] "GET /login.php?redirect=posting.php&mode=quote&p=52978 HTTP/1.1" 200 1921 "-" "msnbot/2.0b (+http://search.msn.com/msnbot.htm)._"
157.55.116.13 - - [20/Apr/2011:02:18:06 +0200] "GET /login.php?redirect=posting.php&mode=quote&p=112605 HTTP/1.1" 200 1921 "-" "msnbot/2.0b (+http://search.msn.com/msnbot.htm)._"
157.55.116.13 - - [20/Apr/2011:02:18:15 +0200] "GET /posting.php?mode=quote&p=28633 HTTP/1.1" 200 105 "-" "msnbot/2.0b (+http://search.msn.com/msnbot.htm)._"
157.55.116.13 - - [20/Apr/2011:02:18:26 +0200] "GET /viewtopic.php?p=60380 HTTP/1.1" 200 105 "-" "msnbot/2.0b (+http://search.msn.com/msnbot.htm)._"
157.55.116.13 - - [20/Apr/2011:02:18:28 +0200] "GET /viewtopic.php?p=50688 HTTP/1.1" 200 105 "-" "msnbot/2.0b (+http://search.msn.com/msnbot.htm)._"
157.55.116.13 - - [20/Apr/2011:02:18:35 +0200] "GET /viewtopic.php?p=94580 HTTP/1.1" 200 105 "-" "msnbot/2.0b (+http://search.msn.com/msnbot.htm)._"
81.52.143.34 - - [20/Apr/2011:02:18:38 +0200] "GET /robots.txt HTTP/1.1" 404 182 "-" "Mozilla/5.0 (Windows; U; Windows NT 5.1; fr; rv:1.8.1) VoilaBot BETA 1.2 (support.voilabot@orange-ftgroup.com)"
157.55.116.13 - - [20/Apr/2011:02:18:40 +0200] "GET /viewtopic.php?p=48834 HTTP/1.1" 200 105 "-" "msnbot/2.0b (+http://search.msn.com/msnbot.htm)._"
157.55.116.13 - - [20/Apr/2011:02:18:48 +0200] "GET /viewtopic.php?p=52984 HTTP/1.1" 200 105 "-" "msnbot/2.0b (+http://search.msn.com/msnbot.htm)._"
157.55.116.13 - - [20/Apr/2011:02:18:50 +0200] "GET /viewtopic.php?p=95039 HTTP/1.1" 200 105 "-" "msnbot/2.0b (+http://search.msn.com/msnbot.htm)._"
157.55.116.13 - - [20/Apr/2011:02:18:56 +0200] "GET /login.php?redirect=posting.php&mode=quote&p=81617 HTTP/1.1" 200 1921 "-" "msnbot/2.0b (+http://search.msn.com/msnbot.htm)._"
81.52.143.34 - - [20/Apr/2011:02:18:56 +0200] "GET /viewtopic.php?t=2301 HTTP/1.1" 200 2003 "-" "Mozilla/5.0 (Windows; U; Windows NT 5.1; fr; rv:1.8.1) VoilaBot BETA 1.2 (support.voilabot@orange-ftgroup.com)"
157.55.116.13 - - [20/Apr/2011:02:18:58 +0200] "GET /viewtopic.php?t=2736 HTTP/1.1" 200 105 "-" "msnbot/2.0b (+http://search.msn.com/msnbot.htm)._"
157.55.116.13 - - [20/Apr/2011:02:19:01 +0200] "GET /viewtopic.php?t=3212 HTTP/1.1" 200 105 "-" "msnbot/2.0b (+http://search.msn.com/msnbot.htm)._"
157.55.116.13 - - [20/Apr/2011:02:19:05 +0200] "GET /login.php?redirect=posting.php&mode=quote&p=59414 HTTP/1.1" 200 1921 "-" "msnbot/2.0b (+http://search.msn.com/msnbot.htm)._"
157.55.116.13 - - [20/Apr/2011:02:19:08 +0200] "GET /viewtopic.php?p=108408 HTTP/1.1" 200 105 "-" "msnbot/2.0b (+http://search.msn.com/msnbot.htm)._"
157.55.116.13 - - [20/Apr/2011:02:19:11 +0200] "GET /viewtopic.php?p=93518 HTTP/1.1" 200 105 "-" "msnbot/2.0b (+http://search.msn.com/msnbot.htm)._"
157.55.116.13 - - [20/Apr/2011:02:19:15 +0200] "GET /viewtopic.php?p=44474 HTTP/1.1" 200 105 "-" "msnbot/2.0b (+http://search.msn.com/msnbot.htm)._"
157.55.116.13 - - [20/Apr/2011:02:19:17 +0200] "GET /viewtopic.php?p=21849 HTTP/1.1" 200 105 "-" "msnbot/2.0b (+http://search.msn.com/msnbot.htm)._"
157.55.116.13 - - [20/Apr/2011:02:19:20 +0200] "GET /posting.php?mode=quote&p=23436 HTTP/1.1" 200 105 "-" "msnbot/2.0b (+http://search.msn.com/msnbot.htm)._"
157.55.116.13 - - [20/Apr/2011:02:19:24 +0200] "GET /posting.php?mode=quote&p=24251 HTTP/1.1" 200 105 "-" "msnbot/2.0b (+http://search.msn.com/msnbot.htm)._"
66.249.66.146 - - [20/Apr/2011:02:19:25 +0200] "GET /viewtopic.php?p=85831&sid=c0c585a02316f6432d1faa6323792d1f HTTP/1.1" 200 2004 "-" "Mozilla/5.0 (compatible; Googlebot/2.1; +http://www.google.com/bot.html)"
157.55.116.13 - - [20/Apr/2011:02:19:33 +0200] "GET /viewtopic.php?p=3038 HTTP/1.1" 200 105 "-" "msnbot/2.0b (+http://search.msn.com/msnbot.htm)._"
157.55.116.13 - - [20/Apr/2011:02:19:41 +0200] "GET /viewtopic.php?p=10148 HTTP/1.1" 200 105 "-" "msnbot/2.0b (+http://search.msn.com/msnbot.htm)._"
157.55.116.13 - - [20/Apr/2011:02:19:48 +0200] "GET /viewtopic.php?p=94796 HTTP/1.1" 200 105 "-" "msnbot/2.0b (+http://search.msn.com/msnbot.htm)._"
157.55.116.13 - - [20/Apr/2011:02:19:51 +0200] "GET /viewtopic.php?p=47676 HTTP/1.1" 200 105 "-" "msnbot/2.0b (+http://search.msn.com/msnbot.htm)._"
157.55.116.13 - - [20/Apr/2011:02:19:57 +0200] "GET /viewtopic.php?p=18764 HTTP/1.1" 200 105 "-" "msnbot/2.0b (+http://search.msn.com/msnbot.htm)._"
157.55.116.13 - - [20/Apr/2011:02:19:59 +0200] "GET /viewtopic.php?p=107385 HTTP/1.1" 200 105 "-" "msnbot/2.0b (+http://search.msn.com/msnbot.htm)._"
157.55.116.13 - - [20/Apr/2011:02:20:01 +0200] "GET /viewtopic.php?p=103051 HTTP/1.1" 200 105 "-" "msnbot/2.0b (+http://search.msn.com/msnbot.htm)._"
157.55.116.13 - - [20/Apr/2011:02:20:05 +0200] "GET /viewtopic.php?p=19098 HTTP/1.1" 200 105 "-" "msnbot/2.0b (+http://search.msn.com/msnbot.htm)._"
157.55.116.13 - - [20/Apr/2011:02:20:08 +0200] "GET /viewtopic.php?p=2817 HTTP/1.1" 200 105 "-" "msnbot/2.0b (+http://search.msn.com/msnbot.htm)._"
157.55.116.13 - - [20/Apr/2011:02:20:10 +0200] "GET /viewtopic.php?p=93476 HTTP/1.1" 200 105 "-" "msnbot/2.0b (+http://search.msn.com/msnbot.htm)._"
157.55.116.13 - - [20/Apr/2011:02:20:17 +0200] "GET /viewtopic.php?p=34858 HTTP/1.1" 200 105 "-" "msnbot/2.0b (+http://search.msn.com/msnbot.htm)._"
157.55.116.13 - - [20/Apr/2011:02:20:19 +0200] "GET /viewtopic.php?p=19344 HTTP/1.1" 200 105 "-" "msnbot/2.0b (+http://search.msn.com/msnbot.htm)._"
157.55.116.13 - - [20/Apr/2011:02:20:23 +0200] "GET /viewtopic.php?p=97335 HTTP/1.1" 200 105 "-" "msnbot/2.0b (+http://search.msn.com/msnbot.htm)._"
157.55.116.13 - - [20/Apr/2011:02:20:26 +0200] "GET /viewtopic.php?p=83475 HTTP/1.1" 200 105 "-" "msnbot/2.0b (+http://search.msn.com/msnbot.htm)._"
157.55.116.13 - - [20/Apr/2011:02:20:30 +0200] "GET /posting.php?mode=quote&p=22106 HTTP/1.1" 200 105 "-" "msnbot/2.0b (+http://search.msn.com/msnbot.htm)._"
157.55.116.13 - - [20/Apr/2011:02:20:34 +0200] "GET /viewtopic.php?p=91353 HTTP/1.1" 200 105 "-" "msnbot/2.0b (+http://search.msn.com/msnbot.htm)._"
157.55.116.13 - - [20/Apr/2011:02:20:36 +0200] "GET /viewtopic.php?p=84942 HTTP/1.1" 200 105 "-" "msnbot/2.0b (+http://search.msn.com/msnbot.htm)._"
157.55.116.13 - - [20/Apr/2011:02:20:37 +0200] "GET /viewtopic.php?p=35277 HTTP/1.1" 200 105 "-" "msnbot/2.0b (+http://search.msn.com/msnbot.htm)._"
157.55.116.13 - - [20/Apr/2011:02:20:41 +0200] "GET /viewtopic.php?p=101385 HTTP/1.1" 200 105 "-" "msnbot/2.0b (+http://search.msn.com/msnbot.htm)._"
157.55.116.13 - - [20/Apr/2011:02:20:44 +0200] "GET /viewtopic.php?p=95984 HTTP/1.1" 200 105 "-" "msnbot/2.0b (+http://search.msn.com/msnbot.htm)._"
157.55.116.13 - - [20/Apr/2011:02:20:46 +0200] "GET /viewtopic.php?p=32717 HTTP/1.1" 200 105 "-" "msnbot/2.0b (+http://search.msn.com/msnbot.htm)._"
157.55.116.13 - - [20/Apr/2011:02:20:51 +0200] "GET /viewtopic.php?p=106249 HTTP/1.1" 200 105 "-" "msnbot/2.0b (+http://search.msn.com/msnbot.htm)._"
157.55.116.13 - - [20/Apr/2011:02:20:54 +0200] "GET /viewtopic.php?p=32691 HTTP/1.1" 200 105 "-" "msnbot/2.0b (+http://search.msn.com/msnbot.htm)._"
157.55.116.13 - - [20/Apr/2011:02:20:56 +0200] "GET /viewtopic.php?p=34522 HTTP/1.1" 200 105 "-" "msnbot/2.0b (+http://search.msn.com/msnbot.htm)._"
157.55.116.13 - - [20/Apr/2011:02:20:58 +0200] "GET /posting.php?mode=quote&p=106781 HTTP/1.1" 200 105 "-" "msnbot/2.0b (+http://search.msn.com/msnbot.htm)._"
157.55.116.13 - - [20/Apr/2011:02:21:02 +0200] "GET /viewtopic.php?p=51372 HTTP/1.1" 200 105 "-" "msnbot/2.0b (+http://search.msn.com/msnbot.htm)._"
157.55.116.13 - - [20/Apr/2011:02:21:04 +0200] "GET /viewtopic.php?p=35759&highlight= HTTP/1.1" 200 105 "-" "msnbot/2.0b (+http://search.msn.com/msnbot.htm)._"
77.233.103.15 - - [20/Apr/2011:02:21:05 +0200] "GET /viewtopic.php?t=2515 HTTP/1.1" 200 2002 "http://forum.telecharger.01net.com/telecharger/windows--logiciels/logicielle_pour_cree_des_voiture_tuning-411961/messages-1.html" "Mozilla/4.0 (compatible; MSIE 8.0; Windows NT 6.0; Trident/4.0; SLCC1; .NET CLR 2.0.50727; Media Center PC 5.0; .NET CLR 3.5.30729; .NET CLR 3.0.30729; .NET4.0C)"
77.233.103.15 - - [20/Apr/2011:02:21:06 +0200] "GET /templates/rmstyle/rmstyle.css HTTP/1.1" 200 3183 "http://forum.rally-infernal.info/viewtopic.php?t=2515" "Mozilla/4.0 (compatible; MSIE 8.0; Windows NT 6.0; Trident/4.0; SLCC1; .NET CLR 2.0.50727; Media Center PC 5.0; .NET CLR 3.5.30729; .NET CLR 3.0.30729; .NET4.0C)"
157.55.116.13 - - [20/Apr/2011:02:21:07 +0200] "GET /posting.php?mode=quote&p=12104 HTTP/1.1" 200 105 "-" "msnbot/2.0b (+http://search.msn.com/msnbot.htm)._"
77.233.103.15 - - [20/Apr/2011:02:21:07 +0200] "GET /templates/rmstyle/images/lang_french/icon_mini_faq.png HTTP/1.1" 200 2638 "http://forum.rally-infernal.info/viewtopic.php?t=2515" "Mozilla/4.0 (compatible; MSIE 8.0; Windows NT 6.0; Trident/4.0; SLCC1; .NET CLR 2.0.50727; Media Center PC 5.0; .NET CLR 3.5.30729; .NET CLR 3.0.30729; .NET4.0C)"
77.233.103.15 - - [20/Apr/2011:02:21:08 +0200] "GET /templates/rmstyle/images/lang_french/icon_mini_login.png HTTP/1.1" 200 2281 "http://forum.rally-infernal.info/viewtopic.php?t=2515" "Mozilla/4.0 (compatible; MSIE 8.0; Windows NT 6.0; Trident/4.0; SLCC1; .NET CLR 2.0.50727; Media Center PC 5.0; .NET CLR 3.5.30729; .NET CLR 3.0.30729; .NET4.0C)"
77.233.103.15 - - [20/Apr/2011:02:21:08 +0200] "GET /templates/rmstyle/images/lang_french/icon_mini_members.png HTTP/1.1" 200 3256 "http://forum.rally-infernal.info/viewtopic.php?t=2515" "Mozilla/4.0 (compatible; MSIE 8.0; Windows NT 6.0; Trident/4.0; SLCC1; .NET CLR 2.0.50727; Media Center PC 5.0; .NET CLR 3.5.30729; .NET CLR 3.0.30729; .NET4.0C)"
77.233.103.15 - - [20/Apr/2011:02:21:08 +0200] "GET /templates/rmstyle/images/lang_french/icon_mini_profile.png HTTP/1.1" 200 2386 "http://forum.rally-infernal.info/viewtopic.php?t=2515" "Mozilla/4.0 (compatible; MSIE 8.0; Windows NT 6.0; Trident/4.0; SLCC1; .NET CLR 2.0.50727; Media Center PC 5.0; .NET CLR 3.5.30729; .NET CLR 3.0.30729; .NET4.0C)"
77.233.103.15 - - [20/Apr/2011:02:21:08 +0200] "GET /templates/rmstyle/images/lang_french/icon_mini_site.png HTTP/1.1" 200 2634 "http://forum.rally-infernal.info/viewtopic.php?t=2515" "Mozilla/4.0 (compatible; MSIE 8.0; Windows NT 6.0; Trident/4.0; SLCC1; .NET CLR 2.0.50727; Media Center PC 5.0; .NET CLR 3.5.30729; .NET CLR 3.0.30729; .NET4.0C)"
77.233.103.15 - - [20/Apr/2011:02:21:08 +0200] "GET /templates/rmstyle/images/lang_french/icon_mini_search.png HTTP/1.1" 200 2772 "http://forum.rally-infernal.info/viewtopic.php?t=2515" "Mozilla/4.0 (compatible; MSIE 8.0; Windows NT 6.0; Trident/4.0; SLCC1; .NET CLR 2.0.50727; Media Center PC 5.0; .NET CLR 3.5.30729; .NET CLR 3.0.30729; .NET4.0C)"
77.233.103.15 - - [20/Apr/2011:02:21:08 +0200] "GET /templates/rmstyle/images/lang_french/icon_mini_groups.png HTTP/1.1" 200 3010 "http://forum.rally-infernal.info/viewtopic.php?t=2515" "Mozilla/4.0 (compatible; MSIE 8.0; Windows NT 6.0; Trident/4.0; SLCC1; .NET CLR 2.0.50727; Media Center PC 5.0; .NET CLR 3.5.30729; .NET CLR 3.0.30729; .NET4.0C)"
77.233.103.15 - - [20/Apr/2011:02:21:08 +0200] "GET /templates/rmstyle/images/lang_french/icon_mini_message.png HTTP/1.1" 200 2464 "http://forum.rally-infernal.info/viewtopic.php?t=2515" "Mozilla/4.0 (compatible; MSIE 8.0; Windows NT 6.0; Trident/4.0; SLCC1; .NET CLR 2.0.50727; Media Center PC 5.0; .NET CLR 3.5.30729; .NET CLR 3.0.30729; .NET4.0C)"
77.233.103.15 - - [20/Apr/2011:02:21:08 +0200] "GET /templates/rmstyle/images/lang_french/icon_mini_register.png HTTP/1.1" 200 2755 "http://forum.rally-infernal.info/viewtopic.php?t=2515" "Mozilla/4.0 (compatible; MSIE 8.0; Windows NT 6.0; Trident/4.0; SLCC1; .NET CLR 2.0.50727; Media Center PC 5.0; .NET CLR 3.5.30729; .NET CLR 3.0.30729; .NET4.0C)"
77.233.103.15 - - [20/Apr/2011:02:21:08 +0200] "GET /templates/rmstyle/images/bg_body.jpg HTTP/1.1" 200 103373 "http://forum.rally-infernal.info/viewtopic.php?t=2515" "Mozilla/4.0 (compatible; MSIE 8.0; Windows NT 6.0; Trident/4.0; SLCC1; .NET CLR 2.0.50727; Media Center PC 5.0; .NET CLR 3.5.30729; .NET CLR 3.0.30729; .NET4.0C)"
157.55.116.13 - - [20/Apr/2011:02:21:12 +0200] "GET /viewtopic.php?p=108628 HTTP/1.1" 200 105 "-" "msnbot/2.0b (+http://search.msn.com/msnbot.htm)._"
77.233.103.15 - - [20/Apr/2011:02:21:07 +0200] "GET /templates/rmstyle/images/logo_rmstyle.jpg HTTP/1.1" 200 108363 "http://forum.rally-infernal.info/viewtopic.php?t=2515" "Mozilla/4.0 (compatible; MSIE 8.0; Windows NT 6.0; Trident/4.0; SLCC1; .NET CLR 2.0.50727; Media Center PC 5.0; .NET CLR 3.5.30729; .NET CLR 3.0.30729; .NET4.0C)"
157.55.116.13 - - [20/Apr/2011:02:21:16 +0200] "GET /viewtopic.php?p=111589 HTTP/1.1" 200 105 "-" "msnbot/2.0b (+http://search.msn.com/msnbot.htm)._"
157.55.116.13 - - [20/Apr/2011:02:21:18 +0200] "GET /viewtopic.php?p=61611 HTTP/1.1" 200 105 "-" "msnbot/2.0b (+http://search.msn.com/msnbot.htm)._"
157.55.116.13 - - [20/Apr/2011:02:21:23 +0200] "GET /viewtopic.php?p=108314 HTTP/1.1" 200 105 "-" "msnbot/2.0b (+http://search.msn.com/msnbot.htm)._"
157.55.116.13 - - [20/Apr/2011:02:21:34 +0200] "GET /posting.php?mode=quote&p=78685 HTTP/1.1" 200 105 "-" "msnbot/2.0b (+http://search.msn.com/msnbot.htm)._"
157.55.116.13 - - [20/Apr/2011:02:21:38 +0200] "GET /viewtopic.php?p=111558 HTTP/1.1" 200 105 "-" "msnbot/2.0b (+http://search.msn.com/msnbot.htm)._"
157.55.116.13 - - [20/Apr/2011:02:21:40 +0200] "GET /viewtopic.php?p=106493 HTTP/1.1" 200 105 "-" "msnbot/2.0b (+http://search.msn.com/msnbot.htm)._"
157.55.116.13 - - [20/Apr/2011:02:21:43 +0200] "GET /viewtopic.php?p=107182 HTTP/1.1" 200 105 "-" "msnbot/2.0b (+http://search.msn.com/msnbot.htm)._"
157.55.116.13 - - [20/Apr/2011:02:21:47 +0200] "GET /viewtopic.php?p=114367 HTTP/1.1" 200 105 "-" "msnbot/2.0b (+http://search.msn.com/msnbot.htm)._"
157.55.116.13 - - [20/Apr/2011:02:21:48 +0200] "GET /posting.php?mode=quote&p=8552 HTTP/1.1" 200 105 "-" "msnbot/2.0b (+http://search.msn.com/msnbot.htm)._"
157.55.116.13 - - [20/Apr/2011:02:21:51 +0200] "GET /viewtopic.php?p=105500 HTTP/1.1" 200 105 "-" "msnbot/2.0b (+http://search.msn.com/msnbot.htm)._"
157.55.116.13 - - [20/Apr/2011:02:21:53 +0200] "GET /viewtopic.php?p=12418 HTTP/1.1" 200 105 "-" "msnbot/2.0b (+http://search.msn.com/msnbot.htm)._"
157.55.116.13 - - [20/Apr/2011:02:21:56 +0200] "GET /viewtopic.php?p=2476 HTTP/1.1" 200 105 "-" "msnbot/2.0b (+http://search.msn.com/msnbot.htm)._"
157.55.116.13 - - [20/Apr/2011:02:21:59 +0200] "GET /viewtopic.php?p=26871 HTTP/1.1" 200 105 "-" "msnbot/2.0b (+http://search.msn.com/msnbot.htm)._"
157.55.116.13 - - [20/Apr/2011:02:22:02 +0200] "GET /viewtopic.php?p=107885 HTTP/1.1" 200 105 "-" "msnbot/2.0b (+http://search.msn.com/msnbot.htm)._"
157.55.116.13 - - [20/Apr/2011:02:22:04 +0200] "GET /viewtopic.php?p=16820 HTTP/1.1" 200 105 "-" "msnbot/2.0b (+http://search.msn.com/msnbot.htm)._"
157.55.116.13 - - [20/Apr/2011:02:22:06 +0200] "GET /viewtopic.php?p=17304 HTTP/1.1" 200 105 "-" "msnbot/2.0b (+http://search.msn.com/msnbot.htm)._"
157.55.116.13 - - [20/Apr/2011:02:22:10 +0200] "GET /viewtopic.php?p=109103 HTTP/1.1" 200 105 "-" "msnbot/2.0b (+http://search.msn.com/msnbot.htm)._"
157.55.116.13 - - [20/Apr/2011:02:22:13 +0200] "GET /viewtopic.php?p=48885 HTTP/1.1" 200 105 "-" "msnbot/2.0b (+http://search.msn.com/msnbot.htm)._"
157.55.116.13 - - [20/Apr/2011:02:22:17 +0200] "GET /viewtopic.php?p=49918 HTTP/1.1" 200 105 "-" "msnbot/2.0b (+http://search.msn.com/msnbot.htm)._"
157.55.116.13 - - [20/Apr/2011:02:22:20 +0200] "GET /viewtopic.php?p=109660 HTTP/1.1" 200 105 "-" "msnbot/2.0b (+http://search.msn.com/msnbot.htm)._"
157.55.116.13 - - [20/Apr/2011:02:22:23 +0200] "GET /viewtopic.php?p=38491 HTTP/1.1" 200 105 "-" "msnbot/2.0b (+http://search.msn.com/msnbot.htm)._"
157.55.116.13 - - [20/Apr/2011:02:22:26 +0200] "GET /viewtopic.php?p=42696 HTTP/1.1" 200 105 "-" "msnbot/2.0b (+http://search.msn.com/msnbot.htm)._"
157.55.116.13 - - [20/Apr/2011:02:22:29 +0200] "GET /posting.php?mode=quote&p=31052 HTTP/1.1" 200 105 "-" "msnbot/2.0b (+http://search.msn.com/msnbot.htm)._"
66.249.66.146 - - [20/Apr/2011:02:22:31 +0200] "GET /viewtopic.php?p=119133&sid=fa091044694def3fbb3129d61027f80d HTTP/1.1" 200 2002 "-" "Mozilla/5.0 (compatible; Googlebot/2.1; +http://www.google.com/bot.html)"
157.55.116.13 - - [20/Apr/2011:02:22:32 +0200] "GET /posting.php?mode=quote&p=106112 HTTP/1.1" 200 105 "-" "msnbot/2.0b (+http://search.msn.com/msnbot.htm)._"
157.55.116.13 - - [20/Apr/2011:02:22:35 +0200] "GET /viewtopic.php?p=7753 HTTP/1.1" 200 105 "-" "msnbot/2.0b (+http://search.msn.com/msnbot.htm)._"
157.55.116.13 - - [20/Apr/2011:02:22:39 +0200] "GET /viewtopic.php?p=13184 HTTP/1.1" 200 105 "-" "msnbot/2.0b (+http://search.msn.com/msnbot.htm)._"
157.55.116.13 - - [20/Apr/2011:02:22:40 +0200] "GET /viewtopic.php?p=74689 HTTP/1.1" 200 105 "-" "msnbot/2.0b (+http://search.msn.com/msnbot.htm)._"
157.55.116.13 - - [20/Apr/2011:02:22:45 +0200] "GET /viewtopic.php?p=80789 HTTP/1.1" 200 105 "-" "msnbot/2.0b (+http://search.msn.com/msnbot.htm)._"
157.55.116.13 - - [20/Apr/2011:02:22:47 +0200] "GET /viewtopic.php?p=101849 HTTP/1.1" 200 105 "-" "msnbot/2.0b (+http://search.msn.com/msnbot.htm)._"
157.55.116.13 - - [20/Apr/2011:02:22:53 +0200] "GET /viewtopic.php?p=113501 HTTP/1.1" 200 105 "-" "msnbot/2.0b (+http://search.msn.com/msnbot.htm)._"
157.55.116.13 - - [20/Apr/2011:02:22:55 +0200] "GET /viewtopic.php?p=40835 HTTP/1.1" 200 105 "-" "msnbot/2.0b (+http://search.msn.com/msnbot.htm)._"
157.55.116.13 - - [20/Apr/2011:02:22:58 +0200] "GET /viewtopic.php?p=75403 HTTP/1.1" 200 105 "-" "msnbot/2.0b (+http://search.msn.com/msnbot.htm)._"
157.55.116.13 - - [20/Apr/2011:02:23:02 +0200] "GET /viewtopic.php?p=102108 HTTP/1.1" 200 105 "-" "msnbot/2.0b (+http://search.msn.com/msnbot.htm)._"
157.55.116.13 - - [20/Apr/2011:02:23:05 +0200] "GET /viewtopic.php?p=112551 HTTP/1.1" 200 105 "-" "msnbot/2.0b (+http://search.msn.com/msnbot.htm)._"
157.55.116.13 - - [20/Apr/2011:02:23:10 +0200] "GET /posting.php?mode=quote&p=52011 HTTP/1.1" 200 105 "-" "msnbot/2.0b (+http://search.msn.com/msnbot.htm)._"
157.55.116.13 - - [20/Apr/2011:02:23:13 +0200] "GET /viewtopic.php?p=101370 HTTP/1.1" 200 105 "-" "msnbot/2.0b (+http://search.msn.com/msnbot.htm)._"
157.55.116.13 - - [20/Apr/2011:02:23:16 +0200] "GET /posting.php?mode=quote&p=53269 HTTP/1.1" 200 105 "-" "msnbot/2.0b (+http://search.msn.com/msnbot.htm)._"
157.55.116.13 - - [20/Apr/2011:02:23:20 +0200] "GET /viewtopic.php?t=924&view=previous HTTP/1.1" 200 105 "-" "msnbot/2.0b (+http://search.msn.com/msnbot.htm)._"
157.55.116.13 - - [20/Apr/2011:02:23:25 +0200] "GET /viewtopic.php?p=75343 HTTP/1.1" 200 105 "-" "msnbot/2.0b (+http://search.msn.com/msnbot.htm)._"
157.55.116.13 - - [20/Apr/2011:02:23:27 +0200] "GET /viewtopic.php?p=101788 HTTP/1.1" 200 105 "-" "msnbot/2.0b (+http://search.msn.com/msnbot.htm)._"
157.55.116.13 - - [20/Apr/2011:02:23:30 +0200] "GET /posting.php?mode=quote&p=24130 HTTP/1.1" 200 105 "-" "msnbot/2.0b (+http://search.msn.com/msnbot.htm)._"
157.55.116.13 - - [20/Apr/2011:02:23:33 +0200] "GET /viewtopic.php?t=1981&view=next HTTP/1.1" 200 105 "-" "msnbot/2.0b (+http://search.msn.com/msnbot.htm)._"
157.55.116.13 - - [20/Apr/2011:02:23:35 +0200] "GET /viewtopic.php?p=106309 HTTP/1.1" 200 105 "-" "msnbot/2.0b (+http://search.msn.com/msnbot.htm)._"
157.55.116.13 - - [20/Apr/2011:02:23:38 +0200] "GET /posting.php?mode=quote&p=71856 HTTP/1.1" 200 105 "-" "msnbot/2.0b (+http://search.msn.com/msnbot.htm)._"
157.55.116.13 - - [20/Apr/2011:02:23:40 +0200] "GET /viewtopic.php?t=2763&highlight= HTTP/1.1" 200 105 "-" "msnbot/2.0b (+http://search.msn.com/msnbot.htm)._"
157.55.116.13 - - [20/Apr/2011:02:23:42 +0200] "GET /viewtopic.php?p=88403 HTTP/1.1" 200 105 "-" "msnbot/2.0b (+http://search.msn.com/msnbot.htm)._"
157.55.116.13 - - [20/Apr/2011:02:23:43 +0200] "GET /viewtopic.php?p=11661 HTTP/1.1" 200 105 "-" "msnbot/2.0b (+http://search.msn.com/msnbot.htm)._"
157.55.116.13 - - [20/Apr/2011:02:23:45 +0200] "GET /posting.php?mode=quote&p=55282 HTTP/1.1" 200 105 "-" "msnbot/2.0b (+http://search.msn.com/msnbot.htm)._"
157.55.116.13 - - [20/Apr/2011:02:23:47 +0200] "GET /posting.php?mode=quote&p=39603 HTTP/1.1" 200 105 "-" "msnbot/2.0b (+http://search.msn.com/msnbot.htm)._"
157.55.116.13 - - [20/Apr/2011:02:23:50 +0200] "GET /viewtopic.php?p=102359 HTTP/1.1" 200 105 "-" "msnbot/2.0b (+http://search.msn.com/msnbot.htm)._"
157.55.116.13 - - [20/Apr/2011:02:23:53 +0200] "GET /posting.php?mode=quote&p=16026 HTTP/1.1" 200 105 "-" "msnbot/2.0b (+http://search.msn.com/msnbot.htm)._"
157.55.116.13 - - [20/Apr/2011:02:23:56 +0200] "GET /posting.php?mode=quote&p=30226 HTTP/1.1" 200 105 "-" "msnbot/2.0b (+http://search.msn.com/msnbot.htm)._"
157.55.116.13 - - [20/Apr/2011:02:24:00 +0200] "GET /viewtopic.php?p=85530 HTTP/1.1" 200 105 "-" "msnbot/2.0b (+http://search.msn.com/msnbot.htm)._"
157.55.116.13 - - [20/Apr/2011:02:24:03 +0200] "GET /viewtopic.php?p=102482 HTTP/1.1" 200 105 "-" "msnbot/2.0b (+http://search.msn.com/msnbot.htm)._"
157.55.116.13 - - [20/Apr/2011:02:24:08 +0200] "GET /posting.php?mode=quote&p=1474 HTTP/1.1" 200 105 "-" "msnbot/2.0b (+http://search.msn.com/msnbot.htm)._"
157.55.116.13 - - [20/Apr/2011:02:24:11 +0200] "GET /posting.php?mode=quote&p=1928 HTTP/1.1" 200 105 "-" "msnbot/2.0b (+http://search.msn.com/msnbot.htm)._"
157.55.116.13 - - [20/Apr/2011:02:24:13 +0200] "GET /viewtopic.php?p=68312 HTTP/1.1" 200 105 "-" "msnbot/2.0b (+http://search.msn.com/msnbot.htm)._"
157.55.116.13 - - [20/Apr/2011:02:24:17 +0200] "GET /posting.php?mode=quote&p=51574 HTTP/1.1" 200 105 "-" "msnbot/2.0b (+http://search.msn.com/msnbot.htm)._"
157.55.116.13 - - [20/Apr/2011:02:24:18 +0200] "GET /posting.php?mode=quote&p=4092 HTTP/1.1" 200 105 "-" "msnbot/2.0b (+http://search.msn.com/msnbot.htm)._"
157.55.116.13 - - [20/Apr/2011:02:24:21 +0200] "GET /viewtopic.php?p=77803 HTTP/1.1" 200 105 "-" "msnbot/2.0b (+http://search.msn.com/msnbot.htm)._"
157.55.116.13 - - [20/Apr/2011:02:24:24 +0200] "GET /viewtopic.php?p=93186 HTTP/1.1" 200 105 "-" "msnbot/2.0b (+http://search.msn.com/msnbot.htm)._"
157.55.116.13 - - [20/Apr/2011:02:24:26 +0200] "GET /posting.php?mode=quote&p=41512 HTTP/1.1" 200 105 "-" "msnbot/2.0b (+http://search.msn.com/msnbot.htm)._"
157.55.116.13 - - [20/Apr/2011:02:24:30 +0200] "GET /posting.php?mode=quote&p=91994 HTTP/1.1" 200 105 "-" "msnbot/2.0b (+http://search.msn.com/msnbot.htm)._"
157.55.116.13 - - [20/Apr/2011:02:24:34 +0200] "GET /viewtopic.php?p=91675 HTTP/1.1" 200 105 "-" "msnbot/2.0b (+http://search.msn.com/msnbot.htm)._"
157.55.116.13 - - [20/Apr/2011:02:24:38 +0200] "GET /posting.php?mode=quote&p=26607 HTTP/1.1" 200 105 "-" "msnbot/2.0b (+http://search.msn.com/msnbot.htm)._"
157.55.116.13 - - [20/Apr/2011:02:24:42 +0200] "GET /posting.php?mode=quote&p=106197 HTTP/1.1" 200 105 "-" "msnbot/2.0b (+http://search.msn.com/msnbot.htm)._"
157.55.116.13 - - [20/Apr/2011:02:24:45 +0200] "GET /viewtopic.php?p=70776 HTTP/1.1" 200 105 "-" "msnbot/2.0b (+http://search.msn.com/msnbot.htm)._"
157.55.116.13 - - [20/Apr/2011:02:24:47 +0200] "GET /viewtopic.php?p=88714 HTTP/1.1" 200 105 "-" "msnbot/2.0b (+http://search.msn.com/msnbot.htm)._"
157.55.116.13 - - [20/Apr/2011:02:24:50 +0200] "GET /posting.php?mode=quote&p=98726 HTTP/1.1" 200 105 "-" "msnbot/2.0b (+http://search.msn.com/msnbot.htm)._"
157.55.116.13 - - [20/Apr/2011:02:24:52 +0200] "GET /posting.php?mode=quote&p=30468 HTTP/1.1" 200 105 "-" "msnbot/2.0b (+http://search.msn.com/msnbot.htm)._"
157.55.116.13 - - [20/Apr/2011:02:24:54 +0200] "GET /viewtopic.php?p=97499 HTTP/1.1" 200 105 "-" "msnbot/2.0b (+http://search.msn.com/msnbot.htm)._"
157.55.116.13 - - [20/Apr/2011:02:24:57 +0200] "GET /posting.php?mode=quote&p=103129 HTTP/1.1" 200 105 "-" "msnbot/2.0b (+http://search.msn.com/msnbot.htm)._"
157.55.116.13 - - [20/Apr/2011:02:24:59 +0200] "GET /posting.php?mode=quote&p=30668 HTTP/1.1" 200 105 "-" "msnbot/2.0b (+http://search.msn.com/msnbot.htm)._"
157.55.116.13 - - [20/Apr/2011:02:25:02 +0200] "GET /viewtopic.php?p=6205 HTTP/1.1" 200 105 "-" "msnbot/2.0b (+http://search.msn.com/msnbot.htm)._"
157.55.116.13 - - [20/Apr/2011:02:25:06 +0200] "GET /viewtopic.php?p=1132 HTTP/1.1" 200 105 "-" "msnbot/2.0b (+http://search.msn.com/msnbot.htm)._"
157.55.116.13 - - [20/Apr/2011:02:25:08 +0200] "GET /posting.php?mode=quote&p=103624 HTTP/1.1" 200 105 "-" "msnbot/2.0b (+http://search.msn.com/msnbot.htm)._"
66.249.72.242 - - [20/Apr/2011:02:25:09 +0200] "GET /viewtopic.php?p=103261&sid=f6774b9f8ff7f310c20561ac9ac2d332 HTTP/1.1" 200 2000 "-" "Mozilla/5.0 (compatible; Googlebot/2.1; +http://www.google.com/bot.html)"
157.55.116.13 - - [20/Apr/2011:02:25:11 +0200] "GET /posting.php?mode=quote&p=107547 HTTP/1.1" 200 105 "-" "msnbot/2.0b (+http://search.msn.com/msnbot.htm)._"
157.55.116.13 - - [20/Apr/2011:02:25:13 +0200] "GET /viewtopic.php?p=99494 HTTP/1.1" 200 105 "-" "msnbot/2.0b (+http://search.msn.com/msnbot.htm)._"
157.55.116.13 - - [20/Apr/2011:02:25:16 +0200] "GET /posting.php?mode=quote&p=89487 HTTP/1.1" 200 105 "-" "msnbot/2.0b (+http://search.msn.com/msnbot.htm)._"
157.55.116.13 - - [20/Apr/2011:02:25:18 +0200] "GET /posting.php?mode=quote&p=99874 HTTP/1.1" 200 105 "-" "msnbot/2.0b (+http://search.msn.com/msnbot.htm)._"
157.55.116.13 - - [20/Apr/2011:02:25:20 +0200] "GET /viewtopic.php?p=62286 HTTP/1.1" 200 105 "-" "msnbot/2.0b (+http://search.msn.com/msnbot.htm)._"
157.55.116.13 - - [20/Apr/2011:02:25:23 +0200] "GET /viewtopic.php?p=990 HTTP/1.1" 200 105 "-" "msnbot/2.0b (+http://search.msn.com/msnbot.htm)._"
157.55.116.13 - - [20/Apr/2011:02:25:27 +0200] "GET /viewtopic.php?p=113868 HTTP/1.1" 200 105 "-" "msnbot/2.0b (+http://search.msn.com/msnbot.htm)._"
157.55.116.13 - - [20/Apr/2011:02:25:30 +0200] "GET /viewtopic.php?p=94613 HTTP/1.1" 200 105 "-" "msnbot/2.0b (+http://search.msn.com/msnbot.htm)._"
157.55.116.13 - - [20/Apr/2011:02:25:32 +0200] "GET /viewtopic.php?p=74759 HTTP/1.1" 200 105 "-" "msnbot/2.0b (+http://search.msn.com/msnbot.htm)._"
157.55.116.13 - - [20/Apr/2011:02:25:33 +0200] "GET /viewtopic.php?p=46933 HTTP/1.1" 200 105 "-" "msnbot/2.0b (+http://search.msn.com/msnbot.htm)._"
157.55.116.13 - - [20/Apr/2011:02:25:36 +0200] "GET /viewtopic.php?p=16004 HTTP/1.1" 200 105 "-" "msnbot/2.0b (+http://search.msn.com/msnbot.htm)._"
157.55.116.13 - - [20/Apr/2011:02:25:38 +0200] "GET /viewtopic.php?p=64984 HTTP/1.1" 200 105 "-" "msnbot/2.0b (+http://search.msn.com/msnbot.htm)._"
157.55.116.13 - - [20/Apr/2011:02:25:40 +0200] "GET /viewtopic.php?p=69774 HTTP/1.1" 200 105 "-" "msnbot/2.0b (+http://search.msn.com/msnbot.htm)._"
157.55.116.13 - - [20/Apr/2011:02:25:42 +0200] "GET /viewtopic.php?p=88709 HTTP/1.1" 200 105 "-" "msnbot/2.0b (+http://search.msn.com/msnbot.htm)._"
157.55.116.13 - - [20/Apr/2011:02:25:46 +0200] "GET /viewtopic.php?p=69525 HTTP/1.1" 200 105 "-" "msnbot/2.0b (+http://search.msn.com/msnbot.htm)._"
157.55.116.13 - - [20/Apr/2011:02:25:48 +0200] "GET /viewtopic.php?p=71736 HTTP/1.1" 200 105 "-" "msnbot/2.0b (+http://search.msn.com/msnbot.htm)._"
157.55.116.13 - - [20/Apr/2011:02:25:50 +0200] "GET /posting.php?mode=quote&p=110754 HTTP/1.1" 200 105 "-" "msnbot/2.0b (+http://search.msn.com/msnbot.htm)._"
157.55.116.13 - - [20/Apr/2011:02:25:53 +0200] "GET /posting.php?mode=quote&p=111411 HTTP/1.1" 200 105 "-" "msnbot/2.0b (+http://search.msn.com/msnbot.htm)._"
157.55.116.13 - - [20/Apr/2011:02:25:56 +0200] "GET /viewtopic.php?p=68546 HTTP/1.1" 200 105 "-" "msnbot/2.0b (+http://search.msn.com/msnbot.htm)._"
157.55.116.13 - - [20/Apr/2011:02:25:58 +0200] "GET /viewtopic.php?p=70328 HTTP/1.1" 200 105 "-" "msnbot/2.0b (+http://search.msn.com/msnbot.htm)._"
157.55.116.13 - - [20/Apr/2011:02:26:00 +0200] "GET /posting.php?mode=quote&p=110518 HTTP/1.1" 200 105 "-" "msnbot/2.0b (+http://search.msn.com/msnbot.htm)._"
157.55.116.13 - - [20/Apr/2011:02:26:03 +0200] "GET /posting.php?mode=quote&p=110662 HTTP/1.1" 200 105 "-" "msnbot/2.0b (+http://search.msn.com/msnbot.htm)._"
157.55.116.13 - - [20/Apr/2011:02:26:05 +0200] "GET /viewtopic.php?p=78602 HTTP/1.1" 200 105 "-" "msnbot/2.0b (+http://search.msn.com/msnbot.htm)._"
157.55.116.13 - - [20/Apr/2011:02:26:08 +0200] "GET /posting.php?mode=quote&p=13224 HTTP/1.1" 200 105 "-" "msnbot/2.0b (+http://search.msn.com/msnbot.htm)._"
157.55.116.13 - - [20/Apr/2011:02:26:12 +0200] "GET /posting.php?mode=quote&p=32711 HTTP/1.1" 200 105 "-" "msnbot/2.0b (+http://search.msn.com/msnbot.htm)._"
157.55.116.13 - - [20/Apr/2011:02:26:14 +0200] "GET /viewtopic.php?p=67821 HTTP/1.1" 200 105 "-" "msnbot/2.0b (+http://search.msn.com/msnbot.htm)._"
157.55.116.13 - - [20/Apr/2011:02:26:17 +0200] "GET /viewtopic.php?p=74955 HTTP/1.1" 200 105 "-" "msnbot/2.0b (+http://search.msn.com/msnbot.htm)._"
157.55.116.13 - - [20/Apr/2011:02:26:19 +0200] "GET /posting.php?mode=quote&p=420 HTTP/1.1" 200 105 "-" "msnbot/2.0b (+http://search.msn.com/msnbot.htm)._"
157.55.116.13 - - [20/Apr/2011:02:26:22 +0200] "GET /posting.php?mode=quote&p=17916 HTTP/1.1" 200 105 "-" "msnbot/2.0b (+http://search.msn.com/msnbot.htm)._"
157.55.116.13 - - [20/Apr/2011:02:26:23 +0200] "GET /viewtopic.php?p=18348 HTTP/1.1" 200 105 "-" "msnbot/2.0b (+http://search.msn.com/msnbot.htm)._"
157.55.116.13 - - [20/Apr/2011:02:26:26 +0200] "GET /posting.php?mode=quote&p=26768 HTTP/1.1" 200 105 "-" "msnbot/2.0b (+http://search.msn.com/msnbot.htm)._"
157.55.116.13 - - [20/Apr/2011:02:26:30 +0200] "GET /posting.php?mode=quote&p=108388 HTTP/1.1" 200 105 "-" "msnbot/2.0b (+http://search.msn.com/msnbot.htm)._"
157.55.116.13 - - [20/Apr/2011:02:26:34 +0200] "GET /viewtopic.php?p=65736 HTTP/1.1" 200 105 "-" "msnbot/2.0b (+http://search.msn.com/msnbot.htm)._"
157.55.116.13 - - [20/Apr/2011:02:26:36 +0200] "GET /viewtopic.php?p=18419 HTTP/1.1" 200 105 "-" "msnbot/2.0b (+http://search.msn.com/msnbot.htm)._"
66.249.72.242 - - [20/Apr/2011:02:26:38 +0200] "GET /viewtopic.php?p=85559&highlight=&sid=643bba8bf6b584885dcdb835199e63e5 HTTP/1.1" 200 2002 "-" "Mozilla/5.0 (compatible; Googlebot/2.1; +http://www.google.com/bot.html)"
157.55.116.13 - - [20/Apr/2011:02:26:39 +0200] "GET /posting.php?mode=quote&p=67106 HTTP/1.1" 200 105 "-" "msnbot/2.0b (+http://search.msn.com/msnbot.htm)._"
157.55.116.13 - - [20/Apr/2011:02:26:41 +0200] "GET /posting.php?mode=quote&p=70964 HTTP/1.1" 200 105 "-" "msnbot/2.0b (+http://search.msn.com/msnbot.htm)._"
157.55.116.13 - - [20/Apr/2011:02:26:44 +0200] "GET /viewtopic.php?p=18529 HTTP/1.1" 200 105 "-" "msnbot/2.0b (+http://search.msn.com/msnbot.htm)._"
157.55.116.13 - - [20/Apr/2011:02:26:47 +0200] "GET /posting.php?mode=quote&p=42152 HTTP/1.1" 200 105 "-" "msnbot/2.0b (+http://search.msn.com/msnbot.htm)._"
157.55.116.13 - - [20/Apr/2011:02:26:50 +0200] "GET /posting.php?mode=quote&p=65219 HTTP/1.1" 200 105 "-" "msnbot/2.0b (+http://search.msn.com/msnbot.htm)._"
157.55.116.13 - - [20/Apr/2011:02:26:53 +0200] "GET /viewtopic.php?p=99941 HTTP/1.1" 200 105 "-" "msnbot/2.0b (+http://search.msn.com/msnbot.htm)._"
157.55.116.13 - - [20/Apr/2011:02:26:55 +0200] "GET /viewtopic.php?p=15553 HTTP/1.1" 200 105 "-" "msnbot/2.0b (+http://search.msn.com/msnbot.htm)._"
157.55.116.13 - - [20/Apr/2011:02:26:58 +0200] "GET /posting.php?mode=quote&p=43886 HTTP/1.1" 200 105 "-" "msnbot/2.0b (+http://search.msn.com/msnbot.htm)._"
157.55.116.13 - - [20/Apr/2011:02:27:02 +0200] "GET /posting.php?mode=quote&p=47563 HTTP/1.1" 200 105 "-" "msnbot/2.0b (+http://search.msn.com/msnbot.htm)._"
157.55.116.13 - - [20/Apr/2011:02:27:04 +0200] "GET /viewtopic.php?p=1675 HTTP/1.1" 200 105 "-" "msnbot/2.0b (+http://search.msn.com/msnbot.htm)._"
157.55.116.13 - - [20/Apr/2011:02:27:07 +0200] "GET /posting.php?mode=quote&p=60383 HTTP/1.1" 200 105 "-" "msnbot/2.0b (+http://search.msn.com/msnbot.htm)._"
157.55.116.13 - - [20/Apr/2011:02:27:09 +0200] "GET /viewtopic.php?p=112918 HTTP/1.1" 200 105 "-" "msnbot/2.0b (+http://search.msn.com/msnbot.htm)._"
157.55.116.13 - - [20/Apr/2011:02:27:11 +0200] "GET /viewtopic.php?p=39784 HTTP/1.1" 200 105 "-" "msnbot/2.0b (+http://search.msn.com/msnbot.htm)._"
66.249.66.146 - - [20/Apr/2011:02:27:11 +0200] "GET /viewtopic.php?p=101611&sid=746612f3d1a795ccab0a3a120436f4ab HTTP/1.1" 200 2001 "-" "Mozilla/5.0 (compatible; Googlebot/2.1; +http://www.google.com/bot.html)"
157.55.116.13 - - [20/Apr/2011:02:27:13 +0200] "GET /viewtopic.php?p=16806 HTTP/1.1" 200 105 "-" "msnbot/2.0b (+http://search.msn.com/msnbot.htm)._"
157.55.116.13 - - [20/Apr/2011:02:27:15 +0200] "GET /viewtopic.php?p=25991 HTTP/1.1" 200 105 "-" "msnbot/2.0b (+http://search.msn.com/msnbot.htm)._"
157.55.116.13 - - [20/Apr/2011:02:27:17 +0200] "GET /viewtopic.php?p=17110 HTTP/1.1" 200 105 "-" "msnbot/2.0b (+http://search.msn.com/msnbot.htm)._"
157.55.116.13 - - [20/Apr/2011:02:27:19 +0200] "GET /viewtopic.php?p=20518 HTTP/1.1" 200 105 "-" "msnbot/2.0b (+http://search.msn.com/msnbot.htm)._"
157.55.116.13 - - [20/Apr/2011:02:27:21 +0200] "GET /viewtopic.php?p=26944 HTTP/1.1" 200 105 "-" "msnbot/2.0b (+http://search.msn.com/msnbot.htm)._"
157.55.116.13 - - [20/Apr/2011:02:27:24 +0200] "GET /viewtopic.php?p=24759 HTTP/1.1" 200 105 "-" "msnbot/2.0b (+http://search.msn.com/msnbot.htm)._"
157.55.116.13 - - [20/Apr/2011:02:27:26 +0200] "GET /viewtopic.php?p=79815 HTTP/1.1" 200 105 "-" "msnbot/2.0b (+http://search.msn.com/msnbot.htm)._"
157.55.116.13 - - [20/Apr/2011:02:27:29 +0200] "GET /viewtopic.php?p=22152 HTTP/1.1" 200 105 "-" "msnbot/2.0b (+http://search.msn.com/msnbot.htm)._"
157.55.116.13 - - [20/Apr/2011:02:27:31 +0200] "GET /viewtopic.php?p=103655 HTTP/1.1" 200 105 "-" "msnbot/2.0b (+http://search.msn.com/msnbot.htm)._"
157.55.116.13 - - [20/Apr/2011:02:27:33 +0200] "GET /viewtopic.php?t=1554&view=previous HTTP/1.1" 200 105 "-" "msnbot/2.0b (+http://search.msn.com/msnbot.htm)._"
157.55.116.13 - - [20/Apr/2011:02:27:37 +0200] "GET /viewtopic.php?p=830 HTTP/1.1" 200 105 "-" "msnbot/2.0b (+http://search.msn.com/msnbot.htm)._"
157.55.116.13 - - [20/Apr/2011:02:27:41 +0200] "GET /viewtopic.php?p=27008 HTTP/1.1" 200 105 "-" "msnbot/2.0b (+http://search.msn.com/msnbot.htm)._"
89.78.46.52 - - [20/Apr/2011:02:27:41 +0200] "GET /index.php HTTP/1.0" 200 6354 "http://forum.rally-infernal.info/index.php" "Mozilla/4.0 (compatible; MSIE 5.5; Windows 95; BCD2000)"
89.78.46.52 - - [20/Apr/2011:02:27:41 +0200] "GET /profile.php?mode=register&sid=061ec36cc115df06c84d51654a568111 HTTP/1.0" 200 5861 "http://forum.rally-infernal.info/profile.php?mode=register&sid=061ec36cc115df06c84d51654a568111" "Mozilla/4.0 (compatible; MSIE 5.5; Windows 95; BCD2000)"
157.55.116.13 - - [20/Apr/2011:02:27:43 +0200] "GET /viewtopic.php?p=36918 HTTP/1.1" 200 105 "-" "msnbot/2.0b (+http://search.msn.com/msnbot.htm)._"
157.55.116.13 - - [20/Apr/2011:02:27:47 +0200] "GET /viewtopic.php?p=41543 HTTP/1.1" 200 105 "-" "msnbot/2.0b (+http://search.msn.com/msnbot.htm)._"
66.249.66.146 - - [20/Apr/2011:02:27:48 +0200] "GET /viewtopic.php?p=56409&highlight=&sid=88a43cb1ea1a70f00cf981623e0d2d3f HTTP/1.1" 200 2002 "-" "Mozilla/5.0 (compatible; Googlebot/2.1; +http://www.google.com/bot.html)"
157.55.116.13 - - [20/Apr/2011:02:27:51 +0200] "GET /viewtopic.php?p=64908 HTTP/1.1" 200 105 "-" "msnbot/2.0b (+http://search.msn.com/msnbot.htm)._"
157.55.116.13 - - [20/Apr/2011:02:27:53 +0200] "GET /viewtopic.php?p=38902 HTTP/1.1" 200 105 "-" "msnbot/2.0b (+http://search.msn.com/msnbot.htm)._"
157.55.116.13 - - [20/Apr/2011:02:27:56 +0200] "GET /viewtopic.php?p=40607 HTTP/1.1" 200 105 "-" "msnbot/2.0b (+http://search.msn.com/msnbot.htm)._"
157.55.116.13 - - [20/Apr/2011:02:27:58 +0200] "GET /viewtopic.php?p=6999 HTTP/1.1" 200 105 "-" "msnbot/2.0b (+http://search.msn.com/msnbot.htm)._"
157.55.116.13 - - [20/Apr/2011:02:28:01 +0200] "GET /viewtopic.php?p=28465 HTTP/1.1" 200 105 "-" "msnbot/2.0b (+http://search.msn.com/msnbot.htm)._"
157.55.116.13 - - [20/Apr/2011:02:28:04 +0200] "GET /viewtopic.php?p=104003 HTTP/1.1" 200 105 "-" "msnbot/2.0b (+http://search.msn.com/msnbot.htm)._"
157.55.116.13 - - [20/Apr/2011:02:28:07 +0200] "GET /viewtopic.php?p=102203 HTTP/1.1" 200 105 "-" "msnbot/2.0b (+http://search.msn.com/msnbot.htm)._"
157.55.116.13 - - [20/Apr/2011:02:28:10 +0200] "GET /viewtopic.php?p=2341 HTTP/1.1" 200 105 "-" "msnbot/2.0b (+http://search.msn.com/msnbot.htm)._"
157.55.116.13 - - [20/Apr/2011:02:28:14 +0200] "GET /viewtopic.php?p=83036 HTTP/1.1" 200 105 "-" "msnbot/2.0b (+http://search.msn.com/msnbot.htm)._"
66.249.66.146 - - [20/Apr/2011:02:28:14 +0200] "GET /viewtopic.php?p=119125&sid=fa091044694def3fbb3129d61027f80d HTTP/1.1" 200 2003 "-" "Mozilla/5.0 (compatible; Googlebot/2.1; +http://www.google.com/bot.html)"
157.55.116.13 - - [20/Apr/2011:02:28:16 +0200] "GET /viewtopic.php?p=19341 HTTP/1.1" 200 105 "-" "msnbot/2.0b (+http://search.msn.com/msnbot.htm)._"
157.55.116.13 - - [20/Apr/2011:02:28:18 +0200] "GET /viewtopic.php?p=8299 HTTP/1.1" 200 105 "-" "msnbot/2.0b (+http://search.msn.com/msnbot.htm)._"
157.55.116.13 - - [20/Apr/2011:02:28:21 +0200] "GET /viewtopic.php?p=2389 HTTP/1.1" 200 105 "-" "msnbot/2.0b (+http://search.msn.com/msnbot.htm)._"
157.55.116.13 - - [20/Apr/2011:02:28:23 +0200] "GET /viewtopic.php?p=93663 HTTP/1.1" 200 105 "-" "msnbot/2.0b (+http://search.msn.com/msnbot.htm)._"
157.55.116.13 - - [20/Apr/2011:02:28:25 +0200] "GET /viewtopic.php?p=99268 HTTP/1.1" 200 105 "-" "msnbot/2.0b (+http://search.msn.com/msnbot.htm)._"
157.55.116.13 - - [20/Apr/2011:02:28:27 +0200] "GET /viewtopic.php?p=16041 HTTP/1.1" 200 105 "-" "msnbot/2.0b (+http://search.msn.com/msnbot.htm)._"
157.55.116.13 - - [20/Apr/2011:02:28:29 +0200] "GET /viewtopic.php?p=114456 HTTP/1.1" 200 105 "-" "msnbot/2.0b (+http://search.msn.com/msnbot.htm)._"
157.55.116.13 - - [20/Apr/2011:02:28:31 +0200] "GET /posting.php?mode=quote&p=39062 HTTP/1.1" 200 105 "-" "msnbot/2.0b (+http://search.msn.com/msnbot.htm)._"
157.55.116.13 - - [20/Apr/2011:02:28:34 +0200] "GET /viewtopic.php?p=17400 HTTP/1.1" 200 105 "-" "msnbot/2.0b (+http://search.msn.com/msnbot.htm)._"
157.55.116.13 - - [20/Apr/2011:02:28:37 +0200] "GET /viewtopic.php?p=41493 HTTP/1.1" 200 105 "-" "msnbot/2.0b (+http://search.msn.com/msnbot.htm)._"
157.55.116.13 - - [20/Apr/2011:02:28:39 +0200] "GET /viewtopic.php?p=21275 HTTP/1.1" 200 105 "-" "msnbot/2.0b (+http://search.msn.com/msnbot.htm)._"
157.55.116.13 - - [20/Apr/2011:02:28:42 +0200] "GET /viewtopic.php?p=80581 HTTP/1.1" 200 105 "-" "msnbot/2.0b (+http://search.msn.com/msnbot.htm)._"
157.55.116.13 - - [20/Apr/2011:02:28:44 +0200] "GET /viewtopic.php?p=13829 HTTP/1.1" 200 105 "-" "msnbot/2.0b (+http://search.msn.com/msnbot.htm)._"
157.55.116.13 - - [20/Apr/2011:02:28:47 +0200] "GET /viewtopic.php?p=97691 HTTP/1.1" 200 105 "-" "msnbot/2.0b (+http://search.msn.com/msnbot.htm)._"
157.55.116.13 - - [20/Apr/2011:02:28:49 +0200] "GET /viewtopic.php?p=16792 HTTP/1.1" 200 105 "-" "msnbot/2.0b (+http://search.msn.com/msnbot.htm)._"
157.55.116.13 - - [20/Apr/2011:02:28:51 +0200] "GET /viewtopic.php?p=55276 HTTP/1.1" 200 105 "-" "msnbot/2.0b (+http://search.msn.com/msnbot.htm)._"
157.55.116.13 - - [20/Apr/2011:02:28:54 +0200] "GET /viewtopic.php?p=34876 HTTP/1.1" 200 105 "-" "msnbot/2.0b (+http://search.msn.com/msnbot.htm)._"
157.55.116.13 - - [20/Apr/2011:02:28:56 +0200] "GET /viewtopic.php?p=8662 HTTP/1.1" 200 105 "-" "msnbot/2.0b (+http://search.msn.com/msnbot.htm)._"
157.55.116.13 - - [20/Apr/2011:02:28:59 +0200] "GET /viewtopic.php?p=37058 HTTP/1.1" 200 105 "-" "msnbot/2.0b (+http://search.msn.com/msnbot.htm)._"
70.183.110.172 - - [20/Apr/2011:02:29:00 +0200] "GET /index.php HTTP/1.0" 200 6354 "http://forum.rally-infernal.info/index.php" "Mozilla/4.0 (compatible; MSIE 6.0; Windows NT 5.1; SV1)"
70.183.110.172 - - [20/Apr/2011:02:29:01 +0200] "GET /profile.php?mode=register&sid=faab52704dc6d9a526e5afddb602d2c7 HTTP/1.0" 200 5861 "http://forum.rally-infernal.info/profile.php?mode=register&sid=faab52704dc6d9a526e5afddb602d2c7" "Mozilla/4.0 (compatible; MSIE 6.0; Windows NT 5.1; SV1)"
157.55.116.13 - - [20/Apr/2011:02:29:02 +0200] "GET /posting.php?mode=quote&p=54023 HTTP/1.1" 200 105 "-" "msnbot/2.0b (+http://search.msn.com/msnbot.htm)._"
