82.250.195.193 - - [20/Apr/2011:12:59:32 +0200] "GET /favicon.ico HTTP/1.1" 404 183 "-" "Mozilla/5.0 (Windows NT 6.1; rv:2.0.1) Gecko/20100101 Firefox/4.0.1"
82.250.195.193 - - [20/Apr/2011:12:59:32 +0200] "GET /favicon.ico HTTP/1.1" 404 183 "-" "Mozilla/5.0 (Windows NT 6.1; rv:2.0.1) Gecko/20100101 Firefox/4.0.1"
82.250.195.193 - - [20/Apr/2011:12:59:32 +0200] "GET / HTTP/1.1" 200 1949 "http://forum.rally-infernal.info/" "Mozilla/5.0 (Windows NT 6.1; rv:2.0.1) Gecko/20100101 Firefox/4.0.1"
66.249.66.146 - - [20/Apr/2011:12:59:39 +0200] "GET /viewtopic.php?p=31937&highlight=&sid=abaf7950f5b8b42a7b327e845b6f19d8 HTTP/1.1" 200 2001 "-" "Mozilla/5.0 (compatible; Googlebot/2.1; +http://www.google.com/bot.html)"
82.127.200.127 - - [20/Apr/2011:13:00:44 +0200] "GET / HTTP/1.1" 200 1949 "-" "Mozilla/5.0 (Windows NT 6.1; WOW64; rv:2.0) Gecko/20100101 Firefox/4.0"
66.249.66.146 - - [20/Apr/2011:13:00:58 +0200] "GET /viewtopic.php?p=77419&sid=c928d6d6597bcdfdbd650bdc6861d1b0 HTTP/1.1" 200 2003 "-" "Mozilla/5.0 (compatible; Googlebot/2.1; +http://www.google.com/bot.html)"
67.195.111.22 - - [20/Apr/2011:13:01:35 +0200] "GET /profile.php?mode=viewprofile&u=359 HTTP/1.0" 200 2000 "-" "Mozilla/5.0 (compatible; Yahoo! Slurp; http://help.yahoo.com/help/us/ysearch/slurp)"
88.179.247.25 - - [20/Apr/2011:13:02:50 +0200] "GET /AvatarsManager/lakse.jpg HTTP/1.1" 302 20 "http://ragemachines.simplygaming.org/t320-les-ptites-phrase-rigolote-ig" "Mozilla/5.0 (Windows; U; Windows NT 5.1; fr; rv:1.9.2.8) Gecko/20100722 Firefox/3.6.8"
88.179.247.25 - - [20/Apr/2011:13:02:50 +0200] "GET /AvatarsManager/joueurs/lakse/4.png HTTP/1.1" 200 63894 "http://ragemachines.simplygaming.org/t320-les-ptites-phrase-rigolote-ig" "Mozilla/5.0 (Windows; U; Windows NT 5.1; fr; rv:1.9.2.8) Gecko/20100722 Firefox/3.6.8"
66.249.72.242 - - [20/Apr/2011:13:03:50 +0200] "GET /viewtopic.php?p=21791&sid=060440d431aa9a29bbf247354f060b9e HTTP/1.1" 200 2000 "-" "Mozilla/5.0 (compatible; Googlebot/2.1; +http://www.google.com/bot.html)"
82.127.200.127 - - [20/Apr/2011:13:04:13 +0200] "GET / HTTP/1.1" 200 2001 "-" "Mozilla/5.0 (Windows NT 6.1; WOW64; rv:2.0) Gecko/20100101 Firefox/4.0"
66.249.66.146 - - [20/Apr/2011:13:05:14 +0200] "GET /viewtopic.php?p=96245&highlight=&sid=d765023b1a2d1a0b6f92cd4d20bc8634 HTTP/1.1" 200 2001 "-" "Mozilla/5.0 (compatible; Googlebot/2.1; +http://www.google.com/bot.html)"
82.127.200.127 - - [20/Apr/2011:13:05:30 +0200] "GET / HTTP/1.1" 200 1949 "-" "Mozilla/5.0 (Windows NT 6.1; WOW64; rv:2.0) Gecko/20100101 Firefox/4.0"
66.249.66.146 - - [20/Apr/2011:13:06:25 +0200] "GET /viewtopic.php?p=106689&sid=722317f6cb9cf0ccd4cd00c920a360b4 HTTP/1.1" 200 2002 "-" "Mozilla/5.0 (compatible; Googlebot/2.1; +http://www.google.com/bot.html)"
66.249.66.146 - - [20/Apr/2011:13:06:27 +0200] "GET /viewtopic.php?p=12832&sid=ab63343396c33197bc277cdd520ee1e4 HTTP/1.1" 200 1999 "-" "Mozilla/5.0 (compatible; Googlebot/2.1; +http://www.google.com/bot.html)"
66.249.66.146 - - [20/Apr/2011:13:06:41 +0200] "GET /profile.php?mode=viewprofile&u=431&sid=7ad7eee3c2781406f676831b7edaae27 HTTP/1.1" 200 1999 "-" "Mozilla/5.0 (compatible; Googlebot/2.1; +http://www.google.com/bot.html)"
66.249.66.146 - - [20/Apr/2011:13:09:33 +0200] "GET /viewtopic.php?t=1783&sid=270e573d1018f15abce727c969bcdb0e HTTP/1.1" 200 2001 "-" "Mozilla/5.0 (compatible; Googlebot/2.1; +http://www.google.com/bot.html)"
88.121.132.180 - - [20/Apr/2011:13:11:02 +0200] "GET /AvatarsManager/deug21.jpg HTTP/1.1" 302 20 "http://www.trackmania.com/fr/forum/viewtopic.php?t=34755" "Mozilla/5.0 (Windows NT 6.1; rv:2.0) Gecko/20100101 Firefox/4.0"
88.121.132.180 - - [20/Apr/2011:13:11:02 +0200] "GET /AvatarsManager/joueurs/deug21/1.png HTTP/1.1" 200 48858 "http://www.trackmania.com/fr/forum/viewtopic.php?t=34755" "Mozilla/5.0 (Windows NT 6.1; rv:2.0) Gecko/20100101 Firefox/4.0"
90.12.237.22 - - [20/Apr/2011:13:11:52 +0200] "GET /AvatarsManager/deug21.jpg HTTP/1.1" 302 20 "http://www.trackmania.com/fr/forum/viewtopic.php?t=36492&start=0" "Mozilla/4.0 (compatible; MSIE 8.0; Windows NT 6.1; Trident/4.0; SLCC2; .NET CLR 2.0.50727; .NET CLR 3.5.30729; .NET CLR 3.0.30729; Media Center PC 6.0; .NET4.0C; .NET CLR 1.1.4322)"
90.12.237.22 - - [20/Apr/2011:13:11:53 +0200] "GET /AvatarsManager/joueurs/deug21/1.png HTTP/1.1" 200 48858 "http://www.trackmania.com/fr/forum/viewtopic.php?t=36492&start=0" "Mozilla/4.0 (compatible; MSIE 8.0; Windows NT 6.1; Trident/4.0; SLCC2; .NET CLR 2.0.50727; .NET CLR 3.5.30729; .NET CLR 3.0.30729; Media Center PC 6.0; .NET4.0C; .NET CLR 1.1.4322)"
66.249.66.146 - - [20/Apr/2011:13:11:54 +0200] "GET /viewtopic.php?p=16204&highlight=&sid=5703a7b137651ed9bfa2b217c09ad173 HTTP/1.1" 200 2002 "-" "Mozilla/5.0 (compatible; Googlebot/2.1; +http://www.google.com/bot.html)"
66.249.66.146 - - [20/Apr/2011:13:12:24 +0200] "GET /viewtopic.php?t=1423 HTTP/1.1" 200 2003 "-" "Mozilla/5.0 (compatible; Googlebot/2.1; +http://www.google.com/bot.html)"
66.249.72.242 - - [20/Apr/2011:13:14:42 +0200] "GET /viewtopic.php?p=12926&sid=ab63343396c33197bc277cdd520ee1e4 HTTP/1.1" 200 1999 "-" "Mozilla/5.0 (compatible; Googlebot/2.1; +http://www.google.com/bot.html)"
66.249.66.146 - - [20/Apr/2011:13:15:16 +0200] "GET /viewtopic.php?p=7912&sid=ca0bc1a7629f18145301dd48218e9e3a HTTP/1.1" 200 2001 "-" "Mozilla/5.0 (compatible; Googlebot/2.1; +http://www.google.com/bot.html)"
91.178.32.136 - - [20/Apr/2011:13:15:28 +0200] "GET /AvatarsManager/deug21.jpg HTTP/1.1" 302 20 "http://www.trackmania.com/fr/forum/viewtopic.php?t=34814" "Mozilla/5.0 (Windows; U; Windows NT 6.1; en-US) AppleWebKit/534.16 (KHTML, like Gecko) Chrome/10.0.648.204 Safari/534.16"
91.178.32.136 - - [20/Apr/2011:13:15:28 +0200] "GET /AvatarsManager/joueurs/deug21/1.png HTTP/1.1" 200 48858 "http://www.trackmania.com/fr/forum/viewtopic.php?t=34814" "Mozilla/5.0 (Windows; U; Windows NT 6.1; en-US) AppleWebKit/534.16 (KHTML, like Gecko) Chrome/10.0.648.204 Safari/534.16"
82.127.200.127 - - [20/Apr/2011:13:15:46 +0200] "GET / HTTP/1.1" 200 1949 "-" "Mozilla/5.0 (Windows NT 6.1; WOW64; rv:2.0) Gecko/20100101 Firefox/4.0"
91.178.32.136 - - [20/Apr/2011:13:17:11 +0200] "GET /images/smiles/icon_hap.gif HTTP/1.1" 200 178 "http://www.trackmania.com/fr/forum/viewtopic.php?t=34755&postdays=0&postorder=asc&start=1050" "Mozilla/5.0 (Windows; U; Windows NT 6.1; en-US) AppleWebKit/534.16 (KHTML, like Gecko) Chrome/10.0.648.204 Safari/534.16"
80.236.67.164 - - [20/Apr/2011:13:17:44 +0200] "GET /AvatarsManager/deug21.jpg HTTP/1.1" 302 20 "http://www.trackmania.com/fr/forum/viewtopic.php?t=38387" "Mozilla/4.0 (compatible; MSIE 8.0; Windows NT 6.0; Trident/4.0; SIMBAR={F000A4D0-DB21-11DC-B267-001C25523C74}; GTB5; LUDI2; Mozilla/4.0 (compatible; MSIE 6.0; Windows NT 5.1; SV1) ; SLCC1; .NET CLR 2.0.50727; Media Center PC 5.0; .NET CLR 1.1.4322; .NET CLR 3.5.30729; .NET CLR 3.0.30729; OfficeLiveConnector.1.5; OfficeLivePatch.1.3; MEGAUPLOAD 3.0; BRI/2; .NET4.0C)"
80.236.67.164 - - [20/Apr/2011:13:17:44 +0200] "GET /AvatarsManager/joueurs/deug21/1.png HTTP/1.1" 200 48858 "http://www.trackmania.com/fr/forum/viewtopic.php?t=38387" "Mozilla/4.0 (compatible; MSIE 8.0; Windows NT 6.0; Trident/4.0; SIMBAR={F000A4D0-DB21-11DC-B267-001C25523C74}; GTB5; LUDI2; Mozilla/4.0 (compatible; MSIE 6.0; Windows NT 5.1; SV1) ; SLCC1; .NET CLR 2.0.50727; Media Center PC 5.0; .NET CLR 1.1.4322; .NET CLR 3.5.30729; .NET CLR 3.0.30729; OfficeLiveConnector.1.5; OfficeLivePatch.1.3; MEGAUPLOAD 3.0; BRI/2; .NET4.0C)"
87.88.30.117 - - [20/Apr/2011:13:18:01 +0200] "GET / HTTP/1.1" 200 1995 "-" "Mozilla/5.0 (Windows NT 6.1; rv:2.0) Gecko/20100101 Firefox/4.0"
66.249.66.146 - - [20/Apr/2011:13:18:07 +0200] "GET /viewtopic.php?t=1725&sid=1670fc6f2d288ecca3148933e8670897 HTTP/1.1" 200 2002 "-" "Mozilla/5.0 (compatible; Googlebot/2.1; +http://www.google.com/bot.html)"
82.127.200.127 - - [20/Apr/2011:13:18:31 +0200] "GET / HTTP/1.1" 200 1949 "-" "Mozilla/5.0 (Windows NT 6.1; WOW64; rv:2.0) Gecko/20100101 Firefox/4.0"
66.249.66.146 - - [20/Apr/2011:13:18:54 +0200] "GET /index.php?c=5&sid=97021dc8a11a027b613063f668c6c636 HTTP/1.1" 200 2001 "-" "Mozilla/5.0 (compatible; Googlebot/2.1; +http://www.google.com/bot.html)"
87.88.30.117 - - [20/Apr/2011:13:20:19 +0200] "GET / HTTP/1.1" 200 1995 "-" "Mozilla/5.0 (Windows NT 6.1; rv:2.0) Gecko/20100101 Firefox/4.0"
109.230.251.161 - - [20/Apr/2011:13:20:33 +0200] "GET /profile.php?mode=register&ab_var=agreed59cb7df0ce4bda99c5c7d535e6fc821f HTTP/1.0" 200 6354 "http://forum.rally-infernal.info/profile.php?mode=register&ab_var=agreed59cb7df0ce4bda99c5c7d535e6fc821f" "Mozilla/4.0 (compatible; MSIE 6.0; MSIE 5.5; Windows NT 5.0) Opera 7.02 Bork-edition [en]"
66.249.66.146 - - [20/Apr/2011:13:20:59 +0200] "GET /viewtopic.php?p=110074&sid=2f45342e5d889e6f87518aa9ad286d21 HTTP/1.1" 200 2003 "-" "Mozilla/5.0 (compatible; Googlebot/2.1; +http://www.google.com/bot.html)"
82.127.200.127 - - [20/Apr/2011:13:21:35 +0200] "GET / HTTP/1.1" 200 1949 "-" "Mozilla/5.0 (Windows NT 6.1; WOW64; rv:2.0) Gecko/20100101 Firefox/4.0"
117.23.232.90 - - [20/Apr/2011:13:23:27 +0200] "GET /index.php HTTP/1.0" 200 6354 "http://forum.rally-infernal.info/index.php" "Mozilla/4.0 (compatible; MSIE 6.0; Windows NT 5.1; SV1; .NET CLR 1.1.4322) NS8/0.9.6"
117.23.232.90 - - [20/Apr/2011:13:23:28 +0200] "GET /profile.php?mode=register&sid=f84fcb40f4942f05f228451ca9d80cf9 HTTP/1.0" 200 5861 "http://forum.rally-infernal.info/profile.php?mode=register&sid=f84fcb40f4942f05f228451ca9d80cf9" "Mozilla/4.0 (compatible; MSIE 6.0; Windows NT 5.1; SV1; .NET CLR 1.1.4322) NS8/0.9.6"
82.127.200.127 - - [20/Apr/2011:13:23:48 +0200] "GET / HTTP/1.1" 200 1949 "-" "Mozilla/5.0 (Windows NT 6.1; WOW64; rv:2.0) Gecko/20100101 Firefox/4.0"
66.249.66.146 - - [20/Apr/2011:13:23:50 +0200] "GET /viewtopic.php?p=28129&sid=03e5eddcfd2b16a012eb53c675b22e7c HTTP/1.1" 200 2000 "-" "Mozilla/5.0 (compatible; Googlebot/2.1; +http://www.google.com/bot.html)"
66.249.72.242 - - [20/Apr/2011:13:24:50 +0200] "GET /viewtopic.php?p=28273&highlight=&sid=2af274eaf0c21abcbf810d9f4d00fa25 HTTP/1.1" 200 2002 "-" "Mozilla/5.0 (compatible; Googlebot/2.1; +http://www.google.com/bot.html)"
94.228.34.237 - - [20/Apr/2011:13:25:33 +0200] "GET /viewforum.php?f=23 HTTP/1.1" 200 2000 "-" "magpie-crawler/1.1 (U; Linux amd64; en-GB; +http://www.brandwatch.net)"
87.88.30.117 - - [20/Apr/2011:13:26:14 +0200] "GET / HTTP/1.1" 200 1995 "-" "Mozilla/5.0 (Windows NT 6.1; rv:2.0) Gecko/20100101 Firefox/4.0"
66.249.66.146 - - [20/Apr/2011:13:26:42 +0200] "GET /viewtopic.php?t=2604 HTTP/1.1" 200 2002 "-" "Mozilla/5.0 (compatible; Googlebot/2.1; +http://www.google.com/bot.html)"
90.63.92.65 - - [20/Apr/2011:13:27:14 +0200] "GET /index.php?sid=490dcdcb33525574a819731fbdceb0b0 HTTP/1.1" 200 2008 "-" "Opera/9.80 (Windows NT 6.0; U; fr) Presto/2.6.30 Version/10.63"
90.63.92.65 - - [20/Apr/2011:13:27:14 +0200] "GET /templates/rmstyle/images/favicon.png HTTP/1.1" 200 974 "http://forum.rally-infernal.info/index.php?sid=490dcdcb33525574a819731fbdceb0b0" "Opera/9.80 (Windows NT 6.0; U; fr) Presto/2.6.30 Version/10.63"
84.99.244.10 - - [20/Apr/2011:13:29:15 +0200] "GET / HTTP/1.1" 200 1949 "-" "Mozilla/5.0 (Windows NT 5.1; rv:2.0) Gecko/20100101 Firefox/4.0"
66.249.72.242 - - [20/Apr/2011:13:29:33 +0200] "GET /viewtopic.php?t=3069&sid=51837cd74eabc1435ad2de52362abc5e HTTP/1.1" 200 2001 "-" "Mozilla/5.0 (compatible; Googlebot/2.1; +http://www.google.com/bot.html)"
66.249.66.146 - - [20/Apr/2011:13:30:30 +0200] "GET /viewtopic.php?p=15399&sid=f31a9e7198cf99cf6bb1086df4cfa968 HTTP/1.1" 200 2002 "-" "Mozilla/5.0 (compatible; Googlebot/2.1; +http://www.google.com/bot.html)"
66.249.66.146 - - [20/Apr/2011:13:31:24 +0200] "GET /viewtopic.php?p=101498&sid=634b7ac65b36ab263a237e7358afa72b HTTP/1.1" 200 2001 "-" "Mozilla/5.0 (compatible; Googlebot/2.1; +http://www.google.com/bot.html)"
85.3.218.192 - - [20/Apr/2011:13:32:02 +0200] "GET /AvatarsManager/lakse.jpg HTTP/1.1" 302 20 "http://ragemachines.simplygaming.org/t320-les-ptites-phrase-rigolote-ig" "Mozilla/4.0 (compatible; MSIE 8.0; Windows NT 6.0; Trident/4.0; SU 3.011; SLCC1; .NET CLR 2.0.50727; Media Center PC 5.0; .NET CLR 3.5.30729; .NET CLR 3.0.30618; InfoPath.2; OfficeLiveConnector.1.5; OfficeLivePatch.1.3; .NET4.0C; msn OptimizedIE8;FRCH)"
85.3.218.192 - - [20/Apr/2011:13:32:02 +0200] "GET /AvatarsManager/joueurs/lakse/3.png HTTP/1.1" 200 71244 "http://ragemachines.simplygaming.org/t320-les-ptites-phrase-rigolote-ig" "Mozilla/4.0 (compatible; MSIE 8.0; Windows NT 6.0; Trident/4.0; SU 3.011; SLCC1; .NET CLR 2.0.50727; Media Center PC 5.0; .NET CLR 3.5.30729; .NET CLR 3.0.30618; InfoPath.2; OfficeLiveConnector.1.5; OfficeLivePatch.1.3; .NET4.0C; msn OptimizedIE8;FRCH)"
66.249.72.242 - - [20/Apr/2011:13:32:25 +0200] "GET /viewtopic.php?t=118&start=30&sid=5c6f938706fe0490d89bc2572cc4a21a HTTP/1.1" 200 2002 "-" "Mozilla/5.0 (compatible; Googlebot/2.1; +http://www.google.com/bot.html)"
217.136.28.9 - - [20/Apr/2011:13:32:37 +0200] "GET /AvatarsManager/deug21.jpg HTTP/1.1" 302 20 "http://www.trackmania.com/fr/forum/viewtopic.php?t=34755" "Mozilla/5.0 (Windows NT 6.0; rv:2.0) Gecko/20100101 Firefox/4.0"
217.136.28.9 - - [20/Apr/2011:13:32:38 +0200] "GET /AvatarsManager/joueurs/deug21/1.png HTTP/1.1" 200 48858 "http://www.trackmania.com/fr/forum/viewtopic.php?t=34755" "Mozilla/5.0 (Windows NT 6.0; rv:2.0) Gecko/20100101 Firefox/4.0"
217.136.28.9 - - [20/Apr/2011:13:32:41 +0200] "GET /AvatarsManager/deug21.jpg HTTP/1.1" 302 20 "http://www.trackmania.com/fr/forum/viewtopic.php?t=34755" "Mozilla/5.0 (Windows NT 6.0; rv:2.0) Gecko/20100101 Firefox/4.0"
66.249.72.242 - - [20/Apr/2011:13:33:29 +0200] "GET /viewtopic.php?p=59969&highlight=&sid=88a43cb1ea1a70f00cf981623e0d2d3f HTTP/1.1" 200 2002 "-" "Mozilla/5.0 (compatible; Googlebot/2.1; +http://www.google.com/bot.html)"
87.88.30.117 - - [20/Apr/2011:13:34:18 +0200] "GET / HTTP/1.1" 200 1995 "-" "Mozilla/5.0 (Windows NT 6.1; rv:2.0) Gecko/20100101 Firefox/4.0"
77.243.99.206 - - [20/Apr/2011:13:34:55 +0200] "GET /AvatarsManager/deug21.jpg HTTP/1.1" 302 20 "http://www.trackmania.com/fr/forum/viewtopic.php?t=38387" "Mozilla/5.0 (Windows; U; Windows NT 6.1; en-US) AppleWebKit/534.16 (KHTML, like Gecko) Chrome/10.0.648.205 Safari/534.16"
66.249.72.242 - - [20/Apr/2011:13:35:17 +0200] "GET /viewtopic.php?p=117758&sid=bad19206e952f18e817a2c03b4dcd055 HTTP/1.1" 200 2000 "-" "Mozilla/5.0 (compatible; Googlebot/2.1; +http://www.google.com/bot.html)"
92.148.4.75 - - [20/Apr/2011:13:36:18 +0200] "GET /AvatarsManager/deug21.jpg HTTP/1.0" 302 20 "http://www.trackmania.com/fr/forum/viewtopic.php?t=34755" "Mozilla/5.0 (Windows; U; Windows NT 6.1; fr; rv:1.9.2.16) Gecko/20110319 Firefox/3.6.16"
92.148.4.75 - - [20/Apr/2011:13:36:18 +0200] "GET /AvatarsManager/joueurs/deug21/1.png HTTP/1.0" 200 48858 "http://www.trackmania.com/fr/forum/viewtopic.php?t=34755" "Mozilla/5.0 (Windows; U; Windows NT 6.1; fr; rv:1.9.2.16) Gecko/20110319 Firefox/3.6.16"
92.148.4.75 - - [20/Apr/2011:13:36:20 +0200] "GET /AvatarsManager/deug21.jpg HTTP/1.0" 302 20 "http://www.trackmania.com/fr/forum/viewtopic.php?t=34755&start=0&postdays=0&postorder=asc&highlight=" "Mozilla/5.0 (Windows; U; Windows NT 6.1; fr; rv:1.9.2.16) Gecko/20110319 Firefox/3.6.16"
77.193.178.95 - - [20/Apr/2011:13:36:31 +0200] "GET / HTTP/1.1" 200 2011 "-" "Mozilla/5.0 (Windows; U; Windows NT 6.1; fr; rv:1.9.2.16) Gecko/20110319 Firefox/3.6.16"
66.249.66.146 - - [20/Apr/2011:13:37:39 +0200] "GET /viewtopic.php?p=109590&sid=48b34ec7621afacde2e4c7eb7f4611de HTTP/1.1" 200 2000 "-" "Mozilla/5.0 (compatible; Googlebot/2.1; +http://www.google.com/bot.html)"
157.55.116.13 - - [20/Apr/2011:13:37:42 +0200] "GET /robots.txt HTTP/1.1" 404 182 "-" "msnbot/2.0b (+http://search.msn.com/msnbot.htm)._"
157.55.116.13 - - [20/Apr/2011:13:37:42 +0200] "GET /viewtopic.php?p=11375 HTTP/1.1" 200 105 "-" "msnbot/2.0b (+http://search.msn.com/msnbot.htm)._"
66.249.66.146 - - [20/Apr/2011:13:38:08 +0200] "GET /viewtopic.php?p=34860&sid=11f20d43490f0fd1ed992261456f5a6f HTTP/1.1" 200 2000 "-" "Mozilla/5.0 (compatible; Googlebot/2.1; +http://www.google.com/bot.html)"
78.227.102.213 - - [20/Apr/2011:13:38:22 +0200] "GET /AvatarsManager/deug21.jpg HTTP/1.1" 302 20 "http://www.trackmania.com/fr/forum/viewtopic.php?t=35461&sid=ce9f703b58ebc357d0d96ef50770341b" "Mozilla/5.0 (Windows; U; Windows NT 5.1; fr; rv:1.9.2.16) Gecko/20110319 Firefox/3.6.16 (.NET CLR 3.5.30729)"
78.227.102.213 - - [20/Apr/2011:13:38:25 +0200] "GET /AvatarsManager/joueurs/deug21/1.png HTTP/1.1" 200 48858 "http://www.trackmania.com/fr/forum/viewtopic.php?t=35461&sid=ce9f703b58ebc357d0d96ef50770341b" "Mozilla/5.0 (Windows; U; Windows NT 5.1; fr; rv:1.9.2.16) Gecko/20110319 Firefox/3.6.16 (.NET CLR 3.5.30729)"
66.249.66.146 - - [20/Apr/2011:13:38:39 +0200] "GET /viewtopic.php?p=38489&highlight=&sid=21d41393c8737c9b64d06fd80608c8da HTTP/1.1" 200 2003 "-" "Mozilla/5.0 (compatible; Googlebot/2.1; +http://www.google.com/bot.html)"
124.81.239.170 - - [20/Apr/2011:13:39:20 +0200] "GET /images/smiles/icon_hap.gif HTTP/1.1" 200 178 "http://www.trackmania.com/fr/forum/viewtopic.php?t=34755&start=1050" "Mozilla/5.0 (Macintosh; U; Intel Mac OS X 10.5; en-US; rv:1.9.2.12) Gecko/20101026 Firefox/3.6.12"
157.55.116.13 - - [20/Apr/2011:13:39:54 +0200] "GET /posting.php?mode=quote&p=29342 HTTP/1.1" 200 105 "-" "msnbot/2.0b (+http://search.msn.com/msnbot.htm)._"
87.88.30.117 - - [20/Apr/2011:13:40:07 +0200] "GET / HTTP/1.1" 200 1995 "-" "Mozilla/5.0 (Windows NT 6.1; rv:2.0) Gecko/20100101 Firefox/4.0"
87.88.30.117 - - [20/Apr/2011:13:40:20 +0200] "GET / HTTP/1.1" 200 1995 "http://forum.rally-infernal.info/" "Mozilla/5.0 (Windows NT 6.1; rv:2.0) Gecko/20100101 Firefox/4.0"
157.55.116.13 - - [20/Apr/2011:13:40:32 +0200] "GET /viewtopic.php?p=56595 HTTP/1.1" 200 105 "-" "msnbot/2.0b (+http://search.msn.com/msnbot.htm)._"
157.55.116.13 - - [20/Apr/2011:13:40:35 +0200] "GET /viewtopic.php?p=10777 HTTP/1.1" 200 105 "-" "msnbot/2.0b (+http://search.msn.com/msnbot.htm)._"
90.30.80.138 - - [20/Apr/2011:13:40:54 +0200] "GET / HTTP/1.1" 200 2002 "http://www.google.fr/search?q=rm+team&ie=utf-8&oe=utf-8&aq=t&rls=org.mozilla:fr:official&client=firefox-a" "Mozilla/5.0 (Windows NT 6.1; WOW64; rv:2.0) Gecko/20100101 Firefox/4.0"
66.249.66.146 - - [20/Apr/2011:13:40:59 +0200] "GET /viewtopic.php?t=2486&start=1515&postdays=0&postorder=asc&highlight=&sid=a82e7f47f93c857061a650d781ccaade HTTP/1.1" 200 2001 "-" "Mozilla/5.0 (compatible; Googlebot/2.1; +http://www.google.com/bot.html)"
90.30.80.138 - - [20/Apr/2011:13:41:03 +0200] "GET / HTTP/1.1" 200 1949 "-" "Mozilla/5.0 (Windows NT 6.1; WOW64; rv:2.0) Gecko/20100101 Firefox/4.0"
90.30.80.138 - - [20/Apr/2011:13:42:17 +0200] "GET / HTTP/1.1" 200 1949 "-" "Mozilla/5.0 (Windows NT 6.1; WOW64; rv:2.0) Gecko/20100101 Firefox/4.0"
90.30.80.138 - - [20/Apr/2011:13:42:18 +0200] "GET /faq.php HTTP/1.1" 200 1949 "http://forum.rally-infernal.info/" "Mozilla/5.0 (Windows NT 6.1; WOW64; rv:2.0) Gecko/20100101 Firefox/4.0"
90.30.80.138 - - [20/Apr/2011:13:42:20 +0200] "GET /faq.php HTTP/1.1" 200 1949 "http://forum.rally-infernal.info/faq.php" "Mozilla/5.0 (Windows NT 6.1; WOW64; rv:2.0) Gecko/20100101 Firefox/4.0"
90.30.80.138 - - [20/Apr/2011:13:42:20 +0200] "GET /search.php HTTP/1.1" 200 1949 "http://forum.rally-infernal.info/faq.php" "Mozilla/5.0 (Windows NT 6.1; WOW64; rv:2.0) Gecko/20100101 Firefox/4.0"
90.30.80.138 - - [20/Apr/2011:13:42:21 +0200] "GET /memberlist.php HTTP/1.1" 200 1949 "http://forum.rally-infernal.info/search.php" "Mozilla/5.0 (Windows NT 6.1; WOW64; rv:2.0) Gecko/20100101 Firefox/4.0"
90.30.80.138 - - [20/Apr/2011:13:42:22 +0200] "GET /memberlist.php HTTP/1.1" 200 1949 "http://forum.rally-infernal.info/memberlist.php" "Mozilla/5.0 (Windows NT 6.1; WOW64; rv:2.0) Gecko/20100101 Firefox/4.0"
90.30.80.138 - - [20/Apr/2011:13:42:22 +0200] "GET /groupcp.php HTTP/1.1" 200 1949 "http://forum.rally-infernal.info/memberlist.php" "Mozilla/5.0 (Windows NT 6.1; WOW64; rv:2.0) Gecko/20100101 Firefox/4.0"
90.30.80.138 - - [20/Apr/2011:13:42:22 +0200] "GET /profile.php?mode=editprofile HTTP/1.1" 200 1949 "http://forum.rally-infernal.info/groupcp.php" "Mozilla/5.0 (Windows NT 6.1; WOW64; rv:2.0) Gecko/20100101 Firefox/4.0"
90.30.80.138 - - [20/Apr/2011:13:42:23 +0200] "GET /privmsg.php?folder=inbox HTTP/1.1" 200 1949 "http://forum.rally-infernal.info/profile.php?mode=editprofile" "Mozilla/5.0 (Windows NT 6.1; WOW64; rv:2.0) Gecko/20100101 Firefox/4.0"
90.30.80.138 - - [20/Apr/2011:13:42:23 +0200] "GET /login.php HTTP/1.1" 200 2340 "http://forum.rally-infernal.info/privmsg.php?folder=inbox" "Mozilla/5.0 (Windows NT 6.1; WOW64; rv:2.0) Gecko/20100101 Firefox/4.0"
90.30.80.138 - - [20/Apr/2011:13:42:24 +0200] "GET /profile.php?mode=register HTTP/1.1" 200 1949 "http://forum.rally-infernal.info/login.php" "Mozilla/5.0 (Windows NT 6.1; WOW64; rv:2.0) Gecko/20100101 Firefox/4.0"
157.55.116.13 - - [20/Apr/2011:13:43:30 +0200] "GET /viewtopic.php?p=88723 HTTP/1.1" 200 105 "-" "msnbot/2.0b (+http://search.msn.com/msnbot.htm)._"
66.249.66.146 - - [20/Apr/2011:13:43:50 +0200] "GET /viewtopic.php?t=1373&sid=74e2dde013cd574da6ff8d0d0d65ec45 HTTP/1.1" 200 2000 "-" "Mozilla/5.0 (compatible; Googlebot/2.1; +http://www.google.com/bot.html)"
66.249.72.242 - - [20/Apr/2011:13:43:53 +0200] "GET /viewtopic.php?p=102342&sid=a9ea6f0a330dc3cd24703ff2a69e1f64 HTTP/1.1" 200 2001 "-" "Mozilla/5.0 (compatible; Googlebot/2.1; +http://www.google.com/bot.html)"
157.55.116.13 - - [20/Apr/2011:13:44:00 +0200] "GET /viewtopic.php?p=86229 HTTP/1.1" 200 105 "-" "msnbot/2.0b (+http://search.msn.com/msnbot.htm)._"
81.62.136.159 - - [20/Apr/2011:13:44:02 +0200] "GET / HTTP/1.1" 200 2000 "http://www.google.ch/url?sa=t&source=web&cd=2&ved=0CCcQFjAB&url=http%3A%2F%2Fforum.rally-infernal.info%2F&rct=j&q=team%20rm&ei=-cauTZO4Go-SswbRi_3XDA&usg=AFQjCNGdEOF2tH0oDrwyyWcROsxxecvOUQ&sig2=TUjjD4u25hVda4SORb_V4Q" "Mozilla/5.0 (Windows NT 6.0; rv:2.0) Gecko/20100101 Firefox/4.0"
81.62.136.159 - - [20/Apr/2011:13:44:02 +0200] "GET /templates/rmstyle/rmstyle.css HTTP/1.1" 200 3183 "http://forum.rally-infernal.info/" "Mozilla/5.0 (Windows NT 6.0; rv:2.0) Gecko/20100101 Firefox/4.0"
81.62.136.159 - - [20/Apr/2011:13:44:02 +0200] "GET /templates/rmstyle/images/lang_french/icon_mini_profile.png HTTP/1.1" 200 2386 "http://forum.rally-infernal.info/" "Mozilla/5.0 (Windows NT 6.0; rv:2.0) Gecko/20100101 Firefox/4.0"
81.62.136.159 - - [20/Apr/2011:13:44:02 +0200] "GET /templates/rmstyle/images/lang_french/icon_mini_faq.png HTTP/1.1" 200 2638 "http://forum.rally-infernal.info/" "Mozilla/5.0 (Windows NT 6.0; rv:2.0) Gecko/20100101 Firefox/4.0"
81.62.136.159 - - [20/Apr/2011:13:44:02 +0200] "GET /templates/rmstyle/images/lang_french/icon_mini_search.png HTTP/1.1" 200 2772 "http://forum.rally-infernal.info/" "Mozilla/5.0 (Windows NT 6.0; rv:2.0) Gecko/20100101 Firefox/4.0"
81.62.136.159 - - [20/Apr/2011:13:44:02 +0200] "GET /templates/rmstyle/images/lang_french/icon_mini_members.png HTTP/1.1" 200 3256 "http://forum.rally-infernal.info/" "Mozilla/5.0 (Windows NT 6.0; rv:2.0) Gecko/20100101 Firefox/4.0"
81.62.136.159 - - [20/Apr/2011:13:44:02 +0200] "GET /templates/rmstyle/images/lang_french/icon_mini_groups.png HTTP/1.1" 200 3010 "http://forum.rally-infernal.info/" "Mozilla/5.0 (Windows NT 6.0; rv:2.0) Gecko/20100101 Firefox/4.0"
81.62.136.159 - - [20/Apr/2011:13:44:02 +0200] "GET /templates/rmstyle/images/lang_french/icon_mini_message.png HTTP/1.1" 200 2464 "http://forum.rally-infernal.info/" "Mozilla/5.0 (Windows NT 6.0; rv:2.0) Gecko/20100101 Firefox/4.0"
81.62.136.159 - - [20/Apr/2011:13:44:02 +0200] "GET /templates/rmstyle/images/lang_french/icon_mini_login.png HTTP/1.1" 200 2281 "http://forum.rally-infernal.info/" "Mozilla/5.0 (Windows NT 6.0; rv:2.0) Gecko/20100101 Firefox/4.0"
81.62.136.159 - - [20/Apr/2011:13:44:02 +0200] "GET /templates/rmstyle/images/lang_french/icon_mini_register.png HTTP/1.1" 200 2755 "http://forum.rally-infernal.info/" "Mozilla/5.0 (Windows NT 6.0; rv:2.0) Gecko/20100101 Firefox/4.0"
81.62.136.159 - - [20/Apr/2011:13:44:02 +0200] "GET /templates/rmstyle/images/lang_french/icon_mini_site.png HTTP/1.1" 200 2634 "http://forum.rally-infernal.info/" "Mozilla/5.0 (Windows NT 6.0; rv:2.0) Gecko/20100101 Firefox/4.0"
81.62.136.159 - - [20/Apr/2011:13:44:03 +0200] "GET /templates/rmstyle/images/favicon.png HTTP/1.1" 200 974 "-" "Mozilla/5.0 (Windows NT 6.0; rv:2.0) Gecko/20100101 Firefox/4.0"
81.62.136.159 - - [20/Apr/2011:13:44:02 +0200] "GET /templates/rmstyle/images/logo_rmstyle.jpg HTTP/1.1" 200 108363 "http://forum.rally-infernal.info/" "Mozilla/5.0 (Windows NT 6.0; rv:2.0) Gecko/20100101 Firefox/4.0"
81.62.136.159 - - [20/Apr/2011:13:44:03 +0200] "GET /templates/rmstyle/images/bg_body.jpg HTTP/1.1" 200 103373 "http://forum.rally-infernal.info/templates/rmstyle/rmstyle.css" "Mozilla/5.0 (Windows NT 6.0; rv:2.0) Gecko/20100101 Firefox/4.0"
81.62.136.159 - - [20/Apr/2011:13:44:05 +0200] "GET /profile.php?mode=register&sid=5aadfa7324add4a34b05dfd274e0701b HTTP/1.1" 200 1949 "http://forum.rally-infernal.info/" "Mozilla/5.0 (Windows NT 6.0; rv:2.0) Gecko/20100101 Firefox/4.0"
81.62.136.159 - - [20/Apr/2011:13:44:10 +0200] "GET /profile.php?mode=register HTTP/1.1" 200 1949 "http://forum.rally-infernal.info/profile.php?mode=register&sid=5aadfa7324add4a34b05dfd274e0701b" "Mozilla/5.0 (Windows NT 6.0; rv:2.0) Gecko/20100101 Firefox/4.0"
157.55.116.13 - - [20/Apr/2011:13:44:19 +0200] "GET /viewtopic.php?p=86521 HTTP/1.1" 200 105 "-" "msnbot/2.0b (+http://search.msn.com/msnbot.htm)._"
66.249.72.242 - - [20/Apr/2011:13:44:31 +0200] "GET /viewtopic.php?p=19608&highlight=&sid=2af274eaf0c21abcbf810d9f4d00fa25 HTTP/1.1" 200 2001 "-" "Mozilla/5.0 (compatible; Googlebot/2.1; +http://www.google.com/bot.html)"
157.55.116.13 - - [20/Apr/2011:13:44:40 +0200] "GET /viewtopic.php?p=8535 HTTP/1.1" 200 105 "-" "msnbot/2.0b (+http://search.msn.com/msnbot.htm)._"
157.55.116.13 - - [20/Apr/2011:13:44:45 +0200] "GET /viewtopic.php?p=89935 HTTP/1.1" 200 105 "-" "msnbot/2.0b (+http://search.msn.com/msnbot.htm)._"
157.55.116.13 - - [20/Apr/2011:13:45:03 +0200] "GET /viewtopic.php?p=62304 HTTP/1.1" 200 105 "-" "msnbot/2.0b (+http://search.msn.com/msnbot.htm)._"
90.30.80.138 - - [20/Apr/2011:13:45:04 +0200] "GET / HTTP/1.1" 200 2000 "http://www.rally-infernal.info/" "Mozilla/5.0 (Windows NT 6.1; WOW64; rv:2.0) Gecko/20100101 Firefox/4.0"
90.30.80.138 - - [20/Apr/2011:13:45:08 +0200] "GET /index.php?sid=c702aba0ef7bc72e4bec02cd204361ed HTTP/1.1" 200 1949 "http://forum.rally-infernal.info/" "Mozilla/5.0 (Windows NT 6.1; WOW64; rv:2.0) Gecko/20100101 Firefox/4.0"
90.30.80.138 - - [20/Apr/2011:13:45:10 +0200] "GET /index.php HTTP/1.1" 200 1949 "http://forum.rally-infernal.info/index.php?sid=c702aba0ef7bc72e4bec02cd204361ed" "Mozilla/5.0 (Windows NT 6.1; WOW64; rv:2.0) Gecko/20100101 Firefox/4.0"
90.30.80.138 - - [20/Apr/2011:13:45:11 +0200] "GET /index.php HTTP/1.1" 200 1949 "http://forum.rally-infernal.info/index.php" "Mozilla/5.0 (Windows NT 6.1; WOW64; rv:2.0) Gecko/20100101 Firefox/4.0"
90.30.80.138 - - [20/Apr/2011:13:45:12 +0200] "GET /index.php HTTP/1.1" 200 1949 "http://forum.rally-infernal.info/index.php" "Mozilla/5.0 (Windows NT 6.1; WOW64; rv:2.0) Gecko/20100101 Firefox/4.0"
90.30.80.138 - - [20/Apr/2011:13:45:13 +0200] "GET /index.php HTTP/1.1" 200 1949 "http://forum.rally-infernal.info/index.php" "Mozilla/5.0 (Windows NT 6.1; WOW64; rv:2.0) Gecko/20100101 Firefox/4.0"
90.30.80.138 - - [20/Apr/2011:13:45:13 +0200] "GET /index.php HTTP/1.1" 200 1949 "http://forum.rally-infernal.info/index.php" "Mozilla/5.0 (Windows NT 6.1; WOW64; rv:2.0) Gecko/20100101 Firefox/4.0"
157.55.116.13 - - [20/Apr/2011:13:45:16 +0200] "GET /viewtopic.php?p=105547 HTTP/1.1" 200 105 "-" "msnbot/2.0b (+http://search.msn.com/msnbot.htm)._"
90.30.80.138 - - [20/Apr/2011:13:45:20 +0200] "GET /favicon.ico HTTP/1.1" 404 183 "-" "Mozilla/5.0 (Windows NT 6.1; WOW64; rv:2.0) Gecko/20100101 Firefox/4.0"
90.30.80.138 - - [20/Apr/2011:13:45:20 +0200] "GET /favicon.ico HTTP/1.1" 404 183 "-" "Mozilla/5.0 (Windows NT 6.1; WOW64; rv:2.0) Gecko/20100101 Firefox/4.0"
157.55.116.13 - - [20/Apr/2011:13:45:31 +0200] "GET /viewtopic.php?p=42329 HTTP/1.1" 200 105 "-" "msnbot/2.0b (+http://search.msn.com/msnbot.htm)._"
157.55.116.13 - - [20/Apr/2011:13:45:36 +0200] "GET /viewtopic.php?p=37213 HTTP/1.1" 200 105 "-" "msnbot/2.0b (+http://search.msn.com/msnbot.htm)._"
157.55.116.13 - - [20/Apr/2011:13:45:46 +0200] "GET /viewtopic.php?p=37924 HTTP/1.1" 200 105 "-" "msnbot/2.0b (+http://search.msn.com/msnbot.htm)._"
157.55.116.13 - - [20/Apr/2011:13:45:54 +0200] "GET /viewtopic.php?p=46190 HTTP/1.1" 200 105 "-" "msnbot/2.0b (+http://search.msn.com/msnbot.htm)._"
89.227.212.146 - - [20/Apr/2011:13:46:09 +0200] "GET /AvatarsManager/deug21.jpg HTTP/1.1" 302 20 "http://www.trackmania.com/fr/forum/viewtopic.php?t=34762" "Mozilla/4.0 (compatible; MSIE 8.0; Windows NT 6.1; WOW64; Trident/4.0; GTB6.6; SLCC2; .NET CLR 2.0.50727; .NET CLR 3.5.30729; .NET CLR 3.0.30729; Media Center PC 6.0; .NET4.0C)"
89.227.212.146 - - [20/Apr/2011:13:46:10 +0200] "GET /AvatarsManager/joueurs/deug21/1.png HTTP/1.1" 200 48858 "http://www.trackmania.com/fr/forum/viewtopic.php?t=34762" "Mozilla/4.0 (compatible; MSIE 8.0; Windows NT 6.1; WOW64; Trident/4.0; GTB6.6; SLCC2; .NET CLR 2.0.50727; .NET CLR 3.5.30729; .NET CLR 3.0.30729; Media Center PC 6.0; .NET4.0C)"
157.55.116.13 - - [20/Apr/2011:13:46:14 +0200] "GET /viewtopic.php?p=38244 HTTP/1.1" 200 105 "-" "msnbot/2.0b (+http://search.msn.com/msnbot.htm)._"
157.55.116.13 - - [20/Apr/2011:13:46:16 +0200] "GET /viewtopic.php?p=31751 HTTP/1.1" 200 105 "-" "msnbot/2.0b (+http://search.msn.com/msnbot.htm)._"
66.249.66.146 - - [20/Apr/2011:13:46:19 +0200] "GET /viewtopic.php?p=12831&sid=ab63343396c33197bc277cdd520ee1e4 HTTP/1.1" 200 2002 "-" "Mozilla/5.0 (compatible; Googlebot/2.1; +http://www.google.com/bot.html)"
157.55.116.13 - - [20/Apr/2011:13:46:25 +0200] "GET /viewtopic.php?p=506 HTTP/1.1" 200 105 "-" "msnbot/2.0b (+http://search.msn.com/msnbot.htm)._"
157.55.116.13 - - [20/Apr/2011:13:46:31 +0200] "GET /posting.php?mode=quote&p=20282 HTTP/1.1" 200 105 "-" "msnbot/2.0b (+http://search.msn.com/msnbot.htm)._"
157.55.116.13 - - [20/Apr/2011:13:46:38 +0200] "GET /viewtopic.php?p=50503 HTTP/1.1" 200 105 "-" "msnbot/2.0b (+http://search.msn.com/msnbot.htm)._"
157.55.116.13 - - [20/Apr/2011:13:46:40 +0200] "GET /viewtopic.php?p=34460 HTTP/1.1" 200 105 "-" "msnbot/2.0b (+http://search.msn.com/msnbot.htm)._"
66.249.66.146 - - [20/Apr/2011:13:46:42 +0200] "GET /viewtopic.php?p=110845&sid=8e1fec0147bb858185e1cbf0712a05fd HTTP/1.1" 200 2003 "-" "Mozilla/5.0 (compatible; Googlebot/2.1; +http://www.google.com/bot.html)"
157.55.116.13 - - [20/Apr/2011:13:46:42 +0200] "GET /viewtopic.php?p=36162 HTTP/1.1" 200 105 "-" "msnbot/2.0b (+http://search.msn.com/msnbot.htm)._"
157.55.116.13 - - [20/Apr/2011:13:46:45 +0200] "GET /viewtopic.php?p=28766 HTTP/1.1" 200 105 "-" "msnbot/2.0b (+http://search.msn.com/msnbot.htm)._"
157.55.116.13 - - [20/Apr/2011:13:46:48 +0200] "GET /viewtopic.php?p=57656 HTTP/1.1" 200 105 "-" "msnbot/2.0b (+http://search.msn.com/msnbot.htm)._"
157.55.116.13 - - [20/Apr/2011:13:46:52 +0200] "GET /viewtopic.php?t=831 HTTP/1.1" 200 105 "-" "msnbot/2.0b (+http://search.msn.com/msnbot.htm)._"
157.55.116.13 - - [20/Apr/2011:13:46:56 +0200] "GET /posting.php?mode=quote&p=97109 HTTP/1.1" 200 105 "-" "msnbot/2.0b (+http://search.msn.com/msnbot.htm)._"
90.30.80.138 - - [20/Apr/2011:13:46:58 +0200] "GET / HTTP/1.1" 200 2001 "http://www.rally-infernal.info/" "Mozilla/5.0 (Windows NT 6.1; WOW64; rv:2.0) Gecko/20100101 Firefox/4.0"
157.55.116.13 - - [20/Apr/2011:13:47:00 +0200] "GET /viewtopic.php?p=59401 HTTP/1.1" 200 105 "-" "msnbot/2.0b (+http://search.msn.com/msnbot.htm)._"
157.55.116.13 - - [20/Apr/2011:13:47:12 +0200] "GET /posting.php?mode=quote&p=97721 HTTP/1.1" 200 105 "-" "msnbot/2.0b (+http://search.msn.com/msnbot.htm)._"
157.55.116.13 - - [20/Apr/2011:13:47:19 +0200] "GET /posting.php?mode=quote&p=989 HTTP/1.1" 200 105 "-" "msnbot/2.0b (+http://search.msn.com/msnbot.htm)._"
157.55.116.13 - - [20/Apr/2011:13:47:26 +0200] "GET /viewtopic.php?p=23448 HTTP/1.1" 200 105 "-" "msnbot/2.0b (+http://search.msn.com/msnbot.htm)._"
157.55.116.13 - - [20/Apr/2011:13:47:29 +0200] "GET /viewtopic.php?p=30851 HTTP/1.1" 200 105 "-" "msnbot/2.0b (+http://search.msn.com/msnbot.htm)._"
157.55.116.13 - - [20/Apr/2011:13:47:34 +0200] "GET /viewtopic.php?p=60586 HTTP/1.1" 200 105 "-" "msnbot/2.0b (+http://search.msn.com/msnbot.htm)._"
157.55.116.13 - - [20/Apr/2011:13:47:37 +0200] "GET /viewtopic.php?p=20816 HTTP/1.1" 200 105 "-" "msnbot/2.0b (+http://search.msn.com/msnbot.htm)._"
157.55.116.13 - - [20/Apr/2011:13:47:40 +0200] "GET /posting.php?mode=quote&p=113450 HTTP/1.1" 200 105 "-" "msnbot/2.0b (+http://search.msn.com/msnbot.htm)._"
87.88.30.117 - - [20/Apr/2011:13:47:43 +0200] "GET / HTTP/1.1" 200 1995 "-" "Mozilla/5.0 (Windows NT 6.1; rv:2.0) Gecko/20100101 Firefox/4.0"
157.55.116.13 - - [20/Apr/2011:13:47:46 +0200] "GET /posting.php?mode=quote&p=111885 HTTP/1.1" 200 105 "-" "msnbot/2.0b (+http://search.msn.com/msnbot.htm)._"
157.55.116.13 - - [20/Apr/2011:13:47:48 +0200] "GET /posting.php?mode=quote&p=84687 HTTP/1.1" 200 105 "-" "msnbot/2.0b (+http://search.msn.com/msnbot.htm)._"
157.55.116.13 - - [20/Apr/2011:13:47:51 +0200] "GET /posting.php?mode=quote&p=74222 HTTP/1.1" 200 105 "-" "msnbot/2.0b (+http://search.msn.com/msnbot.htm)._"
157.55.116.13 - - [20/Apr/2011:13:47:59 +0200] "GET /viewtopic.php?p=55464 HTTP/1.1" 200 105 "-" "msnbot/2.0b (+http://search.msn.com/msnbot.htm)._"
157.55.116.13 - - [20/Apr/2011:13:48:01 +0200] "GET /viewtopic.php?p=111588 HTTP/1.1" 200 105 "-" "msnbot/2.0b (+http://search.msn.com/msnbot.htm)._"
157.55.116.13 - - [20/Apr/2011:13:48:04 +0200] "GET /viewtopic.php?p=71550 HTTP/1.1" 200 105 "-" "msnbot/2.0b (+http://search.msn.com/msnbot.htm)._"
157.55.116.13 - - [20/Apr/2011:13:48:08 +0200] "GET /viewtopic.php?p=46501 HTTP/1.1" 200 105 "-" "msnbot/2.0b (+http://search.msn.com/msnbot.htm)._"
157.55.116.13 - - [20/Apr/2011:13:48:10 +0200] "GET /posting.php?mode=quote&p=53767 HTTP/1.1" 200 105 "-" "msnbot/2.0b (+http://search.msn.com/msnbot.htm)._"
90.30.80.138 - - [20/Apr/2011:13:48:11 +0200] "GET / HTTP/1.1" 200 1999 "http://www.rally-infernal.info/index.php?content=goodies" "Mozilla/5.0 (Windows NT 6.1; WOW64; rv:2.0) Gecko/20100101 Firefox/4.0"
157.55.116.13 - - [20/Apr/2011:13:48:12 +0200] "GET /posting.php?mode=quote&p=93456 HTTP/1.1" 200 105 "-" "msnbot/2.0b (+http://search.msn.com/msnbot.htm)._"
157.55.116.13 - - [20/Apr/2011:13:48:15 +0200] "GET /posting.php?mode=quote&p=46914 HTTP/1.1" 200 105 "-" "msnbot/2.0b (+http://search.msn.com/msnbot.htm)._"
157.55.116.13 - - [20/Apr/2011:13:48:16 +0200] "GET /posting.php?mode=quote&p=94949 HTTP/1.1" 200 105 "-" "msnbot/2.0b (+http://search.msn.com/msnbot.htm)._"
157.55.116.13 - - [20/Apr/2011:13:48:19 +0200] "GET /posting.php?mode=quote&p=53040 HTTP/1.1" 200 105 "-" "msnbot/2.0b (+http://search.msn.com/msnbot.htm)._"
157.55.116.13 - - [20/Apr/2011:13:48:21 +0200] "GET /posting.php?mode=quote&p=28527 HTTP/1.1" 200 105 "-" "msnbot/2.0b (+http://search.msn.com/msnbot.htm)._"
157.55.116.13 - - [20/Apr/2011:13:48:24 +0200] "GET /posting.php?mode=quote&p=107806 HTTP/1.1" 200 105 "-" "msnbot/2.0b (+http://search.msn.com/msnbot.htm)._"
157.55.116.13 - - [20/Apr/2011:13:48:26 +0200] "GET /posting.php?mode=quote&p=37400 HTTP/1.1" 200 105 "-" "msnbot/2.0b (+http://search.msn.com/msnbot.htm)._"
157.55.116.13 - - [20/Apr/2011:13:48:29 +0200] "GET /posting.php?mode=quote&p=104087 HTTP/1.1" 200 105 "-" "msnbot/2.0b (+http://search.msn.com/msnbot.htm)._"
157.55.116.13 - - [20/Apr/2011:13:48:33 +0200] "GET /posting.php?mode=quote&p=46498 HTTP/1.1" 200 105 "-" "msnbot/2.0b (+http://search.msn.com/msnbot.htm)._"
85.17.147.193 - - [20/Apr/2011:13:48:34 +0200] "GET /viewtopic.php?t%3D2572 HTTP/1.1" 200 6354 "-" "Mozilla/4.0 (compatible; MSIE 5.0; Windows 98; DigExt\\)"
85.17.147.193 - - [20/Apr/2011:13:48:34 +0200] "GET /viewtopic.php?t%3D2572 HTTP/1.1" 200 6354 "-" "Mozilla/4.0 (compatible; MSIE 6.0; Windows NT 5.1; SV1)"
157.55.116.13 - - [20/Apr/2011:13:48:36 +0200] "GET /viewtopic.php?p=27038 HTTP/1.1" 200 105 "-" "msnbot/2.0b (+http://search.msn.com/msnbot.htm)._"
157.55.116.13 - - [20/Apr/2011:13:48:39 +0200] "GET /viewtopic.php?p=28023 HTTP/1.1" 200 105 "-" "msnbot/2.0b (+http://search.msn.com/msnbot.htm)._"
157.55.116.13 - - [20/Apr/2011:13:48:41 +0200] "GET /viewtopic.php?p=31382 HTTP/1.1" 200 105 "-" "msnbot/2.0b (+http://search.msn.com/msnbot.htm)._"
157.55.116.13 - - [20/Apr/2011:13:48:46 +0200] "GET /viewtopic.php?p=112904 HTTP/1.1" 200 105 "-" "msnbot/2.0b (+http://search.msn.com/msnbot.htm)._"
157.55.116.13 - - [20/Apr/2011:13:48:50 +0200] "GET /viewtopic.php?p=11390 HTTP/1.1" 200 105 "-" "msnbot/2.0b (+http://search.msn.com/msnbot.htm)._"
157.55.116.13 - - [20/Apr/2011:13:48:53 +0200] "GET /viewtopic.php?p=111952 HTTP/1.1" 200 105 "-" "msnbot/2.0b (+http://search.msn.com/msnbot.htm)._"
82.232.206.50 - - [20/Apr/2011:13:48:54 +0200] "GET /AvatarsManager/lakse.jpg HTTP/1.1" 302 20 "http://ragemachines.simplygaming.org/t306-lol-lol-en-image" "Mozilla/5.0 (Windows; U; Windows NT 5.1; fr; rv:1.9.1.18) Gecko/20110319 Firefox/3.5.18 (.NET CLR 3.5.30729)"
157.55.116.13 - - [20/Apr/2011:13:48:55 +0200] "GET /viewtopic.php?p=112093 HTTP/1.1" 200 105 "-" "msnbot/2.0b (+http://search.msn.com/msnbot.htm)._"
82.232.206.50 - - [20/Apr/2011:13:48:54 +0200] "GET /AvatarsManager/joueurs/lakse/5.png HTTP/1.1" 200 76045 "http://ragemachines.simplygaming.org/t306-lol-lol-en-image" "Mozilla/5.0 (Windows; U; Windows NT 5.1; fr; rv:1.9.1.18) Gecko/20110319 Firefox/3.5.18 (.NET CLR 3.5.30729)"
157.55.116.13 - - [20/Apr/2011:13:48:58 +0200] "GET /viewtopic.php?p=1244 HTTP/1.1" 200 105 "-" "msnbot/2.0b (+http://search.msn.com/msnbot.htm)._"
157.55.116.13 - - [20/Apr/2011:13:49:01 +0200] "GET /viewtopic.php?p=19504 HTTP/1.1" 200 105 "-" "msnbot/2.0b (+http://search.msn.com/msnbot.htm)._"
157.55.116.13 - - [20/Apr/2011:13:49:04 +0200] "GET /viewtopic.php?p=22254 HTTP/1.1" 200 105 "-" "msnbot/2.0b (+http://search.msn.com/msnbot.htm)._"
157.55.116.13 - - [20/Apr/2011:13:49:08 +0200] "GET /viewtopic.php?p=18326 HTTP/1.1" 200 105 "-" "msnbot/2.0b (+http://search.msn.com/msnbot.htm)._"
157.55.116.13 - - [20/Apr/2011:13:49:11 +0200] "GET /viewtopic.php?p=18769 HTTP/1.1" 200 105 "-" "msnbot/2.0b (+http://search.msn.com/msnbot.htm)._"
157.55.116.13 - - [20/Apr/2011:13:49:13 +0200] "GET /viewtopic.php?p=83457 HTTP/1.1" 200 105 "-" "msnbot/2.0b (+http://search.msn.com/msnbot.htm)._"
157.55.116.13 - - [20/Apr/2011:13:49:14 +0200] "GET /viewtopic.php?p=8512 HTTP/1.1" 200 105 "-" "msnbot/2.0b (+http://search.msn.com/msnbot.htm)._"
157.55.116.13 - - [20/Apr/2011:13:49:16 +0200] "GET /viewtopic.php?p=85905 HTTP/1.1" 200 105 "-" "msnbot/2.0b (+http://search.msn.com/msnbot.htm)._"
157.55.116.13 - - [20/Apr/2011:13:49:19 +0200] "GET /viewtopic.php?p=66209 HTTP/1.1" 200 105 "-" "msnbot/2.0b (+http://search.msn.com/msnbot.htm)._"
157.55.116.13 - - [20/Apr/2011:13:49:21 +0200] "GET /viewtopic.php?p=66217 HTTP/1.1" 200 105 "-" "msnbot/2.0b (+http://search.msn.com/msnbot.htm)._"
157.55.116.13 - - [20/Apr/2011:13:49:27 +0200] "GET /viewtopic.php?p=72744 HTTP/1.1" 200 105 "-" "msnbot/2.0b (+http://search.msn.com/msnbot.htm)._"
87.88.30.117 - - [20/Apr/2011:13:49:29 +0200] "GET / HTTP/1.1" 200 1995 "-" "Mozilla/5.0 (Windows NT 6.1; rv:2.0) Gecko/20100101 Firefox/4.0"
157.55.116.13 - - [20/Apr/2011:13:49:31 +0200] "GET /viewtopic.php?p=93574 HTTP/1.1" 200 105 "-" "msnbot/2.0b (+http://search.msn.com/msnbot.htm)._"
66.249.66.146 - - [20/Apr/2011:13:49:33 +0200] "GET /viewtopic.php?t=2840&start=15&sid=24810959424b5fb9d5958c92aa5b38e5 HTTP/1.1" 200 2003 "-" "Mozilla/5.0 (compatible; Googlebot/2.1; +http://www.google.com/bot.html)"
157.55.116.13 - - [20/Apr/2011:13:49:33 +0200] "GET /viewtopic.php?p=93736 HTTP/1.1" 200 105 "-" "msnbot/2.0b (+http://search.msn.com/msnbot.htm)._"
157.55.116.13 - - [20/Apr/2011:13:49:38 +0200] "GET /viewtopic.php?p=95950 HTTP/1.1" 200 105 "-" "msnbot/2.0b (+http://search.msn.com/msnbot.htm)._"
90.63.92.65 - - [20/Apr/2011:13:49:39 +0200] "GET /index.php?sid=490dcdcb33525574a819731fbdceb0b0 HTTP/1.1" 200 2012 "-" "Opera/9.80 (Windows NT 6.0; U; fr) Presto/2.6.30 Version/10.63"
90.63.92.65 - - [20/Apr/2011:13:49:39 +0200] "GET /templates/rmstyle/rmstyle.css HTTP/1.1" 200 3183 "http://forum.rally-infernal.info/index.php?sid=490dcdcb33525574a819731fbdceb0b0" "Opera/9.80 (Windows NT 6.0; U; fr) Presto/2.6.30 Version/10.63"
90.63.92.65 - - [20/Apr/2011:13:49:39 +0200] "GET /templates/rmstyle/images/lang_french/icon_mini_faq.png HTTP/1.1" 200 2638 "http://forum.rally-infernal.info/index.php?sid=490dcdcb33525574a819731fbdceb0b0" "Opera/9.80 (Windows NT 6.0; U; fr) Presto/2.6.30 Version/10.63"
90.63.92.65 - - [20/Apr/2011:13:49:39 +0200] "GET /templates/rmstyle/images/lang_french/icon_mini_search.png HTTP/1.1" 200 2772 "http://forum.rally-infernal.info/index.php?sid=490dcdcb33525574a819731fbdceb0b0" "Opera/9.80 (Windows NT 6.0; U; fr) Presto/2.6.30 Version/10.63"
90.63.92.65 - - [20/Apr/2011:13:49:39 +0200] "GET /templates/rmstyle/images/lang_french/icon_mini_members.png HTTP/1.1" 200 3256 "http://forum.rally-infernal.info/index.php?sid=490dcdcb33525574a819731fbdceb0b0" "Opera/9.80 (Windows NT 6.0; U; fr) Presto/2.6.30 Version/10.63"
90.63.92.65 - - [20/Apr/2011:13:49:39 +0200] "GET /templates/rmstyle/images/lang_french/icon_mini_groups.png HTTP/1.1" 200 3010 "http://forum.rally-infernal.info/index.php?sid=490dcdcb33525574a819731fbdceb0b0" "Opera/9.80 (Windows NT 6.0; U; fr) Presto/2.6.30 Version/10.63"
90.63.92.65 - - [20/Apr/2011:13:49:39 +0200] "GET /templates/rmstyle/images/lang_french/icon_mini_logout.png HTTP/1.1" 200 2566 "http://forum.rally-infernal.info/index.php?sid=490dcdcb33525574a819731fbdceb0b0" "Opera/9.80 (Windows NT 6.0; U; fr) Presto/2.6.30 Version/10.63"
90.63.92.65 - - [20/Apr/2011:13:49:39 +0200] "GET /templates/rmstyle/images/lang_french/icon_mini_site.png HTTP/1.1" 200 2634 "http://forum.rally-infernal.info/index.php?sid=490dcdcb33525574a819731fbdceb0b0" "Opera/9.80 (Windows NT 6.0; U; fr) Presto/2.6.30 Version/10.63"
90.63.92.65 - - [20/Apr/2011:13:49:39 +0200] "GET /templates/rmstyle/images/lang_french/icon_mini_profile.png HTTP/1.1" 200 2386 "http://forum.rally-infernal.info/index.php?sid=490dcdcb33525574a819731fbdceb0b0" "Opera/9.80 (Windows NT 6.0; U; fr) Presto/2.6.30 Version/10.63"
90.63.92.65 - - [20/Apr/2011:13:49:39 +0200] "GET /templates/rmstyle/images/bg_body.jpg HTTP/1.1" 200 103373 "http://forum.rally-infernal.info/index.php?sid=490dcdcb33525574a819731fbdceb0b0" "Opera/9.80 (Windows NT 6.0; U; fr) Presto/2.6.30 Version/10.63"
90.63.92.65 - - [20/Apr/2011:13:49:40 +0200] "GET /templates/rmstyle/images/lang_french/icon_mini_logout.png HTTP/1.1" 200 2566 "http://forum.rally-infernal.info/index.php?sid=490dcdcb33525574a819731fbdceb0b0" "Opera/9.80 (Windows NT 6.0; U; fr) Presto/2.6.30 Version/10.63"
90.63.92.65 - - [20/Apr/2011:13:49:39 +0200] "GET /templates/rmstyle/images/logo_rmstyle.jpg HTTP/1.1" 200 108363 "http://forum.rally-infernal.info/index.php?sid=490dcdcb33525574a819731fbdceb0b0" "Opera/9.80 (Windows NT 6.0; U; fr) Presto/2.6.30 Version/10.63"
90.63.92.65 - - [20/Apr/2011:13:49:40 +0200] "GET /templates/rmstyle/images/lang_french/icon_mini_site.png HTTP/1.1" 200 2634 "http://forum.rally-infernal.info/index.php?sid=490dcdcb33525574a819731fbdceb0b0" "Opera/9.80 (Windows NT 6.0; U; fr) Presto/2.6.30 Version/10.63"
90.63.92.65 - - [20/Apr/2011:13:49:40 +0200] "GET /templates/rmstyle/images/lang_french/icon_mini_message.png HTTP/1.1" 200 2464 "http://forum.rally-infernal.info/index.php?sid=490dcdcb33525574a819731fbdceb0b0" "Opera/9.80 (Windows NT 6.0; U; fr) Presto/2.6.30 Version/10.63"
12.230.222.196 - - [20/Apr/2011:13:49:40 +0200] "GET /AvatarsManager/deug21.jpg HTTP/1.1" 302 20 "http://www.trackmania.com/fr/forum/viewtopic.php?t=34755&start=0" "Mozilla/5.0 (Windows; U; Windows NT 6.1; en-US) AppleWebKit/534.16 (KHTML, like Gecko) Chrome/10.0.648.205 Safari/534.16"
157.55.116.13 - - [20/Apr/2011:13:49:40 +0200] "GET /viewtopic.php?p=40000 HTTP/1.1" 200 105 "-" "msnbot/2.0b (+http://search.msn.com/msnbot.htm)._"
12.230.222.196 - - [20/Apr/2011:13:49:40 +0200] "GET /AvatarsManager/joueurs/deug21/1.png HTTP/1.1" 200 48858 "http://www.trackmania.com/fr/forum/viewtopic.php?t=34755&start=0" "Mozilla/5.0 (Windows; U; Windows NT 6.1; en-US) AppleWebKit/534.16 (KHTML, like Gecko) Chrome/10.0.648.205 Safari/534.16"
157.55.116.13 - - [20/Apr/2011:13:49:43 +0200] "GET /viewtopic.php?p=37960 HTTP/1.1" 200 105 "-" "msnbot/2.0b (+http://search.msn.com/msnbot.htm)._"
157.55.116.13 - - [20/Apr/2011:13:49:45 +0200] "GET /viewtopic.php?p=46365 HTTP/1.1" 200 105 "-" "msnbot/2.0b (+http://search.msn.com/msnbot.htm)._"
157.55.116.13 - - [20/Apr/2011:13:49:48 +0200] "GET /viewtopic.php?p=57227 HTTP/1.1" 200 105 "-" "msnbot/2.0b (+http://search.msn.com/msnbot.htm)._"
157.55.116.13 - - [20/Apr/2011:13:49:50 +0200] "GET /posting.php?mode=quote&p=78741 HTTP/1.1" 200 105 "-" "msnbot/2.0b (+http://search.msn.com/msnbot.htm)._"
157.55.116.13 - - [20/Apr/2011:13:49:52 +0200] "GET /posting.php?mode=quote&p=54299 HTTP/1.1" 200 105 "-" "msnbot/2.0b (+http://search.msn.com/msnbot.htm)._"
157.55.116.13 - - [20/Apr/2011:13:49:53 +0200] "GET /viewtopic.php?p=21599 HTTP/1.1" 200 105 "-" "msnbot/2.0b (+http://search.msn.com/msnbot.htm)._"
157.55.116.13 - - [20/Apr/2011:13:49:56 +0200] "GET /viewtopic.php?p=65230 HTTP/1.1" 200 105 "-" "msnbot/2.0b (+http://search.msn.com/msnbot.htm)._"
157.55.116.13 - - [20/Apr/2011:13:49:58 +0200] "GET /viewtopic.php?p=67837 HTTP/1.1" 200 105 "-" "msnbot/2.0b (+http://search.msn.com/msnbot.htm)._"
157.55.116.13 - - [20/Apr/2011:13:50:01 +0200] "GET /viewtopic.php?p=72827 HTTP/1.1" 200 105 "-" "msnbot/2.0b (+http://search.msn.com/msnbot.htm)._"
157.55.116.13 - - [20/Apr/2011:13:50:03 +0200] "GET /viewtopic.php?p=92199 HTTP/1.1" 200 105 "-" "msnbot/2.0b (+http://search.msn.com/msnbot.htm)._"
157.55.116.13 - - [20/Apr/2011:13:50:06 +0200] "GET /viewtopic.php?p=75606 HTTP/1.1" 200 105 "-" "msnbot/2.0b (+http://search.msn.com/msnbot.htm)._"
66.249.72.242 - - [20/Apr/2011:13:50:09 +0200] "GET /viewtopic.php?p=28089&sid=e1003cec7d547ddfcde7cb4dc0e89b3e HTTP/1.1" 200 2003 "-" "Mozilla/5.0 (compatible; Googlebot/2.1; +http://www.google.com/bot.html)"
157.55.116.13 - - [20/Apr/2011:13:50:10 +0200] "GET /viewtopic.php?p=84897 HTTP/1.1" 200 105 "-" "msnbot/2.0b (+http://search.msn.com/msnbot.htm)._"
157.55.116.13 - - [20/Apr/2011:13:50:13 +0200] "GET /viewtopic.php?p=12817 HTTP/1.1" 200 105 "-" "msnbot/2.0b (+http://search.msn.com/msnbot.htm)._"
157.55.116.13 - - [20/Apr/2011:13:50:15 +0200] "GET /viewtopic.php?p=95559 HTTP/1.1" 200 105 "-" "msnbot/2.0b (+http://search.msn.com/msnbot.htm)._"
157.55.116.13 - - [20/Apr/2011:13:50:17 +0200] "GET /viewtopic.php?p=67778 HTTP/1.1" 200 105 "-" "msnbot/2.0b (+http://search.msn.com/msnbot.htm)._"
157.55.116.13 - - [20/Apr/2011:13:50:19 +0200] "GET /viewtopic.php?p=49969 HTTP/1.1" 200 105 "-" "msnbot/2.0b (+http://search.msn.com/msnbot.htm)._"
157.55.116.13 - - [20/Apr/2011:13:50:22 +0200] "GET /viewtopic.php?p=98468 HTTP/1.1" 200 105 "-" "msnbot/2.0b (+http://search.msn.com/msnbot.htm)._"
157.55.116.13 - - [20/Apr/2011:13:50:24 +0200] "GET /viewtopic.php?p=92644 HTTP/1.1" 200 105 "-" "msnbot/2.0b (+http://search.msn.com/msnbot.htm)._"
157.55.116.13 - - [20/Apr/2011:13:50:27 +0200] "GET /viewtopic.php?p=64542 HTTP/1.1" 200 105 "-" "msnbot/2.0b (+http://search.msn.com/msnbot.htm)._"
157.55.116.13 - - [20/Apr/2011:13:50:29 +0200] "GET /posting.php?mode=quote&p=39872 HTTP/1.1" 200 105 "-" "msnbot/2.0b (+http://search.msn.com/msnbot.htm)._"
157.55.116.13 - - [20/Apr/2011:13:50:31 +0200] "GET /viewtopic.php?p=37973 HTTP/1.1" 200 105 "-" "msnbot/2.0b (+http://search.msn.com/msnbot.htm)._"
157.55.116.13 - - [20/Apr/2011:13:50:33 +0200] "GET /viewtopic.php?p=6706 HTTP/1.1" 200 105 "-" "msnbot/2.0b (+http://search.msn.com/msnbot.htm)._"
157.55.116.13 - - [20/Apr/2011:13:50:35 +0200] "GET /viewtopic.php?p=98769 HTTP/1.1" 200 105 "-" "msnbot/2.0b (+http://search.msn.com/msnbot.htm)._"
157.55.116.13 - - [20/Apr/2011:13:50:38 +0200] "GET /viewtopic.php?p=6401 HTTP/1.1" 200 105 "-" "msnbot/2.0b (+http://search.msn.com/msnbot.htm)._"
157.55.116.13 - - [20/Apr/2011:13:50:40 +0200] "GET /viewtopic.php?p=93417 HTTP/1.1" 200 105 "-" "msnbot/2.0b (+http://search.msn.com/msnbot.htm)._"
157.55.116.13 - - [20/Apr/2011:13:50:42 +0200] "GET /viewtopic.php?t=637 HTTP/1.1" 200 105 "-" "msnbot/2.0b (+http://search.msn.com/msnbot.htm)._"
157.55.116.13 - - [20/Apr/2011:13:50:43 +0200] "GET /viewtopic.php?t=2111 HTTP/1.1" 200 105 "-" "msnbot/2.0b (+http://search.msn.com/msnbot.htm)._"
157.55.116.13 - - [20/Apr/2011:13:50:46 +0200] "GET /viewtopic.php?p=89529 HTTP/1.1" 200 105 "-" "msnbot/2.0b (+http://search.msn.com/msnbot.htm)._"
157.55.116.13 - - [20/Apr/2011:13:50:48 +0200] "GET /viewtopic.php?p=76484 HTTP/1.1" 200 105 "-" "msnbot/2.0b (+http://search.msn.com/msnbot.htm)._"
157.55.116.13 - - [20/Apr/2011:13:50:50 +0200] "GET /viewtopic.php?p=76072 HTTP/1.1" 200 105 "-" "msnbot/2.0b (+http://search.msn.com/msnbot.htm)._"
157.55.116.13 - - [20/Apr/2011:13:50:54 +0200] "GET /viewtopic.php?p=69028 HTTP/1.1" 200 105 "-" "msnbot/2.0b (+http://search.msn.com/msnbot.htm)._"
157.55.116.13 - - [20/Apr/2011:13:50:56 +0200] "GET /viewtopic.php?p=57767 HTTP/1.1" 200 105 "-" "msnbot/2.0b (+http://search.msn.com/msnbot.htm)._"
157.55.116.13 - - [20/Apr/2011:13:50:58 +0200] "GET /viewtopic.php?p=75958 HTTP/1.1" 200 105 "-" "msnbot/2.0b (+http://search.msn.com/msnbot.htm)._"
157.55.116.13 - - [20/Apr/2011:13:51:00 +0200] "GET /viewtopic.php?p=106091 HTTP/1.1" 200 105 "-" "msnbot/2.0b (+http://search.msn.com/msnbot.htm)._"
