79.92.69.238 - - [19/Apr/2011:21:28:47 +0200] "GET /images/smiles/icon_ha.gif HTTP/1.1" 304 - "-" "Mozilla/5.0 (Windows NT 6.1; WOW64; rv:2.0) Gecko/20100101 Firefox/4.0"
79.92.69.238 - - [19/Apr/2011:21:28:47 +0200] "GET /templates/rmstyle/images/bg_body.jpg HTTP/1.1" 304 - "-" "Mozilla/5.0 (Windows NT 6.1; WOW64; rv:2.0) Gecko/20100101 Firefox/4.0"
157.55.116.13 - - [19/Apr/2011:21:28:50 +0200] "GET /viewtopic.php?p=51523 HTTP/1.1" 200 1921 "-" "msnbot/2.0b (+http://search.msn.com/msnbot.htm)._"
157.55.116.13 - - [19/Apr/2011:21:28:52 +0200] "GET /viewtopic.php?p=69084 HTTP/1.1" 200 1921 "-" "msnbot/2.0b (+http://search.msn.com/msnbot.htm)._"
157.55.116.13 - - [19/Apr/2011:21:28:56 +0200] "GET /viewtopic.php?p=90209 HTTP/1.1" 200 1921 "-" "msnbot/2.0b (+http://search.msn.com/msnbot.htm)._"
157.55.116.13 - - [19/Apr/2011:21:28:59 +0200] "GET /posting.php?mode=quote&p=19149 HTTP/1.1" 200 1921 "-" "msnbot/2.0b (+http://search.msn.com/msnbot.htm)._"
157.55.116.13 - - [19/Apr/2011:21:29:03 +0200] "GET /viewtopic.php?t=2882&start=15 HTTP/1.1" 200 1921 "-" "msnbot/2.0b (+http://search.msn.com/msnbot.htm)._"
157.55.116.13 - - [19/Apr/2011:21:29:05 +0200] "GET /viewtopic.php?p=16356 HTTP/1.1" 200 1921 "-" "msnbot/2.0b (+http://search.msn.com/msnbot.htm)._"
157.55.116.13 - - [19/Apr/2011:21:29:08 +0200] "GET /posting.php?mode=quote&p=75815 HTTP/1.1" 200 1921 "-" "msnbot/2.0b (+http://search.msn.com/msnbot.htm)._"
157.55.116.13 - - [19/Apr/2011:21:29:12 +0200] "GET /viewtopic.php?p=10812 HTTP/1.1" 200 1921 "-" "msnbot/2.0b (+http://search.msn.com/msnbot.htm)._"
157.55.116.13 - - [19/Apr/2011:21:29:15 +0200] "GET /viewtopic.php?p=22668 HTTP/1.1" 200 1921 "-" "msnbot/2.0b (+http://search.msn.com/msnbot.htm)._"
157.55.116.13 - - [19/Apr/2011:21:29:17 +0200] "GET /viewtopic.php?p=63901 HTTP/1.1" 200 1921 "-" "msnbot/2.0b (+http://search.msn.com/msnbot.htm)._"
66.249.66.146 - - [19/Apr/2011:21:29:19 +0200] "GET /viewtopic.php?p=84637&sid=634b7ac65b36ab263a237e7358afa72b HTTP/1.1" 200 9814 "-" "Mozilla/5.0 (compatible; Googlebot/2.1; +http://www.google.com/bot.html)"
157.55.116.13 - - [19/Apr/2011:21:29:19 +0200] "GET /viewtopic.php?p=60713 HTTP/1.1" 200 1921 "-" "msnbot/2.0b (+http://search.msn.com/msnbot.htm)._"
157.55.116.13 - - [19/Apr/2011:21:29:22 +0200] "GET /viewtopic.php?p=13917 HTTP/1.1" 200 1921 "-" "msnbot/2.0b (+http://search.msn.com/msnbot.htm)._"
157.55.116.13 - - [19/Apr/2011:21:29:25 +0200] "GET /viewtopic.php?p=59895 HTTP/1.1" 200 1921 "-" "msnbot/2.0b (+http://search.msn.com/msnbot.htm)._"
157.55.116.13 - - [19/Apr/2011:21:29:30 +0200] "GET /viewtopic.php?t=1965&highlight= HTTP/1.1" 200 1921 "-" "msnbot/2.0b (+http://search.msn.com/msnbot.htm)._"
66.249.66.146 - - [19/Apr/2011:21:29:30 +0200] "GET /viewtopic.php?p=101524&sid=927d82c1b5be2e691089751356ff42d4 HTTP/1.1" 200 8028 "-" "Mozilla/5.0 (compatible; Googlebot/2.1; +http://www.google.com/bot.html)"
157.55.116.13 - - [19/Apr/2011:21:29:33 +0200] "GET /viewtopic.php?p=74696 HTTP/1.1" 200 1921 "-" "msnbot/2.0b (+http://search.msn.com/msnbot.htm)._"
157.55.116.13 - - [19/Apr/2011:21:29:36 +0200] "GET /viewtopic.php?p=12935 HTTP/1.1" 200 1921 "-" "msnbot/2.0b (+http://search.msn.com/msnbot.htm)._"
92.147.73.62 - - [19/Apr/2011:21:29:37 +0200] "GET /shoutbox_view.php?0?auto_refresh=1 HTTP/1.1" 200 1329 "-" "Mozilla/5.0 (Windows NT 6.1; WOW64; rv:2.0) Gecko/20100101 Firefox/4.0"
92.147.73.62 - - [19/Apr/2011:21:29:37 +0200] "GET /templates/rmstyle/rmstyle.css HTTP/1.1" 304 - "http://forum.rally-infernal.info/shoutbox_view.php?0?auto_refresh=1" "Mozilla/5.0 (Windows NT 6.1; WOW64; rv:2.0) Gecko/20100101 Firefox/4.0"
92.147.73.62 - - [19/Apr/2011:21:29:38 +0200] "GET /images/smiles/icon_hap.gif HTTP/1.1" 304 - "http://forum.rally-infernal.info/shoutbox_view.php?0?auto_refresh=1" "Mozilla/5.0 (Windows NT 6.1; WOW64; rv:2.0) Gecko/20100101 Firefox/4.0"
92.147.73.62 - - [19/Apr/2011:21:29:38 +0200] "GET /templates/rmstyle/images/bg_body.jpg HTTP/1.1" 304 - "http://forum.rally-infernal.info/templates/rmstyle/rmstyle.css" "Mozilla/5.0 (Windows NT 6.1; WOW64; rv:2.0) Gecko/20100101 Firefox/4.0"
92.147.73.62 - - [19/Apr/2011:21:29:38 +0200] "GET /images/smiles/icon_rire.gif HTTP/1.1" 304 - "http://forum.rally-infernal.info/shoutbox_view.php?0?auto_refresh=1" "Mozilla/5.0 (Windows NT 6.1; WOW64; rv:2.0) Gecko/20100101 Firefox/4.0"
92.147.73.62 - - [19/Apr/2011:21:29:38 +0200] "GET /images/smiles/icon_ha.gif HTTP/1.1" 304 - "http://forum.rally-infernal.info/shoutbox_view.php?0?auto_refresh=1" "Mozilla/5.0 (Windows NT 6.1; WOW64; rv:2.0) Gecko/20100101 Firefox/4.0"
157.55.116.13 - - [19/Apr/2011:21:29:40 +0200] "GET /viewtopic.php?p=98579 HTTP/1.1" 200 1921 "-" "msnbot/2.0b (+http://search.msn.com/msnbot.htm)._"
157.55.116.13 - - [19/Apr/2011:21:29:42 +0200] "GET /viewtopic.php?t=2763&view=next HTTP/1.1" 200 1921 "-" "msnbot/2.0b (+http://search.msn.com/msnbot.htm)._"
157.55.116.13 - - [19/Apr/2011:21:29:44 +0200] "GET /viewtopic.php?p=113177 HTTP/1.1" 200 1921 "-" "msnbot/2.0b (+http://search.msn.com/msnbot.htm)._"
157.55.116.13 - - [19/Apr/2011:21:29:47 +0200] "GET /viewtopic.php?p=18150 HTTP/1.1" 200 1921 "-" "msnbot/2.0b (+http://search.msn.com/msnbot.htm)._"
157.55.116.13 - - [19/Apr/2011:21:29:49 +0200] "GET /posting.php?mode=quote&p=36335 HTTP/1.1" 200 1921 "-" "msnbot/2.0b (+http://search.msn.com/msnbot.htm)._"
157.55.116.13 - - [19/Apr/2011:21:29:51 +0200] "GET /viewtopic.php?p=84887 HTTP/1.1" 200 1921 "-" "msnbot/2.0b (+http://search.msn.com/msnbot.htm)._"
89.170.22.112 - - [19/Apr/2011:21:29:52 +0200] "GET / HTTP/1.1" 200 6198 "-" "Mozilla/5.0 (Windows NT 6.1; WOW64; rv:2.0) Gecko/20100101 Firefox/4.0"
89.170.22.112 - - [19/Apr/2011:21:29:52 +0200] "GET /shoutbox.php HTTP/1.1" 200 736 "http://forum.rally-infernal.info/" "Mozilla/5.0 (Windows NT 6.1; WOW64; rv:2.0) Gecko/20100101 Firefox/4.0"
157.55.116.13 - - [19/Apr/2011:21:29:53 +0200] "GET /viewtopic.php?p=16018 HTTP/1.1" 200 1921 "-" "msnbot/2.0b (+http://search.msn.com/msnbot.htm)._"
89.170.22.112 - - [19/Apr/2011:21:29:53 +0200] "GET /shoutbox_view.php?start=0 HTTP/1.1" 200 1329 "http://forum.rally-infernal.info/shoutbox.php" "Mozilla/5.0 (Windows NT 6.1; WOW64; rv:2.0) Gecko/20100101 Firefox/4.0"
157.55.116.13 - - [19/Apr/2011:21:29:55 +0200] "GET /viewtopic.php?p=89946 HTTP/1.1" 200 1921 "-" "msnbot/2.0b (+http://search.msn.com/msnbot.htm)._"
157.55.116.13 - - [19/Apr/2011:21:29:58 +0200] "GET /viewtopic.php?p=90638 HTTP/1.1" 200 1921 "-" "msnbot/2.0b (+http://search.msn.com/msnbot.htm)._"
88.174.144.23 - - [19/Apr/2011:21:29:59 +0200] "GET /AvatarsManager/deug21.jpg HTTP/1.1" 302 20 "-" "Mozilla/5.0 (Windows; U; Windows NT 6.1; fr; rv:1.9.2.16) Gecko/20110319 Firefox/3.6.16"
88.174.144.23 - - [19/Apr/2011:21:29:59 +0200] "GET /AvatarsManager/joueurs/deug21/1.png HTTP/1.1" 200 48858 "-" "Mozilla/5.0 (Windows; U; Windows NT 6.1; fr; rv:1.9.2.16) Gecko/20110319 Firefox/3.6.16"
157.55.116.13 - - [19/Apr/2011:21:30:00 +0200] "GET /viewtopic.php?p=15677 HTTP/1.1" 200 1921 "-" "msnbot/2.0b (+http://search.msn.com/msnbot.htm)._"
83.205.79.58 - - [19/Apr/2011:21:30:01 +0200] "GET /shoutbox_view.php?0?auto_refresh=1 HTTP/1.1" 200 1329 "-" "Mozilla/4.0 (compatible; MSIE 7.0; Windows NT 5.1; Trident/4.0; GTB6.6; .NET CLR 2.0.50727; .NET CLR 3.0.4506.2152; .NET CLR 3.5.30729; AskTbCCS/5.11.3.15590)"
83.205.79.58 - - [19/Apr/2011:21:30:02 +0200] "GET /images/smiles/icon_hap.gif HTTP/1.1" 304 - "http://forum.rally-infernal.info/shoutbox_view.php?0?auto_refresh=1" "Mozilla/4.0 (compatible; MSIE 7.0; Windows NT 5.1; Trident/4.0; GTB6.6; .NET CLR 2.0.50727; .NET CLR 3.0.4506.2152; .NET CLR 3.5.30729; AskTbCCS/5.11.3.15590)"
157.55.116.13 - - [19/Apr/2011:21:30:03 +0200] "GET /viewtopic.php?p=110402 HTTP/1.1" 200 1921 "-" "msnbot/2.0b (+http://search.msn.com/msnbot.htm)._"
157.55.116.13 - - [19/Apr/2011:21:30:05 +0200] "GET /viewtopic.php?p=15781 HTTP/1.1" 200 1921 "-" "msnbot/2.0b (+http://search.msn.com/msnbot.htm)._"
157.55.116.13 - - [19/Apr/2011:21:30:08 +0200] "GET /posting.php?mode=quote&p=78923 HTTP/1.1" 200 1921 "-" "msnbot/2.0b (+http://search.msn.com/msnbot.htm)._"
157.55.116.13 - - [19/Apr/2011:21:30:11 +0200] "GET /search.php?search_author=willyangel HTTP/1.1" 200 1921 "-" "msnbot/2.0b (+http://search.msn.com/msnbot.htm)._"
83.205.79.58 - - [19/Apr/2011:21:30:12 +0200] "GET /templates/rmstyle/rmstyle.css HTTP/1.1" 304 - "http://forum.rally-infernal.info/shoutbox_view.php?0?auto_refresh=1" "Mozilla/4.0 (compatible; MSIE 7.0; Windows NT 5.1; Trident/4.0; GTB6.6; .NET CLR 2.0.50727; .NET CLR 3.0.4506.2152; .NET CLR 3.5.30729; AskTbCCS/5.11.3.15590)"
83.205.79.58 - - [19/Apr/2011:21:30:12 +0200] "GET /templates/rmstyle/formIE.css HTTP/1.1" 304 - "http://forum.rally-infernal.info/shoutbox_view.php?0?auto_refresh=1" "Mozilla/4.0 (compatible; MSIE 7.0; Windows NT 5.1; Trident/4.0; GTB6.6; .NET CLR 2.0.50727; .NET CLR 3.0.4506.2152; .NET CLR 3.5.30729; AskTbCCS/5.11.3.15590)"
83.205.79.58 - - [19/Apr/2011:21:30:12 +0200] "GET /images/smiles/icon_rire.gif HTTP/1.1" 304 - "http://forum.rally-infernal.info/shoutbox_view.php?0?auto_refresh=1" "Mozilla/4.0 (compatible; MSIE 7.0; Windows NT 5.1; Trident/4.0; GTB6.6; .NET CLR 2.0.50727; .NET CLR 3.0.4506.2152; .NET CLR 3.5.30729; AskTbCCS/5.11.3.15590)"
83.205.79.58 - - [19/Apr/2011:21:30:12 +0200] "GET /templates/rmstyle/images/bg_body.jpg HTTP/1.1" 304 - "http://forum.rally-infernal.info/shoutbox_view.php?0?auto_refresh=1" "Mozilla/4.0 (compatible; MSIE 7.0; Windows NT 5.1; Trident/4.0; GTB6.6; .NET CLR 2.0.50727; .NET CLR 3.0.4506.2152; .NET CLR 3.5.30729; AskTbCCS/5.11.3.15590)"
157.55.116.13 - - [19/Apr/2011:21:30:15 +0200] "GET /viewtopic.php?p=109323 HTTP/1.1" 200 1921 "-" "msnbot/2.0b (+http://search.msn.com/msnbot.htm)._"
83.205.79.58 - - [19/Apr/2011:21:30:17 +0200] "GET /images/smiles/icon_ha.gif HTTP/1.1" 304 - "http://forum.rally-infernal.info/shoutbox_view.php?0?auto_refresh=1" "Mozilla/4.0 (compatible; MSIE 7.0; Windows NT 5.1; Trident/4.0; GTB6.6; .NET CLR 2.0.50727; .NET CLR 3.0.4506.2152; .NET CLR 3.5.30729; AskTbCCS/5.11.3.15590)"
157.55.116.13 - - [19/Apr/2011:21:30:18 +0200] "GET /viewtopic.php?p=1524 HTTP/1.1" 200 1921 "-" "msnbot/2.0b (+http://search.msn.com/msnbot.htm)._"
157.55.116.13 - - [19/Apr/2011:21:30:21 +0200] "GET /viewtopic.php?p=10385 HTTP/1.1" 200 1921 "-" "msnbot/2.0b (+http://search.msn.com/msnbot.htm)._"
123.125.71.97 - - [19/Apr/2011:21:30:22 +0200] "GET / HTTP/1.1" 403 202 "-" "Baiduspider+(+http://www.baidu.com/search/spider.htm)"
157.55.116.13 - - [19/Apr/2011:21:30:24 +0200] "GET /viewtopic.php?p=14053 HTTP/1.1" 200 1921 "-" "msnbot/2.0b (+http://search.msn.com/msnbot.htm)._"
79.95.133.150 - - [19/Apr/2011:21:30:25 +0200] "GET /shoutbox_view.php?0?auto_refresh=1 HTTP/1.1" 200 1329 "http://forum.rally-infernal.info/shoutbox_view.php?0?auto_refresh=1" "Mozilla/5.0 (Windows; U; Windows NT 5.1; en-US) AppleWebKit/534.16 (KHTML, like Gecko) Chrome/10.0.648.205 Safari/534.16"
157.55.116.13 - - [19/Apr/2011:21:30:26 +0200] "GET /viewtopic.php?p=112448 HTTP/1.1" 200 1921 "-" "msnbot/2.0b (+http://search.msn.com/msnbot.htm)._"
157.55.116.13 - - [19/Apr/2011:21:30:29 +0200] "GET /viewtopic.php?p=12552 HTTP/1.1" 200 1921 "-" "msnbot/2.0b (+http://search.msn.com/msnbot.htm)._"
157.55.116.13 - - [19/Apr/2011:21:30:31 +0200] "GET /viewtopic.php?p=105651 HTTP/1.1" 200 1921 "-" "msnbot/2.0b (+http://search.msn.com/msnbot.htm)._"
157.55.116.13 - - [19/Apr/2011:21:30:33 +0200] "GET /viewtopic.php?p=11447 HTTP/1.1" 200 1921 "-" "msnbot/2.0b (+http://search.msn.com/msnbot.htm)._"
157.55.116.13 - - [19/Apr/2011:21:30:37 +0200] "GET /viewtopic.php?p=110010 HTTP/1.1" 200 1921 "-" "msnbot/2.0b (+http://search.msn.com/msnbot.htm)._"
157.55.116.13 - - [19/Apr/2011:21:30:40 +0200] "GET /viewtopic.php?p=103320 HTTP/1.1" 200 1921 "-" "msnbot/2.0b (+http://search.msn.com/msnbot.htm)._"
222.91.226.109 - - [19/Apr/2011:21:30:41 +0200] "GET /index.php HTTP/1.0" 200 46844 "http://forum.rally-infernal.info/index.php" "Mozilla/2.0 (compatible; MSIE 3.02; Windows CE; 240x320)"
220.181.108.170 - - [19/Apr/2011:21:30:43 +0200] "GET / HTTP/1.1" 403 202 "-" "Baiduspider+(+http://www.baidu.com/search/spider.htm)"
157.55.116.13 - - [19/Apr/2011:21:30:43 +0200] "GET /viewtopic.php?p=35789 HTTP/1.1" 200 1921 "-" "msnbot/2.0b (+http://search.msn.com/msnbot.htm)._"
157.55.116.13 - - [19/Apr/2011:21:30:46 +0200] "GET /viewtopic.php?p=108617 HTTP/1.1" 200 1921 "-" "msnbot/2.0b (+http://search.msn.com/msnbot.htm)._"
222.91.226.109 - - [19/Apr/2011:21:30:47 +0200] "GET /profile.php?mode=register&sid=3e0b18dcce3f80dff517a2c74caafc7f HTTP/1.0" 200 8984 "http://forum.rally-infernal.info/profile.php?mode=register&sid=3e0b18dcce3f80dff517a2c74caafc7f" "Mozilla/2.0 (compatible; MSIE 3.02; Windows CE; 240x320)"
157.55.116.13 - - [19/Apr/2011:21:30:49 +0200] "GET /viewtopic.php?p=37410 HTTP/1.1" 200 1921 "-" "msnbot/2.0b (+http://search.msn.com/msnbot.htm)._"
157.55.116.13 - - [19/Apr/2011:21:30:51 +0200] "GET /viewtopic.php?p=104917 HTTP/1.1" 200 1921 "-" "msnbot/2.0b (+http://search.msn.com/msnbot.htm)._"
222.91.226.109 - - [19/Apr/2011:21:30:53 +0200] "GET /profile.php?mode=register&ab_var=agreed4badbc7d6cb7653781f5bf76d1a078f0 HTTP/1.0" 200 19101 "http://forum.rally-infernal.info/profile.php?mode=register&ab_var=agreed4badbc7d6cb7653781f5bf76d1a078f0" "Mozilla/2.0 (compatible; MSIE 3.02; Windows CE; 240x320)"
157.55.116.13 - - [19/Apr/2011:21:30:55 +0200] "GET /posting.php?mode=quote&p=93445 HTTP/1.1" 200 1921 "-" "msnbot/2.0b (+http://search.msn.com/msnbot.htm)._"
222.91.226.109 - - [19/Apr/2011:21:30:55 +0200] "GET /profile.php?mode=confirm&id=6edc458e655339e75c9ca99abae50af3 HTTP/1.0" 200 14879 "http://forum.rally-infernal.info/profile.php?mode=register&ab_var=agreed4badbc7d6cb7653781f5bf76d1a078f0" "Mozilla/2.0 (compatible; MSIE 3.02; Windows CE; 240x320)"
157.55.116.13 - - [19/Apr/2011:21:30:57 +0200] "GET /viewtopic.php?p=39863 HTTP/1.1" 200 1921 "-" "msnbot/2.0b (+http://search.msn.com/msnbot.htm)._"
157.55.116.13 - - [19/Apr/2011:21:31:00 +0200] "GET /viewtopic.php?p=109140 HTTP/1.1" 200 1921 "-" "msnbot/2.0b (+http://search.msn.com/msnbot.htm)._"
157.55.116.13 - - [19/Apr/2011:21:31:03 +0200] "GET /viewtopic.php?p=18542 HTTP/1.1" 200 1921 "-" "msnbot/2.0b (+http://search.msn.com/msnbot.htm)._"
222.91.226.109 - - [19/Apr/2011:21:31:04 +0200] "POST /profile.php HTTP/1.0" 200 19778 "http://forum.rally-infernal.info/profile.php?mode=register&ab_var=agreed4badbc7d6cb7653781f5bf76d1a078f0" "Mozilla/2.0 (compatible; MSIE 3.02; Windows CE; 240x320)"
157.55.116.13 - - [19/Apr/2011:21:31:06 +0200] "GET /viewtopic.php?p=32421 HTTP/1.1" 200 1921 "-" "msnbot/2.0b (+http://search.msn.com/msnbot.htm)._"
222.91.226.109 - - [19/Apr/2011:21:31:06 +0200] "GET /profile.php?mode=confirm&id=bcc9bcaa744d502ea81a6a0a32e2802b HTTP/1.0" 200 15014 "http://forum.rally-infernal.info/profile.php?mode=register&ab_var=agreed4badbc7d6cb7653781f5bf76d1a078f0" "Mozilla/2.0 (compatible; MSIE 3.02; Windows CE; 240x320)"
157.55.116.13 - - [19/Apr/2011:21:31:09 +0200] "GET /viewtopic.php?p=112255 HTTP/1.1" 200 1921 "-" "msnbot/2.0b (+http://search.msn.com/msnbot.htm)._"
157.55.116.13 - - [19/Apr/2011:21:31:11 +0200] "GET /viewtopic.php?p=32584 HTTP/1.1" 200 1921 "-" "msnbot/2.0b (+http://search.msn.com/msnbot.htm)._"
157.55.116.13 - - [19/Apr/2011:21:31:13 +0200] "GET /posting.php?mode=quote&p=435 HTTP/1.1" 200 1921 "-" "msnbot/2.0b (+http://search.msn.com/msnbot.htm)._"
222.91.226.109 - - [19/Apr/2011:21:31:14 +0200] "POST /profile.php HTTP/1.0" 200 19741 "http://forum.rally-infernal.info/profile.php?mode=register&ab_var=agreed4badbc7d6cb7653781f5bf76d1a078f0" "Mozilla/2.0 (compatible; MSIE 3.02; Windows CE; 240x320)"
89.170.22.112 - - [19/Apr/2011:21:31:16 +0200] "GET / HTTP/1.1" 200 6193 "-" "Mozilla/5.0 (Windows NT 6.1; WOW64; rv:2.0) Gecko/20100101 Firefox/4.0"
89.170.22.112 - - [19/Apr/2011:21:31:16 +0200] "GET /shoutbox.php HTTP/1.1" 200 736 "http://forum.rally-infernal.info/" "Mozilla/5.0 (Windows NT 6.1; WOW64; rv:2.0) Gecko/20100101 Firefox/4.0"
157.55.116.13 - - [19/Apr/2011:21:31:16 +0200] "GET /viewtopic.php?p=20729 HTTP/1.1" 200 1921 "-" "msnbot/2.0b (+http://search.msn.com/msnbot.htm)._"
89.170.22.112 - - [19/Apr/2011:21:31:16 +0200] "GET /shoutbox_view.php?start=0 HTTP/1.1" 200 1329 "http://forum.rally-infernal.info/shoutbox.php" "Mozilla/5.0 (Windows NT 6.1; WOW64; rv:2.0) Gecko/20100101 Firefox/4.0"
222.91.226.109 - - [19/Apr/2011:21:31:16 +0200] "GET /profile.php?mode=confirm&id=421ff348489708cd0a35042fc500b3e1 HTTP/1.0" 200 14912 "http://forum.rally-infernal.info/profile.php?mode=register&ab_var=agreed4badbc7d6cb7653781f5bf76d1a078f0" "Mozilla/2.0 (compatible; MSIE 3.02; Windows CE; 240x320)"
157.55.116.13 - - [19/Apr/2011:21:31:20 +0200] "GET /viewtopic.php?p=111165 HTTP/1.1" 200 1921 "-" "msnbot/2.0b (+http://search.msn.com/msnbot.htm)._"
157.55.116.13 - - [19/Apr/2011:21:31:23 +0200] "GET /viewtopic.php?p=70232 HTTP/1.1" 200 1921 "-" "msnbot/2.0b (+http://search.msn.com/msnbot.htm)._"
157.55.116.13 - - [19/Apr/2011:21:31:25 +0200] "GET /viewtopic.php?p=69954 HTTP/1.1" 200 1921 "-" "msnbot/2.0b (+http://search.msn.com/msnbot.htm)._"
222.91.226.109 - - [19/Apr/2011:21:31:25 +0200] "POST /profile.php HTTP/1.0" 200 19760 "http://forum.rally-infernal.info/profile.php?mode=register&ab_var=agreed4badbc7d6cb7653781f5bf76d1a078f0" "Mozilla/2.0 (compatible; MSIE 3.02; Windows CE; 240x320)"
157.55.116.13 - - [19/Apr/2011:21:31:28 +0200] "GET /viewtopic.php?p=110352 HTTP/1.1" 200 1921 "-" "msnbot/2.0b (+http://search.msn.com/msnbot.htm)._"
222.91.226.109 - - [19/Apr/2011:21:31:28 +0200] "GET /profile.php?mode=confirm&id=6248f3cc5ea64b92edb35e5cc710ee40 HTTP/1.0" 200 14849 "http://forum.rally-infernal.info/profile.php?mode=register&ab_var=agreed4badbc7d6cb7653781f5bf76d1a078f0" "Mozilla/2.0 (compatible; MSIE 3.02; Windows CE; 240x320)"
157.55.116.13 - - [19/Apr/2011:21:31:31 +0200] "GET /viewtopic.php?p=53333 HTTP/1.1" 200 1921 "-" "msnbot/2.0b (+http://search.msn.com/msnbot.htm)._"
157.55.116.13 - - [19/Apr/2011:21:31:34 +0200] "GET /viewtopic.php?p=98686 HTTP/1.1" 200 1921 "-" "msnbot/2.0b (+http://search.msn.com/msnbot.htm)._"
157.55.116.13 - - [19/Apr/2011:21:31:36 +0200] "GET /posting.php?mode=quote&p=110430 HTTP/1.1" 200 1921 "-" "msnbot/2.0b (+http://search.msn.com/msnbot.htm)._"
222.91.226.109 - - [19/Apr/2011:21:31:38 +0200] "POST /profile.php HTTP/1.0" 200 6080 "http://forum.rally-infernal.info/profile.php?mode=register&ab_var=agreed4badbc7d6cb7653781f5bf76d1a078f0" "Mozilla/2.0 (compatible; MSIE 3.02; Windows CE; 240x320)"
157.55.116.13 - - [19/Apr/2011:21:31:39 +0200] "GET /posting.php?mode=quote&p=40762 HTTP/1.1" 200 1921 "-" "msnbot/2.0b (+http://search.msn.com/msnbot.htm)._"
157.55.116.13 - - [19/Apr/2011:21:31:41 +0200] "GET /posting.php?mode=quote&p=40972 HTTP/1.1" 200 1921 "-" "msnbot/2.0b (+http://search.msn.com/msnbot.htm)._"
222.91.226.109 - - [19/Apr/2011:21:31:39 +0200] "GET /index.php HTTP/1.0" 200 40892 "http://forum.rally-infernal.info/index.php" "Mozilla/2.0 (compatible; MSIE 3.02; Windows CE; 240x320)"
222.91.226.109 - - [19/Apr/2011:21:31:41 +0200] "GET /index.php HTTP/1.0" 200 40892 "http://forum.rally-infernal.info/index.php" "Mozilla/2.0 (compatible; MSIE 3.02; Windows CE; 240x320)"
157.55.116.13 - - [19/Apr/2011:21:31:43 +0200] "GET /viewtopic.php?p=85088 HTTP/1.1" 200 1921 "-" "msnbot/2.0b (+http://search.msn.com/msnbot.htm)._"
157.55.116.13 - - [19/Apr/2011:21:31:46 +0200] "GET /viewtopic.php?p=18522 HTTP/1.1" 200 1921 "-" "msnbot/2.0b (+http://search.msn.com/msnbot.htm)._"
157.55.116.13 - - [19/Apr/2011:21:31:48 +0200] "GET /viewtopic.php?p=83601 HTTP/1.1" 200 1921 "-" "msnbot/2.0b (+http://search.msn.com/msnbot.htm)._"
79.92.69.238 - - [19/Apr/2011:21:31:48 +0200] "GET /shoutbox_view.php?0?auto_refresh=1 HTTP/1.1" 200 1331 "-" "Mozilla/5.0 (Windows NT 6.1; WOW64; rv:2.0) Gecko/20100101 Firefox/4.0"
79.92.69.238 - - [19/Apr/2011:21:31:48 +0200] "GET /templates/rmstyle/rmstyle.css HTTP/1.1" 304 - "-" "Mozilla/5.0 (Windows NT 6.1; WOW64; rv:2.0) Gecko/20100101 Firefox/4.0"
79.92.69.238 - - [19/Apr/2011:21:31:48 +0200] "GET /images/smiles/icon_hap.gif HTTP/1.1" 304 - "-" "Mozilla/5.0 (Windows NT 6.1; WOW64; rv:2.0) Gecko/20100101 Firefox/4.0"
79.92.69.238 - - [19/Apr/2011:21:31:48 +0200] "GET /images/smiles/icon_rire.gif HTTP/1.1" 304 - "-" "Mozilla/5.0 (Windows NT 6.1; WOW64; rv:2.0) Gecko/20100101 Firefox/4.0"
79.92.69.238 - - [19/Apr/2011:21:31:48 +0200] "GET /images/smiles/icon_ha.gif HTTP/1.1" 304 - "-" "Mozilla/5.0 (Windows NT 6.1; WOW64; rv:2.0) Gecko/20100101 Firefox/4.0"
79.92.69.238 - - [19/Apr/2011:21:31:48 +0200] "GET /templates/rmstyle/images/bg_body.jpg HTTP/1.1" 304 - "-" "Mozilla/5.0 (Windows NT 6.1; WOW64; rv:2.0) Gecko/20100101 Firefox/4.0"
157.55.116.13 - - [19/Apr/2011:21:31:50 +0200] "GET /viewtopic.php?p=82007 HTTP/1.1" 200 1921 "-" "msnbot/2.0b (+http://search.msn.com/msnbot.htm)._"
157.55.116.13 - - [19/Apr/2011:21:31:51 +0200] "GET /viewtopic.php?p=40616 HTTP/1.1" 200 1921 "-" "msnbot/2.0b (+http://search.msn.com/msnbot.htm)._"
157.55.116.13 - - [19/Apr/2011:21:31:53 +0200] "GET /viewtopic.php?p=13203 HTTP/1.1" 200 1921 "-" "msnbot/2.0b (+http://search.msn.com/msnbot.htm)._"
157.55.116.13 - - [19/Apr/2011:21:31:55 +0200] "GET /viewtopic.php?t=1456&highlight= HTTP/1.1" 200 1921 "-" "msnbot/2.0b (+http://search.msn.com/msnbot.htm)._"
157.55.116.13 - - [19/Apr/2011:21:31:57 +0200] "GET /viewtopic.php?p=11368 HTTP/1.1" 200 1921 "-" "msnbot/2.0b (+http://search.msn.com/msnbot.htm)._"
157.55.116.13 - - [19/Apr/2011:21:31:59 +0200] "GET /viewtopic.php?p=32883 HTTP/1.1" 200 1921 "-" "msnbot/2.0b (+http://search.msn.com/msnbot.htm)._"
157.55.116.13 - - [19/Apr/2011:21:32:01 +0200] "GET /viewtopic.php?p=105481 HTTP/1.1" 200 1921 "-" "msnbot/2.0b (+http://search.msn.com/msnbot.htm)._"
157.55.116.13 - - [19/Apr/2011:21:32:03 +0200] "GET /viewtopic.php?p=49155 HTTP/1.1" 200 1921 "-" "msnbot/2.0b (+http://search.msn.com/msnbot.htm)._"
157.55.116.13 - - [19/Apr/2011:21:32:06 +0200] "GET /viewtopic.php?p=31444 HTTP/1.1" 200 1921 "-" "msnbot/2.0b (+http://search.msn.com/msnbot.htm)._"
157.55.116.13 - - [19/Apr/2011:21:32:09 +0200] "GET /viewtopic.php?p=40805 HTTP/1.1" 200 1921 "-" "msnbot/2.0b (+http://search.msn.com/msnbot.htm)._"
157.55.116.13 - - [19/Apr/2011:21:32:12 +0200] "GET /viewtopic.php?p=62569 HTTP/1.1" 200 1921 "-" "msnbot/2.0b (+http://search.msn.com/msnbot.htm)._"
157.55.116.13 - - [19/Apr/2011:21:32:14 +0200] "GET /posting.php?mode=quote&p=103038 HTTP/1.1" 200 1921 "-" "msnbot/2.0b (+http://search.msn.com/msnbot.htm)._"
157.55.116.13 - - [19/Apr/2011:21:32:16 +0200] "GET /viewtopic.php?p=40474 HTTP/1.1" 200 1921 "-" "msnbot/2.0b (+http://search.msn.com/msnbot.htm)._"
157.55.116.13 - - [19/Apr/2011:21:32:18 +0200] "GET /viewtopic.php?p=5023 HTTP/1.1" 200 1921 "-" "msnbot/2.0b (+http://search.msn.com/msnbot.htm)._"
157.55.116.13 - - [19/Apr/2011:21:32:20 +0200] "GET /viewtopic.php?p=86762 HTTP/1.1" 200 1921 "-" "msnbot/2.0b (+http://search.msn.com/msnbot.htm)._"
157.55.116.13 - - [19/Apr/2011:21:32:23 +0200] "GET /viewtopic.php?p=98767 HTTP/1.1" 200 1921 "-" "msnbot/2.0b (+http://search.msn.com/msnbot.htm)._"
157.55.116.13 - - [19/Apr/2011:21:32:26 +0200] "GET /viewtopic.php?p=42542 HTTP/1.1" 200 1921 "-" "msnbot/2.0b (+http://search.msn.com/msnbot.htm)._"
157.55.116.13 - - [19/Apr/2011:21:32:28 +0200] "GET /viewtopic.php?p=98547 HTTP/1.1" 200 1921 "-" "msnbot/2.0b (+http://search.msn.com/msnbot.htm)._"
157.55.116.13 - - [19/Apr/2011:21:32:31 +0200] "GET /viewtopic.php?p=111112 HTTP/1.1" 200 1921 "-" "msnbot/2.0b (+http://search.msn.com/msnbot.htm)._"
157.55.116.13 - - [19/Apr/2011:21:32:33 +0200] "GET /viewtopic.php?p=98066 HTTP/1.1" 200 1921 "-" "msnbot/2.0b (+http://search.msn.com/msnbot.htm)._"
157.55.116.13 - - [19/Apr/2011:21:32:35 +0200] "GET /viewtopic.php?p=40824 HTTP/1.1" 200 1921 "-" "msnbot/2.0b (+http://search.msn.com/msnbot.htm)._"
157.55.116.13 - - [19/Apr/2011:21:32:38 +0200] "GET /viewtopic.php?p=102941 HTTP/1.1" 200 1921 "-" "msnbot/2.0b (+http://search.msn.com/msnbot.htm)._"
92.147.73.62 - - [19/Apr/2011:21:32:38 +0200] "GET /shoutbox_view.php?0?auto_refresh=1 HTTP/1.1" 200 1329 "-" "Mozilla/5.0 (Windows NT 6.1; WOW64; rv:2.0) Gecko/20100101 Firefox/4.0"
92.147.73.62 - - [19/Apr/2011:21:32:38 +0200] "GET /templates/rmstyle/rmstyle.css HTTP/1.1" 304 - "http://forum.rally-infernal.info/shoutbox_view.php?0?auto_refresh=1" "Mozilla/5.0 (Windows NT 6.1; WOW64; rv:2.0) Gecko/20100101 Firefox/4.0"
92.147.73.62 - - [19/Apr/2011:21:32:38 +0200] "GET /templates/rmstyle/images/bg_body.jpg HTTP/1.1" 304 - "http://forum.rally-infernal.info/templates/rmstyle/rmstyle.css" "Mozilla/5.0 (Windows NT 6.1; WOW64; rv:2.0) Gecko/20100101 Firefox/4.0"
92.147.73.62 - - [19/Apr/2011:21:32:38 +0200] "GET /images/smiles/icon_hap.gif HTTP/1.1" 304 - "http://forum.rally-infernal.info/shoutbox_view.php?0?auto_refresh=1" "Mozilla/5.0 (Windows NT 6.1; WOW64; rv:2.0) Gecko/20100101 Firefox/4.0"
92.147.73.62 - - [19/Apr/2011:21:32:38 +0200] "GET /images/smiles/icon_rire.gif HTTP/1.1" 304 - "http://forum.rally-infernal.info/shoutbox_view.php?0?auto_refresh=1" "Mozilla/5.0 (Windows NT 6.1; WOW64; rv:2.0) Gecko/20100101 Firefox/4.0"
92.147.73.62 - - [19/Apr/2011:21:32:38 +0200] "GET /images/smiles/icon_ha.gif HTTP/1.1" 304 - "http://forum.rally-infernal.info/shoutbox_view.php?0?auto_refresh=1" "Mozilla/5.0 (Windows NT 6.1; WOW64; rv:2.0) Gecko/20100101 Firefox/4.0"
157.55.116.13 - - [19/Apr/2011:21:32:41 +0200] "GET /viewtopic.php?t=2803 HTTP/1.1" 200 1921 "-" "msnbot/2.0b (+http://search.msn.com/msnbot.htm)._"
157.55.116.13 - - [19/Apr/2011:21:32:44 +0200] "GET /viewtopic.php?p=27114 HTTP/1.1" 200 1921 "-" "msnbot/2.0b (+http://search.msn.com/msnbot.htm)._"
157.55.116.13 - - [19/Apr/2011:21:32:47 +0200] "GET /viewtopic.php?p=98861 HTTP/1.1" 200 1921 "-" "msnbot/2.0b (+http://search.msn.com/msnbot.htm)._"
157.55.116.13 - - [19/Apr/2011:21:32:50 +0200] "GET /viewtopic.php?t=3138&view=previous HTTP/1.1" 200 1921 "-" "msnbot/2.0b (+http://search.msn.com/msnbot.htm)._"
157.55.116.13 - - [19/Apr/2011:21:32:52 +0200] "GET /posting.php?mode=quote&p=41488 HTTP/1.1" 200 1921 "-" "msnbot/2.0b (+http://search.msn.com/msnbot.htm)._"
157.55.116.13 - - [19/Apr/2011:21:32:55 +0200] "GET /posting.php?mode=quote&p=29224 HTTP/1.1" 200 1921 "-" "msnbot/2.0b (+http://search.msn.com/msnbot.htm)._"
157.55.116.13 - - [19/Apr/2011:21:32:59 +0200] "GET /viewtopic.php?p=9153 HTTP/1.1" 200 1921 "-" "msnbot/2.0b (+http://search.msn.com/msnbot.htm)._"
157.55.116.13 - - [19/Apr/2011:21:33:01 +0200] "GET /viewtopic.php?p=21049 HTTP/1.1" 200 1921 "-" "msnbot/2.0b (+http://search.msn.com/msnbot.htm)._"
88.126.152.8 - - [19/Apr/2011:21:33:02 +0200] "GET / HTTP/1.1" 200 6129 "-" "Mozilla/5.0 (Windows NT 6.1; WOW64; rv:2.0) Gecko/20100101 Firefox/4.0"
88.126.152.8 - - [19/Apr/2011:21:33:02 +0200] "GET /shoutbox.php HTTP/1.1" 200 992 "http://forum.rally-infernal.info/" "Mozilla/5.0 (Windows NT 6.1; WOW64; rv:2.0) Gecko/20100101 Firefox/4.0"
88.126.152.8 - - [19/Apr/2011:21:33:02 +0200] "GET /shoutbox_view.php?start=0 HTTP/1.1" 200 1331 "http://forum.rally-infernal.info/shoutbox.php" "Mozilla/5.0 (Windows NT 6.1; WOW64; rv:2.0) Gecko/20100101 Firefox/4.0"
157.55.116.13 - - [19/Apr/2011:21:33:04 +0200] "GET /viewtopic.php?p=91204 HTTP/1.1" 200 1921 "-" "msnbot/2.0b (+http://search.msn.com/msnbot.htm)._"
157.55.116.13 - - [19/Apr/2011:21:33:07 +0200] "GET /viewtopic.php?p=89682 HTTP/1.1" 200 1921 "-" "msnbot/2.0b (+http://search.msn.com/msnbot.htm)._"
157.55.116.13 - - [19/Apr/2011:21:33:10 +0200] "GET /viewtopic.php?p=20614 HTTP/1.1" 200 1921 "-" "msnbot/2.0b (+http://search.msn.com/msnbot.htm)._"
157.55.116.13 - - [19/Apr/2011:21:33:13 +0200] "GET /viewtopic.php?p=95036 HTTP/1.1" 200 1921 "-" "msnbot/2.0b (+http://search.msn.com/msnbot.htm)._"
157.55.116.13 - - [19/Apr/2011:21:33:17 +0200] "GET /viewtopic.php?p=11804 HTTP/1.1" 200 1921 "-" "msnbot/2.0b (+http://search.msn.com/msnbot.htm)._"
157.55.116.13 - - [19/Apr/2011:21:33:20 +0200] "GET /viewtopic.php?p=93538 HTTP/1.1" 200 1921 "-" "msnbot/2.0b (+http://search.msn.com/msnbot.htm)._"
157.55.116.13 - - [19/Apr/2011:21:33:24 +0200] "GET /viewtopic.php?p=19611 HTTP/1.1" 200 1921 "-" "msnbot/2.0b (+http://search.msn.com/msnbot.htm)._"
79.95.133.150 - - [19/Apr/2011:21:33:26 +0200] "GET /shoutbox_view.php?0?auto_refresh=1 HTTP/1.1" 200 1329 "http://forum.rally-infernal.info/shoutbox_view.php?0?auto_refresh=1" "Mozilla/5.0 (Windows; U; Windows NT 5.1; en-US) AppleWebKit/534.16 (KHTML, like Gecko) Chrome/10.0.648.205 Safari/534.16"
157.55.116.13 - - [19/Apr/2011:21:33:26 +0200] "GET /viewtopic.php?p=93083 HTTP/1.1" 200 1921 "-" "msnbot/2.0b (+http://search.msn.com/msnbot.htm)._"
83.205.79.58 - - [19/Apr/2011:21:33:28 +0200] "GET /shoutbox_view.php?0?auto_refresh=1 HTTP/1.1" 200 1329 "-" "Mozilla/4.0 (compatible; MSIE 7.0; Windows NT 5.1; Trident/4.0; GTB6.6; .NET CLR 2.0.50727; .NET CLR 3.0.4506.2152; .NET CLR 3.5.30729; AskTbCCS/5.11.3.15590)"
83.205.79.58 - - [19/Apr/2011:21:33:28 +0200] "GET /images/smiles/icon_hap.gif HTTP/1.1" 304 - "http://forum.rally-infernal.info/shoutbox_view.php?0?auto_refresh=1" "Mozilla/4.0 (compatible; MSIE 7.0; Windows NT 5.1; Trident/4.0; GTB6.6; .NET CLR 2.0.50727; .NET CLR 3.0.4506.2152; .NET CLR 3.5.30729; AskTbCCS/5.11.3.15590)"
157.55.116.13 - - [19/Apr/2011:21:33:28 +0200] "GET /viewtopic.php?p=113737 HTTP/1.1" 200 1921 "-" "msnbot/2.0b (+http://search.msn.com/msnbot.htm)._"
92.147.73.62 - - [19/Apr/2011:21:33:31 +0200] "POST /shoutbox.php?start=0 HTTP/1.1" 200 736 "http://forum.rally-infernal.info/shoutbox.php" "Mozilla/5.0 (Windows NT 6.1; WOW64; rv:2.0) Gecko/20100101 Firefox/4.0"
92.147.73.62 - - [19/Apr/2011:21:33:31 +0200] "GET /shoutbox_view.php?start=0 HTTP/1.1" 200 1329 "http://forum.rally-infernal.info/shoutbox.php?start=0" "Mozilla/5.0 (Windows NT 6.1; WOW64; rv:2.0) Gecko/20100101 Firefox/4.0"
157.55.116.13 - - [19/Apr/2011:21:33:31 +0200] "GET /viewtopic.php?p=24186 HTTP/1.1" 200 1921 "-" "msnbot/2.0b (+http://search.msn.com/msnbot.htm)._"
157.55.116.13 - - [19/Apr/2011:21:33:34 +0200] "GET /viewtopic.php?p=113827 HTTP/1.1" 200 1921 "-" "msnbot/2.0b (+http://search.msn.com/msnbot.htm)._"
157.55.116.13 - - [19/Apr/2011:21:33:37 +0200] "GET /viewtopic.php?p=55067 HTTP/1.1" 200 1921 "-" "msnbot/2.0b (+http://search.msn.com/msnbot.htm)._"
83.205.79.58 - - [19/Apr/2011:21:33:38 +0200] "GET /templates/rmstyle/rmstyle.css HTTP/1.1" 304 - "http://forum.rally-infernal.info/shoutbox_view.php?0?auto_refresh=1" "Mozilla/4.0 (compatible; MSIE 7.0; Windows NT 5.1; Trident/4.0; GTB6.6; .NET CLR 2.0.50727; .NET CLR 3.0.4506.2152; .NET CLR 3.5.30729; AskTbCCS/5.11.3.15590)"
83.205.79.58 - - [19/Apr/2011:21:33:38 +0200] "GET /images/smiles/icon_rire.gif HTTP/1.1" 304 - "http://forum.rally-infernal.info/shoutbox_view.php?0?auto_refresh=1" "Mozilla/4.0 (compatible; MSIE 7.0; Windows NT 5.1; Trident/4.0; GTB6.6; .NET CLR 2.0.50727; .NET CLR 3.0.4506.2152; .NET CLR 3.5.30729; AskTbCCS/5.11.3.15590)"
83.205.79.58 - - [19/Apr/2011:21:33:38 +0200] "GET /templates/rmstyle/formIE.css HTTP/1.1" 304 - "http://forum.rally-infernal.info/shoutbox_view.php?0?auto_refresh=1" "Mozilla/4.0 (compatible; MSIE 7.0; Windows NT 5.1; Trident/4.0; GTB6.6; .NET CLR 2.0.50727; .NET CLR 3.0.4506.2152; .NET CLR 3.5.30729; AskTbCCS/5.11.3.15590)"
83.205.79.58 - - [19/Apr/2011:21:33:38 +0200] "GET /templates/rmstyle/images/bg_body.jpg HTTP/1.1" 304 - "http://forum.rally-infernal.info/shoutbox_view.php?0?auto_refresh=1" "Mozilla/4.0 (compatible; MSIE 7.0; Windows NT 5.1; Trident/4.0; GTB6.6; .NET CLR 2.0.50727; .NET CLR 3.0.4506.2152; .NET CLR 3.5.30729; AskTbCCS/5.11.3.15590)"
157.55.116.13 - - [19/Apr/2011:21:33:39 +0200] "GET /posting.php?mode=quote&p=28509 HTTP/1.1" 200 1921 "-" "msnbot/2.0b (+http://search.msn.com/msnbot.htm)._"
157.55.116.13 - - [19/Apr/2011:21:33:43 +0200] "GET /viewtopic.php?p=114395 HTTP/1.1" 200 1921 "-" "msnbot/2.0b (+http://search.msn.com/msnbot.htm)._"
157.55.116.13 - - [19/Apr/2011:21:33:46 +0200] "GET /viewtopic.php?p=108371 HTTP/1.1" 200 1921 "-" "msnbot/2.0b (+http://search.msn.com/msnbot.htm)._"
83.205.79.58 - - [19/Apr/2011:21:33:48 +0200] "GET /images/smiles/icon_ha.gif HTTP/1.1" 304 - "http://forum.rally-infernal.info/shoutbox_view.php?0?auto_refresh=1" "Mozilla/4.0 (compatible; MSIE 7.0; Windows NT 5.1; Trident/4.0; GTB6.6; .NET CLR 2.0.50727; .NET CLR 3.0.4506.2152; .NET CLR 3.5.30729; AskTbCCS/5.11.3.15590)"
157.55.116.13 - - [19/Apr/2011:21:33:49 +0200] "GET /viewtopic.php?p=111628 HTTP/1.1" 200 1921 "-" "msnbot/2.0b (+http://search.msn.com/msnbot.htm)._"
157.55.116.13 - - [19/Apr/2011:21:33:52 +0200] "GET /viewtopic.php?p=108768 HTTP/1.1" 200 1921 "-" "msnbot/2.0b (+http://search.msn.com/msnbot.htm)._"
157.55.116.13 - - [19/Apr/2011:21:33:54 +0200] "GET /viewtopic.php?p=21774 HTTP/1.1" 200 1921 "-" "msnbot/2.0b (+http://search.msn.com/msnbot.htm)._"
157.55.116.13 - - [19/Apr/2011:21:33:57 +0200] "GET /viewtopic.php?p=109659 HTTP/1.1" 200 1921 "-" "msnbot/2.0b (+http://search.msn.com/msnbot.htm)._"
157.55.116.13 - - [19/Apr/2011:21:34:00 +0200] "GET /viewtopic.php?p=91795 HTTP/1.1" 200 1921 "-" "msnbot/2.0b (+http://search.msn.com/msnbot.htm)._"
157.55.116.13 - - [19/Apr/2011:21:34:02 +0200] "GET /viewtopic.php?p=110394 HTTP/1.1" 200 1921 "-" "msnbot/2.0b (+http://search.msn.com/msnbot.htm)._"
157.55.116.13 - - [19/Apr/2011:21:34:04 +0200] "GET /viewtopic.php?p=56604 HTTP/1.1" 200 1921 "-" "msnbot/2.0b (+http://search.msn.com/msnbot.htm)._"
157.55.116.13 - - [19/Apr/2011:21:34:06 +0200] "GET /viewtopic.php?p=13976 HTTP/1.1" 200 1921 "-" "msnbot/2.0b (+http://search.msn.com/msnbot.htm)._"
157.55.116.13 - - [19/Apr/2011:21:34:11 +0200] "GET /viewtopic.php?p=1987 HTTP/1.1" 200 1921 "-" "msnbot/2.0b (+http://search.msn.com/msnbot.htm)._"
188.123.248.62 - - [19/Apr/2011:21:34:39 +0200] "GET /index.php HTTP/1.0" 200 46873 "http://forum.rally-infernal.info/index.php" "Mozilla/4.0 (compatible; MSIE 6.0; Windows NT 5.1; .NET CLR 1.1.4322; Alexa Toolbar; (R1 1.5))"
188.123.248.62 - - [19/Apr/2011:21:34:43 +0200] "GET /profile.php?mode=register&sid=32dfdb86e786aa746b09a6c3e52a2080 HTTP/1.0" 200 8984 "http://forum.rally-infernal.info/profile.php?mode=register&sid=32dfdb86e786aa746b09a6c3e52a2080" "Mozilla/4.0 (compatible; MSIE 6.0; Windows NT 5.1; .NET CLR 1.1.4322; Alexa Toolbar; (R1 1.5))"
188.123.248.62 - - [19/Apr/2011:21:34:45 +0200] "GET /profile.php?mode=register&ab_var=agreedf4f1fe45752fd150c0fb450fc6ddf3b9 HTTP/1.0" 200 19101 "http://forum.rally-infernal.info/profile.php?mode=register&ab_var=agreedf4f1fe45752fd150c0fb450fc6ddf3b9" "Mozilla/4.0 (compatible; MSIE 6.0; Windows NT 5.1; .NET CLR 1.1.4322; Alexa Toolbar; (R1 1.5))"
188.123.248.62 - - [19/Apr/2011:21:34:46 +0200] "GET /profile.php?mode=confirm&id=f665e51ee0156bc0c2044b268c20d8cb HTTP/1.0" 200 15002 "http://forum.rally-infernal.info/profile.php?mode=register&ab_var=agreedf4f1fe45752fd150c0fb450fc6ddf3b9" "Mozilla/4.0 (compatible; MSIE 6.0; Windows NT 5.1; .NET CLR 1.1.4322; Alexa Toolbar; (R1 1.5))"
79.92.69.238 - - [19/Apr/2011:21:34:48 +0200] "GET /shoutbox_view.php?0?auto_refresh=1 HTTP/1.1" 200 1331 "-" "Mozilla/5.0 (Windows NT 6.1; WOW64; rv:2.0) Gecko/20100101 Firefox/4.0"
79.92.69.238 - - [19/Apr/2011:21:34:48 +0200] "GET /templates/rmstyle/rmstyle.css HTTP/1.1" 304 - "-" "Mozilla/5.0 (Windows NT 6.1; WOW64; rv:2.0) Gecko/20100101 Firefox/4.0"
79.92.69.238 - - [19/Apr/2011:21:34:48 +0200] "GET /images/smiles/icon_rire.gif HTTP/1.1" 304 - "-" "Mozilla/5.0 (Windows NT 6.1; WOW64; rv:2.0) Gecko/20100101 Firefox/4.0"
79.92.69.238 - - [19/Apr/2011:21:34:48 +0200] "GET /images/smiles/icon_hap.gif HTTP/1.1" 304 - "-" "Mozilla/5.0 (Windows NT 6.1; WOW64; rv:2.0) Gecko/20100101 Firefox/4.0"
79.92.69.238 - - [19/Apr/2011:21:34:48 +0200] "GET /images/smiles/icon_ha.gif HTTP/1.1" 304 - "-" "Mozilla/5.0 (Windows NT 6.1; WOW64; rv:2.0) Gecko/20100101 Firefox/4.0"
79.92.69.238 - - [19/Apr/2011:21:34:48 +0200] "GET /templates/rmstyle/images/bg_body.jpg HTTP/1.1" 304 - "-" "Mozilla/5.0 (Windows NT 6.1; WOW64; rv:2.0) Gecko/20100101 Firefox/4.0"
188.123.248.62 - - [19/Apr/2011:21:34:49 +0200] "POST /profile.php HTTP/1.0" 200 20025 "http://forum.rally-infernal.info/profile.php?mode=register&ab_var=agreedf4f1fe45752fd150c0fb450fc6ddf3b9" "Mozilla/4.0 (compatible; MSIE 6.0; Windows NT 5.1; .NET CLR 1.1.4322; Alexa Toolbar; (R1 1.5))"
188.123.248.62 - - [19/Apr/2011:21:34:52 +0200] "GET /profile.php?mode=confirm&id=c8f5758390f749cd9fe16b81e017a219 HTTP/1.0" 200 15039 "http://forum.rally-infernal.info/profile.php?mode=register&ab_var=agreedf4f1fe45752fd150c0fb450fc6ddf3b9" "Mozilla/4.0 (compatible; MSIE 6.0; Windows NT 5.1; .NET CLR 1.1.4322; Alexa Toolbar; (R1 1.5))"
207.162.17.41 - - [19/Apr/2011:21:34:53 +0200] "GET /images/smiles/icon_hap.gif HTTP/1.1" 200 178 "http://www.trackmania.com/fr/forum/viewtopic.php?t=34755&postdays=0&postorder=asc&start=1050" "Mozilla/5.0 (Windows NT 6.1; WOW64; rv:2.0) Gecko/20100101 Firefox/4.0"
188.123.248.62 - - [19/Apr/2011:21:34:54 +0200] "POST /profile.php HTTP/1.0" 200 20049 "http://forum.rally-infernal.info/profile.php?mode=register&ab_var=agreedf4f1fe45752fd150c0fb450fc6ddf3b9" "Mozilla/4.0 (compatible; MSIE 6.0; Windows NT 5.1; .NET CLR 1.1.4322; Alexa Toolbar; (R1 1.5))"
188.123.248.62 - - [19/Apr/2011:21:34:57 +0200] "GET /profile.php?mode=confirm&id=f5b06abc8e76f9e980c636125817de64 HTTP/1.0" 200 14868 "http://forum.rally-infernal.info/profile.php?mode=register&ab_var=agreedf4f1fe45752fd150c0fb450fc6ddf3b9" "Mozilla/4.0 (compatible; MSIE 6.0; Windows NT 5.1; .NET CLR 1.1.4322; Alexa Toolbar; (R1 1.5))"
188.123.248.62 - - [19/Apr/2011:21:34:59 +0200] "POST /profile.php HTTP/1.0" 200 20031 "http://forum.rally-infernal.info/profile.php?mode=register&ab_var=agreedf4f1fe45752fd150c0fb450fc6ddf3b9" "Mozilla/4.0 (compatible; MSIE 6.0; Windows NT 5.1; .NET CLR 1.1.4322; Alexa Toolbar; (R1 1.5))"
188.123.248.62 - - [19/Apr/2011:21:35:00 +0200] "GET /profile.php?mode=confirm&id=5e6deaf886679962816e3b7cc2585984 HTTP/1.0" 200 15003 "http://forum.rally-infernal.info/profile.php?mode=register&ab_var=agreedf4f1fe45752fd150c0fb450fc6ddf3b9" "Mozilla/4.0 (compatible; MSIE 6.0; Windows NT 5.1; .NET CLR 1.1.4322; Alexa Toolbar; (R1 1.5))"
66.249.66.146 - - [19/Apr/2011:21:35:00 +0200] "GET /viewtopic.php?p=42897&sid=2dfd31fab0ca9b290ccaa2ad10e7b336 HTTP/1.1" 200 8260 "-" "Mozilla/5.0 (compatible; Googlebot/2.1; +http://www.google.com/bot.html)"
188.123.248.62 - - [19/Apr/2011:21:35:01 +0200] "POST /profile.php HTTP/1.0" 200 6080 "http://forum.rally-infernal.info/profile.php?mode=register&ab_var=agreedf4f1fe45752fd150c0fb450fc6ddf3b9" "Mozilla/4.0 (compatible; MSIE 6.0; Windows NT 5.1; .NET CLR 1.1.4322; Alexa Toolbar; (R1 1.5))"
188.123.248.62 - - [19/Apr/2011:21:35:02 +0200] "POST /login.php?sid=32dfdb86e786aa746b09a6c3e52a2080 HTTP/1.0" 200 6070 "http://forum.rally-infernal.info/profile.php?mode=register&ab_var=agreedf4f1fe45752fd150c0fb450fc6ddf3b9" "Mozilla/4.0 (compatible; MSIE 6.0; Windows NT 5.1; .NET CLR 1.1.4322; Alexa Toolbar; (R1 1.5))"
188.123.248.62 - - [19/Apr/2011:21:35:02 +0200] "GET /index.php HTTP/1.0" 200 40980 "http://forum.rally-infernal.info/index.php" "Mozilla/4.0 (compatible; MSIE 6.0; Windows NT 5.1; .NET CLR 1.1.4322; Alexa Toolbar; (R1 1.5))"
89.170.22.112 - - [19/Apr/2011:21:35:41 +0200] "GET / HTTP/1.1" 200 6202 "-" "Mozilla/5.0 (Windows NT 6.1; WOW64; rv:2.0) Gecko/20100101 Firefox/4.0"
89.170.22.112 - - [19/Apr/2011:21:35:41 +0200] "GET /shoutbox.php HTTP/1.1" 200 736 "http://forum.rally-infernal.info/" "Mozilla/5.0 (Windows NT 6.1; WOW64; rv:2.0) Gecko/20100101 Firefox/4.0"
89.170.22.112 - - [19/Apr/2011:21:35:42 +0200] "GET /shoutbox_view.php?start=0 HTTP/1.1" 200 1329 "http://forum.rally-infernal.info/shoutbox.php" "Mozilla/5.0 (Windows NT 6.1; WOW64; rv:2.0) Gecko/20100101 Firefox/4.0"
90.19.50.159 - - [19/Apr/2011:21:36:01 +0200] "GET /AvatarsManager/lakse.jpg HTTP/1.1" 302 20 "http://ragemachines.simplygaming.org/t320-les-ptites-phrase-rigolote-ig" "Mozilla/4.0 (compatible; MSIE 8.0; Windows NT 6.1; WOW64; Trident/4.0; SLCC2; .NET CLR 2.0.50727; .NET CLR 3.5.30729; .NET CLR 3.0.30729; Media Center PC 6.0; InfoPath.2; OfficeLiveConnector.1.5; OfficeLivePatch.1.3; .NET4.0C)"
90.19.50.159 - - [19/Apr/2011:21:36:01 +0200] "GET /AvatarsManager/joueurs/lakse/4.png HTTP/1.1" 200 63894 "http://ragemachines.simplygaming.org/t320-les-ptites-phrase-rigolote-ig" "Mozilla/4.0 (compatible; MSIE 8.0; Windows NT 6.1; WOW64; Trident/4.0; SLCC2; .NET CLR 2.0.50727; .NET CLR 3.5.30729; .NET CLR 3.0.30729; Media Center PC 6.0; InfoPath.2; OfficeLiveConnector.1.5; OfficeLivePatch.1.3; .NET4.0C)"
66.249.66.146 - - [19/Apr/2011:21:36:04 +0200] "GET /viewtopic.php?p=57119&sid=0d5c6af9f9bee72e059210ad2fbaef92 HTTP/1.1" 200 7601 "-" "Mozilla/5.0 (compatible; Googlebot/2.1; +http://www.google.com/bot.html)"
90.45.26.170 - - [19/Apr/2011:21:36:15 +0200] "GET /AvatarsManager/kev717.jpg HTTP/1.1" 302 20 "http://www.trackmania.com/fr/forum/viewtopic.php?t=25693" "Mozilla/5.0 (Windows; U; Windows NT 6.1; en-US) AppleWebKit/534.16 (KHTML, like Gecko) Chrome/10.0.648.204 Safari/534.16"
90.45.26.170 - - [19/Apr/2011:21:36:15 +0200] "GET /AvatarsManager/joueurs/kev717/1.png HTTP/1.1" 200 32187 "http://www.trackmania.com/fr/forum/viewtopic.php?t=25693" "Mozilla/5.0 (Windows; U; Windows NT 6.1; en-US) AppleWebKit/534.16 (KHTML, like Gecko) Chrome/10.0.648.204 Safari/534.16"
92.147.73.62 - - [19/Apr/2011:21:36:16 +0200] "GET / HTTP/1.1" 200 6201 "-" "Mozilla/5.0 (Windows NT 6.1; WOW64; rv:2.0) Gecko/20100101 Firefox/4.0"
92.147.73.62 - - [19/Apr/2011:21:36:16 +0200] "GET /shoutbox.php HTTP/1.1" 200 736 "http://forum.rally-infernal.info/" "Mozilla/5.0 (Windows NT 6.1; WOW64; rv:2.0) Gecko/20100101 Firefox/4.0"
92.147.73.62 - - [19/Apr/2011:21:36:17 +0200] "GET /shoutbox_view.php?start=0 HTTP/1.1" 200 1329 "http://forum.rally-infernal.info/shoutbox.php" "Mozilla/5.0 (Windows NT 6.1; WOW64; rv:2.0) Gecko/20100101 Firefox/4.0"
90.45.26.170 - - [19/Apr/2011:21:36:20 +0200] "GET /AvatarsManager/kev717.jpg HTTP/1.1" 302 20 "-" "Mozilla/4.0 (compatible; MSIE 7.0; Windows NT 6.1; WOW64; Trident/4.0; SLCC2; .NET CLR 2.0.50727; .NET CLR 3.5.30729; .NET CLR 3.0.30729; Media Center PC 6.0; .NET4.0C)"
81.247.176.162 - - [19/Apr/2011:21:36:23 +0200] "GET /AvatarsManager/lakse.jpg HTTP/1.1" 302 20 "http://ragemachines.simplygaming.org/t331-un-guide-brillant-lux-dame-de-lumiere" "Mozilla/5.0 (Windows; U; Windows NT 6.0; fr; rv:1.9.2.16) Gecko/20110319 Firefox/3.6.16 ( .NET CLR 3.5.30729; .NET4.0C)"
79.95.133.150 - - [19/Apr/2011:21:36:26 +0200] "GET /shoutbox_view.php?0?auto_refresh=1 HTTP/1.1" 200 1329 "http://forum.rally-infernal.info/shoutbox_view.php?0?auto_refresh=1" "Mozilla/5.0 (Windows; U; Windows NT 5.1; en-US) AppleWebKit/534.16 (KHTML, like Gecko) Chrome/10.0.648.205 Safari/534.16"
90.45.26.170 - - [19/Apr/2011:21:36:31 +0200] "GET /AvatarsManager/kev717.jpg HTTP/1.1" 302 20 "-" "Mozilla/4.0 (compatible; MSIE 7.0; Windows NT 6.1; WOW64; Trident/4.0; SLCC2; .NET CLR 2.0.50727; .NET CLR 3.5.30729; .NET CLR 3.0.30729; Media Center PC 6.0; .NET4.0C)"
90.45.26.170 - - [19/Apr/2011:21:36:31 +0200] "GET /AvatarsManager/joueurs/kev717/1.png HTTP/1.1" 200 32187 "-" "Mozilla/4.0 (compatible; MSIE 7.0; Windows NT 6.1; WOW64; Trident/4.0; SLCC2; .NET CLR 2.0.50727; .NET CLR 3.5.30729; .NET CLR 3.0.30729; Media Center PC 6.0; .NET4.0C)"
81.247.176.162 - - [19/Apr/2011:21:36:26 +0200] "GET /AvatarsManager/joueurs/lakse/2.png HTTP/1.1" 200 72970 "http://ragemachines.simplygaming.org/t331-un-guide-brillant-lux-dame-de-lumiere" "Mozilla/5.0 (Windows; U; Windows NT 6.0; fr; rv:1.9.2.16) Gecko/20110319 Firefox/3.6.16 ( .NET CLR 3.5.30729; .NET4.0C)"
83.205.79.58 - - [19/Apr/2011:21:36:59 +0200] "GET /shoutbox_view.php?0?auto_refresh=1 HTTP/1.1" 200 1329 "-" "Mozilla/4.0 (compatible; MSIE 7.0; Windows NT 5.1; Trident/4.0; GTB6.6; .NET CLR 2.0.50727; .NET CLR 3.0.4506.2152; .NET CLR 3.5.30729; AskTbCCS/5.11.3.15590)"
83.205.79.58 - - [19/Apr/2011:21:36:59 +0200] "GET /templates/rmstyle/rmstyle.css HTTP/1.1" 304 - "http://forum.rally-infernal.info/shoutbox_view.php?0?auto_refresh=1" "Mozilla/4.0 (compatible; MSIE 7.0; Windows NT 5.1; Trident/4.0; GTB6.6; .NET CLR 2.0.50727; .NET CLR 3.0.4506.2152; .NET CLR 3.5.30729; AskTbCCS/5.11.3.15590)"
83.205.79.58 - - [19/Apr/2011:21:37:09 +0200] "GET /templates/rmstyle/formIE.css HTTP/1.1" 304 - "http://forum.rally-infernal.info/shoutbox_view.php?0?auto_refresh=1" "Mozilla/4.0 (compatible; MSIE 7.0; Windows NT 5.1; Trident/4.0; GTB6.6; .NET CLR 2.0.50727; .NET CLR 3.0.4506.2152; .NET CLR 3.5.30729; AskTbCCS/5.11.3.15590)"
83.205.79.58 - - [19/Apr/2011:21:37:09 +0200] "GET /images/smiles/icon_rire.gif HTTP/1.1" 304 - "http://forum.rally-infernal.info/shoutbox_view.php?0?auto_refresh=1" "Mozilla/4.0 (compatible; MSIE 7.0; Windows NT 5.1; Trident/4.0; GTB6.6; .NET CLR 2.0.50727; .NET CLR 3.0.4506.2152; .NET CLR 3.5.30729; AskTbCCS/5.11.3.15590)"
83.205.79.58 - - [19/Apr/2011:21:37:09 +0200] "GET /templates/rmstyle/images/bg_body.jpg HTTP/1.1" 304 - "http://forum.rally-infernal.info/shoutbox_view.php?0?auto_refresh=1" "Mozilla/4.0 (compatible; MSIE 7.0; Windows NT 5.1; Trident/4.0; GTB6.6; .NET CLR 2.0.50727; .NET CLR 3.0.4506.2152; .NET CLR 3.5.30729; AskTbCCS/5.11.3.15590)"
83.205.79.58 - - [19/Apr/2011:21:37:09 +0200] "GET /images/smiles/icon_hap.gif HTTP/1.1" 304 - "http://forum.rally-infernal.info/shoutbox_view.php?0?auto_refresh=1" "Mozilla/4.0 (compatible; MSIE 7.0; Windows NT 5.1; Trident/4.0; GTB6.6; .NET CLR 2.0.50727; .NET CLR 3.0.4506.2152; .NET CLR 3.5.30729; AskTbCCS/5.11.3.15590)"
83.205.79.58 - - [19/Apr/2011:21:37:17 +0200] "GET /images/smiles/icon_ha.gif HTTP/1.1" 304 - "http://forum.rally-infernal.info/shoutbox_view.php?0?auto_refresh=1" "Mozilla/4.0 (compatible; MSIE 7.0; Windows NT 5.1; Trident/4.0; GTB6.6; .NET CLR 2.0.50727; .NET CLR 3.0.4506.2152; .NET CLR 3.5.30729; AskTbCCS/5.11.3.15590)"
79.92.69.238 - - [19/Apr/2011:21:37:49 +0200] "GET /shoutbox_view.php?0?auto_refresh=1 HTTP/1.1" 200 1331 "-" "Mozilla/5.0 (Windows NT 6.1; WOW64; rv:2.0) Gecko/20100101 Firefox/4.0"
79.92.69.238 - - [19/Apr/2011:21:37:49 +0200] "GET /templates/rmstyle/rmstyle.css HTTP/1.1" 304 - "-" "Mozilla/5.0 (Windows NT 6.1; WOW64; rv:2.0) Gecko/20100101 Firefox/4.0"
79.92.69.238 - - [19/Apr/2011:21:37:49 +0200] "GET /images/smiles/icon_rire.gif HTTP/1.1" 304 - "-" "Mozilla/5.0 (Windows NT 6.1; WOW64; rv:2.0) Gecko/20100101 Firefox/4.0"
79.92.69.238 - - [19/Apr/2011:21:37:49 +0200] "GET /images/smiles/icon_hap.gif HTTP/1.1" 304 - "-" "Mozilla/5.0 (Windows NT 6.1; WOW64; rv:2.0) Gecko/20100101 Firefox/4.0"
79.92.69.238 - - [19/Apr/2011:21:37:49 +0200] "GET /images/smiles/icon_ha.gif HTTP/1.1" 304 - "-" "Mozilla/5.0 (Windows NT 6.1; WOW64; rv:2.0) Gecko/20100101 Firefox/4.0"
79.92.69.238 - - [19/Apr/2011:21:37:49 +0200] "GET /templates/rmstyle/images/bg_body.jpg HTTP/1.1" 304 - "-" "Mozilla/5.0 (Windows NT 6.1; WOW64; rv:2.0) Gecko/20100101 Firefox/4.0"
88.123.60.194 - - [19/Apr/2011:21:38:19 +0200] "GET /index.php HTTP/1.1" 200 6051 "-" "Mozilla/5.0 (Windows; U; Windows NT 6.1; fr; rv:1.9.2.16) Gecko/20110319 Firefox/3.6.16"
88.123.60.194 - - [19/Apr/2011:21:38:19 +0200] "GET /templates/rmstyle/rmstyle.css HTTP/1.1" 200 3183 "http://forum.rally-infernal.info/index.php" "Mozilla/5.0 (Windows; U; Windows NT 6.1; fr; rv:1.9.2.16) Gecko/20110319 Firefox/3.6.16"
88.123.60.194 - - [19/Apr/2011:21:38:20 +0200] "GET /templates/rmstyle/images/favicon.png HTTP/1.1" 200 974 "-" "Mozilla/5.0 (Windows; U; Windows NT 6.1; fr; rv:1.9.2.16) Gecko/20110319 Firefox/3.6.16"
88.123.60.194 - - [19/Apr/2011:21:38:20 +0200] "GET /templates/rmstyle/images/lang_french/icon_mini_groups.png HTTP/1.1" 200 3010 "http://forum.rally-infernal.info/index.php" "Mozilla/5.0 (Windows; U; Windows NT 6.1; fr; rv:1.9.2.16) Gecko/20110319 Firefox/3.6.16"
88.123.60.194 - - [19/Apr/2011:21:38:20 +0200] "GET /templates/rmstyle/images/lang_french/icon_mini_faq.png HTTP/1.1" 200 2638 "http://forum.rally-infernal.info/index.php" "Mozilla/5.0 (Windows; U; Windows NT 6.1; fr; rv:1.9.2.16) Gecko/20110319 Firefox/3.6.16"
88.123.60.194 - - [19/Apr/2011:21:38:20 +0200] "GET /templates/rmstyle/images/lang_french/icon_mini_search.png HTTP/1.1" 200 2772 "http://forum.rally-infernal.info/index.php" "Mozilla/5.0 (Windows; U; Windows NT 6.1; fr; rv:1.9.2.16) Gecko/20110319 Firefox/3.6.16"
88.123.60.194 - - [19/Apr/2011:21:38:20 +0200] "GET /templates/rmstyle/images/hd_check.png HTTP/1.1" 200 1424 "http://forum.rally-infernal.info/index.php" "Mozilla/5.0 (Windows; U; Windows NT 6.1; fr; rv:1.9.2.16) Gecko/20110319 Firefox/3.6.16"
88.123.60.194 - - [19/Apr/2011:21:38:20 +0200] "GET /templates/rmstyle/images/lang_french/icon_mini_members.png HTTP/1.1" 200 3256 "http://forum.rally-infernal.info/index.php" "Mozilla/5.0 (Windows; U; Windows NT 6.1; fr; rv:1.9.2.16) Gecko/20110319 Firefox/3.6.16"
88.123.60.194 - - [19/Apr/2011:21:38:20 +0200] "GET /images/abq_mod/admin/abq-button.gif HTTP/1.1" 200 225 "http://forum.rally-infernal.info/index.php" "Mozilla/5.0 (Windows; U; Windows NT 6.1; fr; rv:1.9.2.16) Gecko/20110319 Firefox/3.6.16"
88.123.60.194 - - [19/Apr/2011:21:38:20 +0200] "GET /templates/rmstyle/images/lang_french/icon_mini_profile.png HTTP/1.1" 200 2386 "http://forum.rally-infernal.info/index.php" "Mozilla/5.0 (Windows; U; Windows NT 6.1; fr; rv:1.9.2.16) Gecko/20110319 Firefox/3.6.16"
88.123.60.194 - - [19/Apr/2011:21:38:20 +0200] "GET /templates/rmstyle/images/lang_french/icon_mini_message.png HTTP/1.1" 200 2464 "http://forum.rally-infernal.info/index.php" "Mozilla/5.0 (Windows; U; Windows NT 6.1; fr; rv:1.9.2.16) Gecko/20110319 Firefox/3.6.16"
