82.226.46.101 - - [20/Apr/2011:18:11:10 +0200] "GET /AvatarsManager/deug21.jpg HTTP/1.1" 302 20 "http://www.trackmania.com/fr/forum/viewtopic.php?t=36525&postdays=0&postorder=asc&start=45" "Mozilla/4.0 (compatible; MSIE 7.0; Windows NT 5.1; Trident/4.0; .NET CLR 3.0.04506.30; .NET4.0C; .NET4.0E; .NET CLR 2.0.50727)"
82.226.46.101 - - [20/Apr/2011:18:11:11 +0200] "GET /AvatarsManager/joueurs/deug21/1.png HTTP/1.1" 200 48858 "http://www.trackmania.com/fr/forum/viewtopic.php?t=36525&postdays=0&postorder=asc&start=45" "Mozilla/4.0 (compatible; MSIE 7.0; Windows NT 5.1; Trident/4.0; .NET CLR 3.0.04506.30; .NET4.0C; .NET4.0E; .NET CLR 2.0.50727)"
95.182.199.123 - - [20/Apr/2011:18:11:22 +0200] "GET /AvatarsManager/lakse.jpg HTTP/1.1" 302 20 "http://ragemachines.simplygaming.org/t339-en-courskaora" "Mozilla/5.0 (Windows; U; Windows NT 6.0; fr; rv:1.9.2.16) Gecko/20110319 Firefox/3.6.16 (.NET CLR 3.5.30729)"
95.182.199.123 - - [20/Apr/2011:18:11:22 +0200] "GET /AvatarsManager/lakse.jpg HTTP/1.1" 302 20 "http://ragemachines.simplygaming.org/t339-en-courskaora" "Mozilla/5.0 (Windows; U; Windows NT 6.0; fr; rv:1.9.2.16) Gecko/20110319 Firefox/3.6.16 (.NET CLR 3.5.30729)"
95.182.199.123 - - [20/Apr/2011:18:11:22 +0200] "GET /AvatarsManager/joueurs/lakse/5.png HTTP/1.1" 200 76045 "http://ragemachines.simplygaming.org/t339-en-courskaora" "Mozilla/5.0 (Windows; U; Windows NT 6.0; fr; rv:1.9.2.16) Gecko/20110319 Firefox/3.6.16 (.NET CLR 3.5.30729)"
95.182.199.123 - - [20/Apr/2011:18:11:26 +0200] "GET /AvatarsManager/lakse.jpg HTTP/1.1" 302 20 "http://ragemachines.simplygaming.org/t339p15-en-courskaora" "Mozilla/5.0 (Windows; U; Windows NT 6.0; fr; rv:1.9.2.16) Gecko/20110319 Firefox/3.6.16 (.NET CLR 3.5.30729)"
95.182.199.123 - - [20/Apr/2011:18:11:26 +0200] "GET /AvatarsManager/lakse.jpg HTTP/1.1" 302 20 "http://ragemachines.simplygaming.org/t339p15-en-courskaora" "Mozilla/5.0 (Windows; U; Windows NT 6.0; fr; rv:1.9.2.16) Gecko/20110319 Firefox/3.6.16 (.NET CLR 3.5.30729)"
95.182.199.123 - - [20/Apr/2011:18:11:26 +0200] "GET /AvatarsManager/joueurs/lakse/1.png HTTP/1.1" 200 69328 "http://ragemachines.simplygaming.org/t339p15-en-courskaora" "Mozilla/5.0 (Windows; U; Windows NT 6.0; fr; rv:1.9.2.16) Gecko/20110319 Firefox/3.6.16 (.NET CLR 3.5.30729)"
95.182.199.123 - - [20/Apr/2011:18:11:27 +0200] "GET /AvatarsManager/lakse.jpg HTTP/1.1" 302 20 "http://ragemachines.simplygaming.org/t339p15-en-courskaora" "Mozilla/5.0 (Windows; U; Windows NT 6.0; fr; rv:1.9.2.16) Gecko/20110319 Firefox/3.6.16 (.NET CLR 3.5.30729)"
92.161.175.26 - - [20/Apr/2011:18:12:01 +0200] "GET /AvatarsManager/lakse.jpg HTTP/1.1" 302 20 "http://ragemachines.simplygaming.org/t339-en-courskaora" "Mozilla/5.0 (Windows NT 6.1; WOW64; rv:2.0) Gecko/20100101 Firefox/4.0"
92.161.175.26 - - [20/Apr/2011:18:12:01 +0200] "GET /AvatarsManager/lakse.jpg HTTP/1.1" 302 20 "http://ragemachines.simplygaming.org/t339-en-courskaora" "Mozilla/5.0 (Windows NT 6.1; WOW64; rv:2.0) Gecko/20100101 Firefox/4.0"
92.161.175.26 - - [20/Apr/2011:18:12:01 +0200] "GET /AvatarsManager/joueurs/lakse/1.png HTTP/1.1" 200 69328 "http://ragemachines.simplygaming.org/t339-en-courskaora" "Mozilla/5.0 (Windows NT 6.1; WOW64; rv:2.0) Gecko/20100101 Firefox/4.0"
92.161.175.26 - - [20/Apr/2011:18:12:06 +0200] "GET /AvatarsManager/lakse.jpg HTTP/1.1" 302 20 "http://ragemachines.simplygaming.org/t339p15-en-courskaora" "Mozilla/5.0 (Windows NT 6.1; WOW64; rv:2.0) Gecko/20100101 Firefox/4.0"
92.161.175.26 - - [20/Apr/2011:18:12:06 +0200] "GET /AvatarsManager/lakse.jpg HTTP/1.1" 302 20 "http://ragemachines.simplygaming.org/t339p15-en-courskaora" "Mozilla/5.0 (Windows NT 6.1; WOW64; rv:2.0) Gecko/20100101 Firefox/4.0"
92.90.19.24 - - [20/Apr/2011:18:12:30 +0200] "GET /AvatarsManager/kev717.jpg HTTP/1.1" 302 20 "http://www.trackmania.com/fr/forum/viewtopic.php?p=862691" "Mozilla/5.0 (Linux; U; Android 2.2; fr-fr; GT-I5800 Build/FROYO) AppleWebKit/533.1 (KHTML, like Gecko) Version/4.0 Mobile Safari/533.1"
66.249.66.146 - - [20/Apr/2011:18:12:30 +0200] "GET /viewtopic.php?p=107064&sid=cd0dab3e5e993d01f0f4174b93596bfd HTTP/1.1" 200 2001 "-" "Mozilla/5.0 (compatible; Googlebot/2.1; +http://www.google.com/bot.html)"
88.184.98.213 - - [20/Apr/2011:18:12:31 +0200] "GET /AvatarsManager/lakse.jpg HTTP/1.1" 302 20 "http://ragemachines.simplygaming.org/t339p15-en-courskaora" "Mozilla/5.0 (Windows; U; Windows NT 6.0; fr; rv:1.9.2.16) Gecko/20110319 Firefox/3.6.16 GTB7.1 ( .NET CLR 3.5.30729; .NET4.0C)"
92.90.19.24 - - [20/Apr/2011:18:12:31 +0200] "GET /AvatarsManager/joueurs/kev717/1.png HTTP/1.1" 200 32187 "http://www.trackmania.com/fr/forum/viewtopic.php?p=862691" "Mozilla/5.0 (Linux; U; Android 2.2; fr-fr; GT-I5800 Build/FROYO) AppleWebKit/533.1 (KHTML, like Gecko) Version/4.0 Mobile Safari/533.1"
88.184.98.213 - - [20/Apr/2011:18:12:32 +0200] "GET /AvatarsManager/joueurs/lakse/2.png HTTP/1.1" 200 72970 "http://ragemachines.simplygaming.org/t339p15-en-courskaora" "Mozilla/5.0 (Windows; U; Windows NT 6.0; fr; rv:1.9.2.16) Gecko/20110319 Firefox/3.6.16 GTB7.1 ( .NET CLR 3.5.30729; .NET4.0C)"
79.94.98.72 - - [20/Apr/2011:18:12:53 +0200] "GET /AvatarsManager/lakse.jpg HTTP/1.1" 302 20 "http://ragemachines.simplygaming.org/t339p15-en-courskaora" "Mozilla/5.0 (Windows; U; Windows NT 6.1; en-US) AppleWebKit/534.16 (KHTML, like Gecko) Chrome/10.0.648.205 Safari/534.16"
82.228.157.249 - - [20/Apr/2011:18:13:10 +0200] "GET /images/smiles/icon_hap.gif HTTP/1.1" 200 178 "http://www.trackmania.com/fr/forum/viewtopic.php?t=34755&postdays=0&postorder=asc&start=1050" "Mozilla/5.0 (Windows; U; Windows NT 5.1; en-US) AppleWebKit/534.16 (KHTML, like Gecko) Chrome/10.0.648.205 Safari/534.16"
86.68.54.18 - - [20/Apr/2011:18:13:11 +0200] "GET /AvatarsManager/lakse.jpg HTTP/1.1" 302 20 "http://ragemachines.simplygaming.org/t339p15-en-courskaora" "Opera/9.80 (Windows NT 6.1; U; fr) Presto/2.8.131 Version/11.10"
86.68.54.18 - - [20/Apr/2011:18:13:11 +0200] "GET /AvatarsManager/joueurs/lakse/1.png HTTP/1.1" 200 69328 "http://ragemachines.simplygaming.org/t339p15-en-courskaora" "Opera/9.80 (Windows NT 6.1; U; fr) Presto/2.8.131 Version/11.10"
79.94.98.72 - - [20/Apr/2011:18:13:21 +0200] "GET / HTTP/1.1" 200 2013 "http://www.google.com/url?sa=D&q=http://forum.rally-infernal.info/&usg=AFQjCNEuneDg-BHZlU6JOKcU56FVs8W1Vw" "Mozilla/5.0 (Windows; U; Windows NT 6.1; en-US) AppleWebKit/534.16 (KHTML, like Gecko) Chrome/10.0.648.205 Safari/534.16"
79.94.98.72 - - [20/Apr/2011:18:13:22 +0200] "GET / HTTP/1.1" 200 1998 "http://forum.rally-infernal.info/" "Mozilla/5.0 (Windows; U; Windows NT 6.1; en-US) AppleWebKit/534.16 (KHTML, like Gecko) Chrome/10.0.648.205 Safari/534.16"
79.94.98.72 - - [20/Apr/2011:18:13:23 +0200] "GET / HTTP/1.1" 200 1998 "http://forum.rally-infernal.info/" "Mozilla/5.0 (Windows; U; Windows NT 6.1; en-US) AppleWebKit/534.16 (KHTML, like Gecko) Chrome/10.0.648.205 Safari/534.16"
79.94.98.72 - - [20/Apr/2011:18:13:24 +0200] "GET /index.php HTTP/1.1" 200 1998 "http://forum.rally-infernal.info/" "Mozilla/5.0 (Windows; U; Windows NT 6.1; en-US) AppleWebKit/534.16 (KHTML, like Gecko) Chrome/10.0.648.205 Safari/534.16"
79.94.98.72 - - [20/Apr/2011:18:13:26 +0200] "GET /login.php?logout=true&sid=d952326820cb400c362446f6ccc8b776 HTTP/1.1" 302 20 "http://forum.rally-infernal.info/index.php" "Mozilla/5.0 (Windows; U; Windows NT 6.1; en-US) AppleWebKit/534.16 (KHTML, like Gecko) Chrome/10.0.648.205 Safari/534.16"
79.94.98.72 - - [20/Apr/2011:18:13:26 +0200] "GET /index.php HTTP/1.1" 200 2001 "http://forum.rally-infernal.info/index.php" "Mozilla/5.0 (Windows; U; Windows NT 6.1; en-US) AppleWebKit/534.16 (KHTML, like Gecko) Chrome/10.0.648.205 Safari/534.16"
79.94.98.72 - - [20/Apr/2011:18:13:27 +0200] "GET /login.php?sid=e896792d8e32da76878fa8afbf0f08b9 HTTP/1.1" 200 2340 "http://forum.rally-infernal.info/index.php" "Mozilla/5.0 (Windows; U; Windows NT 6.1; en-US) AppleWebKit/534.16 (KHTML, like Gecko) Chrome/10.0.648.205 Safari/534.16"
79.94.98.72 - - [20/Apr/2011:18:13:29 +0200] "POST /login.php HTTP/1.1" 302 20 "http://forum.rally-infernal.info/login.php?sid=e896792d8e32da76878fa8afbf0f08b9" "Mozilla/5.0 (Windows; U; Windows NT 6.1; en-US) AppleWebKit/534.16 (KHTML, like Gecko) Chrome/10.0.648.205 Safari/534.16"
79.94.98.72 - - [20/Apr/2011:18:13:29 +0200] "GET /index.php HTTP/1.1" 200 1949 "http://forum.rally-infernal.info/login.php?sid=e896792d8e32da76878fa8afbf0f08b9" "Mozilla/5.0 (Windows; U; Windows NT 6.1; en-US) AppleWebKit/534.16 (KHTML, like Gecko) Chrome/10.0.648.205 Safari/534.16"
79.94.98.72 - - [20/Apr/2011:18:13:29 +0200] "GET /templates/rmstyle/rmstyle.css HTTP/1.1" 304 - "http://forum.rally-infernal.info/index.php" "Mozilla/5.0 (Windows; U; Windows NT 6.1; en-US) AppleWebKit/534.16 (KHTML, like Gecko) Chrome/10.0.648.205 Safari/534.16"
79.94.98.72 - - [20/Apr/2011:18:13:29 +0200] "GET /templates/rmstyle/images/bg_body.jpg HTTP/1.1" 304 - "http://forum.rally-infernal.info/index.php" "Mozilla/5.0 (Windows; U; Windows NT 6.1; en-US) AppleWebKit/534.16 (KHTML, like Gecko) Chrome/10.0.648.205 Safari/534.16"
79.94.98.72 - - [20/Apr/2011:18:13:29 +0200] "GET /templates/rmstyle/images/logo_rmstyle.jpg HTTP/1.1" 304 - "http://forum.rally-infernal.info/index.php" "Mozilla/5.0 (Windows; U; Windows NT 6.1; en-US) AppleWebKit/534.16 (KHTML, like Gecko) Chrome/10.0.648.205 Safari/534.16"
79.94.98.72 - - [20/Apr/2011:18:13:29 +0200] "GET /templates/rmstyle/images/lang_french/icon_mini_faq.png HTTP/1.1" 304 - "http://forum.rally-infernal.info/index.php" "Mozilla/5.0 (Windows; U; Windows NT 6.1; en-US) AppleWebKit/534.16 (KHTML, like Gecko) Chrome/10.0.648.205 Safari/534.16"
79.94.98.72 - - [20/Apr/2011:18:13:29 +0200] "GET /templates/rmstyle/images/lang_french/icon_mini_search.png HTTP/1.1" 304 - "http://forum.rally-infernal.info/index.php" "Mozilla/5.0 (Windows; U; Windows NT 6.1; en-US) AppleWebKit/534.16 (KHTML, like Gecko) Chrome/10.0.648.205 Safari/534.16"
79.94.98.72 - - [20/Apr/2011:18:13:29 +0200] "GET /templates/rmstyle/images/lang_french/icon_mini_members.png HTTP/1.1" 304 - "http://forum.rally-infernal.info/index.php" "Mozilla/5.0 (Windows; U; Windows NT 6.1; en-US) AppleWebKit/534.16 (KHTML, like Gecko) Chrome/10.0.648.205 Safari/534.16"
79.94.98.72 - - [20/Apr/2011:18:13:29 +0200] "GET /templates/rmstyle/images/lang_french/icon_mini_groups.png HTTP/1.1" 304 - "http://forum.rally-infernal.info/index.php" "Mozilla/5.0 (Windows; U; Windows NT 6.1; en-US) AppleWebKit/534.16 (KHTML, like Gecko) Chrome/10.0.648.205 Safari/534.16"
79.94.98.72 - - [20/Apr/2011:18:13:29 +0200] "GET /templates/rmstyle/images/lang_french/icon_mini_profile.png HTTP/1.1" 304 - "http://forum.rally-infernal.info/index.php" "Mozilla/5.0 (Windows; U; Windows NT 6.1; en-US) AppleWebKit/534.16 (KHTML, like Gecko) Chrome/10.0.648.205 Safari/534.16"
79.94.98.72 - - [20/Apr/2011:18:13:29 +0200] "GET /templates/rmstyle/images/lang_french/icon_mini_message.png HTTP/1.1" 304 - "http://forum.rally-infernal.info/index.php" "Mozilla/5.0 (Windows; U; Windows NT 6.1; en-US) AppleWebKit/534.16 (KHTML, like Gecko) Chrome/10.0.648.205 Safari/534.16"
79.94.98.72 - - [20/Apr/2011:18:13:29 +0200] "GET /templates/rmstyle/images/lang_french/icon_mini_login.png HTTP/1.1" 304 - "http://forum.rally-infernal.info/index.php" "Mozilla/5.0 (Windows; U; Windows NT 6.1; en-US) AppleWebKit/534.16 (KHTML, like Gecko) Chrome/10.0.648.205 Safari/534.16"
79.94.98.72 - - [20/Apr/2011:18:13:29 +0200] "GET /templates/rmstyle/images/lang_french/icon_mini_register.png HTTP/1.1" 304 - "http://forum.rally-infernal.info/index.php" "Mozilla/5.0 (Windows; U; Windows NT 6.1; en-US) AppleWebKit/534.16 (KHTML, like Gecko) Chrome/10.0.648.205 Safari/534.16"
79.94.98.72 - - [20/Apr/2011:18:13:29 +0200] "GET /templates/rmstyle/images/lang_french/icon_mini_site.png HTTP/1.1" 304 - "http://forum.rally-infernal.info/index.php" "Mozilla/5.0 (Windows; U; Windows NT 6.1; en-US) AppleWebKit/534.16 (KHTML, like Gecko) Chrome/10.0.648.205 Safari/534.16"
79.94.98.72 - - [20/Apr/2011:18:13:31 +0200] "GET /profile.php?mode=editprofile HTTP/1.1" 200 1949 "http://forum.rally-infernal.info/index.php" "Mozilla/5.0 (Windows; U; Windows NT 6.1; en-US) AppleWebKit/534.16 (KHTML, like Gecko) Chrome/10.0.648.205 Safari/534.16"
79.94.98.72 - - [20/Apr/2011:18:13:32 +0200] "GET /privmsg.php?folder=inbox HTTP/1.1" 200 1949 "http://forum.rally-infernal.info/profile.php?mode=editprofile" "Mozilla/5.0 (Windows; U; Windows NT 6.1; en-US) AppleWebKit/534.16 (KHTML, like Gecko) Chrome/10.0.648.205 Safari/534.16"
79.94.98.72 - - [20/Apr/2011:18:13:33 +0200] "GET /login.php HTTP/1.1" 200 2340 "http://forum.rally-infernal.info/privmsg.php?folder=inbox" "Mozilla/5.0 (Windows; U; Windows NT 6.1; en-US) AppleWebKit/534.16 (KHTML, like Gecko) Chrome/10.0.648.205 Safari/534.16"
79.94.98.72 - - [20/Apr/2011:18:13:35 +0200] "POST /login.php HTTP/1.1" 302 20 "http://forum.rally-infernal.info/login.php" "Mozilla/5.0 (Windows; U; Windows NT 6.1; en-US) AppleWebKit/534.16 (KHTML, like Gecko) Chrome/10.0.648.205 Safari/534.16"
79.94.98.72 - - [20/Apr/2011:18:13:35 +0200] "GET /index.php HTTP/1.1" 200 1949 "http://forum.rally-infernal.info/login.php" "Mozilla/5.0 (Windows; U; Windows NT 6.1; en-US) AppleWebKit/534.16 (KHTML, like Gecko) Chrome/10.0.648.205 Safari/534.16"
79.94.98.72 - - [20/Apr/2011:18:13:35 +0200] "GET /templates/rmstyle/rmstyle.css HTTP/1.1" 304 - "http://forum.rally-infernal.info/index.php" "Mozilla/5.0 (Windows; U; Windows NT 6.1; en-US) AppleWebKit/534.16 (KHTML, like Gecko) Chrome/10.0.648.205 Safari/534.16"
79.94.98.72 - - [20/Apr/2011:18:13:35 +0200] "GET /templates/rmstyle/images/bg_body.jpg HTTP/1.1" 304 - "http://forum.rally-infernal.info/index.php" "Mozilla/5.0 (Windows; U; Windows NT 6.1; en-US) AppleWebKit/534.16 (KHTML, like Gecko) Chrome/10.0.648.205 Safari/534.16"
79.94.98.72 - - [20/Apr/2011:18:13:35 +0200] "GET /templates/rmstyle/images/logo_rmstyle.jpg HTTP/1.1" 304 - "http://forum.rally-infernal.info/index.php" "Mozilla/5.0 (Windows; U; Windows NT 6.1; en-US) AppleWebKit/534.16 (KHTML, like Gecko) Chrome/10.0.648.205 Safari/534.16"
79.94.98.72 - - [20/Apr/2011:18:13:35 +0200] "GET /templates/rmstyle/images/lang_french/icon_mini_faq.png HTTP/1.1" 304 - "http://forum.rally-infernal.info/index.php" "Mozilla/5.0 (Windows; U; Windows NT 6.1; en-US) AppleWebKit/534.16 (KHTML, like Gecko) Chrome/10.0.648.205 Safari/534.16"
79.94.98.72 - - [20/Apr/2011:18:13:35 +0200] "GET /templates/rmstyle/images/lang_french/icon_mini_search.png HTTP/1.1" 304 - "http://forum.rally-infernal.info/index.php" "Mozilla/5.0 (Windows; U; Windows NT 6.1; en-US) AppleWebKit/534.16 (KHTML, like Gecko) Chrome/10.0.648.205 Safari/534.16"
79.94.98.72 - - [20/Apr/2011:18:13:35 +0200] "GET /templates/rmstyle/images/lang_french/icon_mini_members.png HTTP/1.1" 304 - "http://forum.rally-infernal.info/index.php" "Mozilla/5.0 (Windows; U; Windows NT 6.1; en-US) AppleWebKit/534.16 (KHTML, like Gecko) Chrome/10.0.648.205 Safari/534.16"
79.94.98.72 - - [20/Apr/2011:18:13:35 +0200] "GET /templates/rmstyle/images/lang_french/icon_mini_groups.png HTTP/1.1" 304 - "http://forum.rally-infernal.info/index.php" "Mozilla/5.0 (Windows; U; Windows NT 6.1; en-US) AppleWebKit/534.16 (KHTML, like Gecko) Chrome/10.0.648.205 Safari/534.16"
79.94.98.72 - - [20/Apr/2011:18:13:35 +0200] "GET /templates/rmstyle/images/lang_french/icon_mini_profile.png HTTP/1.1" 304 - "http://forum.rally-infernal.info/index.php" "Mozilla/5.0 (Windows; U; Windows NT 6.1; en-US) AppleWebKit/534.16 (KHTML, like Gecko) Chrome/10.0.648.205 Safari/534.16"
79.94.98.72 - - [20/Apr/2011:18:13:35 +0200] "GET /templates/rmstyle/images/lang_french/icon_mini_message.png HTTP/1.1" 304 - "http://forum.rally-infernal.info/index.php" "Mozilla/5.0 (Windows; U; Windows NT 6.1; en-US) AppleWebKit/534.16 (KHTML, like Gecko) Chrome/10.0.648.205 Safari/534.16"
79.94.98.72 - - [20/Apr/2011:18:13:35 +0200] "GET /templates/rmstyle/images/lang_french/icon_mini_login.png HTTP/1.1" 304 - "http://forum.rally-infernal.info/index.php" "Mozilla/5.0 (Windows; U; Windows NT 6.1; en-US) AppleWebKit/534.16 (KHTML, like Gecko) Chrome/10.0.648.205 Safari/534.16"
79.94.98.72 - - [20/Apr/2011:18:13:35 +0200] "GET /templates/rmstyle/images/lang_french/icon_mini_register.png HTTP/1.1" 304 - "http://forum.rally-infernal.info/index.php" "Mozilla/5.0 (Windows; U; Windows NT 6.1; en-US) AppleWebKit/534.16 (KHTML, like Gecko) Chrome/10.0.648.205 Safari/534.16"
79.94.98.72 - - [20/Apr/2011:18:13:35 +0200] "GET /templates/rmstyle/images/lang_french/icon_mini_site.png HTTP/1.1" 304 - "http://forum.rally-infernal.info/index.php" "Mozilla/5.0 (Windows; U; Windows NT 6.1; en-US) AppleWebKit/534.16 (KHTML, like Gecko) Chrome/10.0.648.205 Safari/534.16"
79.94.98.72 - - [20/Apr/2011:18:13:36 +0200] "GET / HTTP/1.1" 200 1949 "http://forum.rally-infernal.info/index.php" "Mozilla/5.0 (Windows; U; Windows NT 6.1; en-US) AppleWebKit/534.16 (KHTML, like Gecko) Chrome/10.0.648.205 Safari/534.16"
88.184.98.213 - - [20/Apr/2011:18:14:05 +0200] "GET /AvatarsManager/lakse.jpg HTTP/1.1" 302 20 "http://ragemachines.simplygaming.org/t339p15-en-courskaora" "Mozilla/5.0 (Windows; U; Windows NT 6.0; fr; rv:1.9.2.16) Gecko/20110319 Firefox/3.6.16 GTB7.1 ( .NET CLR 3.5.30729; .NET4.0C)"
88.184.98.213 - - [20/Apr/2011:18:14:05 +0200] "GET /AvatarsManager/lakse.jpg HTTP/1.1" 302 20 "http://ragemachines.simplygaming.org/t339p15-en-courskaora" "Mozilla/5.0 (Windows; U; Windows NT 6.0; fr; rv:1.9.2.16) Gecko/20110319 Firefox/3.6.16 GTB7.1 ( .NET CLR 3.5.30729; .NET4.0C)"
82.124.92.153 - - [20/Apr/2011:18:14:28 +0200] "GET /AvatarsManager/deug21.jpg HTTP/1.1" 302 20 "http://www.trackmania.com/fr/forum/viewtopic.php?t=34762" "Mozilla/5.0 (compatible; MSIE 9.0; Windows NT 6.0; Trident/5.0; Orange 1.0.0.0)"
82.124.92.153 - - [20/Apr/2011:18:14:28 +0200] "GET /AvatarsManager/joueurs/deug21/1.png HTTP/1.1" 200 48858 "http://www.trackmania.com/fr/forum/viewtopic.php?t=34762" "Mozilla/5.0 (compatible; MSIE 9.0; Windows NT 6.0; Trident/5.0; Orange 1.0.0.0)"
66.249.72.242 - - [20/Apr/2011:18:15:21 +0200] "GET /viewtopic.php?p=13704&sid=2173cc6520af632d51533d8f054ce5ec HTTP/1.1" 200 2000 "-" "Mozilla/5.0 (compatible; Googlebot/2.1; +http://www.google.com/bot.html)"
66.249.72.242 - - [20/Apr/2011:18:17:01 +0200] "GET /viewtopic.php?p=97032&sid=ae8de529bdbfbb0180d2612569b6c911 HTTP/1.1" 200 2002 "-" "Mozilla/5.0 (compatible; Googlebot/2.1; +http://www.google.com/bot.html)"
207.46.199.51 - - [20/Apr/2011:18:17:32 +0200] "GET /robots.txt HTTP/1.1" 404 208 "-" "Mozilla/5.0 (compatible; bingbot/2.0; +http://www.bing.com/bingbot.htm)"
66.249.66.146 - - [20/Apr/2011:18:18:13 +0200] "GET /viewtopic.php?p=66049&sid=e672bdb122214ff8e69d691081dc04db HTTP/1.1" 200 2001 "-" "Mozilla/5.0 (compatible; Googlebot/2.1; +http://www.google.com/bot.html)"
207.46.199.51 - - [20/Apr/2011:18:18:17 +0200] "GET /pdf/edition_4/commentairejury_skynight.pdf HTTP/1.1" 404 207 "-" "Mozilla/5.0 (compatible; bingbot/2.0; +http://www.bing.com/bingbot.htm)"
95.108.158.232 - - [20/Apr/2011:18:19:24 +0200] "GET /templates/rmstyle/images/ft_showhide.gif HTTP/1.1" 304 - "-" "Mozilla/5.0 (compatible; YandexImages/3.0; +http://yandex.com/bots)"
66.249.71.47 - - [20/Apr/2011:18:21:05 +0200] "GET /robots.txt HTTP/1.1" 404 182 "-" "Mozilla/5.0 (compatible; Googlebot/2.1; +http://www.google.com/bot.html)"
66.249.71.47 - - [20/Apr/2011:18:21:05 +0200] "GET /viewtopic.php?p=82918&sid=1f635bc161a380e0ade83d74f3e5d01b HTTP/1.1" 200 2001 "-" "Mozilla/5.0 (compatible; Googlebot/2.1; +http://www.google.com/bot.html)"
80.9.188.151 - - [20/Apr/2011:18:21:15 +0200] "GET / HTTP/1.1" 200 2002 "-" "Mozilla/5.0 (Windows; U; Windows NT 6.1; fr; rv:1.9.2.16) Gecko/20110319 Firefox/3.6.16"
90.19.73.158 - - [20/Apr/2011:18:22:25 +0200] "GET / HTTP/1.1" 200 2014 "-" "Mozilla/5.0 (Windows; U; Windows NT 6.1; fr; rv:1.9.2.10) Gecko/20100914 Firefox/3.6.10"
66.249.66.146 - - [20/Apr/2011:18:22:52 +0200] "GET /viewtopic.php?p=39862&sid=b580e8804f78f66888330dbc0f08bce0 HTTP/1.1" 200 2001 "-" "Mozilla/5.0 (compatible; Googlebot/2.1; +http://www.google.com/bot.html)"
81.244.102.36 - - [20/Apr/2011:18:23:12 +0200] "GET /AvatarsManager/deug21.jpg HTTP/1.1" 302 20 "http://www.trackmania.com/fr/forum/viewtopic.php?p=750762&sid=b6fd2313b5731aa37a6f989ece656bc0" "Mozilla/5.0 (Windows; U; Windows NT 5.1; fr; rv:1.9.2.16) Gecko/20110319 Firefox/3.6.16 ( .NET CLR 3.5.30729)"
81.244.102.36 - - [20/Apr/2011:18:23:13 +0200] "GET /AvatarsManager/joueurs/deug21/1.png HTTP/1.1" 200 48858 "http://www.trackmania.com/fr/forum/viewtopic.php?p=750762&sid=b6fd2313b5731aa37a6f989ece656bc0" "Mozilla/5.0 (Windows; U; Windows NT 5.1; fr; rv:1.9.2.16) Gecko/20110319 Firefox/3.6.16 ( .NET CLR 3.5.30729)"
66.249.66.146 - - [20/Apr/2011:18:23:56 +0200] "GET /viewtopic.php?p=111013&sid=7d4fe2bed9b784b8ad56019252ab771f HTTP/1.1" 200 2003 "-" "Mozilla/5.0 (compatible; Googlebot/2.1; +http://www.google.com/bot.html)"
82.234.97.65 - - [20/Apr/2011:18:24:38 +0200] "GET /index.php HTTP/1.1" 200 2011 "-" "Mozilla/5.0 (Windows; U; Windows NT 6.1; fr; rv:1.9.2.16) Gecko/20110319 Firefox/3.6.16"
82.234.97.65 - - [20/Apr/2011:18:24:38 +0200] "GET /templates/rmstyle/rmstyle.css HTTP/1.1" 200 3183 "http://forum.rally-infernal.info/index.php" "Mozilla/5.0 (Windows; U; Windows NT 6.1; fr; rv:1.9.2.16) Gecko/20110319 Firefox/3.6.16"
82.234.97.65 - - [20/Apr/2011:18:24:38 +0200] "GET /templates/rmstyle/images/lang_french/icon_mini_groups.png HTTP/1.1" 200 3010 "http://forum.rally-infernal.info/index.php" "Mozilla/5.0 (Windows; U; Windows NT 6.1; fr; rv:1.9.2.16) Gecko/20110319 Firefox/3.6.16"
82.234.97.65 - - [20/Apr/2011:18:24:38 +0200] "GET /templates/rmstyle/images/favicon.png HTTP/1.1" 200 974 "-" "Mozilla/5.0 (Windows; U; Windows NT 6.1; fr; rv:1.9.2.16) Gecko/20110319 Firefox/3.6.16"
82.234.97.65 - - [20/Apr/2011:18:24:38 +0200] "GET /templates/rmstyle/images/lang_french/icon_mini_faq.png HTTP/1.1" 200 2638 "http://forum.rally-infernal.info/index.php" "Mozilla/5.0 (Windows; U; Windows NT 6.1; fr; rv:1.9.2.16) Gecko/20110319 Firefox/3.6.16"
82.234.97.65 - - [20/Apr/2011:18:24:38 +0200] "GET /templates/rmstyle/images/lang_french/icon_mini_members.png HTTP/1.1" 200 3256 "http://forum.rally-infernal.info/index.php" "Mozilla/5.0 (Windows; U; Windows NT 6.1; fr; rv:1.9.2.16) Gecko/20110319 Firefox/3.6.16"
82.234.97.65 - - [20/Apr/2011:18:24:38 +0200] "GET /templates/rmstyle/images/lang_french/icon_mini_search.png HTTP/1.1" 200 2772 "http://forum.rally-infernal.info/index.php" "Mozilla/5.0 (Windows; U; Windows NT 6.1; fr; rv:1.9.2.16) Gecko/20110319 Firefox/3.6.16"
82.234.97.65 - - [20/Apr/2011:18:24:38 +0200] "GET /templates/rmstyle/images/lang_french/icon_mini_profile.png HTTP/1.1" 200 2386 "http://forum.rally-infernal.info/index.php" "Mozilla/5.0 (Windows; U; Windows NT 6.1; fr; rv:1.9.2.16) Gecko/20110319 Firefox/3.6.16"
82.234.97.65 - - [20/Apr/2011:18:24:38 +0200] "GET /templates/rmstyle/images/lang_french/icon_mini_message.png HTTP/1.1" 200 2464 "http://forum.rally-infernal.info/index.php" "Mozilla/5.0 (Windows; U; Windows NT 6.1; fr; rv:1.9.2.16) Gecko/20110319 Firefox/3.6.16"
82.234.97.65 - - [20/Apr/2011:18:24:38 +0200] "GET /templates/rmstyle/images/lang_french/icon_mini_logout.png HTTP/1.1" 200 2566 "http://forum.rally-infernal.info/index.php" "Mozilla/5.0 (Windows; U; Windows NT 6.1; fr; rv:1.9.2.16) Gecko/20110319 Firefox/3.6.16"
82.234.97.65 - - [20/Apr/2011:18:24:38 +0200] "GET /templates/rmstyle/images/lang_french/icon_mini_site.png HTTP/1.1" 200 2634 "http://forum.rally-infernal.info/index.php" "Mozilla/5.0 (Windows; U; Windows NT 6.1; fr; rv:1.9.2.16) Gecko/20110319 Firefox/3.6.16"
82.234.97.65 - - [20/Apr/2011:18:24:38 +0200] "GET /templates/rmstyle/images/logo_rmstyle.jpg HTTP/1.1" 200 108363 "http://forum.rally-infernal.info/index.php" "Mozilla/5.0 (Windows; U; Windows NT 6.1; fr; rv:1.9.2.16) Gecko/20110319 Firefox/3.6.16"
82.234.97.65 - - [20/Apr/2011:18:24:38 +0200] "GET /templates/rmstyle/images/bg_body.jpg HTTP/1.1" 200 103373 "http://forum.rally-infernal.info/templates/rmstyle/rmstyle.css" "Mozilla/5.0 (Windows; U; Windows NT 6.1; fr; rv:1.9.2.16) Gecko/20110319 Firefox/3.6.16"
82.234.97.65 - - [20/Apr/2011:18:24:40 +0200] "GET /index.php?sid=f35ef08dda973f22336ed6e2a77f240a HTTP/1.1" 200 1994 "http://forum.rally-infernal.info/index.php" "Mozilla/5.0 (Windows; U; Windows NT 6.1; fr; rv:1.9.2.16) Gecko/20110319 Firefox/3.6.16"
82.234.97.65 - - [20/Apr/2011:18:24:42 +0200] "GET /index.php HTTP/1.1" 200 1994 "http://forum.rally-infernal.info/index.php?sid=f35ef08dda973f22336ed6e2a77f240a" "Mozilla/5.0 (Windows; U; Windows NT 6.1; fr; rv:1.9.2.16) Gecko/20110319 Firefox/3.6.16"
82.234.97.65 - - [20/Apr/2011:18:24:44 +0200] "GET /index.php HTTP/1.1" 200 1994 "http://forum.rally-infernal.info/index.php" "Mozilla/5.0 (Windows; U; Windows NT 6.1; fr; rv:1.9.2.16) Gecko/20110319 Firefox/3.6.16"
90.19.73.158 - - [20/Apr/2011:18:26:45 +0200] "GET / HTTP/1.1" 200 1997 "-" "Mozilla/5.0 (Windows; U; Windows NT 6.1; fr; rv:1.9.2.10) Gecko/20100914 Firefox/3.6.10"
90.19.73.158 - - [20/Apr/2011:18:26:47 +0200] "GET / HTTP/1.1" 200 1997 "http://forum.rally-infernal.info/" "Mozilla/5.0 (Windows; U; Windows NT 6.1; fr; rv:1.9.2.10) Gecko/20100914 Firefox/3.6.10"
66.249.71.47 - - [20/Apr/2011:18:26:47 +0200] "GET /viewtopic.php?p=70557 HTTP/1.1" 200 2001 "-" "Mozilla/5.0 (compatible; Googlebot/2.1; +http://www.google.com/bot.html)"
109.230.223.95 - - [20/Apr/2011:18:27:17 +0200] "GET /profile.php?mode=register&sid=352d719470cc4639a1dda3348e16c936 HTTP/1.0" 200 6354 "http://forum.rally-infernal.info/profile.php?mode=register&sid=352d719470cc4639a1dda3348e16c936" "Mozilla/4.0 (compatible; MSIE 6.0; MSIE 5.5; Windows NT 4.0) Opera 7.0 [en]"
109.230.223.95 - - [20/Apr/2011:18:27:17 +0200] "GET /profile.php?mode=register&ab_var=agreed59c8c246501170d9483993afcab39dd1 HTTP/1.0" 200 5861 "http://forum.rally-infernal.info/profile.php?mode=register&ab_var=agreed59c8c246501170d9483993afcab39dd1" "Mozilla/4.0 (compatible; MSIE 6.0; MSIE 5.5; Windows NT 4.0) Opera 7.0 [en]"
83.152.66.18 - - [20/Apr/2011:18:27:46 +0200] "GET /AvatarsManager/deug21.jpg HTTP/1.1" 302 20 "http://www.trackmania.com/fr/forum/viewtopic.php?t=34762" "Mozilla/5.0 (Windows; U; Windows NT 5.1; fr; rv:1.9.1.18) Gecko/20110319 Firefox/3.5.18 ( .NET CLR 3.5.30729)"
83.152.66.18 - - [20/Apr/2011:18:27:46 +0200] "GET /AvatarsManager/joueurs/deug21/1.png HTTP/1.1" 200 48858 "http://www.trackmania.com/fr/forum/viewtopic.php?t=34762" "Mozilla/5.0 (Windows; U; Windows NT 5.1; fr; rv:1.9.1.18) Gecko/20110319 Firefox/3.5.18 ( .NET CLR 3.5.30729)"
66.249.71.47 - - [20/Apr/2011:18:28:43 +0200] "GET /viewtopic.php?p=13849&sid=89c8f9573078bf8614201f1eda24f9f3 HTTP/1.1" 200 2002 "-" "Mozilla/5.0 (compatible; Googlebot/2.1; +http://www.google.com/bot.html)"
90.19.73.158 - - [20/Apr/2011:18:29:19 +0200] "GET / HTTP/1.1" 200 1997 "-" "Mozilla/5.0 (Windows; U; Windows NT 6.1; fr; rv:1.9.2.10) Gecko/20100914 Firefox/3.6.10"
66.249.66.146 - - [20/Apr/2011:18:29:39 +0200] "GET /viewtopic.php?p=64741&sid=59eeeed7014de15f510f893ad0896e23 HTTP/1.1" 200 2002 "-" "Mozilla/5.0 (compatible; Googlebot/2.1; +http://www.google.com/bot.html)"
86.73.149.118 - - [20/Apr/2011:18:30:54 +0200] "GET /index.php HTTP/1.1" 200 2000 "-" "Mozilla/5.0 (Windows; U; Windows NT 6.1; fr; rv:1.9.2.16) Gecko/20110319 Firefox/3.6.16 GTB7.1"
86.73.149.118 - - [20/Apr/2011:18:30:54 +0200] "GET /templates/rmstyle/rmstyle.css HTTP/1.1" 200 3183 "http://forum.rally-infernal.info/index.php" "Mozilla/5.0 (Windows; U; Windows NT 6.1; fr; rv:1.9.2.16) Gecko/20110319 Firefox/3.6.16 GTB7.1"
86.73.149.118 - - [20/Apr/2011:18:30:54 +0200] "GET /templates/rmstyle/images/favicon.png HTTP/1.1" 200 974 "-" "Mozilla/5.0 (Windows; U; Windows NT 6.1; fr; rv:1.9.2.16) Gecko/20110319 Firefox/3.6.16 GTB7.1"
86.73.149.118 - - [20/Apr/2011:18:30:54 +0200] "GET /templates/rmstyle/images/lang_french/icon_mini_groups.png HTTP/1.1" 200 3010 "http://forum.rally-infernal.info/index.php" "Mozilla/5.0 (Windows; U; Windows NT 6.1; fr; rv:1.9.2.16) Gecko/20110319 Firefox/3.6.16 GTB7.1"
86.73.149.118 - - [20/Apr/2011:18:30:54 +0200] "GET /templates/rmstyle/images/lang_french/icon_mini_faq.png HTTP/1.1" 200 2638 "http://forum.rally-infernal.info/index.php" "Mozilla/5.0 (Windows; U; Windows NT 6.1; fr; rv:1.9.2.16) Gecko/20110319 Firefox/3.6.16 GTB7.1"
86.73.149.118 - - [20/Apr/2011:18:30:54 +0200] "GET /templates/rmstyle/images/lang_french/icon_mini_search.png HTTP/1.1" 200 2772 "http://forum.rally-infernal.info/index.php" "Mozilla/5.0 (Windows; U; Windows NT 6.1; fr; rv:1.9.2.16) Gecko/20110319 Firefox/3.6.16 GTB7.1"
86.73.149.118 - - [20/Apr/2011:18:30:54 +0200] "GET /templates/rmstyle/images/lang_french/icon_mini_members.png HTTP/1.1" 200 3256 "http://forum.rally-infernal.info/index.php" "Mozilla/5.0 (Windows; U; Windows NT 6.1; fr; rv:1.9.2.16) Gecko/20110319 Firefox/3.6.16 GTB7.1"
86.73.149.118 - - [20/Apr/2011:18:30:54 +0200] "GET /templates/rmstyle/images/lang_french/icon_mini_profile.png HTTP/1.1" 200 2386 "http://forum.rally-infernal.info/index.php" "Mozilla/5.0 (Windows; U; Windows NT 6.1; fr; rv:1.9.2.16) Gecko/20110319 Firefox/3.6.16 GTB7.1"
86.73.149.118 - - [20/Apr/2011:18:30:54 +0200] "GET /templates/rmstyle/images/lang_french/icon_mini_message.png HTTP/1.1" 200 2464 "http://forum.rally-infernal.info/index.php" "Mozilla/5.0 (Windows; U; Windows NT 6.1; fr; rv:1.9.2.16) Gecko/20110319 Firefox/3.6.16 GTB7.1"
86.73.149.118 - - [20/Apr/2011:18:30:54 +0200] "GET /templates/rmstyle/images/lang_french/icon_mini_login.png HTTP/1.1" 200 2281 "http://forum.rally-infernal.info/index.php" "Mozilla/5.0 (Windows; U; Windows NT 6.1; fr; rv:1.9.2.16) Gecko/20110319 Firefox/3.6.16 GTB7.1"
86.73.149.118 - - [20/Apr/2011:18:30:54 +0200] "GET /templates/rmstyle/images/lang_french/icon_mini_register.png HTTP/1.1" 200 2755 "http://forum.rally-infernal.info/index.php" "Mozilla/5.0 (Windows; U; Windows NT 6.1; fr; rv:1.9.2.16) Gecko/20110319 Firefox/3.6.16 GTB7.1"
86.73.149.118 - - [20/Apr/2011:18:30:54 +0200] "GET /templates/rmstyle/images/lang_french/icon_mini_site.png HTTP/1.1" 200 2634 "http://forum.rally-infernal.info/index.php" "Mozilla/5.0 (Windows; U; Windows NT 6.1; fr; rv:1.9.2.16) Gecko/20110319 Firefox/3.6.16 GTB7.1"
86.73.149.118 - - [20/Apr/2011:18:30:54 +0200] "GET /templates/rmstyle/images/bg_body.jpg HTTP/1.1" 200 103373 "http://forum.rally-infernal.info/templates/rmstyle/rmstyle.css" "Mozilla/5.0 (Windows; U; Windows NT 6.1; fr; rv:1.9.2.16) Gecko/20110319 Firefox/3.6.16 GTB7.1"
86.73.149.118 - - [20/Apr/2011:18:30:54 +0200] "GET /templates/rmstyle/images/logo_rmstyle.jpg HTTP/1.1" 200 108363 "http://forum.rally-infernal.info/index.php" "Mozilla/5.0 (Windows; U; Windows NT 6.1; fr; rv:1.9.2.16) Gecko/20110319 Firefox/3.6.16 GTB7.1"
86.73.149.118 - - [20/Apr/2011:18:31:20 +0200] "GET /index.php HTTP/1.1" 200 1949 "-" "Mozilla/5.0 (Windows; U; Windows NT 6.1; fr; rv:1.9.2.16) Gecko/20110319 Firefox/3.6.16 GTB7.1"
86.73.149.118 - - [20/Apr/2011:18:31:20 +0200] "GET /templates/rmstyle/rmstyle.css HTTP/1.1" 304 - "http://forum.rally-infernal.info/index.php" "Mozilla/5.0 (Windows; U; Windows NT 6.1; fr; rv:1.9.2.16) Gecko/20110319 Firefox/3.6.16 GTB7.1"
86.73.149.118 - - [20/Apr/2011:18:31:20 +0200] "GET /templates/rmstyle/images/bg_body.jpg HTTP/1.1" 304 - "http://forum.rally-infernal.info/templates/rmstyle/rmstyle.css" "Mozilla/5.0 (Windows; U; Windows NT 6.1; fr; rv:1.9.2.16) Gecko/20110319 Firefox/3.6.16 GTB7.1"
86.73.149.118 - - [20/Apr/2011:18:31:20 +0200] "GET /templates/rmstyle/images/lang_french/icon_mini_faq.png HTTP/1.1" 304 - "http://forum.rally-infernal.info/index.php" "Mozilla/5.0 (Windows; U; Windows NT 6.1; fr; rv:1.9.2.16) Gecko/20110319 Firefox/3.6.16 GTB7.1"
86.73.149.118 - - [20/Apr/2011:18:31:20 +0200] "GET /templates/rmstyle/images/lang_french/icon_mini_profile.png HTTP/1.1" 304 - "http://forum.rally-infernal.info/index.php" "Mozilla/5.0 (Windows; U; Windows NT 6.1; fr; rv:1.9.2.16) Gecko/20110319 Firefox/3.6.16 GTB7.1"
86.73.149.118 - - [20/Apr/2011:18:31:20 +0200] "GET /templates/rmstyle/images/logo_rmstyle.jpg HTTP/1.1" 304 - "http://forum.rally-infernal.info/index.php" "Mozilla/5.0 (Windows; U; Windows NT 6.1; fr; rv:1.9.2.16) Gecko/20110319 Firefox/3.6.16 GTB7.1"
86.73.149.118 - - [20/Apr/2011:18:31:20 +0200] "GET /templates/rmstyle/images/lang_french/icon_mini_search.png HTTP/1.1" 304 - "http://forum.rally-infernal.info/index.php" "Mozilla/5.0 (Windows; U; Windows NT 6.1; fr; rv:1.9.2.16) Gecko/20110319 Firefox/3.6.16 GTB7.1"
86.73.149.118 - - [20/Apr/2011:18:31:20 +0200] "GET /templates/rmstyle/images/lang_french/icon_mini_members.png HTTP/1.1" 304 - "http://forum.rally-infernal.info/index.php" "Mozilla/5.0 (Windows; U; Windows NT 6.1; fr; rv:1.9.2.16) Gecko/20110319 Firefox/3.6.16 GTB7.1"
86.73.149.118 - - [20/Apr/2011:18:31:20 +0200] "GET /templates/rmstyle/images/lang_french/icon_mini_groups.png HTTP/1.1" 304 - "http://forum.rally-infernal.info/index.php" "Mozilla/5.0 (Windows; U; Windows NT 6.1; fr; rv:1.9.2.16) Gecko/20110319 Firefox/3.6.16 GTB7.1"
86.73.149.118 - - [20/Apr/2011:18:31:20 +0200] "GET /templates/rmstyle/images/lang_french/icon_mini_message.png HTTP/1.1" 304 - "http://forum.rally-infernal.info/index.php" "Mozilla/5.0 (Windows; U; Windows NT 6.1; fr; rv:1.9.2.16) Gecko/20110319 Firefox/3.6.16 GTB7.1"
86.73.149.118 - - [20/Apr/2011:18:31:20 +0200] "GET /templates/rmstyle/images/lang_french/icon_mini_login.png HTTP/1.1" 304 - "http://forum.rally-infernal.info/index.php" "Mozilla/5.0 (Windows; U; Windows NT 6.1; fr; rv:1.9.2.16) Gecko/20110319 Firefox/3.6.16 GTB7.1"
86.73.149.118 - - [20/Apr/2011:18:31:20 +0200] "GET /templates/rmstyle/images/lang_french/icon_mini_register.png HTTP/1.1" 304 - "http://forum.rally-infernal.info/index.php" "Mozilla/5.0 (Windows; U; Windows NT 6.1; fr; rv:1.9.2.16) Gecko/20110319 Firefox/3.6.16 GTB7.1"
86.73.149.118 - - [20/Apr/2011:18:31:20 +0200] "GET /templates/rmstyle/images/lang_french/icon_mini_site.png HTTP/1.1" 304 - "http://forum.rally-infernal.info/index.php" "Mozilla/5.0 (Windows; U; Windows NT 6.1; fr; rv:1.9.2.16) Gecko/20110319 Firefox/3.6.16 GTB7.1"
86.73.149.118 - - [20/Apr/2011:18:31:24 +0200] "GET /login.php HTTP/1.1" 200 2340 "http://forum.rally-infernal.info/index.php" "Mozilla/5.0 (Windows; U; Windows NT 6.1; fr; rv:1.9.2.16) Gecko/20110319 Firefox/3.6.16 GTB7.1"
86.73.149.118 - - [20/Apr/2011:18:31:24 +0200] "GET /images/abq_mod/admin/abq-button.gif HTTP/1.1" 200 225 "http://forum.rally-infernal.info/login.php" "Mozilla/5.0 (Windows; U; Windows NT 6.1; fr; rv:1.9.2.16) Gecko/20110319 Firefox/3.6.16 GTB7.1"
86.73.149.118 - - [20/Apr/2011:18:31:30 +0200] "POST /login.php HTTP/1.1" 302 20 "http://forum.rally-infernal.info/login.php" "Mozilla/5.0 (Windows; U; Windows NT 6.1; fr; rv:1.9.2.16) Gecko/20110319 Firefox/3.6.16 GTB7.1"
86.73.149.118 - - [20/Apr/2011:18:31:30 +0200] "GET /index.php HTTP/1.1" 200 1949 "http://forum.rally-infernal.info/login.php" "Mozilla/5.0 (Windows; U; Windows NT 6.1; fr; rv:1.9.2.16) Gecko/20110319 Firefox/3.6.16 GTB7.1"
66.249.71.47 - - [20/Apr/2011:18:31:53 +0200] "GET /viewtopic.php?p=19960&sid=a9651a8bfd6861ecfd02978744610a7e HTTP/1.1" 200 2001 "-" "Mozilla/5.0 (compatible; Googlebot/2.1; +http://www.google.com/bot.html)"
109.213.255.110 - - [20/Apr/2011:18:32:10 +0200] "GET /AvatarsManager/deug21.jpg HTTP/1.1" 302 20 "http://www.trackmania.com/fr/forum/viewtopic.php?t=34755" "Mozilla/5.0 (Windows; U; Windows NT 5.1; fr; rv:1.9.2.16) Gecko/20110319 Firefox/3.6.16 ( .NET CLR 3.5.30729)"
109.213.255.110 - - [20/Apr/2011:18:32:11 +0200] "GET /AvatarsManager/joueurs/deug21/1.png HTTP/1.1" 200 48858 "http://www.trackmania.com/fr/forum/viewtopic.php?t=34755" "Mozilla/5.0 (Windows; U; Windows NT 5.1; fr; rv:1.9.2.16) Gecko/20110319 Firefox/3.6.16 ( .NET CLR 3.5.30729)"
66.249.66.146 - - [20/Apr/2011:18:32:31 +0200] "GET /viewtopic.php?p=47676&sid=8426103ce8e703978bde9cbe2a59cc82 HTTP/1.1" 200 1998 "-" "Mozilla/5.0 (compatible; Googlebot/2.1; +http://www.google.com/bot.html)"
90.20.160.135 - - [20/Apr/2011:18:33:12 +0200] "GET /images/smiles/icon_hap.gif HTTP/1.1" 200 178 "http://www.trackmania.com/fr/forum/viewtopic.php?t=34755&postdays=0&postorder=asc&start=1050" "Opera/9.80 (Windows NT 6.0; U; fr) Presto/2.6.30 Version/10.63"
91.180.254.172 - - [20/Apr/2011:18:33:42 +0200] "GET /AvatarsManager/kev717.jpg HTTP/1.1" 302 20 "http://www.trackmania.com/fr/forum/viewtopic.php?p=862691" "Mozilla/5.0 (Windows; U; Windows NT 6.1; en-US) AppleWebKit/534.16 (KHTML, like Gecko) Chrome/10.0.648.204 Safari/534.16"
91.180.254.172 - - [20/Apr/2011:18:33:42 +0200] "GET /AvatarsManager/joueurs/kev717/1.png HTTP/1.1" 200 32187 "http://www.trackmania.com/fr/forum/viewtopic.php?p=862691" "Mozilla/5.0 (Windows; U; Windows NT 6.1; en-US) AppleWebKit/534.16 (KHTML, like Gecko) Chrome/10.0.648.204 Safari/534.16"
90.19.73.158 - - [20/Apr/2011:18:33:47 +0200] "GET / HTTP/1.1" 200 1997 "-" "Mozilla/5.0 (Windows; U; Windows NT 6.1; fr; rv:1.9.2.10) Gecko/20100914 Firefox/3.6.10"
66.249.71.47 - - [20/Apr/2011:18:34:27 +0200] "GET /viewtopic.php?p=12514&sid=d487fb3e03c3a6161760f17dc993b1c8 HTTP/1.1" 200 2000 "-" "Mozilla/5.0 (compatible; Googlebot/2.1; +http://www.google.com/bot.html)"
88.172.252.44 - - [20/Apr/2011:18:35:04 +0200] "GET /viewtopic.php?t=2515 HTTP/1.1" 200 1949 "http://www.trackmania-carpark.com/forum/viewtopic.php?f=14&t=16721" "Mozilla/5.0 (Windows; U; Windows NT 6.1; fr; rv:1.9.2.16) Gecko/20110319 Firefox/3.6.16"
88.172.252.44 - - [20/Apr/2011:18:35:05 +0200] "GET /templates/rmstyle/rmstyle.css HTTP/1.1" 200 3183 "http://forum.rally-infernal.info/viewtopic.php?t=2515" "Mozilla/5.0 (Windows; U; Windows NT 6.1; fr; rv:1.9.2.16) Gecko/20110319 Firefox/3.6.16"
88.172.252.44 - - [20/Apr/2011:18:35:05 +0200] "GET /templates/rmstyle/images/favicon.png HTTP/1.1" 200 974 "-" "Mozilla/5.0 (Windows; U; Windows NT 6.1; fr; rv:1.9.2.16) Gecko/20110319 Firefox/3.6.16"
88.172.252.44 - - [20/Apr/2011:18:35:05 +0200] "GET /templates/rmstyle/images/lang_french/icon_mini_groups.png HTTP/1.1" 200 3010 "http://forum.rally-infernal.info/viewtopic.php?t=2515" "Mozilla/5.0 (Windows; U; Windows NT 6.1; fr; rv:1.9.2.16) Gecko/20110319 Firefox/3.6.16"
88.172.252.44 - - [20/Apr/2011:18:35:05 +0200] "GET /templates/rmstyle/images/lang_french/icon_mini_faq.png HTTP/1.1" 200 2638 "http://forum.rally-infernal.info/viewtopic.php?t=2515" "Mozilla/5.0 (Windows; U; Windows NT 6.1; fr; rv:1.9.2.16) Gecko/20110319 Firefox/3.6.16"
88.172.252.44 - - [20/Apr/2011:18:35:05 +0200] "GET /templates/rmstyle/images/lang_french/icon_mini_search.png HTTP/1.1" 200 2772 "http://forum.rally-infernal.info/viewtopic.php?t=2515" "Mozilla/5.0 (Windows; U; Windows NT 6.1; fr; rv:1.9.2.16) Gecko/20110319 Firefox/3.6.16"
88.172.252.44 - - [20/Apr/2011:18:35:05 +0200] "GET /templates/rmstyle/images/lang_french/icon_mini_members.png HTTP/1.1" 200 3256 "http://forum.rally-infernal.info/viewtopic.php?t=2515" "Mozilla/5.0 (Windows; U; Windows NT 6.1; fr; rv:1.9.2.16) Gecko/20110319 Firefox/3.6.16"
88.172.252.44 - - [20/Apr/2011:18:35:05 +0200] "GET /templates/rmstyle/images/lang_french/icon_mini_profile.png HTTP/1.1" 200 2386 "http://forum.rally-infernal.info/viewtopic.php?t=2515" "Mozilla/5.0 (Windows; U; Windows NT 6.1; fr; rv:1.9.2.16) Gecko/20110319 Firefox/3.6.16"
88.172.252.44 - - [20/Apr/2011:18:35:05 +0200] "GET /templates/rmstyle/images/lang_french/icon_mini_message.png HTTP/1.1" 200 2464 "http://forum.rally-infernal.info/viewtopic.php?t=2515" "Mozilla/5.0 (Windows; U; Windows NT 6.1; fr; rv:1.9.2.16) Gecko/20110319 Firefox/3.6.16"
88.172.252.44 - - [20/Apr/2011:18:35:05 +0200] "GET /templates/rmstyle/images/lang_french/icon_mini_login.png HTTP/1.1" 200 2281 "http://forum.rally-infernal.info/viewtopic.php?t=2515" "Mozilla/5.0 (Windows; U; Windows NT 6.1; fr; rv:1.9.2.16) Gecko/20110319 Firefox/3.6.16"
88.172.252.44 - - [20/Apr/2011:18:35:05 +0200] "GET /templates/rmstyle/images/lang_french/icon_mini_register.png HTTP/1.1" 200 2755 "http://forum.rally-infernal.info/viewtopic.php?t=2515" "Mozilla/5.0 (Windows; U; Windows NT 6.1; fr; rv:1.9.2.16) Gecko/20110319 Firefox/3.6.16"
88.172.252.44 - - [20/Apr/2011:18:35:05 +0200] "GET /templates/rmstyle/images/lang_french/icon_mini_site.png HTTP/1.1" 200 2634 "http://forum.rally-infernal.info/viewtopic.php?t=2515" "Mozilla/5.0 (Windows; U; Windows NT 6.1; fr; rv:1.9.2.16) Gecko/20110319 Firefox/3.6.16"
88.172.252.44 - - [20/Apr/2011:18:35:05 +0200] "GET /templates/rmstyle/images/bg_body.jpg HTTP/1.1" 200 103373 "http://forum.rally-infernal.info/templates/rmstyle/rmstyle.css" "Mozilla/5.0 (Windows; U; Windows NT 6.1; fr; rv:1.9.2.16) Gecko/20110319 Firefox/3.6.16"
88.172.252.44 - - [20/Apr/2011:18:35:05 +0200] "GET /templates/rmstyle/images/logo_rmstyle.jpg HTTP/1.1" 200 108363 "http://forum.rally-infernal.info/viewtopic.php?t=2515" "Mozilla/5.0 (Windows; U; Windows NT 6.1; fr; rv:1.9.2.16) Gecko/20110319 Firefox/3.6.16"
66.249.66.146 - - [20/Apr/2011:18:35:22 +0200] "GET /viewtopic.php?p=103727&sid=11feceb1ea33fa5a6381f66f87d3f19e HTTP/1.1" 200 2000 "-" "Mozilla/5.0 (compatible; Googlebot/2.1; +http://www.google.com/bot.html)"
2.6.79.81 - - [20/Apr/2011:18:36:27 +0200] "GET /viewtopic.php?p=77306&sid=155a5553caca72f88000d9962a3fe328 HTTP/1.1" 200 2001 "http://www.google.com/search?hl=en&q=www.crop-+mignon" "Mozilla/4.0 (compatible; MSIE 8.0; Windows NT 6.0; Trident/4.0; GTB6; SLCC1; .NET CLR 2.0.50727; Media Center PC 5.0; .NET CLR 3.5.30729; .NET CLR 3.0.30729; .NET4.0C)"
2.6.79.81 - - [20/Apr/2011:18:36:28 +0200] "GET /templates/rmstyle/rmstyle.css HTTP/1.1" 200 3183 "http://forum.rally-infernal.info/viewtopic.php?p=77306&sid=155a5553caca72f88000d9962a3fe328" "Mozilla/4.0 (compatible; MSIE 8.0; Windows NT 6.0; Trident/4.0; GTB6; SLCC1; .NET CLR 2.0.50727; Media Center PC 5.0; .NET CLR 3.5.30729; .NET CLR 3.0.30729; .NET4.0C)"
2.6.79.81 - - [20/Apr/2011:18:36:28 +0200] "GET /templates/rmstyle/images/lang_french/icon_mini_members.png HTTP/1.1" 200 3256 "http://forum.rally-infernal.info/viewtopic.php?p=77306&sid=155a5553caca72f88000d9962a3fe328" "Mozilla/4.0 (compatible; MSIE 8.0; Windows NT 6.0; Trident/4.0; GTB6; SLCC1; .NET CLR 2.0.50727; Media Center PC 5.0; .NET CLR 3.5.30729; .NET CLR 3.0.30729; .NET4.0C)"
2.6.79.81 - - [20/Apr/2011:18:36:28 +0200] "GET /templates/rmstyle/images/lang_french/icon_mini_login.png HTTP/1.1" 200 2281 "http://forum.rally-infernal.info/viewtopic.php?p=77306&sid=155a5553caca72f88000d9962a3fe328" "Mozilla/4.0 (compatible; MSIE 8.0; Windows NT 6.0; Trident/4.0; GTB6; SLCC1; .NET CLR 2.0.50727; Media Center PC 5.0; .NET CLR 3.5.30729; .NET CLR 3.0.30729; .NET4.0C)"
2.6.79.81 - - [20/Apr/2011:18:36:28 +0200] "GET /templates/rmstyle/images/lang_french/icon_mini_faq.png HTTP/1.1" 200 2638 "http://forum.rally-infernal.info/viewtopic.php?p=77306&sid=155a5553caca72f88000d9962a3fe328" "Mozilla/4.0 (compatible; MSIE 8.0; Windows NT 6.0; Trident/4.0; GTB6; SLCC1; .NET CLR 2.0.50727; Media Center PC 5.0; .NET CLR 3.5.30729; .NET CLR 3.0.30729; .NET4.0C)"
2.6.79.81 - - [20/Apr/2011:18:36:28 +0200] "GET /templates/rmstyle/images/lang_french/icon_mini_site.png HTTP/1.1" 200 2634 "http://forum.rally-infernal.info/viewtopic.php?p=77306&sid=155a5553caca72f88000d9962a3fe328" "Mozilla/4.0 (compatible; MSIE 8.0; Windows NT 6.0; Trident/4.0; GTB6; SLCC1; .NET CLR 2.0.50727; Media Center PC 5.0; .NET CLR 3.5.30729; .NET CLR 3.0.30729; .NET4.0C)"
2.6.79.81 - - [20/Apr/2011:18:36:28 +0200] "GET /templates/rmstyle/images/lang_french/icon_mini_profile.png HTTP/1.1" 200 2386 "http://forum.rally-infernal.info/viewtopic.php?p=77306&sid=155a5553caca72f88000d9962a3fe328" "Mozilla/4.0 (compatible; MSIE 8.0; Windows NT 6.0; Trident/4.0; GTB6; SLCC1; .NET CLR 2.0.50727; Media Center PC 5.0; .NET CLR 3.5.30729; .NET CLR 3.0.30729; .NET4.0C)"
2.6.79.81 - - [20/Apr/2011:18:36:28 +0200] "GET /templates/rmstyle/images/lang_french/icon_mini_search.png HTTP/1.1" 200 2772 "http://forum.rally-infernal.info/viewtopic.php?p=77306&sid=155a5553caca72f88000d9962a3fe328" "Mozilla/4.0 (compatible; MSIE 8.0; Windows NT 6.0; Trident/4.0; GTB6; SLCC1; .NET CLR 2.0.50727; Media Center PC 5.0; .NET CLR 3.5.30729; .NET CLR 3.0.30729; .NET4.0C)"
2.6.79.81 - - [20/Apr/2011:18:36:28 +0200] "GET /templates/rmstyle/images/lang_french/icon_mini_groups.png HTTP/1.1" 200 3010 "http://forum.rally-infernal.info/viewtopic.php?p=77306&sid=155a5553caca72f88000d9962a3fe328" "Mozilla/4.0 (compatible; MSIE 8.0; Windows NT 6.0; Trident/4.0; GTB6; SLCC1; .NET CLR 2.0.50727; Media Center PC 5.0; .NET CLR 3.5.30729; .NET CLR 3.0.30729; .NET4.0C)"
2.6.79.81 - - [20/Apr/2011:18:36:28 +0200] "GET /templates/rmstyle/images/lang_french/icon_mini_message.png HTTP/1.1" 200 2464 "http://forum.rally-infernal.info/viewtopic.php?p=77306&sid=155a5553caca72f88000d9962a3fe328" "Mozilla/4.0 (compatible; MSIE 8.0; Windows NT 6.0; Trident/4.0; GTB6; SLCC1; .NET CLR 2.0.50727; Media Center PC 5.0; .NET CLR 3.5.30729; .NET CLR 3.0.30729; .NET4.0C)"
2.6.79.81 - - [20/Apr/2011:18:36:28 +0200] "GET /templates/rmstyle/images/lang_french/icon_mini_register.png HTTP/1.1" 200 2755 "http://forum.rally-infernal.info/viewtopic.php?p=77306&sid=155a5553caca72f88000d9962a3fe328" "Mozilla/4.0 (compatible; MSIE 8.0; Windows NT 6.0; Trident/4.0; GTB6; SLCC1; .NET CLR 2.0.50727; Media Center PC 5.0; .NET CLR 3.5.30729; .NET CLR 3.0.30729; .NET4.0C)"
2.6.79.81 - - [20/Apr/2011:18:36:28 +0200] "GET /templates/rmstyle/images/logo_rmstyle.jpg HTTP/1.1" 200 108363 "http://forum.rally-infernal.info/viewtopic.php?p=77306&sid=155a5553caca72f88000d9962a3fe328" "Mozilla/4.0 (compatible; MSIE 8.0; Windows NT 6.0; Trident/4.0; GTB6; SLCC1; .NET CLR 2.0.50727; Media Center PC 5.0; .NET CLR 3.5.30729; .NET CLR 3.0.30729; .NET4.0C)"
2.6.79.81 - - [20/Apr/2011:18:36:28 +0200] "GET /templates/rmstyle/images/bg_body.jpg HTTP/1.1" 200 103373 "http://forum.rally-infernal.info/viewtopic.php?p=77306&sid=155a5553caca72f88000d9962a3fe328" "Mozilla/4.0 (compatible; MSIE 8.0; Windows NT 6.0; Trident/4.0; GTB6; SLCC1; .NET CLR 2.0.50727; Media Center PC 5.0; .NET CLR 3.5.30729; .NET CLR 3.0.30729; .NET4.0C)"
2.6.79.81 - - [20/Apr/2011:18:36:29 +0200] "GET /templates/rmstyle/images/favicon.png HTTP/1.1" 200 974 "-" "Mozilla/4.0 (compatible; MSIE 8.0; Windows NT 6.0; Trident/4.0; GTB6; SLCC1; .NET CLR 2.0.50727; Media Center PC 5.0; .NET CLR 3.5.30729; .NET CLR 3.0.30729; .NET4.0C)"
88.126.152.8 - - [20/Apr/2011:18:37:16 +0200] "GET /AvatarsManager/kev717.jpg HTTP/1.1" 302 20 "http://rm.webtof.org/forum/viewtopic.php?f=7&t=3387" "Mozilla/5.0 (Windows NT 6.1; WOW64; rv:2.0) Gecko/20100101 Firefox/4.0"
88.126.152.8 - - [20/Apr/2011:18:37:16 +0200] "GET /AvatarsManager/joueurs/kev717/1.png HTTP/1.1" 200 32187 "http://rm.webtof.org/forum/viewtopic.php?f=7&t=3387" "Mozilla/5.0 (Windows NT 6.1; WOW64; rv:2.0) Gecko/20100101 Firefox/4.0"
66.249.71.47 - - [20/Apr/2011:18:38:13 +0200] "GET /viewtopic.php?p=113785&sid=56d8a47162f8375f18bb7b83f3cefb01 HTTP/1.1" 200 2000 "-" "Mozilla/5.0 (compatible; Googlebot/2.1; +http://www.google.com/bot.html)"
92.153.15.19 - - [20/Apr/2011:18:38:36 +0200] "GET /AvatarsManager/lakse.jpg HTTP/1.1" 302 20 "http://ragemachines.simplygaming.org/t220-notes-de-maj-v100108" "Opera/9.80 (Windows NT 6.1; U; fr) Presto/2.8.131 Version/11.10"
92.153.15.19 - - [20/Apr/2011:18:38:36 +0200] "GET /AvatarsManager/joueurs/lakse/5.png HTTP/1.1" 200 76045 "http://ragemachines.simplygaming.org/t220-notes-de-maj-v100108" "Opera/9.80 (Windows NT 6.1; U; fr) Presto/2.8.131 Version/11.10"
66.249.66.146 - - [20/Apr/2011:18:40:11 +0200] "GET /viewtopic.php?t=1470&sid=8e4caa69cee6a948f47e33df38e21166 HTTP/1.1" 200 2003 "-" "Mozilla/5.0 (compatible; Googlebot/2.1; +http://www.google.com/bot.html)"
90.19.73.158 - - [20/Apr/2011:18:40:24 +0200] "GET / HTTP/1.1" 200 1997 "-" "Mozilla/5.0 (Windows; U; Windows NT 6.1; fr; rv:1.9.2.10) Gecko/20100914 Firefox/3.6.10"
88.126.152.8 - - [20/Apr/2011:18:40:32 +0200] "GET /AvatarsManager/kev717.jpg HTTP/1.1" 302 20 "http://rm.webtof.org/forum/viewtopic.php?f=7&t=3387&p=119521" "Mozilla/5.0 (Windows NT 6.1; WOW64; rv:2.0) Gecko/20100101 Firefox/4.0"
222.91.228.3 - - [20/Apr/2011:18:40:32 +0200] "GET /index.php HTTP/1.0" 200 6354 "http://forum.rally-infernal.info/index.php" "Mozilla/4.0 (compatible; MSIE 6.0; Windows NT 5.1; SV1; InfoPath.1)"
79.95.133.150 - - [20/Apr/2011:18:40:33 +0200] "GET / HTTP/1.1" 200 2002 "-" "Mozilla/5.0 (Windows; U; Windows NT 5.1; en-US) AppleWebKit/534.16 (KHTML, like Gecko) Chrome/10.0.648.205 Safari/534.16"
222.91.228.3 - - [20/Apr/2011:18:40:34 +0200] "GET /profile.php?mode=register&sid=dba710fd9bcc74370dbd79ce7d2e6d8b HTTP/1.0" 200 5861 "http://forum.rally-infernal.info/profile.php?mode=register&sid=dba710fd9bcc74370dbd79ce7d2e6d8b" "Mozilla/4.0 (compatible; MSIE 6.0; Windows NT 5.1; SV1; InfoPath.1)"
66.249.71.47 - - [20/Apr/2011:18:41:05 +0200] "GET /viewtopic.php?t=1498&sid=e08cf27d20c0de53759d2a8f9591085d HTTP/1.1" 200 2002 "-" "Mozilla/5.0 (compatible; Googlebot/2.1; +http://www.google.com/bot.html)"
90.19.73.158 - - [20/Apr/2011:18:41:07 +0200] "GET / HTTP/1.1" 200 1997 "-" "Mozilla/5.0 (Windows; U; Windows NT 6.1; fr; rv:1.9.2.10) Gecko/20100914 Firefox/3.6.10"
88.126.152.8 - - [20/Apr/2011:18:41:47 +0200] "GET /AvatarsManager/kev717.jpg HTTP/1.1" 302 20 "http://rm.webtof.org/forum/viewtopic.php?f=7&t=3387" "Mozilla/5.0 (Windows NT 6.1; WOW64; rv:2.0) Gecko/20100101 Firefox/4.0"
88.126.152.8 - - [20/Apr/2011:18:41:47 +0200] "GET /AvatarsManager/kev717.jpg HTTP/1.1" 302 20 "http://rm.webtof.org/forum/viewtopic.php?f=7&t=3387" "Mozilla/5.0 (Windows NT 6.1; WOW64; rv:2.0) Gecko/20100101 Firefox/4.0"
90.20.160.135 - - [20/Apr/2011:18:42:32 +0200] "GET /index.php?sid=490dcdcb33525574a819731fbdceb0b0 HTTP/1.1" 200 2010 "-" "Opera/9.80 (Windows NT 6.0; U; fr) Presto/2.6.30 Version/10.63"
